45.174.181.70 - - [15/Aug/2025:14:45:16 -0300] "POST /wp-admin/admin-ajax.php HTTP/1.1" 200 24 "https://suporte.komforthouse.com.br/?wpsc-section=ticket-list&ticket-id=816" "Mozilla/5.0 (Windows NT 10.0; Win64; x64) AppleWebKit/537.36 (KHTML, like Gecko) Chrome/139.0.0.0 Safari/537.36"
162.214.27.60 - - [15/Aug/2025:14:45:18 -0300] "POST /wp-cron.php?doing_wp_cron=1755279918.2363290786743164062500 HTTP/1.1" 200 - "-" "WordPress/6.8.2; https://suporte.komforthouse.com.br"
162.214.27.60 - - [15/Aug/2025:14:46:11 -0300] "POST /wp-cron.php?doing_wp_cron=1755279971.8949620723724365234375 HTTP/1.1" 200 - "-" "WordPress/6.8.2; https://suporte.komforthouse.com.br"
45.174.181.70 - - [15/Aug/2025:14:46:10 -0300] "POST /wp-admin/admin-ajax.php HTTP/1.1" 200 13 "https://suporte.komforthouse.com.br/?wpsc-section=ticket-list&ticket-id=821" "Mozilla/5.0 (Windows NT 10.0; Win64; x64) AppleWebKit/537.36 (KHTML, like Gecko) Chrome/139.0.0.0 Safari/537.36"
45.174.181.70 - - [15/Aug/2025:14:46:20 -0300] "POST /wp-admin/admin-ajax.php HTTP/1.1" 200 24 "https://suporte.komforthouse.com.br/?wpsc-section=ticket-list&ticket-id=816" "Mozilla/5.0 (Windows NT 10.0; Win64; x64) AppleWebKit/537.36 (KHTML, like Gecko) Chrome/139.0.0.0 Safari/537.36"
162.214.27.60 - - [15/Aug/2025:14:47:10 -0300] "POST /wp-cron.php?doing_wp_cron=1755280030.5055830478668212890625 HTTP/1.1" 200 - "-" "WordPress/6.8.2; https://suporte.komforthouse.com.br"
45.174.181.70 - - [15/Aug/2025:14:47:09 -0300] "POST /wp-admin/admin-ajax.php HTTP/1.1" 400 1 "https://suporte.komforthouse.com.br/?wpsc-section=dashboard" "Mozilla/5.0 (Windows NT 10.0; Win64; x64) AppleWebKit/537.36 (KHTML, like Gecko) Chrome/139.0.0.0 Safari/537.36"
45.174.181.70 - - [15/Aug/2025:14:47:22 -0300] "POST /wp-admin/admin-ajax.php HTTP/1.1" 200 24 "https://suporte.komforthouse.com.br/?wpsc-section=ticket-list&ticket-id=816" "Mozilla/5.0 (Windows NT 10.0; Win64; x64) AppleWebKit/537.36 (KHTML, like Gecko) Chrome/139.0.0.0 Safari/537.36"
162.214.27.60 - - [15/Aug/2025:14:48:11 -0300] "POST /wp-cron.php?doing_wp_cron=1755280091.7226929664611816406250 HTTP/1.1" 200 - "-" "WordPress/6.8.2; https://suporte.komforthouse.com.br"
45.174.181.70 - - [15/Aug/2025:14:48:10 -0300] "POST /wp-admin/admin-ajax.php HTTP/1.1" 200 13 "https://suporte.komforthouse.com.br/?wpsc-section=ticket-list&ticket-id=821" "Mozilla/5.0 (Windows NT 10.0; Win64; x64) AppleWebKit/537.36 (KHTML, like Gecko) Chrome/139.0.0.0 Safari/537.36"
45.174.181.70 - - [15/Aug/2025:14:48:24 -0300] "POST /wp-admin/admin-ajax.php HTTP/1.1" 200 24 "https://suporte.komforthouse.com.br/?wpsc-section=ticket-list&ticket-id=816" "Mozilla/5.0 (Windows NT 10.0; Win64; x64) AppleWebKit/537.36 (KHTML, like Gecko) Chrome/139.0.0.0 Safari/537.36"
162.214.27.60 - - [15/Aug/2025:14:48:25 -0300] "POST /wp-cron.php?doing_wp_cron=1755280105.8851139545440673828125 HTTP/1.1" 200 - "-" "WordPress/6.8.2; https://suporte.komforthouse.com.br"
162.214.27.60 - - [15/Aug/2025:14:49:20 -0300] "POST /wp-cron.php?doing_wp_cron=1755280160.1339008808135986328125 HTTP/1.1" 200 - "-" "WordPress/6.8.2; https://suporte.komforthouse.com.br"
196.251.83.126 - - [15/Aug/2025:14:49:19 -0300] "POST /wp-login.php HTTP/1.1" 200 9793 "-" "Mozilla/5.0"
45.174.181.70 - - [15/Aug/2025:14:49:27 -0300] "POST /wp-admin/admin-ajax.php HTTP/1.1" 200 24 "https://suporte.komforthouse.com.br/?wpsc-section=ticket-list&ticket-id=816" "Mozilla/5.0 (Windows NT 10.0; Win64; x64) AppleWebKit/537.36 (KHTML, like Gecko) Chrome/139.0.0.0 Safari/537.36"
45.174.181.70 - - [15/Aug/2025:14:50:10 -0300] "POST /wp-admin/admin-ajax.php HTTP/1.1" 200 13 "https://suporte.komforthouse.com.br/?wpsc-section=ticket-list&ticket-id=821" "Mozilla/5.0 (Windows NT 10.0; Win64; x64) AppleWebKit/537.36 (KHTML, like Gecko) Chrome/139.0.0.0 Safari/537.36"
162.214.27.60 - - [15/Aug/2025:14:50:12 -0300] "POST /wp-cron.php?doing_wp_cron=1755280212.2769169807434082031250 HTTP/1.1" 200 - "-" "WordPress/6.8.2; https://suporte.komforthouse.com.br"
45.174.181.70 - - [15/Aug/2025:14:50:29 -0300] "POST /wp-admin/admin-ajax.php HTTP/1.1" 200 24 "https://suporte.komforthouse.com.br/?wpsc-section=ticket-list&ticket-id=816" "Mozilla/5.0 (Windows NT 10.0; Win64; x64) AppleWebKit/537.36 (KHTML, like Gecko) Chrome/139.0.0.0 Safari/537.36"
45.174.181.70 - - [15/Aug/2025:14:51:10 -0300] "POST /wp-admin/admin-ajax.php HTTP/1.1" 200 13 "https://suporte.komforthouse.com.br/?wpsc-section=ticket-list&ticket-id=821" "Mozilla/5.0 (Windows NT 10.0; Win64; x64) AppleWebKit/537.36 (KHTML, like Gecko) Chrome/139.0.0.0 Safari/537.36"
162.214.27.60 - - [15/Aug/2025:14:51:12 -0300] "POST /wp-cron.php?doing_wp_cron=1755280272.2591021060943603515625 HTTP/1.1" 200 - "-" "WordPress/6.8.2; https://suporte.komforthouse.com.br"
45.174.181.70 - - [15/Aug/2025:14:51:31 -0300] "POST /wp-admin/admin-ajax.php HTTP/1.1" 200 24 "https://suporte.komforthouse.com.br/?wpsc-section=ticket-list&ticket-id=816" "Mozilla/5.0 (Windows NT 10.0; Win64; x64) AppleWebKit/537.36 (KHTML, like Gecko) Chrome/139.0.0.0 Safari/537.36"
45.174.181.70 - - [15/Aug/2025:14:52:33 -0300] "POST /wp-admin/admin-ajax.php HTTP/1.1" 200 24 "https://suporte.komforthouse.com.br/?wpsc-section=ticket-list&ticket-id=816" "Mozilla/5.0 (Windows NT 10.0; Win64; x64) AppleWebKit/537.36 (KHTML, like Gecko) Chrome/139.0.0.0 Safari/537.36"
162.214.27.60 - - [15/Aug/2025:14:52:34 -0300] "POST /wp-cron.php?doing_wp_cron=1755280354.8788468837738037109375 HTTP/1.1" 200 - "-" "WordPress/6.8.2; https://suporte.komforthouse.com.br"
45.174.181.70 - - [15/Aug/2025:14:53:09 -0300] "POST /wp-admin/admin-ajax.php HTTP/1.1" 400 1 "https://suporte.komforthouse.com.br/?wpsc-section=dashboard" "Mozilla/5.0 (Windows NT 10.0; Win64; x64) AppleWebKit/537.36 (KHTML, like Gecko) Chrome/139.0.0.0 Safari/537.36"
162.214.27.60 - - [15/Aug/2025:14:53:10 -0300] "POST /wp-cron.php?doing_wp_cron=1755280390.6625699996948242187500 HTTP/1.1" 200 - "-" "WordPress/6.8.2; https://suporte.komforthouse.com.br"
45.174.181.70 - - [15/Aug/2025:14:53:10 -0300] "POST /wp-admin/admin-ajax.php HTTP/1.1" 200 13 "https://suporte.komforthouse.com.br/?wpsc-section=ticket-list&ticket-id=821" "Mozilla/5.0 (Windows NT 10.0; Win64; x64) AppleWebKit/537.36 (KHTML, like Gecko) Chrome/139.0.0.0 Safari/537.36"
45.174.181.70 - - [15/Aug/2025:14:53:36 -0300] "POST /wp-admin/admin-ajax.php HTTP/1.1" 200 24 "https://suporte.komforthouse.com.br/?wpsc-section=ticket-list&ticket-id=816" "Mozilla/5.0 (Windows NT 10.0; Win64; x64) AppleWebKit/537.36 (KHTML, like Gecko) Chrome/139.0.0.0 Safari/537.36"
45.174.181.70 - - [15/Aug/2025:14:54:10 -0300] "POST /wp-admin/admin-ajax.php HTTP/1.1" 200 13 "https://suporte.komforthouse.com.br/?wpsc-section=ticket-list&ticket-id=821" "Mozilla/5.0 (Windows NT 10.0; Win64; x64) AppleWebKit/537.36 (KHTML, like Gecko) Chrome/139.0.0.0 Safari/537.36"
162.214.27.60 - - [15/Aug/2025:14:54:11 -0300] "POST /wp-cron.php?doing_wp_cron=1755280451.5871899127960205078125 HTTP/1.1" 200 - "-" "WordPress/6.8.2; https://suporte.komforthouse.com.br"
162.214.27.60 - - [15/Aug/2025:14:54:39 -0300] "POST /wp-cron.php?doing_wp_cron=1755280479.5161669254302978515625 HTTP/1.1" 200 - "-" "WordPress/6.8.2; https://suporte.komforthouse.com.br"
45.174.181.70 - - [15/Aug/2025:14:54:38 -0300] "POST /wp-admin/admin-ajax.php HTTP/1.1" 200 24 "https://suporte.komforthouse.com.br/?wpsc-section=ticket-list&ticket-id=816" "Mozilla/5.0 (Windows NT 10.0; Win64; x64) AppleWebKit/537.36 (KHTML, like Gecko) Chrome/139.0.0.0 Safari/537.36"
45.174.181.70 - - [15/Aug/2025:14:55:41 -0300] "POST /wp-admin/admin-ajax.php HTTP/1.1" 200 24 "https://suporte.komforthouse.com.br/?wpsc-section=ticket-list&ticket-id=816" "Mozilla/5.0 (Windows NT 10.0; Win64; x64) AppleWebKit/537.36 (KHTML, like Gecko) Chrome/139.0.0.0 Safari/537.36"
162.214.27.60 - - [15/Aug/2025:14:55:42 -0300] "POST /wp-cron.php?doing_wp_cron=1755280542.9628379344940185546875 HTTP/1.1" 200 - "-" "WordPress/6.8.2; https://suporte.komforthouse.com.br"
162.214.27.60 - - [15/Aug/2025:14:56:11 -0300] "POST /wp-cron.php?doing_wp_cron=1755280571.7565660476684570312500 HTTP/1.1" 200 - "-" "WordPress/6.8.2; https://suporte.komforthouse.com.br"
45.174.181.70 - - [15/Aug/2025:14:56:10 -0300] "POST /wp-admin/admin-ajax.php HTTP/1.1" 200 13 "https://suporte.komforthouse.com.br/?wpsc-section=ticket-list&ticket-id=821" "Mozilla/5.0 (Windows NT 10.0; Win64; x64) AppleWebKit/537.36 (KHTML, like Gecko) Chrome/139.0.0.0 Safari/537.36"
45.174.181.70 - - [15/Aug/2025:14:56:45 -0300] "POST /wp-admin/admin-ajax.php HTTP/1.1" 200 24 "https://suporte.komforthouse.com.br/?wpsc-section=ticket-list&ticket-id=816" "Mozilla/5.0 (Windows NT 10.0; Win64; x64) AppleWebKit/537.36 (KHTML, like Gecko) Chrome/139.0.0.0 Safari/537.36"
162.214.27.60 - - [15/Aug/2025:14:57:12 -0300] "POST /wp-cron.php?doing_wp_cron=1755280631.8086130619049072265625 HTTP/1.1" 200 - "-" "WordPress/6.8.2; https://suporte.komforthouse.com.br"
45.174.181.70 - - [15/Aug/2025:14:57:10 -0300] "POST /wp-admin/admin-ajax.php HTTP/1.1" 200 13 "https://suporte.komforthouse.com.br/?wpsc-section=ticket-list&ticket-id=821" "Mozilla/5.0 (Windows NT 10.0; Win64; x64) AppleWebKit/537.36 (KHTML, like Gecko) Chrome/139.0.0.0 Safari/537.36"
45.174.181.70 - - [15/Aug/2025:14:57:47 -0300] "POST /wp-admin/admin-ajax.php HTTP/1.1" 200 24 "https://suporte.komforthouse.com.br/?wpsc-section=ticket-list&ticket-id=816" "Mozilla/5.0 (Windows NT 10.0; Win64; x64) AppleWebKit/537.36 (KHTML, like Gecko) Chrome/139.0.0.0 Safari/537.36"
45.174.181.70 - - [15/Aug/2025:14:58:10 -0300] "POST /wp-admin/admin-ajax.php HTTP/1.1" 200 13 "https://suporte.komforthouse.com.br/?wpsc-section=ticket-list&ticket-id=821" "Mozilla/5.0 (Windows NT 10.0; Win64; x64) AppleWebKit/537.36 (KHTML, like Gecko) Chrome/139.0.0.0 Safari/537.36"
162.214.27.60 - - [15/Aug/2025:14:58:12 -0300] "POST /wp-cron.php?doing_wp_cron=1755280691.9912900924682617187500 HTTP/1.1" 200 - "-" "WordPress/6.8.2; https://suporte.komforthouse.com.br"
162.214.27.60 - - [15/Aug/2025:14:58:50 -0300] "POST /wp-cron.php?doing_wp_cron=1755280730.8814539909362792968750 HTTP/1.1" 200 - "-" "WordPress/6.8.2; https://suporte.komforthouse.com.br"
45.174.181.70 - - [15/Aug/2025:14:58:49 -0300] "POST /wp-admin/admin-ajax.php HTTP/1.1" 200 24 "https://suporte.komforthouse.com.br/?wpsc-section=ticket-list&ticket-id=816" "Mozilla/5.0 (Windows NT 10.0; Win64; x64) AppleWebKit/537.36 (KHTML, like Gecko) Chrome/139.0.0.0 Safari/537.36"
45.174.181.70 - - [15/Aug/2025:14:59:09 -0300] "POST /wp-admin/admin-ajax.php HTTP/1.1" 400 1 "https://suporte.komforthouse.com.br/?wpsc-section=dashboard" "Mozilla/5.0 (Windows NT 10.0; Win64; x64) AppleWebKit/537.36 (KHTML, like Gecko) Chrome/139.0.0.0 Safari/537.36"
162.214.27.60 - - [15/Aug/2025:14:59:10 -0300] "POST /wp-cron.php?doing_wp_cron=1755280750.4277160167694091796875 HTTP/1.1" 200 - "-" "WordPress/6.8.2; https://suporte.komforthouse.com.br"
45.174.181.70 - - [15/Aug/2025:14:59:10 -0300] "POST /wp-admin/admin-ajax.php HTTP/1.1" 200 13 "https://suporte.komforthouse.com.br/?wpsc-section=ticket-list&ticket-id=821" "Mozilla/5.0 (Windows NT 10.0; Win64; x64) AppleWebKit/537.36 (KHTML, like Gecko) Chrome/139.0.0.0 Safari/537.36"
45.174.181.70 - - [15/Aug/2025:14:59:52 -0300] "POST /wp-admin/admin-ajax.php HTTP/1.1" 200 24 "https://suporte.komforthouse.com.br/?wpsc-section=ticket-list&ticket-id=816" "Mozilla/5.0 (Windows NT 10.0; Win64; x64) AppleWebKit/537.36 (KHTML, like Gecko) Chrome/139.0.0.0 Safari/537.36"
162.214.27.60 - - [15/Aug/2025:14:59:53 -0300] "POST /wp-cron.php?doing_wp_cron=1755280793.5964939594268798828125 HTTP/1.1" 200 - "-" "WordPress/6.8.2; https://suporte.komforthouse.com.br"
45.174.181.70 - - [15/Aug/2025:15:00:55 -0300] "POST /wp-admin/admin-ajax.php HTTP/1.1" 200 24 "https://suporte.komforthouse.com.br/?wpsc-section=ticket-list&ticket-id=816" "Mozilla/5.0 (Windows NT 10.0; Win64; x64) AppleWebKit/537.36 (KHTML, like Gecko) Chrome/139.0.0.0 Safari/537.36"
162.214.27.60 - - [15/Aug/2025:15:00:57 -0300] "POST /wp-cron.php?doing_wp_cron=1755280857.4727880954742431640625 HTTP/1.1" 200 - "-" "WordPress/6.8.2; https://suporte.komforthouse.com.br"
162.214.27.60 - - [15/Aug/2025:15:01:11 -0300] "POST /wp-cron.php?doing_wp_cron=1755280871.7837290763854980468750 HTTP/1.1" 200 - "-" "WordPress/6.8.2; https://suporte.komforthouse.com.br"
45.174.181.70 - - [15/Aug/2025:15:01:10 -0300] "POST /wp-admin/admin-ajax.php HTTP/1.1" 200 13 "https://suporte.komforthouse.com.br/?wpsc-section=ticket-list&ticket-id=821" "Mozilla/5.0 (Windows NT 10.0; Win64; x64) AppleWebKit/537.36 (KHTML, like Gecko) Chrome/139.0.0.0 Safari/537.36"
45.174.181.70 - - [15/Aug/2025:15:01:59 -0300] "POST /wp-admin/admin-ajax.php HTTP/1.1" 200 24 "https://suporte.komforthouse.com.br/?wpsc-section=ticket-list&ticket-id=816" "Mozilla/5.0 (Windows NT 10.0; Win64; x64) AppleWebKit/537.36 (KHTML, like Gecko) Chrome/139.0.0.0 Safari/537.36"
162.214.27.60 - - [15/Aug/2025:15:03:02 -0300] "POST /wp-cron.php?doing_wp_cron=1755280982.9632449150085449218750 HTTP/1.1" 200 - "-" "WordPress/6.8.2; https://suporte.komforthouse.com.br"
45.174.181.70 - - [15/Aug/2025:15:03:01 -0300] "POST /wp-admin/admin-ajax.php HTTP/1.1" 200 24 "https://suporte.komforthouse.com.br/?wpsc-section=ticket-list&ticket-id=816" "Mozilla/5.0 (Windows NT 10.0; Win64; x64) AppleWebKit/537.36 (KHTML, like Gecko) Chrome/139.0.0.0 Safari/537.36"
162.214.27.60 - - [15/Aug/2025:15:03:12 -0300] "POST /wp-cron.php?doing_wp_cron=1755280992.2661800384521484375000 HTTP/1.1" 200 - "-" "WordPress/6.8.2; https://suporte.komforthouse.com.br"
45.174.181.70 - - [15/Aug/2025:15:03:10 -0300] "POST /wp-admin/admin-ajax.php HTTP/1.1" 200 13 "https://suporte.komforthouse.com.br/?wpsc-section=ticket-list&ticket-id=821" "Mozilla/5.0 (Windows NT 10.0; Win64; x64) AppleWebKit/537.36 (KHTML, like Gecko) Chrome/139.0.0.0 Safari/537.36"
209.141.37.216 - - [15/Aug/2025:15:03:15 -0300] "GET /wp-login.php HTTP/1.1" 200 9379 "-" "Mozilla/5.0 (Windows NT 6.1; WOW64) AppleWebKit/537.36 (KHTML, like Gecko) Chrome/35.0.1916.153 Safari/537.36"
45.174.181.70 - - [15/Aug/2025:15:04:04 -0300] "POST /wp-admin/admin-ajax.php HTTP/1.1" 200 24 "https://suporte.komforthouse.com.br/?wpsc-section=ticket-list&ticket-id=816" "Mozilla/5.0 (Windows NT 10.0; Win64; x64) AppleWebKit/537.36 (KHTML, like Gecko) Chrome/139.0.0.0 Safari/537.36"
162.214.27.60 - - [15/Aug/2025:15:04:11 -0300] "POST /wp-cron.php?doing_wp_cron=1755281051.6212460994720458984375 HTTP/1.1" 200 - "-" "WordPress/6.8.2; https://suporte.komforthouse.com.br"
45.174.181.70 - - [15/Aug/2025:15:04:10 -0300] "POST /wp-admin/admin-ajax.php HTTP/1.1" 200 13 "https://suporte.komforthouse.com.br/?wpsc-section=ticket-list&ticket-id=821" "Mozilla/5.0 (Windows NT 10.0; Win64; x64) AppleWebKit/537.36 (KHTML, like Gecko) Chrome/139.0.0.0 Safari/537.36"
209.141.37.216 - - [15/Aug/2025:15:05:03 -0300] "POST /wp-login.php HTTP/1.1" 200 9811 "-" "Mozilla/5.0 (Windows NT 6.1; WOW64) AppleWebKit/537.36 (KHTML, like Gecko) Chrome/35.0.1916.153 Safari/537.36"
162.214.27.60 - - [15/Aug/2025:15:05:04 -0300] "POST /wp-cron.php?doing_wp_cron=1755281104.6479001045227050781250 HTTP/1.1" 200 - "-" "WordPress/6.8.2; https://suporte.komforthouse.com.br"
45.174.181.70 - - [15/Aug/2025:15:05:06 -0300] "POST /wp-admin/admin-ajax.php HTTP/1.1" 200 24 "https://suporte.komforthouse.com.br/?wpsc-section=ticket-list&ticket-id=816" "Mozilla/5.0 (Windows NT 10.0; Win64; x64) AppleWebKit/537.36 (KHTML, like Gecko) Chrome/139.0.0.0 Safari/537.36"
162.214.27.60 - - [15/Aug/2025:15:05:08 -0300] "POST /wp-cron.php?doing_wp_cron=1755281107.9931130409240722656250 HTTP/1.1" 200 - "-" "WordPress/6.8.2; https://suporte.komforthouse.com.br"
45.174.181.70 - - [15/Aug/2025:15:05:09 -0300] "POST /wp-admin/admin-ajax.php HTTP/1.1" 400 1 "https://suporte.komforthouse.com.br/?wpsc-section=dashboard" "Mozilla/5.0 (Windows NT 10.0; Win64; x64) AppleWebKit/537.36 (KHTML, like Gecko) Chrome/139.0.0.0 Safari/537.36"
45.174.181.70 - - [15/Aug/2025:15:06:10 -0300] "POST /wp-admin/admin-ajax.php HTTP/1.1" 200 13 "https://suporte.komforthouse.com.br/?wpsc-section=ticket-list&ticket-id=821" "Mozilla/5.0 (Windows NT 10.0; Win64; x64) AppleWebKit/537.36 (KHTML, like Gecko) Chrome/139.0.0.0 Safari/537.36"
162.214.27.60 - - [15/Aug/2025:15:06:11 -0300] "POST /wp-cron.php?doing_wp_cron=1755281171.5882320404052734375000 HTTP/1.1" 200 - "-" "WordPress/6.8.2; https://suporte.komforthouse.com.br"
45.174.181.70 - - [15/Aug/2025:15:06:10 -0300] "POST /wp-admin/admin-ajax.php HTTP/1.1" 200 24 "https://suporte.komforthouse.com.br/?wpsc-section=ticket-list&ticket-id=816" "Mozilla/5.0 (Windows NT 10.0; Win64; x64) AppleWebKit/537.36 (KHTML, like Gecko) Chrome/139.0.0.0 Safari/537.36"
162.214.27.60 - - [15/Aug/2025:15:07:14 -0300] "POST /wp-cron.php?doing_wp_cron=1755281234.8405630588531494140625 HTTP/1.1" 200 - "-" "WordPress/6.8.2; https://suporte.komforthouse.com.br"
45.174.181.70 - - [15/Aug/2025:15:07:13 -0300] "POST /wp-admin/admin-ajax.php HTTP/1.1" 200 24 "https://suporte.komforthouse.com.br/?wpsc-section=ticket-list&ticket-id=816" "Mozilla/5.0 (Windows NT 10.0; Win64; x64) AppleWebKit/537.36 (KHTML, like Gecko) Chrome/139.0.0.0 Safari/537.36"
196.251.83.126 - - [15/Aug/2025:15:07:52 -0300] "POST /wp-login.php HTTP/1.1" 200 9793 "-" "Mozilla/5.0"
162.214.27.60 - - [15/Aug/2025:15:08:12 -0300] "POST /wp-cron.php?doing_wp_cron=1755281291.9939670562744140625000 HTTP/1.1" 200 - "-" "WordPress/6.8.2; https://suporte.komforthouse.com.br"
45.174.181.70 - - [15/Aug/2025:15:08:10 -0300] "POST /wp-admin/admin-ajax.php HTTP/1.1" 200 13 "https://suporte.komforthouse.com.br/?wpsc-section=ticket-list&ticket-id=821" "Mozilla/5.0 (Windows NT 10.0; Win64; x64) AppleWebKit/537.36 (KHTML, like Gecko) Chrome/139.0.0.0 Safari/537.36"
45.174.181.70 - - [15/Aug/2025:15:08:16 -0300] "POST /wp-admin/admin-ajax.php HTTP/1.1" 200 24 "https://suporte.komforthouse.com.br/?wpsc-section=ticket-list&ticket-id=816" "Mozilla/5.0 (Windows NT 10.0; Win64; x64) AppleWebKit/537.36 (KHTML, like Gecko) Chrome/139.0.0.0 Safari/537.36"
45.174.181.70 - - [15/Aug/2025:15:09:18 -0300] "POST /wp-admin/admin-ajax.php HTTP/1.1" 200 24 "https://suporte.komforthouse.com.br/?wpsc-section=ticket-list&ticket-id=816" "Mozilla/5.0 (Windows NT 10.0; Win64; x64) AppleWebKit/537.36 (KHTML, like Gecko) Chrome/139.0.0.0 Safari/537.36"
162.214.27.60 - - [15/Aug/2025:15:09:19 -0300] "POST /wp-cron.php?doing_wp_cron=1755281359.7104949951171875000000 HTTP/1.1" 200 - "-" "WordPress/6.8.2; https://suporte.komforthouse.com.br"
45.174.181.70 - - [15/Aug/2025:15:10:09 -0300] "POST /wp-admin/admin-ajax.php HTTP/1.1" 400 1 "https://suporte.komforthouse.com.br/?wpsc-section=dashboard" "Mozilla/5.0 (Windows NT 10.0; Win64; x64) AppleWebKit/537.36 (KHTML, like Gecko) Chrome/139.0.0.0 Safari/537.36"
162.214.27.60 - - [15/Aug/2025:15:10:10 -0300] "POST /wp-cron.php?doing_wp_cron=1755281410.2874689102172851562500 HTTP/1.1" 200 - "-" "WordPress/6.8.2; https://suporte.komforthouse.com.br"
45.174.181.70 - - [15/Aug/2025:15:10:10 -0300] "POST /wp-admin/admin-ajax.php HTTP/1.1" 200 13 "https://suporte.komforthouse.com.br/?wpsc-section=ticket-list&ticket-id=821" "Mozilla/5.0 (Windows NT 10.0; Win64; x64) AppleWebKit/537.36 (KHTML, like Gecko) Chrome/139.0.0.0 Safari/537.36"
45.174.181.70 - - [15/Aug/2025:15:10:21 -0300] "POST /wp-admin/admin-ajax.php HTTP/1.1" 200 24 "https://suporte.komforthouse.com.br/?wpsc-section=ticket-list&ticket-id=816" "Mozilla/5.0 (Windows NT 10.0; Win64; x64) AppleWebKit/537.36 (KHTML, like Gecko) Chrome/139.0.0.0 Safari/537.36"
162.214.27.60 - - [15/Aug/2025:15:11:11 -0300] "POST /wp-cron.php?doing_wp_cron=1755281471.7514660358428955078125 HTTP/1.1" 200 - "-" "WordPress/6.8.2; https://suporte.komforthouse.com.br"
45.174.181.70 - - [15/Aug/2025:15:11:10 -0300] "POST /wp-admin/admin-ajax.php HTTP/1.1" 200 13 "https://suporte.komforthouse.com.br/?wpsc-section=ticket-list&ticket-id=821" "Mozilla/5.0 (Windows NT 10.0; Win64; x64) AppleWebKit/537.36 (KHTML, like Gecko) Chrome/139.0.0.0 Safari/537.36"
45.174.181.70 - - [15/Aug/2025:15:11:23 -0300] "POST /wp-admin/admin-ajax.php HTTP/1.1" 200 24 "https://suporte.komforthouse.com.br/?wpsc-section=ticket-list&ticket-id=816" "Mozilla/5.0 (Windows NT 10.0; Win64; x64) AppleWebKit/537.36 (KHTML, like Gecko) Chrome/139.0.0.0 Safari/537.36"
45.174.181.70 - - [15/Aug/2025:15:12:25 -0300] "POST /wp-admin/admin-ajax.php HTTP/1.1" 200 24 "https://suporte.komforthouse.com.br/?wpsc-section=ticket-list&ticket-id=816" "Mozilla/5.0 (Windows NT 10.0; Win64; x64) AppleWebKit/537.36 (KHTML, like Gecko) Chrome/139.0.0.0 Safari/537.36"
162.214.27.60 - - [15/Aug/2025:15:12:26 -0300] "POST /wp-cron.php?doing_wp_cron=1755281546.8825819492340087890625 HTTP/1.1" 200 - "-" "WordPress/6.8.2; https://suporte.komforthouse.com.br"
45.174.181.70 - - [15/Aug/2025:15:13:10 -0300] "POST /wp-admin/admin-ajax.php HTTP/1.1" 200 13 "https://suporte.komforthouse.com.br/?wpsc-section=ticket-list&ticket-id=821" "Mozilla/5.0 (Windows NT 10.0; Win64; x64) AppleWebKit/537.36 (KHTML, like Gecko) Chrome/139.0.0.0 Safari/537.36"
162.214.27.60 - - [15/Aug/2025:15:13:11 -0300] "POST /wp-cron.php?doing_wp_cron=1755281591.9738209247589111328125 HTTP/1.1" 200 - "-" "WordPress/6.8.2; https://suporte.komforthouse.com.br"
45.174.181.70 - - [15/Aug/2025:15:13:28 -0300] "POST /wp-admin/admin-ajax.php HTTP/1.1" 200 24 "https://suporte.komforthouse.com.br/?wpsc-section=ticket-list&ticket-id=816" "Mozilla/5.0 (Windows NT 10.0; Win64; x64) AppleWebKit/537.36 (KHTML, like Gecko) Chrome/139.0.0.0 Safari/537.36"
162.214.27.60 - - [15/Aug/2025:15:14:12 -0300] "POST /wp-cron.php?doing_wp_cron=1755281652.0188839435577392578125 HTTP/1.1" 200 - "-" "WordPress/6.8.2; https://suporte.komforthouse.com.br"
45.174.181.70 - - [15/Aug/2025:15:14:10 -0300] "POST /wp-admin/admin-ajax.php HTTP/1.1" 200 13 "https://suporte.komforthouse.com.br/?wpsc-section=ticket-list&ticket-id=821" "Mozilla/5.0 (Windows NT 10.0; Win64; x64) AppleWebKit/537.36 (KHTML, like Gecko) Chrome/139.0.0.0 Safari/537.36"
45.174.181.70 - - [15/Aug/2025:15:14:30 -0300] "POST /wp-admin/admin-ajax.php HTTP/1.1" 200 24 "https://suporte.komforthouse.com.br/?wpsc-section=ticket-list&ticket-id=816" "Mozilla/5.0 (Windows NT 10.0; Win64; x64) AppleWebKit/537.36 (KHTML, like Gecko) Chrome/139.0.0.0 Safari/537.36"
45.174.181.70 - - [15/Aug/2025:15:15:10 -0300] "POST /wp-admin/admin-ajax.php HTTP/1.1" 200 13 "https://suporte.komforthouse.com.br/?wpsc-section=ticket-list&ticket-id=821" "Mozilla/5.0 (Windows NT 10.0; Win64; x64) AppleWebKit/537.36 (KHTML, like Gecko) Chrome/139.0.0.0 Safari/537.36"
162.214.27.60 - - [15/Aug/2025:15:15:12 -0300] "POST /wp-cron.php?doing_wp_cron=1755281712.2005879878997802734375 HTTP/1.1" 200 - "-" "WordPress/6.8.2; https://suporte.komforthouse.com.br"
45.174.181.70 - - [15/Aug/2025:15:15:32 -0300] "POST /wp-admin/admin-ajax.php HTTP/1.1" 200 24 "https://suporte.komforthouse.com.br/?wpsc-section=ticket-list&ticket-id=816" "Mozilla/5.0 (Windows NT 10.0; Win64; x64) AppleWebKit/537.36 (KHTML, like Gecko) Chrome/139.0.0.0 Safari/537.36"
45.174.181.70 - - [15/Aug/2025:15:16:09 -0300] "POST /wp-admin/admin-ajax.php HTTP/1.1" 400 1 "https://suporte.komforthouse.com.br/?wpsc-section=dashboard" "Mozilla/5.0 (Windows NT 10.0; Win64; x64) AppleWebKit/537.36 (KHTML, like Gecko) Chrome/139.0.0.0 Safari/537.36"
162.214.27.60 - - [15/Aug/2025:15:16:10 -0300] "POST /wp-cron.php?doing_wp_cron=1755281770.5692160129547119140625 HTTP/1.1" 200 - "-" "WordPress/6.8.2; https://suporte.komforthouse.com.br"
45.174.181.70 - - [15/Aug/2025:15:16:34 -0300] "POST /wp-admin/admin-ajax.php HTTP/1.1" 200 24 "https://suporte.komforthouse.com.br/?wpsc-section=ticket-list&ticket-id=816" "Mozilla/5.0 (Windows NT 10.0; Win64; x64) AppleWebKit/537.36 (KHTML, like Gecko) Chrome/139.0.0.0 Safari/537.36"
45.174.181.70 - - [15/Aug/2025:15:17:10 -0300] "POST /wp-admin/admin-ajax.php HTTP/1.1" 200 13 "https://suporte.komforthouse.com.br/?wpsc-section=ticket-list&ticket-id=821" "Mozilla/5.0 (Windows NT 10.0; Win64; x64) AppleWebKit/537.36 (KHTML, like Gecko) Chrome/139.0.0.0 Safari/537.36"
162.214.27.60 - - [15/Aug/2025:15:17:12 -0300] "POST /wp-cron.php?doing_wp_cron=1755281832.0646190643310546875000 HTTP/1.1" 200 - "-" "WordPress/6.8.2; https://suporte.komforthouse.com.br"
45.174.181.70 - - [15/Aug/2025:15:17:37 -0300] "POST /wp-admin/admin-ajax.php HTTP/1.1" 200 24 "https://suporte.komforthouse.com.br/?wpsc-section=ticket-list&ticket-id=816" "Mozilla/5.0 (Windows NT 10.0; Win64; x64) AppleWebKit/537.36 (KHTML, like Gecko) Chrome/139.0.0.0 Safari/537.36"
45.174.181.70 - - [15/Aug/2025:15:18:39 -0300] "POST /wp-admin/admin-ajax.php HTTP/1.1" 200 24 "https://suporte.komforthouse.com.br/?wpsc-section=ticket-list&ticket-id=816" "Mozilla/5.0 (Windows NT 10.0; Win64; x64) AppleWebKit/537.36 (KHTML, like Gecko) Chrome/139.0.0.0 Safari/537.36"
162.214.27.60 - - [15/Aug/2025:15:18:40 -0300] "POST /wp-cron.php?doing_wp_cron=1755281920.7313599586486816406250 HTTP/1.1" 200 - "-" "WordPress/6.8.2; https://suporte.komforthouse.com.br"
162.214.27.60 - - [15/Aug/2025:15:19:11 -0300] "POST /wp-cron.php?doing_wp_cron=1755281951.7357120513916015625000 HTTP/1.1" 200 - "-" "WordPress/6.8.2; https://suporte.komforthouse.com.br"
45.174.181.70 - - [15/Aug/2025:15:19:10 -0300] "POST /wp-admin/admin-ajax.php HTTP/1.1" 200 13 "https://suporte.komforthouse.com.br/?wpsc-section=ticket-list&ticket-id=821" "Mozilla/5.0 (Windows NT 10.0; Win64; x64) AppleWebKit/537.36 (KHTML, like Gecko) Chrome/139.0.0.0 Safari/537.36"
45.174.181.70 - - [15/Aug/2025:15:19:42 -0300] "POST /wp-admin/admin-ajax.php HTTP/1.1" 200 24 "https://suporte.komforthouse.com.br/?wpsc-section=ticket-list&ticket-id=816" "Mozilla/5.0 (Windows NT 10.0; Win64; x64) AppleWebKit/537.36 (KHTML, like Gecko) Chrome/139.0.0.0 Safari/537.36"
162.214.27.60 - - [15/Aug/2025:15:19:43 -0300] "POST /wp-cron.php?doing_wp_cron=1755281983.8158519268035888671875 HTTP/1.1" 200 - "-" "WordPress/6.8.2; https://suporte.komforthouse.com.br"
45.174.181.70 - - [15/Aug/2025:15:20:45 -0300] "POST /wp-admin/admin-ajax.php HTTP/1.1" 200 24 "https://suporte.komforthouse.com.br/?wpsc-section=ticket-list&ticket-id=816" "Mozilla/5.0 (Windows NT 10.0; Win64; x64) AppleWebKit/537.36 (KHTML, like Gecko) Chrome/139.0.0.0 Safari/537.36"
162.214.27.60 - - [15/Aug/2025:15:20:47 -0300] "POST /wp-cron.php?doing_wp_cron=1755282047.0124518871307373046875 HTTP/1.1" 200 - "-" "WordPress/6.8.2; https://suporte.komforthouse.com.br"
162.214.27.60 - - [15/Aug/2025:15:21:10 -0300] "POST /wp-cron.php?doing_wp_cron=1755282070.3300039768218994140625 HTTP/1.1" 200 - "-" "WordPress/6.8.2; https://suporte.komforthouse.com.br"
45.174.181.70 - - [15/Aug/2025:15:21:09 -0300] "POST /wp-admin/admin-ajax.php HTTP/1.1" 400 1 "https://suporte.komforthouse.com.br/?wpsc-section=dashboard" "Mozilla/5.0 (Windows NT 10.0; Win64; x64) AppleWebKit/537.36 (KHTML, like Gecko) Chrome/139.0.0.0 Safari/537.36"
45.174.181.70 - - [15/Aug/2025:15:21:10 -0300] "POST /wp-admin/admin-ajax.php HTTP/1.1" 200 13 "https://suporte.komforthouse.com.br/?wpsc-section=ticket-list&ticket-id=821" "Mozilla/5.0 (Windows NT 10.0; Win64; x64) AppleWebKit/537.36 (KHTML, like Gecko) Chrome/139.0.0.0 Safari/537.36"
45.174.181.70 - - [15/Aug/2025:15:21:49 -0300] "POST /wp-admin/admin-ajax.php HTTP/1.1" 200 24 "https://suporte.komforthouse.com.br/?wpsc-section=ticket-list&ticket-id=816" "Mozilla/5.0 (Windows NT 10.0; Win64; x64) AppleWebKit/537.36 (KHTML, like Gecko) Chrome/139.0.0.0 Safari/537.36"
162.214.27.60 - - [15/Aug/2025:15:21:50 -0300] "POST /wp-cron.php?doing_wp_cron=1755282110.8594019412994384765625 HTTP/1.1" 200 - "-" "WordPress/6.8.2; https://suporte.komforthouse.com.br"
162.214.27.60 - - [15/Aug/2025:15:22:12 -0300] "POST /wp-cron.php?doing_wp_cron=1755282132.0351650714874267578125 HTTP/1.1" 200 - "-" "WordPress/6.8.2; https://suporte.komforthouse.com.br"
45.174.181.70 - - [15/Aug/2025:15:22:10 -0300] "POST /wp-admin/admin-ajax.php HTTP/1.1" 200 13 "https://suporte.komforthouse.com.br/?wpsc-section=ticket-list&ticket-id=821" "Mozilla/5.0 (Windows NT 10.0; Win64; x64) AppleWebKit/537.36 (KHTML, like Gecko) Chrome/139.0.0.0 Safari/537.36"
45.174.181.70 - - [15/Aug/2025:15:22:52 -0300] "POST /wp-admin/admin-ajax.php HTTP/1.1" 200 24 "https://suporte.komforthouse.com.br/?wpsc-section=ticket-list&ticket-id=816" "Mozilla/5.0 (Windows NT 10.0; Win64; x64) AppleWebKit/537.36 (KHTML, like Gecko) Chrome/139.0.0.0 Safari/537.36"
162.214.27.60 - - [15/Aug/2025:15:23:56 -0300] "POST /wp-cron.php?doing_wp_cron=1755282236.0990200042724609375000 HTTP/1.1" 200 - "-" "WordPress/6.8.2; https://suporte.komforthouse.com.br"
45.174.181.70 - - [15/Aug/2025:15:23:54 -0300] "POST /wp-admin/admin-ajax.php HTTP/1.1" 200 24 "https://suporte.komforthouse.com.br/?wpsc-section=ticket-list&ticket-id=816" "Mozilla/5.0 (Windows NT 10.0; Win64; x64) AppleWebKit/537.36 (KHTML, like Gecko) Chrome/139.0.0.0 Safari/537.36"
162.214.27.60 - - [15/Aug/2025:15:24:12 -0300] "POST /wp-cron.php?doing_wp_cron=1755282252.5467529296875000000000 HTTP/1.1" 200 - "-" "WordPress/6.8.2; https://suporte.komforthouse.com.br"
45.174.181.70 - - [15/Aug/2025:15:24:10 -0300] "POST /wp-admin/admin-ajax.php HTTP/1.1" 200 13 "https://suporte.komforthouse.com.br/?wpsc-section=ticket-list&ticket-id=821" "Mozilla/5.0 (Windows NT 10.0; Win64; x64) AppleWebKit/537.36 (KHTML, like Gecko) Chrome/139.0.0.0 Safari/537.36"
162.214.27.60 - - [15/Aug/2025:15:24:59 -0300] "POST /wp-cron.php?doing_wp_cron=1755282299.8025240898132324218750 HTTP/1.1" 200 - "-" "WordPress/6.8.2; https://suporte.komforthouse.com.br"
45.174.181.70 - - [15/Aug/2025:15:24:58 -0300] "POST /wp-admin/admin-ajax.php HTTP/1.1" 200 24 "https://suporte.komforthouse.com.br/?wpsc-section=ticket-list&ticket-id=816" "Mozilla/5.0 (Windows NT 10.0; Win64; x64) AppleWebKit/537.36 (KHTML, like Gecko) Chrome/139.0.0.0 Safari/537.36"
45.174.181.70 - - [15/Aug/2025:15:25:10 -0300] "POST /wp-admin/admin-ajax.php HTTP/1.1" 200 13 "https://suporte.komforthouse.com.br/?wpsc-section=ticket-list&ticket-id=821" "Mozilla/5.0 (Windows NT 10.0; Win64; x64) AppleWebKit/537.36 (KHTML, like Gecko) Chrome/139.0.0.0 Safari/537.36"
162.214.27.60 - - [15/Aug/2025:15:25:12 -0300] "POST /wp-cron.php?doing_wp_cron=1755282312.1400790214538574218750 HTTP/1.1" 200 - "-" "WordPress/6.8.2; https://suporte.komforthouse.com.br"
162.214.27.60 - - [15/Aug/2025:15:26:02 -0300] "POST /wp-cron.php?doing_wp_cron=1755282362.9522390365600585937500 HTTP/1.1" 200 - "-" "WordPress/6.8.2; https://suporte.komforthouse.com.br"
45.174.181.70 - - [15/Aug/2025:15:26:01 -0300] "POST /wp-admin/admin-ajax.php HTTP/1.1" 200 24 "https://suporte.komforthouse.com.br/?wpsc-section=ticket-list&ticket-id=816" "Mozilla/5.0 (Windows NT 10.0; Win64; x64) AppleWebKit/537.36 (KHTML, like Gecko) Chrome/139.0.0.0 Safari/537.36"
45.174.181.70 - - [15/Aug/2025:15:26:10 -0300] "POST /wp-admin/admin-ajax.php HTTP/1.1" 200 13 "https://suporte.komforthouse.com.br/?wpsc-section=ticket-list&ticket-id=821" "Mozilla/5.0 (Windows NT 10.0; Win64; x64) AppleWebKit/537.36 (KHTML, like Gecko) Chrome/139.0.0.0 Safari/537.36"
162.214.27.60 - - [15/Aug/2025:15:26:12 -0300] "POST /wp-cron.php?doing_wp_cron=1755282372.0479130744934082031250 HTTP/1.1" 200 - "-" "WordPress/6.8.2; https://suporte.komforthouse.com.br"
196.251.83.126 - - [15/Aug/2025:15:26:15 -0300] "POST /wp-login.php HTTP/1.1" 200 9793 "-" "Mozilla/5.0"
45.174.181.70 - - [15/Aug/2025:15:27:04 -0300] "POST /wp-admin/admin-ajax.php HTTP/1.1" 200 24 "https://suporte.komforthouse.com.br/?wpsc-section=ticket-list&ticket-id=816" "Mozilla/5.0 (Windows NT 10.0; Win64; x64) AppleWebKit/537.36 (KHTML, like Gecko) Chrome/139.0.0.0 Safari/537.36"
45.174.181.70 - - [15/Aug/2025:15:27:09 -0300] "POST /wp-admin/admin-ajax.php HTTP/1.1" 400 1 "https://suporte.komforthouse.com.br/?wpsc-section=dashboard" "Mozilla/5.0 (Windows NT 10.0; Win64; x64) AppleWebKit/537.36 (KHTML, like Gecko) Chrome/139.0.0.0 Safari/537.36"
162.214.27.60 - - [15/Aug/2025:15:27:10 -0300] "POST /wp-cron.php?doing_wp_cron=1755282430.2825379371643066406250 HTTP/1.1" 200 - "-" "WordPress/6.8.2; https://suporte.komforthouse.com.br"
209.141.61.4 - - [15/Aug/2025:15:28:03 -0300] "GET /wp-login.php HTTP/1.1" 200 9379 "-" "Mozilla/5.0 (compatible; MSIE 9.0; Windows NT 6.1; WOW64; Trident/5.0)"
209.141.61.4 - - [15/Aug/2025:15:28:04 -0300] "POST /wp-login.php HTTP/1.1" 200 9811 "-" "Mozilla/5.0 (compatible; MSIE 9.0; Windows NT 6.1; WOW64; Trident/5.0)"
162.214.27.60 - - [15/Aug/2025:15:28:07 -0300] "POST /wp-cron.php?doing_wp_cron=1755282487.9357309341430664062500 HTTP/1.1" 200 - "-" "WordPress/6.8.2; https://suporte.komforthouse.com.br"
45.174.181.70 - - [15/Aug/2025:15:28:06 -0300] "POST /wp-admin/admin-ajax.php HTTP/1.1" 200 24 "https://suporte.komforthouse.com.br/?wpsc-section=ticket-list&ticket-id=816" "Mozilla/5.0 (Windows NT 10.0; Win64; x64) AppleWebKit/537.36 (KHTML, like Gecko) Chrome/139.0.0.0 Safari/537.36"
45.174.181.70 - - [15/Aug/2025:15:28:10 -0300] "POST /wp-admin/admin-ajax.php HTTP/1.1" 200 13 "https://suporte.komforthouse.com.br/?wpsc-section=ticket-list&ticket-id=821" "Mozilla/5.0 (Windows NT 10.0; Win64; x64) AppleWebKit/537.36 (KHTML, like Gecko) Chrome/139.0.0.0 Safari/537.36"
162.214.27.60 - - [15/Aug/2025:15:29:10 -0300] "POST /wp-cron.php?doing_wp_cron=1755282550.7441790103912353515625 HTTP/1.1" 200 - "-" "WordPress/6.8.2; https://suporte.komforthouse.com.br"
45.174.181.70 - - [15/Aug/2025:15:29:09 -0300] "POST /wp-admin/admin-ajax.php HTTP/1.1" 200 24 "https://suporte.komforthouse.com.br/?wpsc-section=ticket-list&ticket-id=816" "Mozilla/5.0 (Windows NT 10.0; Win64; x64) AppleWebKit/537.36 (KHTML, like Gecko) Chrome/139.0.0.0 Safari/537.36"
162.214.27.60 - - [15/Aug/2025:15:30:12 -0300] "POST /wp-cron.php?doing_wp_cron=1755282612.0397539138793945312500 HTTP/1.1" 200 - "-" "WordPress/6.8.2; https://suporte.komforthouse.com.br"
45.174.181.70 - - [15/Aug/2025:15:30:10 -0300] "POST /wp-admin/admin-ajax.php HTTP/1.1" 200 13 "https://suporte.komforthouse.com.br/?wpsc-section=ticket-list&ticket-id=821" "Mozilla/5.0 (Windows NT 10.0; Win64; x64) AppleWebKit/537.36 (KHTML, like Gecko) Chrome/139.0.0.0 Safari/537.36"
45.174.181.70 - - [15/Aug/2025:15:30:12 -0300] "POST /wp-admin/admin-ajax.php HTTP/1.1" 200 24 "https://suporte.komforthouse.com.br/?wpsc-section=ticket-list&ticket-id=816" "Mozilla/5.0 (Windows NT 10.0; Win64; x64) AppleWebKit/537.36 (KHTML, like Gecko) Chrome/139.0.0.0 Safari/537.36"
162.214.27.60 - - [15/Aug/2025:15:31:16 -0300] "POST /wp-cron.php?doing_wp_cron=1755282676.0888490676879882812500 HTTP/1.1" 200 - "-" "WordPress/6.8.2; https://suporte.komforthouse.com.br"
45.174.181.70 - - [15/Aug/2025:15:31:14 -0300] "POST /wp-admin/admin-ajax.php HTTP/1.1" 200 24 "https://suporte.komforthouse.com.br/?wpsc-section=ticket-list&ticket-id=816" "Mozilla/5.0 (Windows NT 10.0; Win64; x64) AppleWebKit/537.36 (KHTML, like Gecko) Chrome/139.0.0.0 Safari/537.36"
107.189.3.47 - - [15/Aug/2025:15:31:35 -0300] "GET /wp-login.php HTTP/1.1" 200 9379 "-" "Mozilla/5.0 (X11; Linux x86_64) AppleWebKit/537.36 (KHTML, like Gecko) Ubuntu Chromium/34.0.1847.116 Chrome/34.0.1847.116 Safari/537.36"
45.174.181.70 - - [15/Aug/2025:15:32:10 -0300] "POST /wp-admin/admin-ajax.php HTTP/1.1" 200 13 "https://suporte.komforthouse.com.br/?wpsc-section=ticket-list&ticket-id=821" "Mozilla/5.0 (Windows NT 10.0; Win64; x64) AppleWebKit/537.36 (KHTML, like Gecko) Chrome/139.0.0.0 Safari/537.36"
162.214.27.60 - - [15/Aug/2025:15:32:12 -0300] "POST /wp-cron.php?doing_wp_cron=1755282732.1439089775085449218750 HTTP/1.1" 200 - "-" "WordPress/6.8.2; https://suporte.komforthouse.com.br"
45.174.181.70 - - [15/Aug/2025:15:32:18 -0300] "POST /wp-admin/admin-ajax.php HTTP/1.1" 200 24 "https://suporte.komforthouse.com.br/?wpsc-section=ticket-list&ticket-id=816" "Mozilla/5.0 (Windows NT 10.0; Win64; x64) AppleWebKit/537.36 (KHTML, like Gecko) Chrome/139.0.0.0 Safari/537.36"
162.214.27.60 - - [15/Aug/2025:15:33:10 -0300] "POST /wp-cron.php?doing_wp_cron=1755282790.4901249408721923828125 HTTP/1.1" 200 - "-" "WordPress/6.8.2; https://suporte.komforthouse.com.br"
45.174.181.70 - - [15/Aug/2025:15:33:09 -0300] "POST /wp-admin/admin-ajax.php HTTP/1.1" 400 1 "https://suporte.komforthouse.com.br/?wpsc-section=dashboard" "Mozilla/5.0 (Windows NT 10.0; Win64; x64) AppleWebKit/537.36 (KHTML, like Gecko) Chrome/139.0.0.0 Safari/537.36"
45.174.181.70 - - [15/Aug/2025:15:33:10 -0300] "POST /wp-admin/admin-ajax.php HTTP/1.1" 200 13 "https://suporte.komforthouse.com.br/?wpsc-section=ticket-list&ticket-id=821" "Mozilla/5.0 (Windows NT 10.0; Win64; x64) AppleWebKit/537.36 (KHTML, like Gecko) Chrome/139.0.0.0 Safari/537.36"
45.174.181.70 - - [15/Aug/2025:15:33:20 -0300] "POST /wp-admin/admin-ajax.php HTTP/1.1" 200 24 "https://suporte.komforthouse.com.br/?wpsc-section=ticket-list&ticket-id=816" "Mozilla/5.0 (Windows NT 10.0; Win64; x64) AppleWebKit/537.36 (KHTML, like Gecko) Chrome/139.0.0.0 Safari/537.36"
162.214.27.60 - - [15/Aug/2025:15:34:12 -0300] "POST /wp-cron.php?doing_wp_cron=1755282851.9903268814086914062500 HTTP/1.1" 200 - "-" "WordPress/6.8.2; https://suporte.komforthouse.com.br"
45.174.181.70 - - [15/Aug/2025:15:34:10 -0300] "POST /wp-admin/admin-ajax.php HTTP/1.1" 200 13 "https://suporte.komforthouse.com.br/?wpsc-section=ticket-list&ticket-id=821" "Mozilla/5.0 (Windows NT 10.0; Win64; x64) AppleWebKit/537.36 (KHTML, like Gecko) Chrome/139.0.0.0 Safari/537.36"
45.174.181.70 - - [15/Aug/2025:15:34:22 -0300] "POST /wp-admin/admin-ajax.php HTTP/1.1" 200 24 "https://suporte.komforthouse.com.br/?wpsc-section=ticket-list&ticket-id=816" "Mozilla/5.0 (Windows NT 10.0; Win64; x64) AppleWebKit/537.36 (KHTML, like Gecko) Chrome/139.0.0.0 Safari/537.36"
162.214.27.60 - - [15/Aug/2025:15:35:11 -0300] "POST /wp-cron.php?doing_wp_cron=1755282911.6140398979187011718750 HTTP/1.1" 200 - "-" "WordPress/6.8.2; https://suporte.komforthouse.com.br"
45.174.181.70 - - [15/Aug/2025:15:35:10 -0300] "POST /wp-admin/admin-ajax.php HTTP/1.1" 200 13 "https://suporte.komforthouse.com.br/?wpsc-section=ticket-list&ticket-id=821" "Mozilla/5.0 (Windows NT 10.0; Win64; x64) AppleWebKit/537.36 (KHTML, like Gecko) Chrome/139.0.0.0 Safari/537.36"
45.174.181.70 - - [15/Aug/2025:15:35:24 -0300] "POST /wp-admin/admin-ajax.php HTTP/1.1" 200 24 "https://suporte.komforthouse.com.br/?wpsc-section=ticket-list&ticket-id=816" "Mozilla/5.0 (Windows NT 10.0; Win64; x64) AppleWebKit/537.36 (KHTML, like Gecko) Chrome/139.0.0.0 Safari/537.36"
201.49.181.65 - - [15/Aug/2025:15:36:26 -0300] "POST /wp-admin/admin-ajax.php HTTP/1.1" 200 24 "https://suporte.komforthouse.com.br/?wpsc-section=ticket-list&ticket-id=816" "Mozilla/5.0 (Windows NT 10.0; Win64; x64) AppleWebKit/537.36 (KHTML, like Gecko) Chrome/139.0.0.0 Safari/537.36"
162.214.27.60 - - [15/Aug/2025:15:36:27 -0300] "POST /wp-cron.php?doing_wp_cron=1755282987.9578480720520019531250 HTTP/1.1" 200 - "-" "WordPress/6.8.2; https://suporte.komforthouse.com.br"
190.8.173.156 - - [15/Aug/2025:15:37:10 -0300] "POST /wp-admin/admin-ajax.php HTTP/1.1" 200 13 "https://suporte.komforthouse.com.br/?wpsc-section=ticket-list&ticket-id=821" "Mozilla/5.0 (Windows NT 10.0; Win64; x64) AppleWebKit/537.36 (KHTML, like Gecko) Chrome/139.0.0.0 Safari/537.36"
162.214.27.60 - - [15/Aug/2025:15:37:12 -0300] "POST /wp-cron.php?doing_wp_cron=1755283032.0357439517974853515625 HTTP/1.1" 200 - "-" "WordPress/6.8.2; https://suporte.komforthouse.com.br"
107.189.3.47 - - [15/Aug/2025:15:37:14 -0300] "POST /wp-login.php HTTP/1.1" 200 9811 "-" "Mozilla/5.0 (X11; Linux x86_64) AppleWebKit/537.36 (KHTML, like Gecko) Ubuntu Chromium/34.0.1847.116 Chrome/34.0.1847.116 Safari/537.36"
201.49.181.65 - - [15/Aug/2025:15:37:29 -0300] "POST /wp-admin/admin-ajax.php HTTP/1.1" 200 24 "https://suporte.komforthouse.com.br/?wpsc-section=ticket-list&ticket-id=816" "Mozilla/5.0 (Windows NT 10.0; Win64; x64) AppleWebKit/537.36 (KHTML, like Gecko) Chrome/139.0.0.0 Safari/537.36"
200.4.115.77 - - [15/Aug/2025:15:38:09 -0300] "POST /wp-admin/admin-ajax.php HTTP/1.1" 400 1 "https://suporte.komforthouse.com.br/?wpsc-section=dashboard" "Mozilla/5.0 (Windows NT 10.0; Win64; x64) AppleWebKit/537.36 (KHTML, like Gecko) Chrome/139.0.0.0 Safari/537.36"
162.214.27.60 - - [15/Aug/2025:15:38:10 -0300] "POST /wp-cron.php?doing_wp_cron=1755283090.4748880863189697265625 HTTP/1.1" 200 - "-" "WordPress/6.8.2; https://suporte.komforthouse.com.br"
190.8.173.156 - - [15/Aug/2025:15:38:10 -0300] "POST /wp-admin/admin-ajax.php HTTP/1.1" 200 13 "https://suporte.komforthouse.com.br/?wpsc-section=ticket-list&ticket-id=821" "Mozilla/5.0 (Windows NT 10.0; Win64; x64) AppleWebKit/537.36 (KHTML, like Gecko) Chrome/139.0.0.0 Safari/537.36"
201.49.181.65 - - [15/Aug/2025:15:38:31 -0300] "POST /wp-admin/admin-ajax.php HTTP/1.1" 200 24 "https://suporte.komforthouse.com.br/?wpsc-section=ticket-list&ticket-id=816" "Mozilla/5.0 (Windows NT 10.0; Win64; x64) AppleWebKit/537.36 (KHTML, like Gecko) Chrome/139.0.0.0 Safari/537.36"
201.49.181.65 - - [15/Aug/2025:15:39:33 -0300] "POST /wp-admin/admin-ajax.php HTTP/1.1" 200 24 "https://suporte.komforthouse.com.br/?wpsc-section=ticket-list&ticket-id=816" "Mozilla/5.0 (Windows NT 10.0; Win64; x64) AppleWebKit/537.36 (KHTML, like Gecko) Chrome/139.0.0.0 Safari/537.36"
162.214.27.60 - - [15/Aug/2025:15:39:35 -0300] "POST /wp-cron.php?doing_wp_cron=1755283175.1805050373077392578125 HTTP/1.1" 200 - "-" "WordPress/6.8.2; https://suporte.komforthouse.com.br"
216.73.216.37 - - [15/Aug/2025:15:39:58 -0300] "GET /robots.txt HTTP/1.1" 200 145 "-" "Mozilla/5.0 AppleWebKit/537.36 (KHTML, like Gecko; compatible; ClaudeBot/1.0; +claudebot@anthropic.com)"
216.73.216.37 - - [15/Aug/2025:15:39:59 -0300] "GET /wp-includes/js/wplink.min.js HTTP/1.1" 200 11317 "-" "Mozilla/5.0 AppleWebKit/537.36 (KHTML, like Gecko; compatible; ClaudeBot/1.0; +claudebot@anthropic.com)"
216.73.216.37 - - [15/Aug/2025:15:40:04 -0300] "GET /wp-content/plugins/elementor/assets/js/frontend-modules.min.js HTTP/1.1" 200 52754 "-" "Mozilla/5.0 AppleWebKit/537.36 (KHTML, like Gecko; compatible; ClaudeBot/1.0; +claudebot@anthropic.com)"
190.8.173.156 - - [15/Aug/2025:15:40:10 -0300] "POST /wp-admin/admin-ajax.php HTTP/1.1" 200 13 "https://suporte.komforthouse.com.br/?wpsc-section=ticket-list&ticket-id=821" "Mozilla/5.0 (Windows NT 10.0; Win64; x64) AppleWebKit/537.36 (KHTML, like Gecko) Chrome/139.0.0.0 Safari/537.36"
162.214.27.60 - - [15/Aug/2025:15:40:11 -0300] "POST /wp-cron.php?doing_wp_cron=1755283211.9691569805145263671875 HTTP/1.1" 200 - "-" "WordPress/6.8.2; https://suporte.komforthouse.com.br"
201.49.181.65 - - [15/Aug/2025:15:40:37 -0300] "POST /wp-admin/admin-ajax.php HTTP/1.1" 200 24 "https://suporte.komforthouse.com.br/?wpsc-section=ticket-list&ticket-id=816" "Mozilla/5.0 (Windows NT 10.0; Win64; x64) AppleWebKit/537.36 (KHTML, like Gecko) Chrome/139.0.0.0 Safari/537.36"
162.214.27.60 - - [15/Aug/2025:15:41:11 -0300] "POST /wp-cron.php?doing_wp_cron=1755283271.5035150051116943359375 HTTP/1.1" 200 - "-" "WordPress/6.8.2; https://suporte.komforthouse.com.br"
190.8.173.156 - - [15/Aug/2025:15:41:10 -0300] "POST /wp-admin/admin-ajax.php HTTP/1.1" 200 13 "https://suporte.komforthouse.com.br/?wpsc-section=ticket-list&ticket-id=821" "Mozilla/5.0 (Windows NT 10.0; Win64; x64) AppleWebKit/537.36 (KHTML, like Gecko) Chrome/139.0.0.0 Safari/537.36"
201.49.181.65 - - [15/Aug/2025:15:41:39 -0300] "POST /wp-admin/admin-ajax.php HTTP/1.1" 200 24 "https://suporte.komforthouse.com.br/?wpsc-section=ticket-list&ticket-id=816" "Mozilla/5.0 (Windows NT 10.0; Win64; x64) AppleWebKit/537.36 (KHTML, like Gecko) Chrome/139.0.0.0 Safari/537.36"
216.73.216.37 - - [15/Aug/2025:15:41:59 -0300] "GET /wp-content/uploads/2024/05/Cabeceiras-e-Sommier.zip HTTP/1.1" 200 6583591 "-" "Mozilla/5.0 AppleWebKit/537.36 (KHTML, like Gecko; compatible; ClaudeBot/1.0; +claudebot@anthropic.com)"
216.73.216.37 - - [15/Aug/2025:15:42:04 -0300] "GET /comments/feed HTTP/1.1" 301 - "-" "Mozilla/5.0 AppleWebKit/537.36 (KHTML, like Gecko; compatible; ClaudeBot/1.0; +claudebot@anthropic.com)"
216.73.216.37 - - [15/Aug/2025:15:42:05 -0300] "GET /comments/feed/ HTTP/1.1" 200 772 "https://suporte.komforthouse.com.br/comments/feed" "Mozilla/5.0 AppleWebKit/537.36 (KHTML, like Gecko; compatible; ClaudeBot/1.0; +claudebot@anthropic.com)"
162.214.27.60 - - [15/Aug/2025:15:42:07 -0300] "POST /wp-cron.php?doing_wp_cron=1755283327.1121559143066406250000 HTTP/1.1" 200 - "-" "WordPress/6.8.2; https://suporte.komforthouse.com.br"
216.73.216.37 - - [15/Aug/2025:15:42:09 -0300] "GET /wp-content/uploads/2024/05/Travesseiros-e-Protetor.zip HTTP/1.1" 200 896477 "-" "Mozilla/5.0 AppleWebKit/537.36 (KHTML, like Gecko; compatible; ClaudeBot/1.0; +claudebot@anthropic.com)"
201.49.181.65 - - [15/Aug/2025:15:42:42 -0300] "POST /wp-admin/admin-ajax.php HTTP/1.1" 200 24 "https://suporte.komforthouse.com.br/?wpsc-section=ticket-list&ticket-id=816" "Mozilla/5.0 (Windows NT 10.0; Win64; x64) AppleWebKit/537.36 (KHTML, like Gecko) Chrome/139.0.0.0 Safari/537.36"
200.4.115.77 - - [15/Aug/2025:15:43:09 -0300] "POST /wp-admin/admin-ajax.php HTTP/1.1" 400 1 "https://suporte.komforthouse.com.br/?wpsc-section=dashboard" "Mozilla/5.0 (Windows NT 10.0; Win64; x64) AppleWebKit/537.36 (KHTML, like Gecko) Chrome/139.0.0.0 Safari/537.36"
190.8.173.156 - - [15/Aug/2025:15:43:10 -0300] "POST /wp-admin/admin-ajax.php HTTP/1.1" 200 13 "https://suporte.komforthouse.com.br/?wpsc-section=ticket-list&ticket-id=821" "Mozilla/5.0 (Windows NT 10.0; Win64; x64) AppleWebKit/537.36 (KHTML, like Gecko) Chrome/139.0.0.0 Safari/537.36"
162.214.27.60 - - [15/Aug/2025:15:43:10 -0300] "POST /wp-cron.php?doing_wp_cron=1755283390.8430719375610351562500 HTTP/1.1" 200 - "-" "WordPress/6.8.2; https://suporte.komforthouse.com.br"
201.49.181.65 - - [15/Aug/2025:15:43:44 -0300] "POST /wp-admin/admin-ajax.php HTTP/1.1" 200 24 "https://suporte.komforthouse.com.br/?wpsc-section=ticket-list&ticket-id=816" "Mozilla/5.0 (Windows NT 10.0; Win64; x64) AppleWebKit/537.36 (KHTML, like Gecko) Chrome/139.0.0.0 Safari/537.36"
216.73.216.37 - - [15/Aug/2025:15:44:40 -0300] "GET /wp-content/plugins/supportcandy/asset/libs/DataTables/datatables.min.js HTTP/1.1" 200 114569 "-" "Mozilla/5.0 AppleWebKit/537.36 (KHTML, like Gecko; compatible; ClaudeBot/1.0; +claudebot@anthropic.com)"
216.73.216.37 - - [15/Aug/2025:15:44:45 -0300] "GET /wp-includes/js/jquery/ui/menu.min.js HTTP/1.1" 200 10199 "-" "Mozilla/5.0 AppleWebKit/537.36 (KHTML, like Gecko; compatible; ClaudeBot/1.0; +claudebot@anthropic.com)"
196.251.83.126 - - [15/Aug/2025:15:44:44 -0300] "POST /wp-login.php HTTP/1.1" 200 9793 "-" "Mozilla/5.0"
162.214.27.60 - - [15/Aug/2025:15:44:45 -0300] "POST /wp-cron.php?doing_wp_cron=1755283485.2557060718536376953125 HTTP/1.1" 200 - "-" "WordPress/6.8.2; https://suporte.komforthouse.com.br"
201.49.181.65 - - [15/Aug/2025:15:44:46 -0300] "POST /wp-admin/admin-ajax.php HTTP/1.1" 200 24 "https://suporte.komforthouse.com.br/?wpsc-section=ticket-list&ticket-id=816" "Mozilla/5.0 (Windows NT 10.0; Win64; x64) AppleWebKit/537.36 (KHTML, like Gecko) Chrome/139.0.0.0 Safari/537.36"
216.73.216.37 - - [15/Aug/2025:15:44:50 -0300] "GET /wp-includes/js/jquery/ui/mouse.min.js HTTP/1.1" 200 3428 "-" "Mozilla/5.0 AppleWebKit/537.36 (KHTML, like Gecko; compatible; ClaudeBot/1.0; +claudebot@anthropic.com)"
190.8.173.156 - - [15/Aug/2025:15:45:10 -0300] "POST /wp-admin/admin-ajax.php HTTP/1.1" 200 13 "https://suporte.komforthouse.com.br/?wpsc-section=ticket-list&ticket-id=821" "Mozilla/5.0 (Windows NT 10.0; Win64; x64) AppleWebKit/537.36 (KHTML, like Gecko) Chrome/139.0.0.0 Safari/537.36"
162.214.27.60 - - [15/Aug/2025:15:45:12 -0300] "POST /wp-cron.php?doing_wp_cron=1755283512.0498390197753906250000 HTTP/1.1" 200 - "-" "WordPress/6.8.2; https://suporte.komforthouse.com.br"
201.49.181.65 - - [15/Aug/2025:15:45:49 -0300] "POST /wp-admin/admin-ajax.php HTTP/1.1" 200 24 "https://suporte.komforthouse.com.br/?wpsc-section=ticket-list&ticket-id=816" "Mozilla/5.0 (Windows NT 10.0; Win64; x64) AppleWebKit/537.36 (KHTML, like Gecko) Chrome/139.0.0.0 Safari/537.36"
162.214.27.60 - - [15/Aug/2025:15:46:53 -0300] "POST /wp-cron.php?doing_wp_cron=1755283613.2223711013793945312500 HTTP/1.1" 200 - "-" "WordPress/6.8.2; https://suporte.komforthouse.com.br"
201.49.181.65 - - [15/Aug/2025:15:46:51 -0300] "POST /wp-admin/admin-ajax.php HTTP/1.1" 200 24 "https://suporte.komforthouse.com.br/?wpsc-section=ticket-list&ticket-id=816" "Mozilla/5.0 (Windows NT 10.0; Win64; x64) AppleWebKit/537.36 (KHTML, like Gecko) Chrome/139.0.0.0 Safari/537.36"
190.8.173.156 - - [15/Aug/2025:15:47:10 -0300] "POST /wp-admin/admin-ajax.php HTTP/1.1" 200 13 "https://suporte.komforthouse.com.br/?wpsc-section=ticket-list&ticket-id=821" "Mozilla/5.0 (Windows NT 10.0; Win64; x64) AppleWebKit/537.36 (KHTML, like Gecko) Chrome/139.0.0.0 Safari/537.36"
162.214.27.60 - - [15/Aug/2025:15:47:11 -0300] "POST /wp-cron.php?doing_wp_cron=1755283631.9223999977111816406250 HTTP/1.1" 200 - "-" "WordPress/6.8.2; https://suporte.komforthouse.com.br"
201.49.181.65 - - [15/Aug/2025:15:47:55 -0300] "POST /wp-admin/admin-ajax.php HTTP/1.1" 200 24 "https://suporte.komforthouse.com.br/?wpsc-section=ticket-list&ticket-id=816" "Mozilla/5.0 (Windows NT 10.0; Win64; x64) AppleWebKit/537.36 (KHTML, like Gecko) Chrome/139.0.0.0 Safari/537.36"
162.214.27.60 - - [15/Aug/2025:15:48:59 -0300] "POST /wp-cron.php?doing_wp_cron=1755283739.0055088996887207031250 HTTP/1.1" 200 - "-" "WordPress/6.8.2; https://suporte.komforthouse.com.br"
201.49.181.65 - - [15/Aug/2025:15:48:57 -0300] "POST /wp-admin/admin-ajax.php HTTP/1.1" 200 24 "https://suporte.komforthouse.com.br/?wpsc-section=ticket-list&ticket-id=816" "Mozilla/5.0 (Windows NT 10.0; Win64; x64) AppleWebKit/537.36 (KHTML, like Gecko) Chrome/139.0.0.0 Safari/537.36"
