50.151.212.5 - - [15/Aug/2025:17:17:53 -0300] "GET /wp-includes/js/quicktags.min.js?ver=6.8.2 HTTP/1.1" 200 11132 "https://suporte.komforthouse.com.br/" "Mozilla/5.0 (Windows NT 10.0; Win64; x64) AppleWebKit/537.36 (KHTML, like Gecko) Chrome/138.0.0.0 Safari/537.36"
50.151.212.5 - - [15/Aug/2025:17:17:53 -0300] "GET /wp-includes/js/hoverIntent.min.js?ver=1.10.2 HTTP/1.1" 200 1499 "https://suporte.komforthouse.com.br/" "Mozilla/5.0 (Windows NT 10.0; Win64; x64) AppleWebKit/537.36 (KHTML, like Gecko) Chrome/138.0.0.0 Safari/537.36"
200.159.132.133 - - [15/Aug/2025:17:17:53 -0300] "GET /wp-content/uploads/2024/05/Akomfort-house-sofas-colchoes-logo-2024-preto.svg HTTP/1.1" 200 13550 "http://suporte.komforthouse.com.br/" "Mozilla/5.0 (Windows NT 10.0; Win64; x64) AppleWebKit/537.36 (KHTML, like Gecko) Chrome/138.0.0.0 Safari/537.36"
50.151.212.5 - - [15/Aug/2025:17:17:53 -0300] "GET /wp-includes/js/dist/dom-ready.min.js?ver=f77871ff7694fffea381 HTTP/1.1" 200 457 "https://suporte.komforthouse.com.br/" "Mozilla/5.0 (Windows NT 10.0; Win64; x64) AppleWebKit/537.36 (KHTML, like Gecko) Chrome/138.0.0.0 Safari/537.36"
50.151.212.5 - - [15/Aug/2025:17:17:53 -0300] "GET /wp-includes/js/dist/hooks.min.js?ver=4d63a3d491d11ffd8ac6 HTTP/1.1" 200 4776 "https://suporte.komforthouse.com.br/" "Mozilla/5.0 (Windows NT 10.0; Win64; x64) AppleWebKit/537.36 (KHTML, like Gecko) Chrome/138.0.0.0 Safari/537.36"
50.151.212.5 - - [15/Aug/2025:17:17:53 -0300] "GET /wp-includes/js/dist/i18n.min.js?ver=5e580eb46a90c2b997e6 HTTP/1.1" 200 9141 "https://suporte.komforthouse.com.br/" "Mozilla/5.0 (Windows NT 10.0; Win64; x64) AppleWebKit/537.36 (KHTML, like Gecko) Chrome/138.0.0.0 Safari/537.36"
200.159.132.133 - - [15/Aug/2025:17:17:53 -0300] "GET /wp-content/uploads/2024/05/sistemas-icon-1024x1024.png HTTP/1.1" 200 24722 "http://suporte.komforthouse.com.br/" "Mozilla/5.0 (Windows NT 10.0; Win64; x64) AppleWebKit/537.36 (KHTML, like Gecko) Chrome/138.0.0.0 Safari/537.36"
50.151.212.5 - - [15/Aug/2025:17:17:53 -0300] "GET /wp-includes/js/dist/a11y.min.js?ver=3156534cc54473497e14 HTTP/1.1" 200 2358 "https://suporte.komforthouse.com.br/" "Mozilla/5.0 (Windows NT 10.0; Win64; x64) AppleWebKit/537.36 (KHTML, like Gecko) Chrome/138.0.0.0 Safari/537.36"
50.151.212.5 - - [15/Aug/2025:17:17:53 -0300] "GET /wp-includes/js/wplink.min.js?ver=6.8.2 HTTP/1.1" 200 11317 "https://suporte.komforthouse.com.br/" "Mozilla/5.0 (Windows NT 10.0; Win64; x64) AppleWebKit/537.36 (KHTML, like Gecko) Chrome/138.0.0.0 Safari/537.36"
50.151.212.5 - - [15/Aug/2025:17:17:54 -0300] "GET /wp-admin/js/common.min.js?ver=6.8.2 HTTP/1.1" 200 23676 "https://suporte.komforthouse.com.br/" "Mozilla/5.0 (Windows NT 10.0; Win64; x64) AppleWebKit/537.36 (KHTML, like Gecko) Chrome/138.0.0.0 Safari/537.36"
50.151.212.5 - - [15/Aug/2025:17:17:54 -0300] "GET /wp-includes/js/jquery/ui/menu.min.js?ver=1.13.3 HTTP/1.1" 200 10199 "https://suporte.komforthouse.com.br/" "Mozilla/5.0 (Windows NT 10.0; Win64; x64) AppleWebKit/537.36 (KHTML, like Gecko) Chrome/138.0.0.0 Safari/537.36"
200.159.132.133 - - [15/Aug/2025:17:17:53 -0300] "GET /wp-content/uploads/2024/05/Assinatura_Email_v1-1-1.png HTTP/1.1" 200 100210 "http://suporte.komforthouse.com.br/" "Mozilla/5.0 (Windows NT 10.0; Win64; x64) AppleWebKit/537.36 (KHTML, like Gecko) Chrome/138.0.0.0 Safari/537.36"
50.151.212.5 - - [15/Aug/2025:17:17:54 -0300] "GET /wp-includes/js/jquery/ui/autocomplete.min.js?ver=1.13.3 HTTP/1.1" 200 8536 "https://suporte.komforthouse.com.br/" "Mozilla/5.0 (Windows NT 10.0; Win64; x64) AppleWebKit/537.36 (KHTML, like Gecko) Chrome/138.0.0.0 Safari/537.36"
50.151.212.5 - - [15/Aug/2025:17:17:54 -0300] "GET /wp-includes/js/thickbox/thickbox.js?ver=3.1-20121105 HTTP/1.1" 200 13332 "https://suporte.komforthouse.com.br/" "Mozilla/5.0 (Windows NT 10.0; Win64; x64) AppleWebKit/537.36 (KHTML, like Gecko) Chrome/138.0.0.0 Safari/537.36"
172.253.218.126 - - [15/Aug/2025:17:17:54 -0300] "GET /wp-content/uploads/2024/05/komfort-house-sofas-colchoes-logo-2024-branco.svg HTTP/1.1" 200 13550 "http://suporte.komforthouse.com.br/" "Mozilla/5.0 (Windows NT 10.0; Win64; x64) AppleWebKit/537.36 (KHTML, like Gecko) Chrome/138.0.0.0 Safari/537.36"
50.151.212.5 - - [15/Aug/2025:17:17:54 -0300] "GET /wp-includes/js/underscore.min.js?ver=1.13.7 HTTP/1.1" 200 18905 "https://suporte.komforthouse.com.br/" "Mozilla/5.0 (Windows NT 10.0; Win64; x64) AppleWebKit/537.36 (KHTML, like Gecko) Chrome/138.0.0.0 Safari/537.36"
50.151.212.5 - - [15/Aug/2025:17:17:54 -0300] "GET /wp-includes/js/shortcode.min.js?ver=6.8.2 HTTP/1.1" 200 2643 "https://suporte.komforthouse.com.br/" "Mozilla/5.0 (Windows NT 10.0; Win64; x64) AppleWebKit/537.36 (KHTML, like Gecko) Chrome/138.0.0.0 Safari/537.36"
172.253.234.209 - - [15/Aug/2025:17:17:54 -0300] "GET /wp-content/uploads/2024/05/komfort-house-sofas-colchao-portal-rh.jpg HTTP/1.1" 200 98751 "http://suporte.komforthouse.com.br/" "Mozilla/5.0 (Windows NT 10.0; Win64; x64) AppleWebKit/537.36 (KHTML, like Gecko) Chrome/138.0.0.0 Safari/537.36"
50.151.212.5 - - [15/Aug/2025:17:17:54 -0300] "GET /wp-admin/js/media-upload.min.js?ver=6.8.2 HTTP/1.1" 200 1152 "https://suporte.komforthouse.com.br/" "Mozilla/5.0 (Windows NT 10.0; Win64; x64) AppleWebKit/537.36 (KHTML, like Gecko) Chrome/138.0.0.0 Safari/537.36"
50.151.212.5 - - [15/Aug/2025:17:17:54 -0300] "GET /wp-includes/js/jquery/ui/effect.min.js?ver=1.13.3 HTTP/1.1" 200 10332 "https://suporte.komforthouse.com.br/" "Mozilla/5.0 (Windows NT 10.0; Win64; x64) AppleWebKit/537.36 (KHTML, like Gecko) Chrome/138.0.0.0 Safari/537.36"
172.253.218.62 - - [15/Aug/2025:17:17:54 -0300] "GET /wp-content/uploads/2024/05/Assinatura_Email_v1-1-1536x430.png HTTP/1.1" 200 255156 "http://suporte.komforthouse.com.br/" "Mozilla/5.0 (Windows NT 10.0; Win64; x64) AppleWebKit/537.36 (KHTML, like Gecko) Chrome/138.0.0.0 Safari/537.36"
50.151.212.5 - - [15/Aug/2025:17:17:54 -0300] "GET /wp-includes/js/jquery/ui/effect-slide.min.js?ver=1.13.3 HTTP/1.1" 200 917 "https://suporte.komforthouse.com.br/" "Mozilla/5.0 (Windows NT 10.0; Win64; x64) AppleWebKit/537.36 (KHTML, like Gecko) Chrome/138.0.0.0 Safari/537.36"
50.151.212.5 - - [15/Aug/2025:17:17:54 -0300] "GET /wp-includes/js/jquery/ui/mouse.min.js?ver=1.13.3 HTTP/1.1" 200 3428 "https://suporte.komforthouse.com.br/" "Mozilla/5.0 (Windows NT 10.0; Win64; x64) AppleWebKit/537.36 (KHTML, like Gecko) Chrome/138.0.0.0 Safari/537.36"
50.151.212.5 - - [15/Aug/2025:17:17:54 -0300] "GET /wp-includes/js/jquery/ui/sortable.min.js?ver=1.13.3 HTTP/1.1" 200 25504 "https://suporte.komforthouse.com.br/" "Mozilla/5.0 (Windows NT 10.0; Win64; x64) AppleWebKit/537.36 (KHTML, like Gecko) Chrome/138.0.0.0 Safari/537.36"
50.151.212.5 - - [15/Aug/2025:17:17:54 -0300] "GET /wp-content/plugins/supportcandy/asset/js/selectWoo/selectWoo.full.min.js?ver=3.3.0 HTTP/1.1" 200 77138 "https://suporte.komforthouse.com.br/" "Mozilla/5.0 (Windows NT 10.0; Win64; x64) AppleWebKit/537.36 (KHTML, like Gecko) Chrome/138.0.0.0 Safari/537.36"
50.151.212.5 - - [15/Aug/2025:17:17:54 -0300] "GET /wp-content/plugins/supportcandy/framework/scripts.js?ver=3.3.0 HTTP/1.1" 200 81237 "https://suporte.komforthouse.com.br/" "Mozilla/5.0 (Windows NT 10.0; Win64; x64) AppleWebKit/537.36 (KHTML, like Gecko) Chrome/138.0.0.0 Safari/537.36"
50.151.212.5 - - [15/Aug/2025:17:17:54 -0300] "GET /wp-content/plugins/supportcandy/asset/js/selectWoo/i18n/pt_BR.js?ver=3.3.0 HTTP/1.1" 200 853 "https://suporte.komforthouse.com.br/" "Mozilla/5.0 (Windows NT 10.0; Win64; x64) AppleWebKit/537.36 (KHTML, like Gecko) Chrome/138.0.0.0 Safari/537.36"
50.151.212.5 - - [15/Aug/2025:17:17:54 -0300] "GET /wp-content/plugins/supportcandy/asset/libs/gpopover/jquery.gpopover.js?ver=3.3.0 HTTP/1.1" 200 6095 "https://suporte.komforthouse.com.br/" "Mozilla/5.0 (Windows NT 10.0; Win64; x64) AppleWebKit/537.36 (KHTML, like Gecko) Chrome/138.0.0.0 Safari/537.36"
50.151.212.5 - - [15/Aug/2025:17:17:55 -0300] "GET /wp-content/plugins/supportcandy/asset/libs/jquery-circle-progress/circle-progress.min.js?ver=3.3.0 HTTP/1.1" 200 4445 "https://suporte.komforthouse.com.br/" "Mozilla/5.0 (Windows NT 10.0; Win64; x64) AppleWebKit/537.36 (KHTML, like Gecko) Chrome/138.0.0.0 Safari/537.36"
50.151.212.5 - - [15/Aug/2025:17:17:55 -0300] "GET /wp-content/plugins/supportcandy/asset/libs/flatpickr/l10n/pt.js?ver=3.3.0 HTTP/1.1" 200 1318 "https://suporte.komforthouse.com.br/" "Mozilla/5.0 (Windows NT 10.0; Win64; x64) AppleWebKit/537.36 (KHTML, like Gecko) Chrome/138.0.0.0 Safari/537.36"
50.151.212.5 - - [15/Aug/2025:17:17:55 -0300] "GET /wp-content/plugins/supportcandy/asset/libs/flatpickr/flatpickr.js?ver=3.3.0 HTTP/1.1" 200 48518 "https://suporte.komforthouse.com.br/" "Mozilla/5.0 (Windows NT 10.0; Win64; x64) AppleWebKit/537.36 (KHTML, like Gecko) Chrome/138.0.0.0 Safari/537.36"
50.151.212.5 - - [15/Aug/2025:17:17:55 -0300] "GET /wp-content/plugins/supportcandy/asset/libs/fullcalendar/lib/main.min.js?ver=3.3.0 HTTP/1.1" 200 263467 "https://suporte.komforthouse.com.br/" "Mozilla/5.0 (Windows NT 10.0; Win64; x64) AppleWebKit/537.36 (KHTML, like Gecko) Chrome/138.0.0.0 Safari/537.36"
50.151.212.5 - - [15/Aug/2025:17:17:55 -0300] "GET /wp-content/plugins/supportcandy/asset/libs/fullcalendar/lib/locales-all.min.js?ver=3.3.0 HTTP/1.1" 200 20398 "https://suporte.komforthouse.com.br/" "Mozilla/5.0 (Windows NT 10.0; Win64; x64) AppleWebKit/537.36 (KHTML, like Gecko) Chrome/138.0.0.0 Safari/537.36"
50.151.212.5 - - [15/Aug/2025:17:17:55 -0300] "GET /wp-content/plugins/supportcandy/asset/libs/DataTables/datatables.min.js?ver=3.3.0 HTTP/1.1" 200 114569 "https://suporte.komforthouse.com.br/" "Mozilla/5.0 (Windows NT 10.0; Win64; x64) AppleWebKit/537.36 (KHTML, like Gecko) Chrome/138.0.0.0 Safari/537.36"
50.151.212.5 - - [15/Aug/2025:17:17:55 -0300] "GET /wp-content/plugins/supportcandy/asset/libs/chartjs/dist/chart.min.js?ver=3.3.0 HTTP/1.1" 200 182016 "https://suporte.komforthouse.com.br/" "Mozilla/5.0 (Windows NT 10.0; Win64; x64) AppleWebKit/537.36 (KHTML, like Gecko) Chrome/138.0.0.0 Safari/537.36"
50.151.212.5 - - [15/Aug/2025:17:17:55 -0300] "GET /wp-content/themes/hello-elementor/assets/js/hello-frontend.min.js?ver=3.2.1 HTTP/1.1" 200 1936 "https://suporte.komforthouse.com.br/" "Mozilla/5.0 (Windows NT 10.0; Win64; x64) AppleWebKit/537.36 (KHTML, like Gecko) Chrome/138.0.0.0 Safari/537.36"
50.151.212.5 - - [15/Aug/2025:17:17:55 -0300] "GET /wp-content/plugins/elementor-pro/assets/lib/smartmenus/jquery.smartmenus.min.js?ver=1.2.1 HTTP/1.1" 200 24109 "https://suporte.komforthouse.com.br/" "Mozilla/5.0 (Windows NT 10.0; Win64; x64) AppleWebKit/537.36 (KHTML, like Gecko) Chrome/138.0.0.0 Safari/537.36"
103.81.24.6 - - [15/Aug/2025:17:17:55 -0300] "GET /wp-content/uploads/2024/05/Akomfort-house-sofas-colchoes-logo-2024-preto.svg HTTP/1.1" 200 13550 "http://suporte.komforthouse.com.br/" "Mozilla/5.0 (Windows NT 10.0; Win64; x64) AppleWebKit/537.36 (KHTML, like Gecko) Chrome/138.0.0.0 Safari/537.36"
50.151.212.5 - - [15/Aug/2025:17:17:55 -0300] "GET /wp-includes/js/imagesloaded.min.js?ver=5.0.0 HTTP/1.1" 200 5520 "https://suporte.komforthouse.com.br/" "Mozilla/5.0 (Windows NT 10.0; Win64; x64) AppleWebKit/537.36 (KHTML, like Gecko) Chrome/138.0.0.0 Safari/537.36"
50.151.212.5 - - [15/Aug/2025:17:17:55 -0300] "GET /wp-content/plugins/elementor-pro/assets/js/webpack-pro.runtime.min.js?ver=3.26.3 HTTP/1.1" 200 6263 "https://suporte.komforthouse.com.br/" "Mozilla/5.0 (Windows NT 10.0; Win64; x64) AppleWebKit/537.36 (KHTML, like Gecko) Chrome/138.0.0.0 Safari/537.36"
50.151.212.5 - - [15/Aug/2025:17:17:55 -0300] "GET /wp-content/plugins/elementor/assets/js/webpack.runtime.min.js?ver=3.26.4 HTTP/1.1" 200 5326 "https://suporte.komforthouse.com.br/" "Mozilla/5.0 (Windows NT 10.0; Win64; x64) AppleWebKit/537.36 (KHTML, like Gecko) Chrome/138.0.0.0 Safari/537.36"
50.151.212.5 - - [15/Aug/2025:17:17:55 -0300] "GET /wp-content/plugins/elementor/assets/js/frontend-modules.min.js?ver=3.26.4 HTTP/1.1" 200 52754 "https://suporte.komforthouse.com.br/" "Mozilla/5.0 (Windows NT 10.0; Win64; x64) AppleWebKit/537.36 (KHTML, like Gecko) Chrome/138.0.0.0 Safari/537.36"
50.151.212.5 - - [15/Aug/2025:17:17:55 -0300] "GET /wp-content/plugins/elementor-pro/assets/js/frontend.min.js?ver=3.26.3 HTTP/1.1" 200 24210 "https://suporte.komforthouse.com.br/" "Mozilla/5.0 (Windows NT 10.0; Win64; x64) AppleWebKit/537.36 (KHTML, like Gecko) Chrome/138.0.0.0 Safari/537.36"
103.81.24.6 - - [15/Aug/2025:17:17:55 -0300] "GET /wp-content/uploads/2024/05/sistemas-icon-1024x1024.png HTTP/1.1" 200 24722 "http://suporte.komforthouse.com.br/" "Mozilla/5.0 (Windows NT 10.0; Win64; x64) AppleWebKit/537.36 (KHTML, like Gecko) Chrome/138.0.0.0 Safari/537.36"
50.151.212.5 - - [15/Aug/2025:17:17:56 -0300] "GET /wp-content/plugins/elementor/assets/js/frontend.min.js?ver=3.26.4 HTTP/1.1" 200 45428 "https://suporte.komforthouse.com.br/" "Mozilla/5.0 (Windows NT 10.0; Win64; x64) AppleWebKit/537.36 (KHTML, like Gecko) Chrome/138.0.0.0 Safari/537.36"
50.151.212.5 - - [15/Aug/2025:17:17:56 -0300] "GET /wp-content/plugins/elementor-pro/assets/js/elements-handlers.min.js?ver=3.26.3 HTTP/1.1" 200 44624 "https://suporte.komforthouse.com.br/" "Mozilla/5.0 (Windows NT 10.0; Win64; x64) AppleWebKit/537.36 (KHTML, like Gecko) Chrome/138.0.0.0 Safari/537.36"
50.151.212.5 - - [15/Aug/2025:17:17:56 -0300] "GET /wp-includes/js/tinymce/plugins/compat3x/plugin.min.js?ver=49110-20250317 HTTP/1.1" 200 4129 "https://suporte.komforthouse.com.br/" "Mozilla/5.0 (Windows NT 10.0; Win64; x64) AppleWebKit/537.36 (KHTML, like Gecko) Chrome/138.0.0.0 Safari/537.36"
50.151.212.5 - - [15/Aug/2025:17:17:56 -0300] "GET /wp-includes/js/tinymce/tinymce.min.js?ver=49110-20250317 HTTP/1.1" 200 365570 "https://suporte.komforthouse.com.br/" "Mozilla/5.0 (Windows NT 10.0; Win64; x64) AppleWebKit/537.36 (KHTML, like Gecko) Chrome/138.0.0.0 Safari/537.36"
50.151.212.5 - - [15/Aug/2025:17:17:56 -0300] "GET /wp-content/plugins/supportcandy/asset/images/loader-white.gif HTTP/1.1" 200 11647 "https://suporte.komforthouse.com.br/" "Mozilla/5.0 (Windows NT 10.0; Win64; x64) AppleWebKit/537.36 (KHTML, like Gecko) Chrome/138.0.0.0 Safari/537.36"
103.81.24.6 - - [15/Aug/2025:17:17:55 -0300] "GET /wp-content/uploads/2024/05/Assinatura_Email_v1-1-1.png HTTP/1.1" 200 100210 "http://suporte.komforthouse.com.br/" "Mozilla/5.0 (Windows NT 10.0; Win64; x64) AppleWebKit/537.36 (KHTML, like Gecko) Chrome/138.0.0.0 Safari/537.36"
190.8.173.156 - - [15/Aug/2025:17:17:55 -0300] "POST /wp-admin/admin-ajax.php HTTP/1.1" 200 24 "https://suporte.komforthouse.com.br/?wpsc-section=ticket-list" "Mozilla/5.0 (Windows NT 10.0; Win64; x64) AppleWebKit/537.36 (KHTML, like Gecko) Chrome/139.0.0.0 Safari/537.36"
50.151.212.5 - - [15/Aug/2025:17:17:57 -0300] "GET /wp-content/uploads/2024/05/komfort-house-sofas-colchao-portal-rh.jpg HTTP/1.1" 200 98751 "https://suporte.komforthouse.com.br/wp-content/uploads/elementor/css/post-98.css?ver=1736276062" "Mozilla/5.0 (Windows NT 10.0; Win64; x64) AppleWebKit/537.36 (KHTML, like Gecko) Chrome/138.0.0.0 Safari/537.36"
50.151.212.5 - - [15/Aug/2025:17:17:57 -0300] "GET /wp-includes/js/wp-emoji-release.min.js?ver=6.8.2 HTTP/1.1" 200 19251 "https://suporte.komforthouse.com.br/" "Mozilla/5.0 (Windows NT 10.0; Win64; x64) AppleWebKit/537.36 (KHTML, like Gecko) Chrome/138.0.0.0 Safari/537.36"
50.151.212.5 - - [15/Aug/2025:17:17:57 -0300] "GET /wp-includes/js/thickbox/loadingAnimation.gif HTTP/1.1" 200 15238 "https://suporte.komforthouse.com.br/" "Mozilla/5.0 (Windows NT 10.0; Win64; x64) AppleWebKit/537.36 (KHTML, like Gecko) Chrome/138.0.0.0 Safari/537.36"
50.151.212.5 - - [15/Aug/2025:17:17:57 -0300] "GET /wp-content/plugins/supportcandy/framework/responsive/lg.css?version=3.3.0 HTTP/1.1" 200 411 "https://suporte.komforthouse.com.br/" "Mozilla/5.0 (Windows NT 10.0; Win64; x64) AppleWebKit/537.36 (KHTML, like Gecko) Chrome/138.0.0.0 Safari/537.36"
190.8.173.156 - - [15/Aug/2025:17:17:56 -0300] "POST /wp-admin/admin-ajax.php HTTP/1.1" 200 24 "https://suporte.komforthouse.com.br/?wpsc-section=ticket-list" "Mozilla/5.0 (Windows NT 10.0; Win64; x64) AppleWebKit/537.36 (KHTML, like Gecko) Chrome/139.0.0.0 Safari/537.36"
201.49.181.65 - - [15/Aug/2025:17:17:56 -0300] "POST /wp-admin/admin-ajax.php HTTP/1.1" 200 24 "https://suporte.komforthouse.com.br/?wpsc-section=ticket-list&ticket-id=816" "Mozilla/5.0 (Windows NT 10.0; Win64; x64) AppleWebKit/537.36 (KHTML, like Gecko) Chrome/139.0.0.0 Safari/537.36"
50.151.212.5 - - [15/Aug/2025:17:17:58 -0300] "GET /wp-content/plugins/elementor-pro/assets/js/nav-menu.a23fbd67486c5bedf26c.bundle.min.js HTTP/1.1" 200 5282 "https://suporte.komforthouse.com.br/" "Mozilla/5.0 (Windows NT 10.0; Win64; x64) AppleWebKit/537.36 (KHTML, like Gecko) Chrome/138.0.0.0 Safari/537.36"
50.151.212.5 - - [15/Aug/2025:17:17:58 -0300] "GET /wp-content/plugins/elementor-pro/assets/js/loop-carousel.f8067ec0c24b628c786e.bundle.min.js HTTP/1.1" 200 1357 "https://suporte.komforthouse.com.br/" "Mozilla/5.0 (Windows NT 10.0; Win64; x64) AppleWebKit/537.36 (KHTML, like Gecko) Chrome/138.0.0.0 Safari/537.36"
50.151.212.5 - - [15/Aug/2025:17:17:58 -0300] "GET /wp-content/plugins/elementor-pro/assets/js/load-more.8b46f464e573feab5dd7.bundle.min.js HTTP/1.1" 200 5346 "https://suporte.komforthouse.com.br/" "Mozilla/5.0 (Windows NT 10.0; Win64; x64) AppleWebKit/537.36 (KHTML, like Gecko) Chrome/138.0.0.0 Safari/537.36"
50.151.212.5 - - [15/Aug/2025:17:17:58 -0300] "GET /wp-content/plugins/elementor-pro/assets/js/loop.4a16d82b8b5e3e00f25e.bundle.min.js HTTP/1.1" 200 9365 "https://suporte.komforthouse.com.br/" "Mozilla/5.0 (Windows NT 10.0; Win64; x64) AppleWebKit/537.36 (KHTML, like Gecko) Chrome/138.0.0.0 Safari/537.36"
50.151.212.5 - - [15/Aug/2025:17:17:58 -0300] "GET /wp-content/plugins/elementor-pro/assets/js/ajax-pagination.2090b5f4906bcda1dcc2.bundle.min.js HTTP/1.1" 200 2814 "https://suporte.komforthouse.com.br/" "Mozilla/5.0 (Windows NT 10.0; Win64; x64) AppleWebKit/537.36 (KHTML, like Gecko) Chrome/138.0.0.0 Safari/537.36"
50.151.212.5 - - [15/Aug/2025:17:17:58 -0300] "GET /wp-content/plugins/elementor/assets/js/video.69da75ce0dd084cc3596.bundle.min.js HTTP/1.1" 200 3247 "https://suporte.komforthouse.com.br/" "Mozilla/5.0 (Windows NT 10.0; Win64; x64) AppleWebKit/537.36 (KHTML, like Gecko) Chrome/138.0.0.0 Safari/537.36"
172.253.234.233 - - [15/Aug/2025:17:17:58 -0300] "GET /wp-content/uploads/2024/05/komfort-house-sofas-colchoes-logo-2024-branco.svg HTTP/1.1" 200 13550 "http://suporte.komforthouse.com.br/" "Mozilla/5.0 (Windows NT 10.0; Win64; x64) AppleWebKit/537.36 (KHTML, like Gecko) Chrome/138.0.0.0 Safari/537.36"
50.151.212.5 - - [15/Aug/2025:17:17:58 -0300] "GET /wp-content/plugins/elementor/assets/lib/swiper/v8/swiper.min.js?ver=8.4.5 HTTP/1.1" 200 143709 "https://suporte.komforthouse.com.br/" "Mozilla/5.0 (Windows NT 10.0; Win64; x64) AppleWebKit/537.36 (KHTML, like Gecko) Chrome/138.0.0.0 Safari/537.36"
172.253.234.209 - - [15/Aug/2025:17:17:58 -0300] "GET /wp-content/uploads/2024/05/Assinatura_Email_v1-1-1536x430.png HTTP/1.1" 200 255156 "http://suporte.komforthouse.com.br/" "Mozilla/5.0 (Windows NT 10.0; Win64; x64) AppleWebKit/537.36 (KHTML, like Gecko) Chrome/138.0.0.0 Safari/537.36"
200.159.132.133 - - [15/Aug/2025:17:18:06 -0300] "GET /wp-content/uploads/2024/05/komfort-house-sofas-colchao-portal-rh.jpg HTTP/1.1" 200 98751 "http://suporte.komforthouse.com.br/" "Mozilla/5.0 (Windows NT 10.0; Win64; x64) AppleWebKit/537.36 (KHTML, like Gecko) Chrome/138.0.0.0 Safari/537.36"
162.214.27.60 - - [15/Aug/2025:17:18:10 -0300] "POST /wp-cron.php?doing_wp_cron=1755289090.0391669273376464843750 HTTP/1.1" 200 - "-" "WordPress/6.8.2; https://suporte.komforthouse.com.br"
200.4.115.77 - - [15/Aug/2025:17:18:09 -0300] "POST /wp-admin/admin-ajax.php HTTP/1.1" 400 1 "https://suporte.komforthouse.com.br/?wpsc-section=dashboard" "Mozilla/5.0 (Windows NT 10.0; Win64; x64) AppleWebKit/537.36 (KHTML, like Gecko) Chrome/139.0.0.0 Safari/537.36"
103.81.24.6 - - [15/Aug/2025:17:18:22 -0300] "GET /wp-content/uploads/2024/05/komfort-house-sofas-colchao-portal-rh.jpg HTTP/1.1" 200 98751 "http://suporte.komforthouse.com.br/" "Mozilla/5.0 (Windows NT 10.0; Win64; x64) AppleWebKit/537.36 (KHTML, like Gecko) Chrome/138.0.0.0 Safari/537.36"
200.159.132.133 - - [15/Aug/2025:17:18:27 -0300] "GET /wp-content/uploads/2024/05/komfort-house-sofas-colchoes-logo-2024-branco.svg HTTP/1.1" 200 13550 "http://suporte.komforthouse.com.br/" "Mozilla/5.0 (Windows NT 10.0; Win64; x64) AppleWebKit/537.36 (KHTML, like Gecko) Chrome/138.0.0.0 Safari/537.36"
200.159.132.133 - - [15/Aug/2025:17:18:27 -0300] "GET /wp-content/uploads/2024/05/Assinatura_Email_v1-1-1536x430.png HTTP/1.1" 200 255156 "http://suporte.komforthouse.com.br/" "Mozilla/5.0 (Windows NT 10.0; Win64; x64) AppleWebKit/537.36 (KHTML, like Gecko) Chrome/138.0.0.0 Safari/537.36"
103.81.24.6 - - [15/Aug/2025:17:18:40 -0300] "GET /wp-content/uploads/2024/05/komfort-house-sofas-colchoes-logo-2024-branco.svg HTTP/1.1" 200 13550 "http://suporte.komforthouse.com.br/" "Mozilla/5.0 (Windows NT 10.0; Win64; x64) AppleWebKit/537.36 (KHTML, like Gecko) Chrome/138.0.0.0 Safari/537.36"
103.81.24.6 - - [15/Aug/2025:17:18:40 -0300] "GET /wp-content/uploads/2024/05/Assinatura_Email_v1-1-1536x430.png HTTP/1.1" 200 255156 "http://suporte.komforthouse.com.br/" "Mozilla/5.0 (Windows NT 10.0; Win64; x64) AppleWebKit/537.36 (KHTML, like Gecko) Chrome/138.0.0.0 Safari/537.36"
190.8.173.156 - - [15/Aug/2025:17:18:57 -0300] "POST /wp-admin/admin-ajax.php HTTP/1.1" 200 24 "https://suporte.komforthouse.com.br/?wpsc-section=ticket-list" "Mozilla/5.0 (Windows NT 10.0; Win64; x64) AppleWebKit/537.36 (KHTML, like Gecko) Chrome/139.0.0.0 Safari/537.36"
190.8.173.156 - - [15/Aug/2025:17:18:58 -0300] "POST /wp-admin/admin-ajax.php HTTP/1.1" 200 24 "https://suporte.komforthouse.com.br/?wpsc-section=ticket-list" "Mozilla/5.0 (Windows NT 10.0; Win64; x64) AppleWebKit/537.36 (KHTML, like Gecko) Chrome/139.0.0.0 Safari/537.36"
201.49.181.65 - - [15/Aug/2025:17:18:58 -0300] "POST /wp-admin/admin-ajax.php HTTP/1.1" 200 24 "https://suporte.komforthouse.com.br/?wpsc-section=ticket-list&ticket-id=816" "Mozilla/5.0 (Windows NT 10.0; Win64; x64) AppleWebKit/537.36 (KHTML, like Gecko) Chrome/139.0.0.0 Safari/537.36"
190.8.173.156 - - [15/Aug/2025:17:20:00 -0300] "POST /wp-admin/admin-ajax.php HTTP/1.1" 200 24 "https://suporte.komforthouse.com.br/?wpsc-section=ticket-list" "Mozilla/5.0 (Windows NT 10.0; Win64; x64) AppleWebKit/537.36 (KHTML, like Gecko) Chrome/139.0.0.0 Safari/537.36"
190.8.173.156 - - [15/Aug/2025:17:20:00 -0300] "POST /wp-admin/admin-ajax.php HTTP/1.1" 200 24 "https://suporte.komforthouse.com.br/?wpsc-section=ticket-list" "Mozilla/5.0 (Windows NT 10.0; Win64; x64) AppleWebKit/537.36 (KHTML, like Gecko) Chrome/139.0.0.0 Safari/537.36"
201.49.181.65 - - [15/Aug/2025:17:20:01 -0300] "POST /wp-admin/admin-ajax.php HTTP/1.1" 200 24 "https://suporte.komforthouse.com.br/?wpsc-section=ticket-list&ticket-id=816" "Mozilla/5.0 (Windows NT 10.0; Win64; x64) AppleWebKit/537.36 (KHTML, like Gecko) Chrome/139.0.0.0 Safari/537.36"
162.214.27.60 - - [15/Aug/2025:17:20:02 -0300] "POST /wp-cron.php?doing_wp_cron=1755289202.1939809322357177734375 HTTP/1.1" 200 - "-" "WordPress/6.8.2; https://suporte.komforthouse.com.br"
216.73.216.37 - - [15/Aug/2025:17:20:47 -0300] "GET /wp-content/plugins/supportcandy/asset/js/selectWoo/selectWoo.full.min.js HTTP/1.1" 200 77138 "-" "Mozilla/5.0 AppleWebKit/537.36 (KHTML, like Gecko; compatible; ClaudeBot/1.0; +claudebot@anthropic.com)"
216.73.216.37 - - [15/Aug/2025:17:20:52 -0300] "GET /wp-content/plugins/elementor-pro/assets/lib/smartmenus/jquery.smartmenus.min.js HTTP/1.1" 200 24109 "-" "Mozilla/5.0 AppleWebKit/537.36 (KHTML, like Gecko; compatible; ClaudeBot/1.0; +claudebot@anthropic.com)"
216.73.216.37 - - [15/Aug/2025:17:20:52 -0300] "GET /wp-includes/js/quicktags.min.js HTTP/1.1" 200 11132 "-" "Mozilla/5.0 AppleWebKit/537.36 (KHTML, like Gecko; compatible; ClaudeBot/1.0; +claudebot@anthropic.com)"
216.73.216.37 - - [15/Aug/2025:17:20:57 -0300] "GET /wp-content/plugins/elementor/assets/js/frontend.min.js HTTP/1.1" 200 45428 "-" "Mozilla/5.0 AppleWebKit/537.36 (KHTML, like Gecko; compatible; ClaudeBot/1.0; +claudebot@anthropic.com)"
216.73.216.37 - - [15/Aug/2025:17:21:02 -0300] "GET /wp-content/plugins/supportcandy/asset/libs/gpopover/jquery.gpopover.js HTTP/1.1" 200 6095 "-" "Mozilla/5.0 AppleWebKit/537.36 (KHTML, like Gecko; compatible; ClaudeBot/1.0; +claudebot@anthropic.com)"
216.73.216.37 - - [15/Aug/2025:17:21:02 -0300] "GET /wp-includes/js/tinymce/plugins/compat3x/plugin.min.js HTTP/1.1" 200 4129 "-" "Mozilla/5.0 AppleWebKit/537.36 (KHTML, like Gecko; compatible; ClaudeBot/1.0; +claudebot@anthropic.com)"
190.8.173.156 - - [15/Aug/2025:17:21:03 -0300] "POST /wp-admin/admin-ajax.php HTTP/1.1" 200 24 "https://suporte.komforthouse.com.br/?wpsc-section=ticket-list" "Mozilla/5.0 (Windows NT 10.0; Win64; x64) AppleWebKit/537.36 (KHTML, like Gecko) Chrome/139.0.0.0 Safari/537.36"
162.214.27.60 - - [15/Aug/2025:17:21:04 -0300] "POST /wp-cron.php?doing_wp_cron=1755289264.7829411029815673828125 HTTP/1.1" 200 - "-" "WordPress/6.8.2; https://suporte.komforthouse.com.br"
201.49.181.65 - - [15/Aug/2025:17:21:04 -0300] "POST /wp-admin/admin-ajax.php HTTP/1.1" 200 24 "https://suporte.komforthouse.com.br/?wpsc-section=ticket-list&ticket-id=816" "Mozilla/5.0 (Windows NT 10.0; Win64; x64) AppleWebKit/537.36 (KHTML, like Gecko) Chrome/139.0.0.0 Safari/537.36"
190.8.173.156 - - [15/Aug/2025:17:21:04 -0300] "POST /wp-admin/admin-ajax.php HTTP/1.1" 200 24 "https://suporte.komforthouse.com.br/?wpsc-section=ticket-list" "Mozilla/5.0 (Windows NT 10.0; Win64; x64) AppleWebKit/537.36 (KHTML, like Gecko) Chrome/139.0.0.0 Safari/537.36"
216.73.216.37 - - [15/Aug/2025:17:21:07 -0300] "GET /wp-content/plugins/elementor/assets/js/webpack.runtime.min.js HTTP/1.1" 200 5326 "-" "Mozilla/5.0 AppleWebKit/537.36 (KHTML, like Gecko; compatible; ClaudeBot/1.0; +claudebot@anthropic.com)"
216.73.216.37 - - [15/Aug/2025:17:21:07 -0300] "GET /wp-includes/js/underscore.min.js HTTP/1.1" 200 18905 "-" "Mozilla/5.0 AppleWebKit/537.36 (KHTML, like Gecko; compatible; ClaudeBot/1.0; +claudebot@anthropic.com)"
190.8.173.156 - - [15/Aug/2025:17:22:06 -0300] "POST /wp-admin/admin-ajax.php HTTP/1.1" 200 24 "https://suporte.komforthouse.com.br/?wpsc-section=ticket-list" "Mozilla/5.0 (Windows NT 10.0; Win64; x64) AppleWebKit/537.36 (KHTML, like Gecko) Chrome/139.0.0.0 Safari/537.36"
190.8.173.156 - - [15/Aug/2025:17:22:07 -0300] "POST /wp-admin/admin-ajax.php HTTP/1.1" 200 24 "https://suporte.komforthouse.com.br/?wpsc-section=ticket-list" "Mozilla/5.0 (Windows NT 10.0; Win64; x64) AppleWebKit/537.36 (KHTML, like Gecko) Chrome/139.0.0.0 Safari/537.36"
201.49.181.65 - - [15/Aug/2025:17:22:06 -0300] "POST /wp-admin/admin-ajax.php HTTP/1.1" 200 24 "https://suporte.komforthouse.com.br/?wpsc-section=ticket-list&ticket-id=816" "Mozilla/5.0 (Windows NT 10.0; Win64; x64) AppleWebKit/537.36 (KHTML, like Gecko) Chrome/139.0.0.0 Safari/537.36"
162.214.27.60 - - [15/Aug/2025:17:22:07 -0300] "POST /wp-cron.php?doing_wp_cron=1755289327.7371790409088134765625 HTTP/1.1" 200 - "-" "WordPress/6.8.2; https://suporte.komforthouse.com.br"
190.8.173.156 - - [15/Aug/2025:17:23:08 -0300] "POST /wp-admin/admin-ajax.php HTTP/1.1" 200 24 "https://suporte.komforthouse.com.br/?wpsc-section=ticket-list" "Mozilla/5.0 (Windows NT 10.0; Win64; x64) AppleWebKit/537.36 (KHTML, like Gecko) Chrome/139.0.0.0 Safari/537.36"
190.8.173.156 - - [15/Aug/2025:17:23:09 -0300] "POST /wp-admin/admin-ajax.php HTTP/1.1" 200 24 "https://suporte.komforthouse.com.br/?wpsc-section=ticket-list" "Mozilla/5.0 (Windows NT 10.0; Win64; x64) AppleWebKit/537.36 (KHTML, like Gecko) Chrome/139.0.0.0 Safari/537.36"
201.49.181.65 - - [15/Aug/2025:17:23:09 -0300] "POST /wp-admin/admin-ajax.php HTTP/1.1" 200 24 "https://suporte.komforthouse.com.br/?wpsc-section=ticket-list&ticket-id=816" "Mozilla/5.0 (Windows NT 10.0; Win64; x64) AppleWebKit/537.36 (KHTML, like Gecko) Chrome/139.0.0.0 Safari/537.36"
162.214.27.60 - - [15/Aug/2025:17:23:09 -0300] "POST /wp-cron.php?doing_wp_cron=1755289389.8029370307922363281250 HTTP/1.1" 200 - "-" "WordPress/6.8.2; https://suporte.komforthouse.com.br"
162.214.27.60 - - [15/Aug/2025:17:24:10 -0300] "POST /wp-cron.php?doing_wp_cron=1755289450.0286259651184082031250 HTTP/1.1" 200 - "-" "WordPress/6.8.2; https://suporte.komforthouse.com.br"
200.4.115.77 - - [15/Aug/2025:17:24:09 -0300] "POST /wp-admin/admin-ajax.php HTTP/1.1" 400 1 "https://suporte.komforthouse.com.br/?wpsc-section=dashboard" "Mozilla/5.0 (Windows NT 10.0; Win64; x64) AppleWebKit/537.36 (KHTML, like Gecko) Chrome/139.0.0.0 Safari/537.36"
201.49.181.65 - - [15/Aug/2025:17:24:11 -0300] "POST /wp-admin/admin-ajax.php HTTP/1.1" 200 24 "https://suporte.komforthouse.com.br/?wpsc-section=ticket-list&ticket-id=816" "Mozilla/5.0 (Windows NT 10.0; Win64; x64) AppleWebKit/537.36 (KHTML, like Gecko) Chrome/139.0.0.0 Safari/537.36"
190.8.173.156 - - [15/Aug/2025:17:24:11 -0300] "POST /wp-admin/admin-ajax.php HTTP/1.1" 200 24 "https://suporte.komforthouse.com.br/?wpsc-section=ticket-list" "Mozilla/5.0 (Windows NT 10.0; Win64; x64) AppleWebKit/537.36 (KHTML, like Gecko) Chrome/139.0.0.0 Safari/537.36"
190.8.173.156 - - [15/Aug/2025:17:24:11 -0300] "POST /wp-admin/admin-ajax.php HTTP/1.1" 200 24 "https://suporte.komforthouse.com.br/?wpsc-section=ticket-list" "Mozilla/5.0 (Windows NT 10.0; Win64; x64) AppleWebKit/537.36 (KHTML, like Gecko) Chrome/139.0.0.0 Safari/537.36"
162.214.27.60 - - [15/Aug/2025:17:24:49 -0300] "POST /wp-cron.php?doing_wp_cron=1755289489.4393908977508544921875 HTTP/1.1" 200 - "-" "WordPress/6.8.2; https://suporte.komforthouse.com.br"
216.73.216.37 - - [15/Aug/2025:17:24:48 -0300] "GET /xmlrpc.php HTTP/1.1" 405 42 "-" "Mozilla/5.0 AppleWebKit/537.36 (KHTML, like Gecko; compatible; ClaudeBot/1.0; +claudebot@anthropic.com)"
216.73.216.37 - - [15/Aug/2025:17:24:53 -0300] "GET /wp-content/plugins/elementor-pro/assets/css/widget-nav-menu.min.css HTTP/1.1" 200 26859 "-" "Mozilla/5.0 AppleWebKit/537.36 (KHTML, like Gecko; compatible; ClaudeBot/1.0; +claudebot@anthropic.com)"
216.73.216.37 - - [15/Aug/2025:17:24:58 -0300] "GET /wp-content/plugins/supportcandy/asset/libs/fullcalendar/lib/locales-all.min.js HTTP/1.1" 200 20398 "-" "Mozilla/5.0 AppleWebKit/537.36 (KHTML, like Gecko; compatible; ClaudeBot/1.0; +claudebot@anthropic.com)"
216.73.216.37 - - [15/Aug/2025:17:25:03 -0300] "GET /wp-content/plugins/elementor/assets/lib/swiper/v8/css/swiper.min.css HTTP/1.1" 200 16471 "-" "Mozilla/5.0 AppleWebKit/537.36 (KHTML, like Gecko; compatible; ClaudeBot/1.0; +claudebot@anthropic.com)"
216.73.216.37 - - [15/Aug/2025:17:25:08 -0300] "GET /wp-includes/js/dist/dom-ready.min.js HTTP/1.1" 200 457 "-" "Mozilla/5.0 AppleWebKit/537.36 (KHTML, like Gecko; compatible; ClaudeBot/1.0; +claudebot@anthropic.com)"
216.73.216.37 - - [15/Aug/2025:17:25:13 -0300] "GET /wp-content/plugins/supportcandy/asset/libs/fullcalendar/lib/main.min.css HTTP/1.1" 200 25275 "-" "Mozilla/5.0 AppleWebKit/537.36 (KHTML, like Gecko; compatible; ClaudeBot/1.0; +claudebot@anthropic.com)"
190.8.173.156 - - [15/Aug/2025:17:25:13 -0300] "POST /wp-admin/admin-ajax.php HTTP/1.1" 200 24 "https://suporte.komforthouse.com.br/?wpsc-section=ticket-list" "Mozilla/5.0 (Windows NT 10.0; Win64; x64) AppleWebKit/537.36 (KHTML, like Gecko) Chrome/139.0.0.0 Safari/537.36"
190.8.173.156 - - [15/Aug/2025:17:25:14 -0300] "POST /wp-admin/admin-ajax.php HTTP/1.1" 200 24 "https://suporte.komforthouse.com.br/?wpsc-section=ticket-list" "Mozilla/5.0 (Windows NT 10.0; Win64; x64) AppleWebKit/537.36 (KHTML, like Gecko) Chrome/139.0.0.0 Safari/537.36"
162.214.27.60 - - [15/Aug/2025:17:25:14 -0300] "POST /wp-cron.php?doing_wp_cron=1755289514.8548989295959472656250 HTTP/1.1" 200 - "-" "WordPress/6.8.2; https://suporte.komforthouse.com.br"
216.73.216.37 - - [15/Aug/2025:17:25:18 -0300] "GET /wp-content/plugins/supportcandy/asset/libs/flatpickr/flatpickr.min.css HTTP/1.1" 200 15954 "-" "Mozilla/5.0 AppleWebKit/537.36 (KHTML, like Gecko; compatible; ClaudeBot/1.0; +claudebot@anthropic.com)"
216.73.216.37 - - [15/Aug/2025:17:25:23 -0300] "GET /wp-content/plugins/supportcandy/asset/css/select2.css HTTP/1.1" 200 15314 "-" "Mozilla/5.0 AppleWebKit/537.36 (KHTML, like Gecko; compatible; ClaudeBot/1.0; +claudebot@anthropic.com)"
190.8.173.156 - - [15/Aug/2025:17:26:16 -0300] "POST /wp-admin/admin-ajax.php HTTP/1.1" 200 24 "https://suporte.komforthouse.com.br/?wpsc-section=ticket-list" "Mozilla/5.0 (Windows NT 10.0; Win64; x64) AppleWebKit/537.36 (KHTML, like Gecko) Chrome/139.0.0.0 Safari/537.36"
162.214.27.60 - - [15/Aug/2025:17:26:17 -0300] "POST /wp-cron.php?doing_wp_cron=1755289577.8646740913391113281250 HTTP/1.1" 200 - "-" "WordPress/6.8.2; https://suporte.komforthouse.com.br"
190.8.173.156 - - [15/Aug/2025:17:26:16 -0300] "POST /wp-admin/admin-ajax.php HTTP/1.1" 200 24 "https://suporte.komforthouse.com.br/?wpsc-section=ticket-list" "Mozilla/5.0 (Windows NT 10.0; Win64; x64) AppleWebKit/537.36 (KHTML, like Gecko) Chrome/139.0.0.0 Safari/537.36"
216.73.216.37 - - [15/Aug/2025:17:26:29 -0300] "GET /wp-includes/css/buttons.min.css HTTP/1.1" 200 6061 "-" "Mozilla/5.0 AppleWebKit/537.36 (KHTML, like Gecko; compatible; ClaudeBot/1.0; +claudebot@anthropic.com)"
216.73.216.37 - - [15/Aug/2025:17:26:33 -0300] "GET /feed HTTP/1.1" 301 - "-" "Mozilla/5.0 AppleWebKit/537.36 (KHTML, like Gecko; compatible; ClaudeBot/1.0; +claudebot@anthropic.com)"
216.73.216.37 - - [15/Aug/2025:17:26:35 -0300] "GET /feed/ HTTP/1.1" 200 10164 "https://suporte.komforthouse.com.br/feed" "Mozilla/5.0 AppleWebKit/537.36 (KHTML, like Gecko; compatible; ClaudeBot/1.0; +claudebot@anthropic.com)"
216.73.216.37 - - [15/Aug/2025:17:26:38 -0300] "GET /wp-includes/css/editor.min.css HTTP/1.1" 200 26851 "-" "Mozilla/5.0 AppleWebKit/537.36 (KHTML, like Gecko; compatible; ClaudeBot/1.0; +claudebot@anthropic.com)"
216.73.216.37 - - [15/Aug/2025:17:26:43 -0300] "GET /wp-content/uploads/2024/05/Catalogo-Colchoes-2024-Komfort-House.pdf HTTP/1.1" 200 27330422 "-" "Mozilla/5.0 AppleWebKit/537.36 (KHTML, like Gecko; compatible; ClaudeBot/1.0; +claudebot@anthropic.com)"
216.73.216.37 - - [15/Aug/2025:17:26:48 -0300] "GET /wp-content/themes/hello-elementor/style.min.css HTTP/1.1" 200 5501 "-" "Mozilla/5.0 AppleWebKit/537.36 (KHTML, like Gecko; compatible; ClaudeBot/1.0; +claudebot@anthropic.com)"
216.73.216.37 - - [15/Aug/2025:17:26:53 -0300] "GET /wp-includes/css/dashicons.min.css HTTP/1.1" 200 59016 "-" "Mozilla/5.0 AppleWebKit/537.36 (KHTML, like Gecko; compatible; ClaudeBot/1.0; +claudebot@anthropic.com)"
216.73.216.37 - - [15/Aug/2025:17:27:05 -0300] "GET /wp-content/uploads/2024/05/BOX-BIO-BOX.zip HTTP/1.1" 200 2657272 "-" "Mozilla/5.0 AppleWebKit/537.36 (KHTML, like Gecko; compatible; ClaudeBot/1.0; +claudebot@anthropic.com)"
216.73.216.37 - - [15/Aug/2025:17:27:09 -0300] "GET /wp-content/themes/hello-elementor/theme.min.css HTTP/1.1" 200 5069 "-" "Mozilla/5.0 AppleWebKit/537.36 (KHTML, like Gecko; compatible; ClaudeBot/1.0; +claudebot@anthropic.com)"
190.8.173.156 - - [15/Aug/2025:17:27:19 -0300] "POST /wp-admin/admin-ajax.php HTTP/1.1" 200 24 "https://suporte.komforthouse.com.br/?wpsc-section=ticket-list" "Mozilla/5.0 (Windows NT 10.0; Win64; x64) AppleWebKit/537.36 (KHTML, like Gecko) Chrome/139.0.0.0 Safari/537.36"
190.8.173.156 - - [15/Aug/2025:17:27:18 -0300] "POST /wp-admin/admin-ajax.php HTTP/1.1" 200 24 "https://suporte.komforthouse.com.br/?wpsc-section=ticket-list" "Mozilla/5.0 (Windows NT 10.0; Win64; x64) AppleWebKit/537.36 (KHTML, like Gecko) Chrome/139.0.0.0 Safari/537.36"
162.214.27.60 - - [15/Aug/2025:17:27:20 -0300] "POST /wp-cron.php?doing_wp_cron=1755289640.0340619087219238281250 HTTP/1.1" 200 - "-" "WordPress/6.8.2; https://suporte.komforthouse.com.br"
216.73.216.37 - - [15/Aug/2025:17:28:06 -0300] "GET /wp-content/uploads/2024/05/cropped-komfort-house-sofas-180x180.png HTTP/1.1" 200 3397 "-" "Mozilla/5.0 AppleWebKit/537.36 (KHTML, like Gecko; compatible; ClaudeBot/1.0; +claudebot@anthropic.com)"
162.214.27.60 - - [15/Aug/2025:17:28:12 -0300] "POST /wp-cron.php?doing_wp_cron=1755289692.0626339912414550781250 HTTP/1.1" 200 - "-" "WordPress/6.8.2; https://suporte.komforthouse.com.br"
216.73.216.37 - - [15/Aug/2025:17:28:11 -0300] "GET /pagina-de-ticket HTTP/1.1" 301 - "-" "Mozilla/5.0 AppleWebKit/537.36 (KHTML, like Gecko; compatible; ClaudeBot/1.0; +claudebot@anthropic.com)"
216.73.216.37 - - [15/Aug/2025:17:28:13 -0300] "GET /pagina-de-ticket/ HTTP/1.1" 200 119105 "https://suporte.komforthouse.com.br/pagina-de-ticket" "Mozilla/5.0 AppleWebKit/537.36 (KHTML, like Gecko; compatible; ClaudeBot/1.0; +claudebot@anthropic.com)"
216.73.216.37 - - [15/Aug/2025:17:28:16 -0300] "GET /wp-content/uploads/2024/05/cropped-komfort-house-sofas-192x192.png HTTP/1.1" 200 3711 "-" "Mozilla/5.0 AppleWebKit/537.36 (KHTML, like Gecko; compatible; ClaudeBot/1.0; +claudebot@anthropic.com)"
216.73.216.37 - - [15/Aug/2025:17:28:21 -0300] "GET /wp-content/uploads/2024/05/cropped-komfort-house-sofas-32x32.png HTTP/1.1" 200 640 "-" "Mozilla/5.0 AppleWebKit/537.36 (KHTML, like Gecko; compatible; ClaudeBot/1.0; +claudebot@anthropic.com)"
190.8.173.156 - - [15/Aug/2025:17:28:21 -0300] "POST /wp-admin/admin-ajax.php HTTP/1.1" 200 24 "https://suporte.komforthouse.com.br/?wpsc-section=ticket-list" "Mozilla/5.0 (Windows NT 10.0; Win64; x64) AppleWebKit/537.36 (KHTML, like Gecko) Chrome/139.0.0.0 Safari/537.36"
190.8.173.156 - - [15/Aug/2025:17:28:21 -0300] "POST /wp-admin/admin-ajax.php HTTP/1.1" 200 24 "https://suporte.komforthouse.com.br/?wpsc-section=ticket-list" "Mozilla/5.0 (Windows NT 10.0; Win64; x64) AppleWebKit/537.36 (KHTML, like Gecko) Chrome/139.0.0.0 Safari/537.36"
216.73.216.37 - - [15/Aug/2025:17:28:26 -0300] "GET /wp-login.php?action=lostpassword HTTP/1.1" 200 3970 "-" "Mozilla/5.0 AppleWebKit/537.36 (KHTML, like Gecko; compatible; ClaudeBot/1.0; +claudebot@anthropic.com)"
216.73.216.37 - - [15/Aug/2025:17:28:31 -0300] "GET /wp-content/uploads/2024/05/sistemas-icon-1024x1024.png HTTP/1.1" 200 24722 "-" "Mozilla/5.0 AppleWebKit/537.36 (KHTML, like Gecko; compatible; ClaudeBot/1.0; +claudebot@anthropic.com)"
200.4.115.77 - - [15/Aug/2025:17:29:09 -0300] "POST /wp-admin/admin-ajax.php HTTP/1.1" 400 1 "https://suporte.komforthouse.com.br/?wpsc-section=dashboard" "Mozilla/5.0 (Windows NT 10.0; Win64; x64) AppleWebKit/537.36 (KHTML, like Gecko) Chrome/139.0.0.0 Safari/537.36"
162.214.27.60 - - [15/Aug/2025:17:29:10 -0300] "POST /wp-cron.php?doing_wp_cron=1755289750.2595670223236083984375 HTTP/1.1" 200 - "-" "WordPress/6.8.2; https://suporte.komforthouse.com.br"
190.8.173.156 - - [15/Aug/2025:17:29:24 -0300] "POST /wp-admin/admin-ajax.php HTTP/1.1" 200 24 "https://suporte.komforthouse.com.br/?wpsc-section=ticket-list" "Mozilla/5.0 (Windows NT 10.0; Win64; x64) AppleWebKit/537.36 (KHTML, like Gecko) Chrome/139.0.0.0 Safari/537.36"
190.8.173.156 - - [15/Aug/2025:17:29:24 -0300] "POST /wp-admin/admin-ajax.php HTTP/1.1" 200 24 "https://suporte.komforthouse.com.br/?wpsc-section=ticket-list" "Mozilla/5.0 (Windows NT 10.0; Win64; x64) AppleWebKit/537.36 (KHTML, like Gecko) Chrome/139.0.0.0 Safari/537.36"
190.8.173.156 - - [15/Aug/2025:17:30:27 -0300] "POST /wp-admin/admin-ajax.php HTTP/1.1" 200 24 "https://suporte.komforthouse.com.br/?wpsc-section=ticket-list" "Mozilla/5.0 (Windows NT 10.0; Win64; x64) AppleWebKit/537.36 (KHTML, like Gecko) Chrome/139.0.0.0 Safari/537.36"
190.8.173.156 - - [15/Aug/2025:17:30:26 -0300] "POST /wp-admin/admin-ajax.php HTTP/1.1" 200 24 "https://suporte.komforthouse.com.br/?wpsc-section=ticket-list" "Mozilla/5.0 (Windows NT 10.0; Win64; x64) AppleWebKit/537.36 (KHTML, like Gecko) Chrome/139.0.0.0 Safari/537.36"
162.214.27.60 - - [15/Aug/2025:17:30:28 -0300] "POST /wp-cron.php?doing_wp_cron=1755289828.2740919589996337890625 HTTP/1.1" 200 - "-" "WordPress/6.8.2; https://suporte.komforthouse.com.br"
190.8.173.156 - - [15/Aug/2025:17:31:29 -0300] "POST /wp-admin/admin-ajax.php HTTP/1.1" 200 24 "https://suporte.komforthouse.com.br/?wpsc-section=ticket-list" "Mozilla/5.0 (Windows NT 10.0; Win64; x64) AppleWebKit/537.36 (KHTML, like Gecko) Chrome/139.0.0.0 Safari/537.36"
190.8.173.156 - - [15/Aug/2025:17:31:30 -0300] "POST /wp-admin/admin-ajax.php HTTP/1.1" 200 24 "https://suporte.komforthouse.com.br/?wpsc-section=ticket-list" "Mozilla/5.0 (Windows NT 10.0; Win64; x64) AppleWebKit/537.36 (KHTML, like Gecko) Chrome/139.0.0.0 Safari/537.36"
162.214.27.60 - - [15/Aug/2025:17:31:31 -0300] "POST /wp-cron.php?doing_wp_cron=1755289891.1704819202423095703125 HTTP/1.1" 200 - "-" "WordPress/6.8.2; https://suporte.komforthouse.com.br"
162.214.27.60 - - [15/Aug/2025:17:32:26 -0300] "POST /wp-cron.php?doing_wp_cron=1755289946.5505120754241943359375 HTTP/1.1" 200 - "-" "WordPress/6.8.2; https://suporte.komforthouse.com.br"
190.8.173.156 - - [15/Aug/2025:17:32:25 -0300] "POST /wp-admin/admin-ajax.php HTTP/1.1" 200 96710 "https://suporte.komforthouse.com.br/?wpsc-section=ticket-list&ticket-id=821" "Mozilla/5.0 (Windows NT 10.0; Win64; x64) AppleWebKit/537.36 (KHTML, like Gecko) Chrome/139.0.0.0 Safari/537.36"
190.8.173.156 - - [15/Aug/2025:17:32:28 -0300] "POST /wp-admin/admin-ajax.php HTTP/1.1" 200 13 "https://suporte.komforthouse.com.br/?wpsc-section=ticket-list&ticket-id=821" "Mozilla/5.0 (Windows NT 10.0; Win64; x64) AppleWebKit/537.36 (KHTML, like Gecko) Chrome/139.0.0.0 Safari/537.36"
190.8.173.156 - - [15/Aug/2025:17:32:29 -0300] "POST /wp-admin/admin-ajax.php HTTP/1.1" 200 3758 "https://suporte.komforthouse.com.br/?wpsc-section=ticket-list&ticket-id=821" "Mozilla/5.0 (Windows NT 10.0; Win64; x64) AppleWebKit/537.36 (KHTML, like Gecko) Chrome/139.0.0.0 Safari/537.36"
190.8.173.156 - - [15/Aug/2025:17:32:33 -0300] "POST /wp-admin/admin-ajax.php HTTP/1.1" 200 24 "https://suporte.komforthouse.com.br/?wpsc-section=ticket-list&ticket-id=821" "Mozilla/5.0 (Windows NT 10.0; Win64; x64) AppleWebKit/537.36 (KHTML, like Gecko) Chrome/139.0.0.0 Safari/537.36"
190.8.173.156 - - [15/Aug/2025:17:32:33 -0300] "POST /wp-admin/admin-ajax.php HTTP/1.1" 200 24 "https://suporte.komforthouse.com.br/?wpsc-section=ticket-list&ticket-id=821" "Mozilla/5.0 (Windows NT 10.0; Win64; x64) AppleWebKit/537.36 (KHTML, like Gecko) Chrome/139.0.0.0 Safari/537.36"
162.214.27.60 - - [15/Aug/2025:17:33:30 -0300] "POST /wp-cron.php?doing_wp_cron=1755290010.0876660346984863281250 HTTP/1.1" 200 - "-" "WordPress/6.8.2; https://suporte.komforthouse.com.br"
190.8.173.156 - - [15/Aug/2025:17:33:28 -0300] "POST /wp-admin/admin-ajax.php HTTP/1.1" 200 13 "https://suporte.komforthouse.com.br/?wpsc-section=ticket-list&ticket-id=821" "Mozilla/5.0 (Windows NT 10.0; Win64; x64) AppleWebKit/537.36 (KHTML, like Gecko) Chrome/139.0.0.0 Safari/537.36"
190.8.173.156 - - [15/Aug/2025:17:33:36 -0300] "POST /wp-admin/admin-ajax.php HTTP/1.1" 200 24 "https://suporte.komforthouse.com.br/?wpsc-section=ticket-list&ticket-id=821" "Mozilla/5.0 (Windows NT 10.0; Win64; x64) AppleWebKit/537.36 (KHTML, like Gecko) Chrome/139.0.0.0 Safari/537.36"
190.8.173.156 - - [15/Aug/2025:17:33:37 -0300] "POST /wp-admin/admin-ajax.php HTTP/1.1" 200 24 "https://suporte.komforthouse.com.br/?wpsc-section=ticket-list&ticket-id=821" "Mozilla/5.0 (Windows NT 10.0; Win64; x64) AppleWebKit/537.36 (KHTML, like Gecko) Chrome/139.0.0.0 Safari/537.36"
200.4.115.77 - - [15/Aug/2025:17:34:09 -0300] "POST /wp-admin/admin-ajax.php HTTP/1.1" 400 1 "https://suporte.komforthouse.com.br/?wpsc-section=dashboard" "Mozilla/5.0 (Windows NT 10.0; Win64; x64) AppleWebKit/537.36 (KHTML, like Gecko) Chrome/139.0.0.0 Safari/537.36"
162.214.27.60 - - [15/Aug/2025:17:34:10 -0300] "POST /wp-cron.php?doing_wp_cron=1755290050.6476850509643554687500 HTTP/1.1" 200 - "-" "WordPress/6.8.2; https://suporte.komforthouse.com.br"
196.251.83.126 - - [15/Aug/2025:17:34:19 -0300] "POST /wp-login.php HTTP/1.1" 200 9793 "-" "Mozilla/5.0"
200.4.115.77 - - [15/Aug/2025:17:39:09 -0300] "POST /wp-admin/admin-ajax.php HTTP/1.1" 400 1 "https://suporte.komforthouse.com.br/?wpsc-section=dashboard" "Mozilla/5.0 (Windows NT 10.0; Win64; x64) AppleWebKit/537.36 (KHTML, like Gecko) Chrome/139.0.0.0 Safari/537.36"
162.214.27.60 - - [15/Aug/2025:17:39:10 -0300] "POST /wp-cron.php?doing_wp_cron=1755290350.7108581066131591796875 HTTP/1.1" 200 - "-" "WordPress/6.8.2; https://suporte.komforthouse.com.br"
162.214.27.60 - - [15/Aug/2025:17:44:10 -0300] "POST /wp-cron.php?doing_wp_cron=1755290650.2566928863525390625000 HTTP/1.1" 200 - "-" "WordPress/6.8.2; https://suporte.komforthouse.com.br"
200.4.115.77 - - [15/Aug/2025:17:44:09 -0300] "POST /wp-admin/admin-ajax.php HTTP/1.1" 400 1 "https://suporte.komforthouse.com.br/?wpsc-section=dashboard" "Mozilla/5.0 (Windows NT 10.0; Win64; x64) AppleWebKit/537.36 (KHTML, like Gecko) Chrome/139.0.0.0 Safari/537.36"
200.4.115.77 - - [15/Aug/2025:17:50:09 -0300] "POST /wp-admin/admin-ajax.php HTTP/1.1" 400 1 "https://suporte.komforthouse.com.br/?wpsc-section=dashboard" "Mozilla/5.0 (Windows NT 10.0; Win64; x64) AppleWebKit/537.36 (KHTML, like Gecko) Chrome/139.0.0.0 Safari/537.36"
162.214.27.60 - - [15/Aug/2025:17:50:10 -0300] "POST /wp-cron.php?doing_wp_cron=1755291010.4529390335083007812500 HTTP/1.1" 200 - "-" "WordPress/6.8.2; https://suporte.komforthouse.com.br"
190.8.173.156 - - [15/Aug/2025:17:50:25 -0300] "GET / HTTP/1.1" 200 166411 "https://portal.komforthouse.com.br/" "Mozilla/5.0 (Windows NT 10.0; Win64; x64) AppleWebKit/537.36 (KHTML, like Gecko) Chrome/139.0.0.0 Safari/537.36"
190.8.173.156 - - [15/Aug/2025:17:50:28 -0300] "POST /wp-admin/admin-ajax.php HTTP/1.1" 200 20248 "https://suporte.komforthouse.com.br/?wpsc-section=ticket-list" "Mozilla/5.0 (Windows NT 10.0; Win64; x64) AppleWebKit/537.36 (KHTML, like Gecko) Chrome/139.0.0.0 Safari/537.36"
190.8.173.156 - - [15/Aug/2025:17:50:30 -0300] "POST /wp-admin/admin-ajax.php HTTP/1.1" 200 24 "https://suporte.komforthouse.com.br/?wpsc-section=ticket-list" "Mozilla/5.0 (Windows NT 10.0; Win64; x64) AppleWebKit/537.36 (KHTML, like Gecko) Chrome/139.0.0.0 Safari/537.36"
162.214.27.60 - - [15/Aug/2025:17:51:15 -0300] "POST /wp-cron.php?doing_wp_cron=1755291075.5821969509124755859375 HTTP/1.1" 200 - "-" "WordPress/6.8.2; https://suporte.komforthouse.com.br"
190.8.173.156 - - [15/Aug/2025:17:51:14 -0300] "POST /wp-admin/admin-ajax.php HTTP/1.1" 200 96710 "https://suporte.komforthouse.com.br/?wpsc-section=ticket-list&ticket-id=821" "Mozilla/5.0 (Windows NT 10.0; Win64; x64) AppleWebKit/537.36 (KHTML, like Gecko) Chrome/139.0.0.0 Safari/537.36"
190.8.173.156 - - [15/Aug/2025:17:51:17 -0300] "POST /wp-admin/admin-ajax.php HTTP/1.1" 200 13 "https://suporte.komforthouse.com.br/?wpsc-section=ticket-list&ticket-id=821" "Mozilla/5.0 (Windows NT 10.0; Win64; x64) AppleWebKit/537.36 (KHTML, like Gecko) Chrome/139.0.0.0 Safari/537.36"
190.8.173.156 - - [15/Aug/2025:17:51:17 -0300] "POST /wp-admin/admin-ajax.php HTTP/1.1" 200 3758 "https://suporte.komforthouse.com.br/?wpsc-section=ticket-list&ticket-id=821" "Mozilla/5.0 (Windows NT 10.0; Win64; x64) AppleWebKit/537.36 (KHTML, like Gecko) Chrome/139.0.0.0 Safari/537.36"
190.8.173.156 - - [15/Aug/2025:17:51:32 -0300] "POST /wp-admin/admin-ajax.php HTTP/1.1" 200 24 "https://suporte.komforthouse.com.br/?wpsc-section=ticket-list&ticket-id=821" "Mozilla/5.0 (Windows NT 10.0; Win64; x64) AppleWebKit/537.36 (KHTML, like Gecko) Chrome/139.0.0.0 Safari/537.36"
162.214.27.60 - - [15/Aug/2025:17:52:19 -0300] "POST /wp-cron.php?doing_wp_cron=1755291139.0227251052856445312500 HTTP/1.1" 200 - "-" "WordPress/6.8.2; https://suporte.komforthouse.com.br"
190.8.173.156 - - [15/Aug/2025:17:52:17 -0300] "POST /wp-admin/admin-ajax.php HTTP/1.1" 200 13 "https://suporte.komforthouse.com.br/?wpsc-section=ticket-list&ticket-id=821" "Mozilla/5.0 (Windows NT 10.0; Win64; x64) AppleWebKit/537.36 (KHTML, like Gecko) Chrome/139.0.0.0 Safari/537.36"
196.251.83.126 - - [15/Aug/2025:17:52:33 -0300] "POST /wp-login.php HTTP/1.1" 200 9793 "-" "Mozilla/5.0"
190.8.173.156 - - [15/Aug/2025:17:52:34 -0300] "POST /wp-admin/admin-ajax.php HTTP/1.1" 200 24 "https://suporte.komforthouse.com.br/?wpsc-section=ticket-list&ticket-id=821" "Mozilla/5.0 (Windows NT 10.0; Win64; x64) AppleWebKit/537.36 (KHTML, like Gecko) Chrome/139.0.0.0 Safari/537.36"
162.214.27.60 - - [15/Aug/2025:17:53:18 -0300] "POST /wp-cron.php?doing_wp_cron=1755291198.5165588855743408203125 HTTP/1.1" 200 - "-" "WordPress/6.8.2; https://suporte.komforthouse.com.br"
190.8.173.156 - - [15/Aug/2025:17:53:17 -0300] "POST /wp-admin/admin-ajax.php HTTP/1.1" 200 13 "https://suporte.komforthouse.com.br/?wpsc-section=ticket-list&ticket-id=821" "Mozilla/5.0 (Windows NT 10.0; Win64; x64) AppleWebKit/537.36 (KHTML, like Gecko) Chrome/139.0.0.0 Safari/537.36"
190.8.173.156 - - [15/Aug/2025:17:53:22 -0300] "POST /wp-admin/admin-ajax.php HTTP/1.1" 200 - "https://suporte.komforthouse.com.br/?wpsc-section=ticket-list&ticket-id=821" "Mozilla/5.0 (Windows NT 10.0; Win64; x64) AppleWebKit/537.36 (KHTML, like Gecko) Chrome/139.0.0.0 Safari/537.36"
162.214.27.60 - - [15/Aug/2025:17:55:10 -0300] "POST /wp-cron.php?doing_wp_cron=1755291310.2878959178924560546875 HTTP/1.1" 200 - "-" "WordPress/6.8.2; https://suporte.komforthouse.com.br"
200.4.115.77 - - [15/Aug/2025:17:55:09 -0300] "POST /wp-admin/admin-ajax.php HTTP/1.1" 400 1 "https://suporte.komforthouse.com.br/?wpsc-section=dashboard" "Mozilla/5.0 (Windows NT 10.0; Win64; x64) AppleWebKit/537.36 (KHTML, like Gecko) Chrome/139.0.0.0 Safari/537.36"
162.214.27.60 - - [15/Aug/2025:18:01:10 -0300] "POST /wp-cron.php?doing_wp_cron=1755291670.2835550308227539062500 HTTP/1.1" 200 - "-" "WordPress/6.8.2; https://suporte.komforthouse.com.br"
