200.4.115.77 - - [15/Aug/2025:23:04:09 -0300] "POST /wp-admin/admin-ajax.php HTTP/1.1" 400 1 "https://suporte.komforthouse.com.br/?wpsc-section=dashboard" "Mozilla/5.0 (Windows NT 10.0; Win64; x64) AppleWebKit/537.36 (KHTML, like Gecko) Chrome/139.0.0.0 Safari/537.36"
200.4.115.77 - - [15/Aug/2025:23:09:09 -0300] "POST /wp-admin/admin-ajax.php HTTP/1.1" 400 1 "https://suporte.komforthouse.com.br/?wpsc-section=dashboard" "Mozilla/5.0 (Windows NT 10.0; Win64; x64) AppleWebKit/537.36 (KHTML, like Gecko) Chrome/139.0.0.0 Safari/537.36"
162.214.27.60 - - [15/Aug/2025:23:09:10 -0300] "POST /wp-cron.php?doing_wp_cron=1755310150.5676200389862060546875 HTTP/1.1" 200 - "-" "WordPress/6.8.2; https://suporte.komforthouse.com.br"
205.210.31.45 - - [15/Aug/2025:23:10:36 -0300] "GET / HTTP/1.1" 200 122518 "http://162.214.27.60:80/" "-"
162.214.27.60 - - [15/Aug/2025:23:14:10 -0300] "POST /wp-cron.php?doing_wp_cron=1755310450.1782820224761962890625 HTTP/1.1" 200 - "-" "WordPress/6.8.2; https://suporte.komforthouse.com.br"
200.4.115.77 - - [15/Aug/2025:23:14:09 -0300] "POST /wp-admin/admin-ajax.php HTTP/1.1" 400 1 "https://suporte.komforthouse.com.br/?wpsc-section=dashboard" "Mozilla/5.0 (Windows NT 10.0; Win64; x64) AppleWebKit/537.36 (KHTML, like Gecko) Chrome/139.0.0.0 Safari/537.36"
162.214.27.60 - - [15/Aug/2025:23:19:47 -0300] "POST /wp-cron.php?doing_wp_cron=1755310787.4981820583343505859375 HTTP/1.1" 200 - "-" "WordPress/6.8.2; https://suporte.komforthouse.com.br"
196.251.83.126 - - [15/Aug/2025:23:19:46 -0300] "POST /wp-login.php HTTP/1.1" 200 9793 "-" "Mozilla/5.0"
162.214.27.60 - - [15/Aug/2025:23:20:10 -0300] "POST /wp-cron.php?doing_wp_cron=1755310810.4276459217071533203125 HTTP/1.1" 200 - "-" "WordPress/6.8.2; https://suporte.komforthouse.com.br"
200.4.115.77 - - [15/Aug/2025:23:20:09 -0300] "POST /wp-admin/admin-ajax.php HTTP/1.1" 400 1 "https://suporte.komforthouse.com.br/?wpsc-section=dashboard" "Mozilla/5.0 (Windows NT 10.0; Win64; x64) AppleWebKit/537.36 (KHTML, like Gecko) Chrome/139.0.0.0 Safari/537.36"
200.4.115.77 - - [15/Aug/2025:23:25:09 -0300] "POST /wp-admin/admin-ajax.php HTTP/1.1" 400 1 "https://suporte.komforthouse.com.br/?wpsc-section=dashboard" "Mozilla/5.0 (Windows NT 10.0; Win64; x64) AppleWebKit/537.36 (KHTML, like Gecko) Chrome/139.0.0.0 Safari/537.36"
162.214.27.60 - - [15/Aug/2025:23:25:10 -0300] "POST /wp-cron.php?doing_wp_cron=1755311110.2903270721435546875000 HTTP/1.1" 200 - "-" "WordPress/6.8.2; https://suporte.komforthouse.com.br"
200.4.115.77 - - [15/Aug/2025:23:31:09 -0300] "POST /wp-admin/admin-ajax.php HTTP/1.1" 400 1 "https://suporte.komforthouse.com.br/?wpsc-section=dashboard" "Mozilla/5.0 (Windows NT 10.0; Win64; x64) AppleWebKit/537.36 (KHTML, like Gecko) Chrome/139.0.0.0 Safari/537.36"
162.214.27.60 - - [15/Aug/2025:23:31:10 -0300] "POST /wp-cron.php?doing_wp_cron=1755311470.3089120388031005859375 HTTP/1.1" 200 - "-" "WordPress/6.8.2; https://suporte.komforthouse.com.br"
200.4.115.77 - - [15/Aug/2025:23:36:09 -0300] "POST /wp-admin/admin-ajax.php HTTP/1.1" 400 1 "https://suporte.komforthouse.com.br/?wpsc-section=dashboard" "Mozilla/5.0 (Windows NT 10.0; Win64; x64) AppleWebKit/537.36 (KHTML, like Gecko) Chrome/139.0.0.0 Safari/537.36"
162.214.27.60 - - [15/Aug/2025:23:36:10 -0300] "POST /wp-cron.php?doing_wp_cron=1755311770.3880898952484130859375 HTTP/1.1" 200 - "-" "WordPress/6.8.2; https://suporte.komforthouse.com.br"
162.214.27.60 - - [15/Aug/2025:23:37:52 -0300] "POST /wp-cron.php?doing_wp_cron=1755311872.1464180946350097656250 HTTP/1.1" 200 - "-" "WordPress/6.8.2; https://suporte.komforthouse.com.br"
196.251.83.126 - - [15/Aug/2025:23:37:50 -0300] "POST /wp-login.php HTTP/1.1" 200 9793 "-" "Mozilla/5.0"
200.4.115.77 - - [15/Aug/2025:23:41:10 -0300] "POST /wp-admin/admin-ajax.php HTTP/1.1" 400 1 "https://suporte.komforthouse.com.br/?wpsc-section=dashboard" "Mozilla/5.0 (Windows NT 10.0; Win64; x64) AppleWebKit/537.36 (KHTML, like Gecko) Chrome/139.0.0.0 Safari/537.36"
162.214.27.60 - - [15/Aug/2025:23:41:12 -0300] "POST /wp-cron.php?doing_wp_cron=1755312072.0094931125640869140625 HTTP/1.1" 200 - "-" "WordPress/6.8.2; https://suporte.komforthouse.com.br"
162.214.27.60 - - [15/Aug/2025:23:47:10 -0300] "POST /wp-cron.php?doing_wp_cron=1755312430.3603320121765136718750 HTTP/1.1" 200 - "-" "WordPress/6.8.2; https://suporte.komforthouse.com.br"
200.4.115.77 - - [15/Aug/2025:23:47:09 -0300] "POST /wp-admin/admin-ajax.php HTTP/1.1" 400 1 "https://suporte.komforthouse.com.br/?wpsc-section=dashboard" "Mozilla/5.0 (Windows NT 10.0; Win64; x64) AppleWebKit/537.36 (KHTML, like Gecko) Chrome/139.0.0.0 Safari/537.36"
200.4.115.77 - - [15/Aug/2025:23:52:09 -0300] "POST /wp-admin/admin-ajax.php HTTP/1.1" 400 1 "https://suporte.komforthouse.com.br/?wpsc-section=dashboard" "Mozilla/5.0 (Windows NT 10.0; Win64; x64) AppleWebKit/537.36 (KHTML, like Gecko) Chrome/139.0.0.0 Safari/537.36"
162.214.27.60 - - [15/Aug/2025:23:52:10 -0300] "POST /wp-cron.php?doing_wp_cron=1755312730.5491108894348144531250 HTTP/1.1" 200 - "-" "WordPress/6.8.2; https://suporte.komforthouse.com.br"
196.251.83.126 - - [15/Aug/2025:23:56:12 -0300] "POST /wp-login.php HTTP/1.1" 200 9793 "-" "Mozilla/5.0"
162.214.27.60 - - [15/Aug/2025:23:56:14 -0300] "POST /wp-cron.php?doing_wp_cron=1755312974.1479060649871826171875 HTTP/1.1" 200 - "-" "WordPress/6.8.2; https://suporte.komforthouse.com.br"
200.4.115.77 - - [15/Aug/2025:23:58:09 -0300] "POST /wp-admin/admin-ajax.php HTTP/1.1" 400 1 "https://suporte.komforthouse.com.br/?wpsc-section=dashboard" "Mozilla/5.0 (Windows NT 10.0; Win64; x64) AppleWebKit/537.36 (KHTML, like Gecko) Chrome/139.0.0.0 Safari/537.36"
162.214.27.60 - - [15/Aug/2025:23:58:10 -0300] "POST /wp-cron.php?doing_wp_cron=1755313090.3247718811035156250000 HTTP/1.1" 200 - "-" "WordPress/6.8.2; https://suporte.komforthouse.com.br"
173.252.107.116 - - [16/Aug/2025:00:00:37 -0300] "GET /robots.txt HTTP/1.1" 200 145 "-" "facebookexternalhit/1.1 (+http://www.facebook.com/externalhit_uatext.php)"
162.214.27.60 - - [16/Aug/2025:00:00:38 -0300] "POST /wp-cron.php?doing_wp_cron=1755313238.6080749034881591796875 HTTP/1.1" 200 - "-" "WordPress/6.8.2; https://suporte.komforthouse.com.br"
200.4.115.77 - - [16/Aug/2025:00:03:09 -0300] "POST /wp-admin/admin-ajax.php HTTP/1.1" 400 1 "https://suporte.komforthouse.com.br/?wpsc-section=dashboard" "Mozilla/5.0 (Windows NT 10.0; Win64; x64) AppleWebKit/537.36 (KHTML, like Gecko) Chrome/139.0.0.0 Safari/537.36"
162.214.27.60 - - [16/Aug/2025:00:03:10 -0300] "POST /wp-cron.php?doing_wp_cron=1755313390.4387910366058349609375 HTTP/1.1" 200 - "-" "WordPress/6.8.2; https://suporte.komforthouse.com.br"
104.244.76.184 - - [16/Aug/2025:00:03:43 -0300] "GET /wp-login.php HTTP/1.1" 200 9379 "-" "Mozilla/5.0 (Macintosh; Intel Mac OS X 10_10) AppleWebKit/538.46 (KHTML, like Gecko) Version/8.0 Safari/538.46"
104.244.76.184 - - [16/Aug/2025:00:03:45 -0300] "POST /wp-login.php HTTP/1.1" 200 9811 "-" "Mozilla/5.0 (Macintosh; Intel Mac OS X 10_10) AppleWebKit/538.46 (KHTML, like Gecko) Version/8.0 Safari/538.46"
162.214.27.60 - - [16/Aug/2025:00:08:10 -0300] "POST /wp-cron.php?doing_wp_cron=1755313690.3120069503784179687500 HTTP/1.1" 200 - "-" "WordPress/6.8.2; https://suporte.komforthouse.com.br"
200.4.115.77 - - [16/Aug/2025:00:08:09 -0300] "POST /wp-admin/admin-ajax.php HTTP/1.1" 400 1 "https://suporte.komforthouse.com.br/?wpsc-section=dashboard" "Mozilla/5.0 (Windows NT 10.0; Win64; x64) AppleWebKit/537.36 (KHTML, like Gecko) Chrome/139.0.0.0 Safari/537.36"
200.4.115.77 - - [16/Aug/2025:00:14:09 -0300] "POST /wp-admin/admin-ajax.php HTTP/1.1" 400 1 "https://suporte.komforthouse.com.br/?wpsc-section=dashboard" "Mozilla/5.0 (Windows NT 10.0; Win64; x64) AppleWebKit/537.36 (KHTML, like Gecko) Chrome/139.0.0.0 Safari/537.36"
162.214.27.60 - - [16/Aug/2025:00:14:10 -0300] "POST /wp-cron.php?doing_wp_cron=1755314050.1690421104431152343750 HTTP/1.1" 200 - "-" "WordPress/6.8.2; https://suporte.komforthouse.com.br"
162.214.27.60 - - [16/Aug/2025:00:14:42 -0300] "POST /wp-cron.php?doing_wp_cron=1755314082.6523470878601074218750 HTTP/1.1" 200 - "-" "WordPress/6.8.2; https://suporte.komforthouse.com.br"
196.251.83.126 - - [16/Aug/2025:00:14:41 -0300] "POST /wp-login.php HTTP/1.1" 200 9793 "-" "Mozilla/5.0"
162.214.27.60 - - [16/Aug/2025:00:19:10 -0300] "POST /wp-cron.php?doing_wp_cron=1755314349.9864540100097656250000 HTTP/1.1" 200 - "-" "WordPress/6.8.2; https://suporte.komforthouse.com.br"
200.4.115.77 - - [16/Aug/2025:00:19:09 -0300] "POST /wp-admin/admin-ajax.php HTTP/1.1" 400 1 "https://suporte.komforthouse.com.br/?wpsc-section=dashboard" "Mozilla/5.0 (Windows NT 10.0; Win64; x64) AppleWebKit/537.36 (KHTML, like Gecko) Chrome/139.0.0.0 Safari/537.36"
162.214.27.60 - - [16/Aug/2025:00:24:10 -0300] "POST /wp-cron.php?doing_wp_cron=1755314650.2287669181823730468750 HTTP/1.1" 200 - "-" "WordPress/6.8.2; https://suporte.komforthouse.com.br"
200.4.115.77 - - [16/Aug/2025:00:24:09 -0300] "POST /wp-admin/admin-ajax.php HTTP/1.1" 400 1 "https://suporte.komforthouse.com.br/?wpsc-section=dashboard" "Mozilla/5.0 (Windows NT 10.0; Win64; x64) AppleWebKit/537.36 (KHTML, like Gecko) Chrome/139.0.0.0 Safari/537.36"
162.214.27.60 - - [16/Aug/2025:00:30:10 -0300] "POST /wp-cron.php?doing_wp_cron=1755315010.0938940048217773437500 HTTP/1.1" 200 - "-" "WordPress/6.8.2; https://suporte.komforthouse.com.br"
200.4.115.77 - - [16/Aug/2025:00:30:09 -0300] "POST /wp-admin/admin-ajax.php HTTP/1.1" 400 1 "https://suporte.komforthouse.com.br/?wpsc-section=dashboard" "Mozilla/5.0 (Windows NT 10.0; Win64; x64) AppleWebKit/537.36 (KHTML, like Gecko) Chrome/139.0.0.0 Safari/537.36"
162.214.27.60 - - [16/Aug/2025:00:33:04 -0300] "POST /wp-cron.php?doing_wp_cron=1755315184.9770419597625732421875 HTTP/1.1" 200 - "-" "WordPress/6.8.2; https://suporte.komforthouse.com.br"
196.251.83.126 - - [16/Aug/2025:00:33:03 -0300] "POST /wp-login.php HTTP/1.1" 200 9793 "-" "Mozilla/5.0"
200.4.115.77 - - [16/Aug/2025:00:36:09 -0300] "POST /wp-admin/admin-ajax.php HTTP/1.1" 400 1 "https://suporte.komforthouse.com.br/?wpsc-section=dashboard" "Mozilla/5.0 (Windows NT 10.0; Win64; x64) AppleWebKit/537.36 (KHTML, like Gecko) Chrome/139.0.0.0 Safari/537.36"
162.214.27.60 - - [16/Aug/2025:00:36:09 -0300] "POST /wp-cron.php?doing_wp_cron=1755315369.9290010929107666015625 HTTP/1.1" 200 - "-" "WordPress/6.8.2; https://suporte.komforthouse.com.br"
162.214.27.60 - - [16/Aug/2025:00:41:10 -0300] "POST /wp-cron.php?doing_wp_cron=1755315670.3121540546417236328125 HTTP/1.1" 200 - "-" "WordPress/6.8.2; https://suporte.komforthouse.com.br"
200.4.115.77 - - [16/Aug/2025:00:41:09 -0300] "POST /wp-admin/admin-ajax.php HTTP/1.1" 400 1 "https://suporte.komforthouse.com.br/?wpsc-section=dashboard" "Mozilla/5.0 (Windows NT 10.0; Win64; x64) AppleWebKit/537.36 (KHTML, like Gecko) Chrome/139.0.0.0 Safari/537.36"
162.214.27.60 - - [16/Aug/2025:00:46:10 -0300] "POST /wp-cron.php?doing_wp_cron=1755315970.1335930824279785156250 HTTP/1.1" 200 - "-" "WordPress/6.8.2; https://suporte.komforthouse.com.br"
200.4.115.77 - - [16/Aug/2025:00:46:09 -0300] "POST /wp-admin/admin-ajax.php HTTP/1.1" 400 1 "https://suporte.komforthouse.com.br/?wpsc-section=dashboard" "Mozilla/5.0 (Windows NT 10.0; Win64; x64) AppleWebKit/537.36 (KHTML, like Gecko) Chrome/139.0.0.0 Safari/537.36"
162.214.27.60 - - [16/Aug/2025:00:51:26 -0300] "POST /wp-cron.php?doing_wp_cron=1755316286.4341320991516113281250 HTTP/1.1" 200 - "-" "WordPress/6.8.2; https://suporte.komforthouse.com.br"
196.251.83.126 - - [16/Aug/2025:00:51:25 -0300] "POST /wp-login.php HTTP/1.1" 200 9793 "-" "Mozilla/5.0"
162.214.27.60 - - [16/Aug/2025:00:52:10 -0300] "POST /wp-cron.php?doing_wp_cron=1755316330.2756059169769287109375 HTTP/1.1" 200 - "-" "WordPress/6.8.2; https://suporte.komforthouse.com.br"
200.4.115.77 - - [16/Aug/2025:00:52:09 -0300] "POST /wp-admin/admin-ajax.php HTTP/1.1" 400 1 "https://suporte.komforthouse.com.br/?wpsc-section=dashboard" "Mozilla/5.0 (Windows NT 10.0; Win64; x64) AppleWebKit/537.36 (KHTML, like Gecko) Chrome/139.0.0.0 Safari/537.36"
200.4.115.77 - - [16/Aug/2025:00:57:09 -0300] "POST /wp-admin/admin-ajax.php HTTP/1.1" 400 1 "https://suporte.komforthouse.com.br/?wpsc-section=dashboard" "Mozilla/5.0 (Windows NT 10.0; Win64; x64) AppleWebKit/537.36 (KHTML, like Gecko) Chrome/139.0.0.0 Safari/537.36"
162.214.27.60 - - [16/Aug/2025:01:03:10 -0300] "POST /wp-cron.php?doing_wp_cron=1755316990.0090460777282714843750 HTTP/1.1" 200 - "-" "WordPress/6.8.2; https://suporte.komforthouse.com.br"
200.4.115.77 - - [16/Aug/2025:01:03:09 -0300] "POST /wp-admin/admin-ajax.php HTTP/1.1" 400 1 "https://suporte.komforthouse.com.br/?wpsc-section=dashboard" "Mozilla/5.0 (Windows NT 10.0; Win64; x64) AppleWebKit/537.36 (KHTML, like Gecko) Chrome/139.0.0.0 Safari/537.36"
162.214.27.60 - - [16/Aug/2025:00:57:10 -0300] "POST /wp-cron.php?doing_wp_cron=1755316630.2326080799102783203125 HTTP/1.1" 200 - "-" "WordPress/6.8.2; https://suporte.komforthouse.com.br"
162.214.27.60 - - [16/Aug/2025:01:08:10 -0300] "POST /wp-cron.php?doing_wp_cron=1755317289.9933938980102539062500 HTTP/1.1" 200 - "-" "WordPress/6.8.2; https://suporte.komforthouse.com.br"
200.4.115.77 - - [16/Aug/2025:01:08:09 -0300] "POST /wp-admin/admin-ajax.php HTTP/1.1" 400 1 "https://suporte.komforthouse.com.br/?wpsc-section=dashboard" "Mozilla/5.0 (Windows NT 10.0; Win64; x64) AppleWebKit/537.36 (KHTML, like Gecko) Chrome/139.0.0.0 Safari/537.36"
196.251.83.126 - - [16/Aug/2025:01:09:51 -0300] "POST /wp-login.php HTTP/1.1" 200 9793 "-" "Mozilla/5.0"
162.214.27.60 - - [16/Aug/2025:01:09:53 -0300] "POST /wp-cron.php?doing_wp_cron=1755317393.1140890121459960937500 HTTP/1.1" 200 - "-" "WordPress/6.8.2; https://suporte.komforthouse.com.br"
200.4.115.77 - - [16/Aug/2025:01:14:09 -0300] "POST /wp-admin/admin-ajax.php HTTP/1.1" 400 1 "https://suporte.komforthouse.com.br/?wpsc-section=dashboard" "Mozilla/5.0 (Windows NT 10.0; Win64; x64) AppleWebKit/537.36 (KHTML, like Gecko) Chrome/139.0.0.0 Safari/537.36"
162.214.27.60 - - [16/Aug/2025:01:14:10 -0300] "POST /wp-cron.php?doing_wp_cron=1755317650.5676560401916503906250 HTTP/1.1" 200 - "-" "WordPress/6.8.2; https://suporte.komforthouse.com.br"
200.4.115.77 - - [16/Aug/2025:01:20:09 -0300] "POST /wp-admin/admin-ajax.php HTTP/1.1" 400 1 "https://suporte.komforthouse.com.br/?wpsc-section=dashboard" "Mozilla/5.0 (Windows NT 10.0; Win64; x64) AppleWebKit/537.36 (KHTML, like Gecko) Chrome/139.0.0.0 Safari/537.36"
162.214.27.60 - - [16/Aug/2025:01:20:10 -0300] "POST /wp-cron.php?doing_wp_cron=1755318010.3120100498199462890625 HTTP/1.1" 200 - "-" "WordPress/6.8.2; https://suporte.komforthouse.com.br"
162.214.27.60 - - [16/Aug/2025:01:25:09 -0300] "POST /wp-cron.php?doing_wp_cron=1755318309.9095749855041503906250 HTTP/1.1" 200 - "-" "WordPress/6.8.2; https://suporte.komforthouse.com.br"
200.4.115.77 - - [16/Aug/2025:01:25:09 -0300] "POST /wp-admin/admin-ajax.php HTTP/1.1" 400 1 "https://suporte.komforthouse.com.br/?wpsc-section=dashboard" "Mozilla/5.0 (Windows NT 10.0; Win64; x64) AppleWebKit/537.36 (KHTML, like Gecko) Chrome/139.0.0.0 Safari/537.36"
162.214.27.60 - - [16/Aug/2025:01:28:22 -0300] "POST /wp-cron.php?doing_wp_cron=1755318502.8967220783233642578125 HTTP/1.1" 200 - "-" "WordPress/6.8.2; https://suporte.komforthouse.com.br"
196.251.83.126 - - [16/Aug/2025:01:28:22 -0300] "POST /wp-login.php HTTP/1.1" 200 9793 "-" "Mozilla/5.0"
200.4.115.77 - - [16/Aug/2025:01:31:09 -0300] "POST /wp-admin/admin-ajax.php HTTP/1.1" 400 1 "https://suporte.komforthouse.com.br/?wpsc-section=dashboard" "Mozilla/5.0 (Windows NT 10.0; Win64; x64) AppleWebKit/537.36 (KHTML, like Gecko) Chrome/139.0.0.0 Safari/537.36"
162.214.27.60 - - [16/Aug/2025:01:31:10 -0300] "POST /wp-cron.php?doing_wp_cron=1755318670.2770740985870361328125 HTTP/1.1" 200 - "-" "WordPress/6.8.2; https://suporte.komforthouse.com.br"
162.214.27.60 - - [16/Aug/2025:01:37:09 -0300] "POST /wp-cron.php?doing_wp_cron=1755319029.9238219261169433593750 HTTP/1.1" 200 - "-" "WordPress/6.8.2; https://suporte.komforthouse.com.br"
200.4.115.77 - - [16/Aug/2025:01:37:09 -0300] "POST /wp-admin/admin-ajax.php HTTP/1.1" 400 1 "https://suporte.komforthouse.com.br/?wpsc-section=dashboard" "Mozilla/5.0 (Windows NT 10.0; Win64; x64) AppleWebKit/537.36 (KHTML, like Gecko) Chrome/139.0.0.0 Safari/537.36"
162.214.27.60 - - [16/Aug/2025:01:43:10 -0300] "POST /wp-cron.php?doing_wp_cron=1755319390.1830260753631591796875 HTTP/1.1" 200 - "-" "WordPress/6.8.2; https://suporte.komforthouse.com.br"
200.4.115.77 - - [16/Aug/2025:01:43:09 -0300] "POST /wp-admin/admin-ajax.php HTTP/1.1" 400 1 "https://suporte.komforthouse.com.br/?wpsc-section=dashboard" "Mozilla/5.0 (Windows NT 10.0; Win64; x64) AppleWebKit/537.36 (KHTML, like Gecko) Chrome/139.0.0.0 Safari/537.36"
196.251.83.126 - - [16/Aug/2025:01:46:42 -0300] "POST /wp-login.php HTTP/1.1" 200 9793 "-" "Mozilla/5.0"
162.214.27.60 - - [16/Aug/2025:01:46:43 -0300] "POST /wp-cron.php?doing_wp_cron=1755319603.4474658966064453125000 HTTP/1.1" 200 - "-" "WordPress/6.8.2; https://suporte.komforthouse.com.br"
162.214.27.60 - - [16/Aug/2025:01:48:10 -0300] "POST /wp-cron.php?doing_wp_cron=1755319690.0133140087127685546875 HTTP/1.1" 200 - "-" "WordPress/6.8.2; https://suporte.komforthouse.com.br"
200.4.115.77 - - [16/Aug/2025:01:48:09 -0300] "POST /wp-admin/admin-ajax.php HTTP/1.1" 400 1 "https://suporte.komforthouse.com.br/?wpsc-section=dashboard" "Mozilla/5.0 (Windows NT 10.0; Win64; x64) AppleWebKit/537.36 (KHTML, like Gecko) Chrome/139.0.0.0 Safari/537.36"
162.214.27.60 - - [16/Aug/2025:01:53:10 -0300] "POST /wp-cron.php?doing_wp_cron=1755319990.0575580596923828125000 HTTP/1.1" 200 - "-" "WordPress/6.8.2; https://suporte.komforthouse.com.br"
200.4.115.77 - - [16/Aug/2025:01:53:09 -0300] "POST /wp-admin/admin-ajax.php HTTP/1.1" 400 1 "https://suporte.komforthouse.com.br/?wpsc-section=dashboard" "Mozilla/5.0 (Windows NT 10.0; Win64; x64) AppleWebKit/537.36 (KHTML, like Gecko) Chrome/139.0.0.0 Safari/537.36"
162.214.27.60 - - [16/Aug/2025:01:55:10 -0300] "POST /wp-cron.php?doing_wp_cron=1755320110.7737898826599121093750 HTTP/1.1" 200 - "-" "WordPress/6.8.2; https://suporte.komforthouse.com.br"
114.119.146.120 - - [16/Aug/2025:01:55:09 -0300] "GET /?a=add&language=English HTTP/1.1" 200 135632 "http://suporte.komforthouse.com.br/index.php?a=add&language=English" "Mozilla/5.0 (Linux; Android 7.0;) AppleWebKit/537.36 (KHTML, like Gecko) Mobile Safari/537.36 (compatible; PetalBot;+https://webmaster.petalsearch.com/site/petalbot)"
162.214.27.60 - - [16/Aug/2025:01:56:23 -0300] "POST /wp-cron.php?doing_wp_cron=1755320183.0177431106567382812500 HTTP/1.1" 200 - "-" "WordPress/6.8.2; https://suporte.komforthouse.com.br"
45.61.187.12 - - [16/Aug/2025:01:56:21 -0300] "GET /wp-login.php HTTP/1.1" 200 9379 "-" "Mozilla/5.0 (iPhone; CPU iPhone OS 7_1_1 like Mac OS X) AppleWebKit/537.51.2 (KHTML, like Gecko) Version/7.0 Mobile/11D201 Safari/9537.53"
162.214.27.60 - - [16/Aug/2025:01:58:10 -0300] "POST /wp-cron.php?doing_wp_cron=1755320290.0945870876312255859375 HTTP/1.1" 200 - "-" "WordPress/6.8.2; https://suporte.komforthouse.com.br"
200.4.115.77 - - [16/Aug/2025:01:58:09 -0300] "POST /wp-admin/admin-ajax.php HTTP/1.1" 400 1 "https://suporte.komforthouse.com.br/?wpsc-section=dashboard" "Mozilla/5.0 (Windows NT 10.0; Win64; x64) AppleWebKit/537.36 (KHTML, like Gecko) Chrome/139.0.0.0 Safari/537.36"
45.61.187.12 - - [16/Aug/2025:01:58:52 -0300] "POST /wp-login.php HTTP/1.1" 200 9811 "-" "Mozilla/5.0 (iPhone; CPU iPhone OS 7_1_1 like Mac OS X) AppleWebKit/537.51.2 (KHTML, like Gecko) Version/7.0 Mobile/11D201 Safari/9537.53"
162.214.27.60 - - [16/Aug/2025:02:03:10 -0300] "POST /wp-cron.php?doing_wp_cron=1755320590.2443869113922119140625 HTTP/1.1" 200 - "-" "WordPress/6.8.2; https://suporte.komforthouse.com.br"
200.4.115.77 - - [16/Aug/2025:02:03:09 -0300] "POST /wp-admin/admin-ajax.php HTTP/1.1" 400 1 "https://suporte.komforthouse.com.br/?wpsc-section=dashboard" "Mozilla/5.0 (Windows NT 10.0; Win64; x64) AppleWebKit/537.36 (KHTML, like Gecko) Chrome/139.0.0.0 Safari/537.36"
162.214.27.60 - - [16/Aug/2025:02:05:07 -0300] "POST /wp-cron.php?doing_wp_cron=1755320707.7116830348968505859375 HTTP/1.1" 200 - "-" "WordPress/6.8.2; https://suporte.komforthouse.com.br"
196.251.83.126 - - [16/Aug/2025:02:05:06 -0300] "POST /wp-login.php HTTP/1.1" 200 9793 "-" "Mozilla/5.0"
162.214.27.60 - - [16/Aug/2025:02:09:10 -0300] "POST /wp-cron.php?doing_wp_cron=1755320950.1412661075592041015625 HTTP/1.1" 200 - "-" "WordPress/6.8.2; https://suporte.komforthouse.com.br"
200.4.115.77 - - [16/Aug/2025:02:09:09 -0300] "POST /wp-admin/admin-ajax.php HTTP/1.1" 400 1 "https://suporte.komforthouse.com.br/?wpsc-section=dashboard" "Mozilla/5.0 (Windows NT 10.0; Win64; x64) AppleWebKit/537.36 (KHTML, like Gecko) Chrome/139.0.0.0 Safari/537.36"
162.214.27.60 - - [16/Aug/2025:02:15:10 -0300] "POST /wp-cron.php?doing_wp_cron=1755321310.1489899158477783203125 HTTP/1.1" 200 - "-" "WordPress/6.8.2; https://suporte.komforthouse.com.br"
200.4.115.77 - - [16/Aug/2025:02:15:09 -0300] "POST /wp-admin/admin-ajax.php HTTP/1.1" 400 1 "https://suporte.komforthouse.com.br/?wpsc-section=dashboard" "Mozilla/5.0 (Windows NT 10.0; Win64; x64) AppleWebKit/537.36 (KHTML, like Gecko) Chrome/139.0.0.0 Safari/537.36"
200.4.115.77 - - [16/Aug/2025:02:21:09 -0300] "POST /wp-admin/admin-ajax.php HTTP/1.1" 400 1 "https://suporte.komforthouse.com.br/?wpsc-section=dashboard" "Mozilla/5.0 (Windows NT 10.0; Win64; x64) AppleWebKit/537.36 (KHTML, like Gecko) Chrome/139.0.0.0 Safari/537.36"
162.214.27.60 - - [16/Aug/2025:02:21:10 -0300] "POST /wp-cron.php?doing_wp_cron=1755321670.2251811027526855468750 HTTP/1.1" 200 - "-" "WordPress/6.8.2; https://suporte.komforthouse.com.br"
162.214.27.60 - - [16/Aug/2025:02:23:48 -0300] "POST /wp-cron.php?doing_wp_cron=1755321828.8386170864105224609375 HTTP/1.1" 200 - "-" "WordPress/6.8.2; https://suporte.komforthouse.com.br"
196.251.83.126 - - [16/Aug/2025:02:23:47 -0300] "POST /wp-login.php HTTP/1.1" 200 9793 "-" "Mozilla/5.0"
200.4.115.77 - - [16/Aug/2025:02:26:09 -0300] "POST /wp-admin/admin-ajax.php HTTP/1.1" 400 1 "https://suporte.komforthouse.com.br/?wpsc-section=dashboard" "Mozilla/5.0 (Windows NT 10.0; Win64; x64) AppleWebKit/537.36 (KHTML, like Gecko) Chrome/139.0.0.0 Safari/537.36"
162.214.27.60 - - [16/Aug/2025:02:26:10 -0300] "POST /wp-cron.php?doing_wp_cron=1755321970.2641799449920654296875 HTTP/1.1" 200 - "-" "WordPress/6.8.2; https://suporte.komforthouse.com.br"
200.4.115.77 - - [16/Aug/2025:02:31:09 -0300] "POST /wp-admin/admin-ajax.php HTTP/1.1" 400 1 "https://suporte.komforthouse.com.br/?wpsc-section=dashboard" "Mozilla/5.0 (Windows NT 10.0; Win64; x64) AppleWebKit/537.36 (KHTML, like Gecko) Chrome/139.0.0.0 Safari/537.36"
162.214.27.60 - - [16/Aug/2025:02:31:10 -0300] "POST /wp-cron.php?doing_wp_cron=1755322270.3754270076751708984375 HTTP/1.1" 200 - "-" "WordPress/6.8.2; https://suporte.komforthouse.com.br"
162.214.27.60 - - [16/Aug/2025:02:37:10 -0300] "POST /wp-cron.php?doing_wp_cron=1755322630.2011039257049560546875 HTTP/1.1" 200 - "-" "WordPress/6.8.2; https://suporte.komforthouse.com.br"
200.4.115.77 - - [16/Aug/2025:02:37:09 -0300] "POST /wp-admin/admin-ajax.php HTTP/1.1" 400 1 "https://suporte.komforthouse.com.br/?wpsc-section=dashboard" "Mozilla/5.0 (Windows NT 10.0; Win64; x64) AppleWebKit/537.36 (KHTML, like Gecko) Chrome/139.0.0.0 Safari/537.36"
200.4.115.77 - - [16/Aug/2025:02:42:09 -0300] "POST /wp-admin/admin-ajax.php HTTP/1.1" 400 1 "https://suporte.komforthouse.com.br/?wpsc-section=dashboard" "Mozilla/5.0 (Windows NT 10.0; Win64; x64) AppleWebKit/537.36 (KHTML, like Gecko) Chrome/139.0.0.0 Safari/537.36"
162.214.27.60 - - [16/Aug/2025:02:42:10 -0300] "POST /wp-cron.php?doing_wp_cron=1755322930.5395650863647460937500 HTTP/1.1" 200 - "-" "WordPress/6.8.2; https://suporte.komforthouse.com.br"
209.141.37.216 - - [16/Aug/2025:02:42:24 -0300] "GET /wp-login.php HTTP/1.1" 200 9379 "-" "Mozilla/5.0 (Windows NT 6.1) AppleWebKit/537.36 (KHTML, like Gecko) Chrome/36.0.1985.125 Safari/537.36"
196.251.83.126 - - [16/Aug/2025:02:42:25 -0300] "POST /wp-login.php HTTP/1.1" 200 9793 "-" "Mozilla/5.0"
162.214.27.60 - - [16/Aug/2025:02:43:47 -0300] "POST /wp-cron.php?doing_wp_cron=1755323027.9396131038665771484375 HTTP/1.1" 200 - "-" "WordPress/6.8.2; https://suporte.komforthouse.com.br"
209.141.37.216 - - [16/Aug/2025:02:43:46 -0300] "POST /wp-login.php HTTP/1.1" 200 9811 "-" "Mozilla/5.0 (Windows NT 6.1) AppleWebKit/537.36 (KHTML, like Gecko) Chrome/36.0.1985.125 Safari/537.36"
162.214.27.60 - - [16/Aug/2025:02:47:10 -0300] "POST /wp-cron.php?doing_wp_cron=1755323230.1456499099731445312500 HTTP/1.1" 200 - "-" "WordPress/6.8.2; https://suporte.komforthouse.com.br"
200.4.115.77 - - [16/Aug/2025:02:47:09 -0300] "POST /wp-admin/admin-ajax.php HTTP/1.1" 400 1 "https://suporte.komforthouse.com.br/?wpsc-section=dashboard" "Mozilla/5.0 (Windows NT 10.0; Win64; x64) AppleWebKit/537.36 (KHTML, like Gecko) Chrome/139.0.0.0 Safari/537.36"
107.189.1.156 - - [16/Aug/2025:02:50:53 -0300] "GET /wp-login.php HTTP/1.1" 200 9379 "-" "Mozilla/5.0 (Windows NT 6.1; WOW64; rv:29.0) Gecko/20100101 Firefox/29.0"
162.214.27.60 - - [16/Aug/2025:02:50:54 -0300] "POST /wp-cron.php?doing_wp_cron=1755323454.9561989307403564453125 HTTP/1.1" 200 - "-" "WordPress/6.8.2; https://suporte.komforthouse.com.br"
162.214.27.60 - - [16/Aug/2025:02:52:17 -0300] "POST /wp-cron.php?doing_wp_cron=1755323537.1814880371093750000000 HTTP/1.1" 200 - "-" "WordPress/6.8.2; https://suporte.komforthouse.com.br"
107.189.1.156 - - [16/Aug/2025:02:52:16 -0300] "POST /wp-login.php HTTP/1.1" 200 9811 "-" "Mozilla/5.0 (Windows NT 6.1; WOW64; rv:29.0) Gecko/20100101 Firefox/29.0"
162.214.27.60 - - [16/Aug/2025:02:53:09 -0300] "POST /wp-cron.php?doing_wp_cron=1755323589.9200999736785888671875 HTTP/1.1" 200 - "-" "WordPress/6.8.2; https://suporte.komforthouse.com.br"
200.4.115.77 - - [16/Aug/2025:02:53:09 -0300] "POST /wp-admin/admin-ajax.php HTTP/1.1" 400 1 "https://suporte.komforthouse.com.br/?wpsc-section=dashboard" "Mozilla/5.0 (Windows NT 10.0; Win64; x64) AppleWebKit/537.36 (KHTML, like Gecko) Chrome/139.0.0.0 Safari/537.36"
162.214.27.60 - - [16/Aug/2025:02:59:09 -0300] "POST /wp-cron.php?doing_wp_cron=1755323949.9417729377746582031250 HTTP/1.1" 200 - "-" "WordPress/6.8.2; https://suporte.komforthouse.com.br"
200.4.115.77 - - [16/Aug/2025:02:59:09 -0300] "POST /wp-admin/admin-ajax.php HTTP/1.1" 400 1 "https://suporte.komforthouse.com.br/?wpsc-section=dashboard" "Mozilla/5.0 (Windows NT 10.0; Win64; x64) AppleWebKit/537.36 (KHTML, like Gecko) Chrome/139.0.0.0 Safari/537.36"
196.251.83.126 - - [16/Aug/2025:03:01:04 -0300] "POST /wp-login.php HTTP/1.1" 200 9793 "-" "Mozilla/5.0"
162.214.27.60 - - [16/Aug/2025:03:01:05 -0300] "POST /wp-cron.php?doing_wp_cron=1755324065.7527930736541748046875 HTTP/1.1" 200 - "-" "WordPress/6.8.2; https://suporte.komforthouse.com.br"
162.214.27.60 - - [16/Aug/2025:03:04:10 -0300] "POST /wp-cron.php?doing_wp_cron=1755324250.0461950302124023437500 HTTP/1.1" 200 - "-" "WordPress/6.8.2; https://suporte.komforthouse.com.br"
200.4.115.77 - - [16/Aug/2025:03:04:09 -0300] "POST /wp-admin/admin-ajax.php HTTP/1.1" 400 1 "https://suporte.komforthouse.com.br/?wpsc-section=dashboard" "Mozilla/5.0 (Windows NT 10.0; Win64; x64) AppleWebKit/537.36 (KHTML, like Gecko) Chrome/139.0.0.0 Safari/537.36"
200.4.115.77 - - [16/Aug/2025:03:09:09 -0300] "POST /wp-admin/admin-ajax.php HTTP/1.1" 400 1 "https://suporte.komforthouse.com.br/?wpsc-section=dashboard" "Mozilla/5.0 (Windows NT 10.0; Win64; x64) AppleWebKit/537.36 (KHTML, like Gecko) Chrome/139.0.0.0 Safari/537.36"
162.214.27.60 - - [16/Aug/2025:03:09:10 -0300] "POST /wp-cron.php?doing_wp_cron=1755324550.2222330570220947265625 HTTP/1.1" 200 - "-" "WordPress/6.8.2; https://suporte.komforthouse.com.br"
162.214.27.60 - - [16/Aug/2025:03:15:10 -0300] "POST /wp-cron.php?doing_wp_cron=1755324910.1132700443267822265625 HTTP/1.1" 200 - "-" "WordPress/6.8.2; https://suporte.komforthouse.com.br"
200.4.115.77 - - [16/Aug/2025:03:15:09 -0300] "POST /wp-admin/admin-ajax.php HTTP/1.1" 400 1 "https://suporte.komforthouse.com.br/?wpsc-section=dashboard" "Mozilla/5.0 (Windows NT 10.0; Win64; x64) AppleWebKit/537.36 (KHTML, like Gecko) Chrome/139.0.0.0 Safari/537.36"
162.214.27.60 - - [16/Aug/2025:03:19:41 -0300] "POST /wp-cron.php?doing_wp_cron=1755325181.2817800045013427734375 HTTP/1.1" 200 - "-" "WordPress/6.8.2; https://suporte.komforthouse.com.br"
196.251.83.126 - - [16/Aug/2025:03:19:40 -0300] "POST /wp-login.php HTTP/1.1" 200 9793 "-" "Mozilla/5.0"
200.4.115.77 - - [16/Aug/2025:03:20:09 -0300] "POST /wp-admin/admin-ajax.php HTTP/1.1" 400 1 "https://suporte.komforthouse.com.br/?wpsc-section=dashboard" "Mozilla/5.0 (Windows NT 10.0; Win64; x64) AppleWebKit/537.36 (KHTML, like Gecko) Chrome/139.0.0.0 Safari/537.36"
162.214.27.60 - - [16/Aug/2025:03:20:10 -0300] "POST /wp-cron.php?doing_wp_cron=1755325210.1917231082916259765625 HTTP/1.1" 200 - "-" "WordPress/6.8.2; https://suporte.komforthouse.com.br"
162.214.27.60 - - [16/Aug/2025:03:26:10 -0300] "POST /wp-cron.php?doing_wp_cron=1755325570.1567380428314208984375 HTTP/1.1" 200 - "-" "WordPress/6.8.2; https://suporte.komforthouse.com.br"
200.4.115.77 - - [16/Aug/2025:03:26:09 -0300] "POST /wp-admin/admin-ajax.php HTTP/1.1" 400 1 "https://suporte.komforthouse.com.br/?wpsc-section=dashboard" "Mozilla/5.0 (Windows NT 10.0; Win64; x64) AppleWebKit/537.36 (KHTML, like Gecko) Chrome/139.0.0.0 Safari/537.36"
200.4.115.77 - - [16/Aug/2025:03:31:09 -0300] "POST /wp-admin/admin-ajax.php HTTP/1.1" 400 1 "https://suporte.komforthouse.com.br/?wpsc-section=dashboard" "Mozilla/5.0 (Windows NT 10.0; Win64; x64) AppleWebKit/537.36 (KHTML, like Gecko) Chrome/139.0.0.0 Safari/537.36"
162.214.27.60 - - [16/Aug/2025:03:31:10 -0300] "POST /wp-cron.php?doing_wp_cron=1755325870.0806939601898193359375 HTTP/1.1" 200 - "-" "WordPress/6.8.2; https://suporte.komforthouse.com.br"
200.4.115.77 - - [16/Aug/2025:03:37:09 -0300] "POST /wp-admin/admin-ajax.php HTTP/1.1" 400 1 "https://suporte.komforthouse.com.br/?wpsc-section=dashboard" "Mozilla/5.0 (Windows NT 10.0; Win64; x64) AppleWebKit/537.36 (KHTML, like Gecko) Chrome/139.0.0.0 Safari/537.36"
162.214.27.60 - - [16/Aug/2025:03:37:10 -0300] "POST /wp-cron.php?doing_wp_cron=1755326230.1340639591217041015625 HTTP/1.1" 200 - "-" "WordPress/6.8.2; https://suporte.komforthouse.com.br"
196.251.83.126 - - [16/Aug/2025:03:38:27 -0300] "POST /wp-login.php HTTP/1.1" 200 9793 "-" "Mozilla/5.0"
162.214.27.60 - - [16/Aug/2025:03:38:29 -0300] "POST /wp-cron.php?doing_wp_cron=1755326309.3231780529022216796875 HTTP/1.1" 200 - "-" "WordPress/6.8.2; https://suporte.komforthouse.com.br"
200.4.115.77 - - [16/Aug/2025:03:43:09 -0300] "POST /wp-admin/admin-ajax.php HTTP/1.1" 400 1 "https://suporte.komforthouse.com.br/?wpsc-section=dashboard" "Mozilla/5.0 (Windows NT 10.0; Win64; x64) AppleWebKit/537.36 (KHTML, like Gecko) Chrome/139.0.0.0 Safari/537.36"
162.214.27.60 - - [16/Aug/2025:03:43:09 -0300] "POST /wp-cron.php?doing_wp_cron=1755326589.8697769641876220703125 HTTP/1.1" 200 - "-" "WordPress/6.8.2; https://suporte.komforthouse.com.br"
162.214.27.60 - - [16/Aug/2025:03:48:10 -0300] "POST /wp-cron.php?doing_wp_cron=1755326890.1571230888366699218750 HTTP/1.1" 200 - "-" "WordPress/6.8.2; https://suporte.komforthouse.com.br"
200.4.115.77 - - [16/Aug/2025:03:48:09 -0300] "POST /wp-admin/admin-ajax.php HTTP/1.1" 400 1 "https://suporte.komforthouse.com.br/?wpsc-section=dashboard" "Mozilla/5.0 (Windows NT 10.0; Win64; x64) AppleWebKit/537.36 (KHTML, like Gecko) Chrome/139.0.0.0 Safari/537.36"
162.214.27.60 - - [16/Aug/2025:03:54:09 -0300] "POST /wp-cron.php?doing_wp_cron=1755327249.9187901020050048828125 HTTP/1.1" 200 - "-" "WordPress/6.8.2; https://suporte.komforthouse.com.br"
200.4.115.77 - - [16/Aug/2025:03:54:09 -0300] "POST /wp-admin/admin-ajax.php HTTP/1.1" 400 1 "https://suporte.komforthouse.com.br/?wpsc-section=dashboard" "Mozilla/5.0 (Windows NT 10.0; Win64; x64) AppleWebKit/537.36 (KHTML, like Gecko) Chrome/139.0.0.0 Safari/537.36"
196.251.83.126 - - [16/Aug/2025:03:57:11 -0300] "POST /wp-login.php HTTP/1.1" 200 9793 "-" "Mozilla/5.0"
162.214.27.60 - - [16/Aug/2025:03:57:12 -0300] "POST /wp-cron.php?doing_wp_cron=1755327432.7904748916625976562500 HTTP/1.1" 200 - "-" "WordPress/6.8.2; https://suporte.komforthouse.com.br"
200.4.115.77 - - [16/Aug/2025:04:00:09 -0300] "POST /wp-admin/admin-ajax.php HTTP/1.1" 400 1 "https://suporte.komforthouse.com.br/?wpsc-section=dashboard" "Mozilla/5.0 (Windows NT 10.0; Win64; x64) AppleWebKit/537.36 (KHTML, like Gecko) Chrome/139.0.0.0 Safari/537.36"
162.214.27.60 - - [16/Aug/2025:04:00:11 -0300] "POST /wp-cron.php?doing_wp_cron=1755327611.5803461074829101562500 HTTP/1.1" 200 - "-" "WordPress/6.8.2; https://suporte.komforthouse.com.br"
162.214.27.60 - - [16/Aug/2025:04:05:11 -0300] "POST /wp-cron.php?doing_wp_cron=1755327911.6022009849548339843750 HTTP/1.1" 200 - "-" "WordPress/6.8.2; https://suporte.komforthouse.com.br"
200.4.115.77 - - [16/Aug/2025:04:05:09 -0300] "POST /wp-admin/admin-ajax.php HTTP/1.1" 400 1 "https://suporte.komforthouse.com.br/?wpsc-section=dashboard" "Mozilla/5.0 (Windows NT 10.0; Win64; x64) AppleWebKit/537.36 (KHTML, like Gecko) Chrome/139.0.0.0 Safari/537.36"
200.4.115.77 - - [16/Aug/2025:04:11:09 -0300] "POST /wp-admin/admin-ajax.php HTTP/1.1" 400 1 "https://suporte.komforthouse.com.br/?wpsc-section=dashboard" "Mozilla/5.0 (Windows NT 10.0; Win64; x64) AppleWebKit/537.36 (KHTML, like Gecko) Chrome/139.0.0.0 Safari/537.36"
162.214.27.60 - - [16/Aug/2025:04:11:10 -0300] "POST /wp-cron.php?doing_wp_cron=1755328270.0448079109191894531250 HTTP/1.1" 200 - "-" "WordPress/6.8.2; https://suporte.komforthouse.com.br"
162.214.27.60 - - [16/Aug/2025:04:16:10 -0300] "POST /wp-cron.php?doing_wp_cron=1755328570.8384909629821777343750 HTTP/1.1" 200 - "-" "WordPress/6.8.2; https://suporte.komforthouse.com.br"
196.251.83.126 - - [16/Aug/2025:04:16:09 -0300] "POST /wp-login.php HTTP/1.1" 200 9793 "-" "Mozilla/5.0"
200.4.115.77 - - [16/Aug/2025:04:17:09 -0300] "POST /wp-admin/admin-ajax.php HTTP/1.1" 400 1 "https://suporte.komforthouse.com.br/?wpsc-section=dashboard" "Mozilla/5.0 (Windows NT 10.0; Win64; x64) AppleWebKit/537.36 (KHTML, like Gecko) Chrome/139.0.0.0 Safari/537.36"
162.214.27.60 - - [16/Aug/2025:04:17:10 -0300] "POST /wp-cron.php?doing_wp_cron=1755328630.2625260353088378906250 HTTP/1.1" 200 - "-" "WordPress/6.8.2; https://suporte.komforthouse.com.br"
200.4.115.77 - - [16/Aug/2025:04:22:09 -0300] "POST /wp-admin/admin-ajax.php HTTP/1.1" 400 1 "https://suporte.komforthouse.com.br/?wpsc-section=dashboard" "Mozilla/5.0 (Windows NT 10.0; Win64; x64) AppleWebKit/537.36 (KHTML, like Gecko) Chrome/139.0.0.0 Safari/537.36"
162.214.27.60 - - [16/Aug/2025:04:22:10 -0300] "POST /wp-cron.php?doing_wp_cron=1755328930.2943201065063476562500 HTTP/1.1" 200 - "-" "WordPress/6.8.2; https://suporte.komforthouse.com.br"
200.4.115.77 - - [16/Aug/2025:04:27:09 -0300] "POST /wp-admin/admin-ajax.php HTTP/1.1" 400 1 "https://suporte.komforthouse.com.br/?wpsc-section=dashboard" "Mozilla/5.0 (Windows NT 10.0; Win64; x64) AppleWebKit/537.36 (KHTML, like Gecko) Chrome/139.0.0.0 Safari/537.36"
162.214.27.60 - - [16/Aug/2025:04:27:10 -0300] "POST /wp-cron.php?doing_wp_cron=1755329230.4960908889770507812500 HTTP/1.1" 200 - "-" "WordPress/6.8.2; https://suporte.komforthouse.com.br"
200.4.115.77 - - [16/Aug/2025:04:33:09 -0300] "POST /wp-admin/admin-ajax.php HTTP/1.1" 400 1 "https://suporte.komforthouse.com.br/?wpsc-section=dashboard" "Mozilla/5.0 (Windows NT 10.0; Win64; x64) AppleWebKit/537.36 (KHTML, like Gecko) Chrome/139.0.0.0 Safari/537.36"
162.214.27.60 - - [16/Aug/2025:04:33:10 -0300] "POST /wp-cron.php?doing_wp_cron=1755329590.7268500328063964843750 HTTP/1.1" 200 - "-" "WordPress/6.8.2; https://suporte.komforthouse.com.br"
162.214.27.60 - - [16/Aug/2025:04:34:52 -0300] "POST /wp-cron.php?doing_wp_cron=1755329692.3447771072387695312500 HTTP/1.1" 200 - "-" "WordPress/6.8.2; https://suporte.komforthouse.com.br"
196.251.83.126 - - [16/Aug/2025:04:34:51 -0300] "POST /wp-login.php HTTP/1.1" 200 9793 "-" "Mozilla/5.0"
162.214.27.60 - - [16/Aug/2025:04:38:10 -0300] "POST /wp-cron.php?doing_wp_cron=1755329890.3417129516601562500000 HTTP/1.1" 200 - "-" "WordPress/6.8.2; https://suporte.komforthouse.com.br"
200.4.115.77 - - [16/Aug/2025:04:38:09 -0300] "POST /wp-admin/admin-ajax.php HTTP/1.1" 400 1 "https://suporte.komforthouse.com.br/?wpsc-section=dashboard" "Mozilla/5.0 (Windows NT 10.0; Win64; x64) AppleWebKit/537.36 (KHTML, like Gecko) Chrome/139.0.0.0 Safari/537.36"
200.4.115.77 - - [16/Aug/2025:04:43:09 -0300] "POST /wp-admin/admin-ajax.php HTTP/1.1" 400 1 "https://suporte.komforthouse.com.br/?wpsc-section=dashboard" "Mozilla/5.0 (Windows NT 10.0; Win64; x64) AppleWebKit/537.36 (KHTML, like Gecko) Chrome/139.0.0.0 Safari/537.36"
162.214.27.60 - - [16/Aug/2025:04:43:10 -0300] "POST /wp-cron.php?doing_wp_cron=1755330190.2299590110778808593750 HTTP/1.1" 200 - "-" "WordPress/6.8.2; https://suporte.komforthouse.com.br"
200.4.115.77 - - [16/Aug/2025:04:49:09 -0300] "POST /wp-admin/admin-ajax.php HTTP/1.1" 400 1 "https://suporte.komforthouse.com.br/?wpsc-section=dashboard" "Mozilla/5.0 (Windows NT 10.0; Win64; x64) AppleWebKit/537.36 (KHTML, like Gecko) Chrome/139.0.0.0 Safari/537.36"
162.214.27.60 - - [16/Aug/2025:04:49:10 -0300] "POST /wp-cron.php?doing_wp_cron=1755330550.3895289897918701171875 HTTP/1.1" 200 - "-" "WordPress/6.8.2; https://suporte.komforthouse.com.br"
162.214.27.60 - - [16/Aug/2025:04:53:29 -0300] "POST /wp-cron.php?doing_wp_cron=1755330809.3346159458160400390625 HTTP/1.1" 200 - "-" "WordPress/6.8.2; https://suporte.komforthouse.com.br"
196.251.83.126 - - [16/Aug/2025:04:53:28 -0300] "POST /wp-login.php HTTP/1.1" 200 9793 "-" "Mozilla/5.0"
162.214.27.60 - - [16/Aug/2025:04:54:10 -0300] "POST /wp-cron.php?doing_wp_cron=1755330850.2987329959869384765625 HTTP/1.1" 200 - "-" "WordPress/6.8.2; https://suporte.komforthouse.com.br"
200.4.115.77 - - [16/Aug/2025:04:54:09 -0300] "POST /wp-admin/admin-ajax.php HTTP/1.1" 400 1 "https://suporte.komforthouse.com.br/?wpsc-section=dashboard" "Mozilla/5.0 (Windows NT 10.0; Win64; x64) AppleWebKit/537.36 (KHTML, like Gecko) Chrome/139.0.0.0 Safari/537.36"
200.4.115.77 - - [16/Aug/2025:05:00:09 -0300] "POST /wp-admin/admin-ajax.php HTTP/1.1" 400 1 "https://suporte.komforthouse.com.br/?wpsc-section=dashboard" "Mozilla/5.0 (Windows NT 10.0; Win64; x64) AppleWebKit/537.36 (KHTML, like Gecko) Chrome/139.0.0.0 Safari/537.36"
162.214.27.60 - - [16/Aug/2025:05:00:10 -0300] "POST /wp-cron.php?doing_wp_cron=1755331210.2736599445343017578125 HTTP/1.1" 200 - "-" "WordPress/6.8.2; https://suporte.komforthouse.com.br"
162.214.27.60 - - [16/Aug/2025:05:05:10 -0300] "POST /wp-cron.php?doing_wp_cron=1755331510.0387260913848876953125 HTTP/1.1" 200 - "-" "WordPress/6.8.2; https://suporte.komforthouse.com.br"
200.4.115.77 - - [16/Aug/2025:05:05:09 -0300] "POST /wp-admin/admin-ajax.php HTTP/1.1" 400 1 "https://suporte.komforthouse.com.br/?wpsc-section=dashboard" "Mozilla/5.0 (Windows NT 10.0; Win64; x64) AppleWebKit/537.36 (KHTML, like Gecko) Chrome/139.0.0.0 Safari/537.36"
200.4.115.77 - - [16/Aug/2025:05:11:09 -0300] "POST /wp-admin/admin-ajax.php HTTP/1.1" 400 1 "https://suporte.komforthouse.com.br/?wpsc-section=dashboard" "Mozilla/5.0 (Windows NT 10.0; Win64; x64) AppleWebKit/537.36 (KHTML, like Gecko) Chrome/139.0.0.0 Safari/537.36"
162.214.27.60 - - [16/Aug/2025:05:11:10 -0300] "POST /wp-cron.php?doing_wp_cron=1755331870.2487139701843261718750 HTTP/1.1" 200 - "-" "WordPress/6.8.2; https://suporte.komforthouse.com.br"
196.251.83.126 - - [16/Aug/2025:05:12:09 -0300] "POST /wp-login.php HTTP/1.1" 200 9793 "-" "Mozilla/5.0"
162.214.27.60 - - [16/Aug/2025:05:12:10 -0300] "POST /wp-cron.php?doing_wp_cron=1755331930.1404368877410888671875 HTTP/1.1" 200 - "-" "WordPress/6.8.2; https://suporte.komforthouse.com.br"
162.214.27.60 - - [16/Aug/2025:05:16:09 -0300] "POST /wp-cron.php?doing_wp_cron=1755332169.9341928958892822265625 HTTP/1.1" 200 - "-" "WordPress/6.8.2; https://suporte.komforthouse.com.br"
200.4.115.77 - - [16/Aug/2025:05:16:09 -0300] "POST /wp-admin/admin-ajax.php HTTP/1.1" 400 1 "https://suporte.komforthouse.com.br/?wpsc-section=dashboard" "Mozilla/5.0 (Windows NT 10.0; Win64; x64) AppleWebKit/537.36 (KHTML, like Gecko) Chrome/139.0.0.0 Safari/537.36"
200.4.115.77 - - [16/Aug/2025:05:22:09 -0300] "POST /wp-admin/admin-ajax.php HTTP/1.1" 400 1 "https://suporte.komforthouse.com.br/?wpsc-section=dashboard" "Mozilla/5.0 (Windows NT 10.0; Win64; x64) AppleWebKit/537.36 (KHTML, like Gecko) Chrome/139.0.0.0 Safari/537.36"
162.214.27.60 - - [16/Aug/2025:05:22:10 -0300] "POST /wp-cron.php?doing_wp_cron=1755332530.1333320140838623046875 HTTP/1.1" 200 - "-" "WordPress/6.8.2; https://suporte.komforthouse.com.br"
162.214.27.60 - - [16/Aug/2025:05:27:10 -0300] "POST /wp-cron.php?doing_wp_cron=1755332830.1463699340820312500000 HTTP/1.1" 200 - "-" "WordPress/6.8.2; https://suporte.komforthouse.com.br"
200.4.115.77 - - [16/Aug/2025:05:27:09 -0300] "POST /wp-admin/admin-ajax.php HTTP/1.1" 400 1 "https://suporte.komforthouse.com.br/?wpsc-section=dashboard" "Mozilla/5.0 (Windows NT 10.0; Win64; x64) AppleWebKit/537.36 (KHTML, like Gecko) Chrome/139.0.0.0 Safari/537.36"
196.251.83.126 - - [16/Aug/2025:05:30:51 -0300] "POST /wp-login.php HTTP/1.1" 200 9793 "-" "Mozilla/5.0"
162.214.27.60 - - [16/Aug/2025:05:30:54 -0300] "POST /wp-cron.php?doing_wp_cron=1755333054.1546850204467773437500 HTTP/1.1" 200 - "-" "WordPress/6.8.2; https://suporte.komforthouse.com.br"
162.214.27.60 - - [16/Aug/2025:05:32:12 -0300] "POST /wp-cron.php?doing_wp_cron=1755333132.7942039966583251953125 HTTP/1.1" 200 - "-" "WordPress/6.8.2; https://suporte.komforthouse.com.br"
200.4.115.77 - - [16/Aug/2025:05:32:09 -0300] "POST /wp-admin/admin-ajax.php HTTP/1.1" 400 1 "https://suporte.komforthouse.com.br/?wpsc-section=dashboard" "Mozilla/5.0 (Windows NT 10.0; Win64; x64) AppleWebKit/537.36 (KHTML, like Gecko) Chrome/139.0.0.0 Safari/537.36"
200.4.115.77 - - [16/Aug/2025:05:38:09 -0300] "POST /wp-admin/admin-ajax.php HTTP/1.1" 400 1 "https://suporte.komforthouse.com.br/?wpsc-section=dashboard" "Mozilla/5.0 (Windows NT 10.0; Win64; x64) AppleWebKit/537.36 (KHTML, like Gecko) Chrome/139.0.0.0 Safari/537.36"
162.214.27.60 - - [16/Aug/2025:05:38:10 -0300] "POST /wp-cron.php?doing_wp_cron=1755333490.1082129478454589843750 HTTP/1.1" 200 - "-" "WordPress/6.8.2; https://suporte.komforthouse.com.br"
162.214.27.60 - - [16/Aug/2025:05:43:09 -0300] "POST /wp-cron.php?doing_wp_cron=1755333789.8708379268646240234375 HTTP/1.1" 200 - "-" "WordPress/6.8.2; https://suporte.komforthouse.com.br"
200.4.115.77 - - [16/Aug/2025:05:43:09 -0300] "POST /wp-admin/admin-ajax.php HTTP/1.1" 400 1 "https://suporte.komforthouse.com.br/?wpsc-section=dashboard" "Mozilla/5.0 (Windows NT 10.0; Win64; x64) AppleWebKit/537.36 (KHTML, like Gecko) Chrome/139.0.0.0 Safari/537.36"
200.4.115.77 - - [16/Aug/2025:05:49:09 -0300] "POST /wp-admin/admin-ajax.php HTTP/1.1" 400 1 "https://suporte.komforthouse.com.br/?wpsc-section=dashboard" "Mozilla/5.0 (Windows NT 10.0; Win64; x64) AppleWebKit/537.36 (KHTML, like Gecko) Chrome/139.0.0.0 Safari/537.36"
162.214.27.60 - - [16/Aug/2025:05:49:10 -0300] "POST /wp-cron.php?doing_wp_cron=1755334150.3113451004028320312500 HTTP/1.1" 200 - "-" "WordPress/6.8.2; https://suporte.komforthouse.com.br"
196.251.83.126 - - [16/Aug/2025:05:49:32 -0300] "POST /wp-login.php HTTP/1.1" 200 9793 "-" "Mozilla/5.0"
200.4.115.77 - - [16/Aug/2025:05:54:09 -0300] "POST /wp-admin/admin-ajax.php HTTP/1.1" 400 1 "https://suporte.komforthouse.com.br/?wpsc-section=dashboard" "Mozilla/5.0 (Windows NT 10.0; Win64; x64) AppleWebKit/537.36 (KHTML, like Gecko) Chrome/139.0.0.0 Safari/537.36"
162.214.27.60 - - [16/Aug/2025:05:54:10 -0300] "POST /wp-cron.php?doing_wp_cron=1755334450.1567230224609375000000 HTTP/1.1" 200 - "-" "WordPress/6.8.2; https://suporte.komforthouse.com.br"
200.4.115.77 - - [16/Aug/2025:06:00:09 -0300] "POST /wp-admin/admin-ajax.php HTTP/1.1" 400 1 "https://suporte.komforthouse.com.br/?wpsc-section=dashboard" "Mozilla/5.0 (Windows NT 10.0; Win64; x64) AppleWebKit/537.36 (KHTML, like Gecko) Chrome/139.0.0.0 Safari/537.36"
162.214.27.60 - - [16/Aug/2025:06:00:16 -0300] "POST /wp-cron.php?doing_wp_cron=1755334816.3884000778198242187500 HTTP/1.1" 200 - "-" "WordPress/6.8.2; https://suporte.komforthouse.com.br"
200.4.115.77 - - [16/Aug/2025:06:05:09 -0300] "POST /wp-admin/admin-ajax.php HTTP/1.1" 400 1 "https://suporte.komforthouse.com.br/?wpsc-section=dashboard" "Mozilla/5.0 (Windows NT 10.0; Win64; x64) AppleWebKit/537.36 (KHTML, like Gecko) Chrome/139.0.0.0 Safari/537.36"
162.214.27.60 - - [16/Aug/2025:06:05:10 -0300] "POST /wp-cron.php?doing_wp_cron=1755335110.2860889434814453125000 HTTP/1.1" 200 - "-" "WordPress/6.8.2; https://suporte.komforthouse.com.br"
138.199.12.51 - - [16/Aug/2025:06:05:51 -0300] "GET / HTTP/1.1" 200 135805 "-" "Mozilla/5.0 (Windows NT 10.0; Win64; x64) AppleWebKit/537.36 (KHTML, like Gecko) Chrome/78.0.3904.108 Safari/537.36"
138.199.12.51 - - [16/Aug/2025:06:05:55 -0300] "GET //wp-includes/wlwmanifest.xml HTTP/1.1" 301 - "-" "Mozilla/5.0 (Windows NT 10.0; Win64; x64) AppleWebKit/537.36 (KHTML, like Gecko) Chrome/78.0.3904.108 Safari/537.36"
162.214.27.60 - - [16/Aug/2025:06:05:57 -0300] "POST /wp-cron.php?doing_wp_cron=1755335157.0843040943145751953125 HTTP/1.1" 200 - "-" "WordPress/6.8.2; https://suporte.komforthouse.com.br"
138.199.12.51 - - [16/Aug/2025:06:05:58 -0300] "GET //xmlrpc.php?rsd HTTP/1.1" 200 876 "-" "Mozilla/5.0 (Windows NT 10.0; Win64; x64) AppleWebKit/537.36 (KHTML, like Gecko) Chrome/78.0.3904.108 Safari/537.36"
138.199.12.51 - - [16/Aug/2025:06:05:59 -0300] "GET //?author=1 HTTP/1.1" 301 - "-" "Mozilla/5.0 (Windows NT 10.0; Win64; x64) AppleWebKit/537.36 (KHTML, like Gecko) Chrome/78.0.3904.108 Safari/537.36"
138.199.12.51 - - [16/Aug/2025:06:06:00 -0300] "GET //?author=2 HTTP/1.1" 301 - "-" "Mozilla/5.0 (Windows NT 10.0; Win64; x64) AppleWebKit/537.36 (KHTML, like Gecko) Chrome/78.0.3904.108 Safari/537.36"
138.199.12.51 - - [16/Aug/2025:06:06:02 -0300] "GET //wp-json/wp/v2/users/ HTTP/1.1" 200 1565 "-" "Mozilla/5.0 (Windows NT 10.0; Win64; x64) AppleWebKit/537.36 (KHTML, like Gecko) Chrome/78.0.3904.108 Safari/537.36"
138.199.12.51 - - [16/Aug/2025:06:06:03 -0300] "POST //xmlrpc.php HTTP/1.1" 200 407 "-" "Mozilla/5.0 (Windows NT 10.0; Win64; x64) AppleWebKit/537.36 (KHTML, like Gecko) Chrome/78.0.3904.108 Safari/537.36"
138.199.12.51 - - [16/Aug/2025:06:06:06 -0300] "POST //xmlrpc.php HTTP/1.1" 200 407 "-" "Mozilla/5.0 (Windows NT 10.0; Win64; x64) AppleWebKit/537.36 (KHTML, like Gecko) Chrome/78.0.3904.108 Safari/537.36"
162.214.27.60 - - [16/Aug/2025:06:06:07 -0300] "POST /wp-cron.php?doing_wp_cron=1755335167.4167969226837158203125 HTTP/1.1" 200 - "-" "WordPress/6.8.2; https://suporte.komforthouse.com.br"
138.199.12.51 - - [16/Aug/2025:06:06:08 -0300] "POST //xmlrpc.php HTTP/1.1" 200 407 "-" "Mozilla/5.0 (Windows NT 10.0; Win64; x64) AppleWebKit/537.36 (KHTML, like Gecko) Chrome/78.0.3904.108 Safari/537.36"
138.199.12.51 - - [16/Aug/2025:06:06:10 -0300] "POST //xmlrpc.php HTTP/1.1" 200 407 "-" "Mozilla/5.0 (Windows NT 10.0; Win64; x64) AppleWebKit/537.36 (KHTML, like Gecko) Chrome/78.0.3904.108 Safari/537.36"
138.199.12.51 - - [16/Aug/2025:06:06:12 -0300] "POST //xmlrpc.php HTTP/1.1" 200 407 "-" "Mozilla/5.0 (Windows NT 10.0; Win64; x64) AppleWebKit/537.36 (KHTML, like Gecko) Chrome/78.0.3904.108 Safari/537.36"
138.199.12.51 - - [16/Aug/2025:06:06:13 -0300] "POST //xmlrpc.php HTTP/1.1" 200 407 "-" "Mozilla/5.0 (Windows NT 10.0; Win64; x64) AppleWebKit/537.36 (KHTML, like Gecko) Chrome/78.0.3904.108 Safari/537.36"
138.199.12.51 - - [16/Aug/2025:06:06:15 -0300] "POST //xmlrpc.php HTTP/1.1" 200 407 "-" "Mozilla/5.0 (Windows NT 10.0; Win64; x64) AppleWebKit/537.36 (KHTML, like Gecko) Chrome/78.0.3904.108 Safari/537.36"
138.199.12.51 - - [16/Aug/2025:06:06:17 -0300] "POST //xmlrpc.php HTTP/1.1" 200 407 "-" "Mozilla/5.0 (Windows NT 10.0; Win64; x64) AppleWebKit/537.36 (KHTML, like Gecko) Chrome/78.0.3904.108 Safari/537.36"
138.199.12.51 - - [16/Aug/2025:06:06:18 -0300] "POST //xmlrpc.php HTTP/1.1" 200 407 "-" "Mozilla/5.0 (Windows NT 10.0; Win64; x64) AppleWebKit/537.36 (KHTML, like Gecko) Chrome/78.0.3904.108 Safari/537.36"
138.199.12.51 - - [16/Aug/2025:06:06:20 -0300] "POST //xmlrpc.php HTTP/1.1" 200 407 "-" "Mozilla/5.0 (Windows NT 10.0; Win64; x64) AppleWebKit/537.36 (KHTML, like Gecko) Chrome/78.0.3904.108 Safari/537.36"
138.199.12.51 - - [16/Aug/2025:06:06:22 -0300] "POST //xmlrpc.php HTTP/1.1" 200 407 "-" "Mozilla/5.0 (Windows NT 10.0; Win64; x64) AppleWebKit/537.36 (KHTML, like Gecko) Chrome/78.0.3904.108 Safari/537.36"
138.199.12.51 - - [16/Aug/2025:06:06:23 -0300] "POST //xmlrpc.php HTTP/1.1" 200 407 "-" "Mozilla/5.0 (Windows NT 10.0; Win64; x64) AppleWebKit/537.36 (KHTML, like Gecko) Chrome/78.0.3904.108 Safari/537.36"
138.199.12.51 - - [16/Aug/2025:06:06:24 -0300] "POST //xmlrpc.php HTTP/1.1" 200 407 "-" "Mozilla/5.0 (Windows NT 10.0; Win64; x64) AppleWebKit/537.36 (KHTML, like Gecko) Chrome/78.0.3904.108 Safari/537.36"
138.199.12.51 - - [16/Aug/2025:06:06:26 -0300] "POST //xmlrpc.php HTTP/1.1" 200 407 "-" "Mozilla/5.0 (Windows NT 10.0; Win64; x64) AppleWebKit/537.36 (KHTML, like Gecko) Chrome/78.0.3904.108 Safari/537.36"
138.199.12.51 - - [16/Aug/2025:06:06:28 -0300] "POST //xmlrpc.php HTTP/1.1" 200 407 "-" "Mozilla/5.0 (Windows NT 10.0; Win64; x64) AppleWebKit/537.36 (KHTML, like Gecko) Chrome/78.0.3904.108 Safari/537.36"
138.199.12.51 - - [16/Aug/2025:06:06:29 -0300] "POST //xmlrpc.php HTTP/1.1" 200 407 "-" "Mozilla/5.0 (Windows NT 10.0; Win64; x64) AppleWebKit/537.36 (KHTML, like Gecko) Chrome/78.0.3904.108 Safari/537.36"
