200.4.115.77 - - [15/Aug/2025:18:01:09 -0300] "POST /wp-admin/admin-ajax.php HTTP/1.1" 400 1 "https://suporte.komforthouse.com.br/?wpsc-section=dashboard" "Mozilla/5.0 (Windows NT 10.0; Win64; x64) AppleWebKit/537.36 (KHTML, like Gecko) Chrome/139.0.0.0 Safari/537.36"
162.214.27.60 - - [15/Aug/2025:18:03:20 -0300] "POST /wp-cron.php?doing_wp_cron=1755291800.2113618850708007812500 HTTP/1.1" 200 - "-" "WordPress/6.8.2; https://suporte.komforthouse.com.br"
201.49.181.65 - - [15/Aug/2025:18:03:19 -0300] "GET /wp-login.php HTTP/1.1" 200 9379 "-" "Mozilla/5.0 (Windows NT 10.0; Win64; x64) AppleWebKit/537.36 (KHTML, like Gecko) Chrome/139.0.0.0 Safari/537.36"
201.49.181.65 - - [15/Aug/2025:18:03:23 -0300] "POST /wp-login.php HTTP/1.1" 302 - "https://suporte.komforthouse.com.br/wp-login.php" "Mozilla/5.0 (Windows NT 10.0; Win64; x64) AppleWebKit/537.36 (KHTML, like Gecko) Chrome/139.0.0.0 Safari/537.36"
201.49.181.65 - - [15/Aug/2025:18:03:26 -0300] "GET /wp-content/plugins/advanced-custom-fields/assets/build/css/acf-input.min.css?ver=6.3.11 HTTP/1.1" 200 56338 "https://suporte.komforthouse.com.br/wp-admin/profile.php" "Mozilla/5.0 (Windows NT 10.0; Win64; x64) AppleWebKit/537.36 (KHTML, like Gecko) Chrome/139.0.0.0 Safari/537.36"
201.49.181.65 - - [15/Aug/2025:18:03:26 -0300] "GET /wp-content/plugins/advanced-custom-fields/assets/inc/timepicker/jquery-ui-timepicker-addon.min.css?ver=1.6.1 HTTP/1.1" 200 1901 "https://suporte.komforthouse.com.br/wp-admin/profile.php" "Mozilla/5.0 (Windows NT 10.0; Win64; x64) AppleWebKit/537.36 (KHTML, like Gecko) Chrome/139.0.0.0 Safari/537.36"
201.49.181.65 - - [15/Aug/2025:18:03:26 -0300] "GET /wp-content/plugins/advanced-custom-fields/assets/inc/select2/4/select2.min.css?ver=4.0.13 HTTP/1.1" 200 14966 "https://suporte.komforthouse.com.br/wp-admin/profile.php" "Mozilla/5.0 (Windows NT 10.0; Win64; x64) AppleWebKit/537.36 (KHTML, like Gecko) Chrome/139.0.0.0 Safari/537.36"
201.49.181.65 - - [15/Aug/2025:18:03:26 -0300] "GET /wp-content/plugins/advanced-custom-fields/assets/inc/datepicker/jquery-ui.min.css?ver=1.11.4 HTTP/1.1" 200 23482 "https://suporte.komforthouse.com.br/wp-admin/profile.php" "Mozilla/5.0 (Windows NT 10.0; Win64; x64) AppleWebKit/537.36 (KHTML, like Gecko) Chrome/139.0.0.0 Safari/537.36"
201.49.181.65 - - [15/Aug/2025:18:03:24 -0300] "GET /wp-admin/profile.php HTTP/1.1" 200 127140 "https://suporte.komforthouse.com.br/wp-login.php" "Mozilla/5.0 (Windows NT 10.0; Win64; x64) AppleWebKit/537.36 (KHTML, like Gecko) Chrome/139.0.0.0 Safari/537.36"
201.49.181.65 - - [15/Aug/2025:18:03:26 -0300] "GET /wp-content/plugins/advanced-custom-fields/assets/build/js/acf.min.js?ver=6.3.11 HTTP/1.1" 200 30743 "https://suporte.komforthouse.com.br/wp-admin/profile.php" "Mozilla/5.0 (Windows NT 10.0; Win64; x64) AppleWebKit/537.36 (KHTML, like Gecko) Chrome/139.0.0.0 Safari/537.36"
201.49.181.65 - - [15/Aug/2025:18:03:26 -0300] "GET /wp-admin/load-scripts.php?c=1&load%5Bchunk_0%5D=jquery-core,jquery-migrate,utils,wp-dom-ready,wp-hooks&ver=6.8.2 HTTP/1.1" 200 108232 "https://suporte.komforthouse.com.br/wp-admin/profile.php" "Mozilla/5.0 (Windows NT 10.0; Win64; x64) AppleWebKit/537.36 (KHTML, like Gecko) Chrome/139.0.0.0 Safari/537.36"
201.49.181.65 - - [15/Aug/2025:18:03:26 -0300] "GET /wp-includes/js/jquery/ui/resizable.min.js?ver=1.13.3 HTTP/1.1" 200 18824 "https://suporte.komforthouse.com.br/wp-admin/profile.php" "Mozilla/5.0 (Windows NT 10.0; Win64; x64) AppleWebKit/537.36 (KHTML, like Gecko) Chrome/139.0.0.0 Safari/537.36"
201.49.181.65 - - [15/Aug/2025:18:03:27 -0300] "GET /wp-includes/js/jquery/ui/datepicker.min.js?ver=1.13.3 HTTP/1.1" 200 36748 "https://suporte.komforthouse.com.br/wp-admin/profile.php" "Mozilla/5.0 (Windows NT 10.0; Win64; x64) AppleWebKit/537.36 (KHTML, like Gecko) Chrome/139.0.0.0 Safari/537.36"
201.49.181.65 - - [15/Aug/2025:18:03:26 -0300] "GET /wp-content/plugins/advanced-custom-fields/assets/build/js/acf-input.min.js?ver=6.3.11 HTTP/1.1" 200 120118 "https://suporte.komforthouse.com.br/wp-admin/profile.php" "Mozilla/5.0 (Windows NT 10.0; Win64; x64) AppleWebKit/537.36 (KHTML, like Gecko) Chrome/139.0.0.0 Safari/537.36"
201.49.181.65 - - [15/Aug/2025:18:03:27 -0300] "GET /wp-content/plugins/advanced-custom-fields/assets/inc/timepicker/jquery-ui-timepicker-addon.min.js?ver=1.6.1 HTTP/1.1" 200 41134 "https://suporte.komforthouse.com.br/wp-admin/profile.php" "Mozilla/5.0 (Windows NT 10.0; Win64; x64) AppleWebKit/537.36 (KHTML, like Gecko) Chrome/139.0.0.0 Safari/537.36"
201.49.181.65 - - [15/Aug/2025:18:03:27 -0300] "GET /wp-content/plugins/advanced-custom-fields/assets/inc/color-picker-alpha/wp-color-picker-alpha.js?ver=3.0.0 HTTP/1.1" 200 17230 "https://suporte.komforthouse.com.br/wp-admin/profile.php" "Mozilla/5.0 (Windows NT 10.0; Win64; x64) AppleWebKit/537.36 (KHTML, like Gecko) Chrome/139.0.0.0 Safari/537.36"
201.49.181.65 - - [15/Aug/2025:18:03:26 -0300] "GET /wp-content/plugins/advanced-custom-fields/assets/inc/select2/4/select2.full.min.js?ver=4.0.13 HTTP/1.1" 200 78515 "https://suporte.komforthouse.com.br/wp-admin/profile.php" "Mozilla/5.0 (Windows NT 10.0; Win64; x64) AppleWebKit/537.36 (KHTML, like Gecko) Chrome/139.0.0.0 Safari/537.36"
201.49.181.65 - - [15/Aug/2025:18:03:26 -0300] "GET /wp-admin/load-styles.php?c=1&dir=ltr&load%5Bchunk_0%5D=dashicons,admin-bar,common,forms,admin-menu,dashboard,list-tables,edit,revisions,media,themes,about,nav-menus,wp-pointer,widgets&load%5Bchunk_1%5D=,site-icon,l10n,buttons,wp-auth-check,wp-color-picker&ver=6.8.2 HTTP/1.1" 200 405200 "https://suporte.komforthouse.com.br/wp-admin/profile.php" "Mozilla/5.0 (Windows NT 10.0; Win64; x64) AppleWebKit/537.36 (KHTML, like Gecko) Chrome/139.0.0.0 Safari/537.36"
201.49.181.65 - - [15/Aug/2025:18:03:27 -0300] "GET /wp-admin/load-scripts.php?c=1&load%5Bchunk_0%5D=hoverIntent&ver=6.8.2 HTTP/1.1" 200 1500 "https://suporte.komforthouse.com.br/wp-admin/profile.php" "Mozilla/5.0 (Windows NT 10.0; Win64; x64) AppleWebKit/537.36 (KHTML, like Gecko) Chrome/139.0.0.0 Safari/537.36"
201.49.181.65 - - [15/Aug/2025:18:03:27 -0300] "GET /wp-includes/js/dist/vendor/moment.min.js?ver=2.30.1 HTTP/1.1" 200 58812 "https://suporte.komforthouse.com.br/wp-admin/profile.php" "Mozilla/5.0 (Windows NT 10.0; Win64; x64) AppleWebKit/537.36 (KHTML, like Gecko) Chrome/139.0.0.0 Safari/537.36"
201.49.181.65 - - [15/Aug/2025:18:03:27 -0300] "GET /wp-includes/js/dist/deprecated.min.js?ver=e1f84915c5e8ae38964c HTTP/1.1" 200 684 "https://suporte.komforthouse.com.br/wp-admin/profile.php" "Mozilla/5.0 (Windows NT 10.0; Win64; x64) AppleWebKit/537.36 (KHTML, like Gecko) Chrome/139.0.0.0 Safari/537.36"
201.49.181.65 - - [15/Aug/2025:18:03:27 -0300] "GET /wp-admin/js/application-passwords.min.js?ver=6.8.2 HTTP/1.1" 200 3024 "https://suporte.komforthouse.com.br/wp-admin/profile.php" "Mozilla/5.0 (Windows NT 10.0; Win64; x64) AppleWebKit/537.36 (KHTML, like Gecko) Chrome/139.0.0.0 Safari/537.36"
201.49.181.65 - - [15/Aug/2025:18:03:27 -0300] "GET /wp-includes/js/dist/date.min.js?ver=85ff222add187a4e358f HTTP/1.1" 200 783424 "https://suporte.komforthouse.com.br/wp-admin/profile.php" "Mozilla/5.0 (Windows NT 10.0; Win64; x64) AppleWebKit/537.36 (KHTML, like Gecko) Chrome/139.0.0.0 Safari/537.36"
201.49.181.65 - - [15/Aug/2025:18:03:31 -0300] "GET /wp-admin/admin.php?page=wpsc-tickets HTTP/1.1" 200 131653 "https://suporte.komforthouse.com.br/wp-admin/profile.php" "Mozilla/5.0 (Windows NT 10.0; Win64; x64) AppleWebKit/537.36 (KHTML, like Gecko) Chrome/139.0.0.0 Safari/537.36"
201.49.181.65 - - [15/Aug/2025:18:03:33 -0300] "POST /wp-admin/admin-ajax.php HTTP/1.1" 200 57414 "https://suporte.komforthouse.com.br/wp-admin/admin.php?page=wpsc-tickets§ion=ticket-list" "Mozilla/5.0 (Windows NT 10.0; Win64; x64) AppleWebKit/537.36 (KHTML, like Gecko) Chrome/139.0.0.0 Safari/537.36"
201.49.181.65 - - [15/Aug/2025:18:03:37 -0300] "POST /wp-admin/admin-ajax.php HTTP/1.1" 200 28670 "https://suporte.komforthouse.com.br/wp-admin/admin.php?page=wpsc-tickets§ion=ticket-list" "Mozilla/5.0 (Windows NT 10.0; Win64; x64) AppleWebKit/537.36 (KHTML, like Gecko) Chrome/139.0.0.0 Safari/537.36"
201.49.181.65 - - [15/Aug/2025:18:04:34 -0300] "POST /wp-admin/admin-ajax.php HTTP/1.1" 200 70 "https://suporte.komforthouse.com.br/wp-admin/admin.php?page=wpsc-tickets§ion=ticket-list" "Mozilla/5.0 (Windows NT 10.0; Win64; x64) AppleWebKit/537.36 (KHTML, like Gecko) Chrome/139.0.0.0 Safari/537.36"
162.214.27.60 - - [15/Aug/2025:18:04:35 -0300] "POST /wp-cron.php?doing_wp_cron=1755291875.4075350761413574218750 HTTP/1.1" 200 - "-" "WordPress/6.8.2; https://suporte.komforthouse.com.br"
162.214.27.60 - - [15/Aug/2025:18:06:10 -0300] "POST /wp-cron.php?doing_wp_cron=1755291970.2655849456787109375000 HTTP/1.1" 200 - "-" "WordPress/6.8.2; https://suporte.komforthouse.com.br"
200.4.115.77 - - [15/Aug/2025:18:06:09 -0300] "POST /wp-admin/admin-ajax.php HTTP/1.1" 400 1 "https://suporte.komforthouse.com.br/?wpsc-section=dashboard" "Mozilla/5.0 (Windows NT 10.0; Win64; x64) AppleWebKit/537.36 (KHTML, like Gecko) Chrome/139.0.0.0 Safari/537.36"
201.49.181.65 - - [15/Aug/2025:18:06:35 -0300] "POST /wp-admin/admin-ajax.php HTTP/1.1" 200 70 "https://suporte.komforthouse.com.br/wp-admin/admin.php?page=wpsc-tickets§ion=ticket-list" "Mozilla/5.0 (Windows NT 10.0; Win64; x64) AppleWebKit/537.36 (KHTML, like Gecko) Chrome/139.0.0.0 Safari/537.36"
201.49.181.65 - - [15/Aug/2025:18:08:17 -0300] "POST /wp-admin/admin-ajax.php HTTP/1.1" 200 70 "https://suporte.komforthouse.com.br/wp-admin/admin.php?page=wpsc-tickets§ion=ticket-list" "Mozilla/5.0 (Windows NT 10.0; Win64; x64) AppleWebKit/537.36 (KHTML, like Gecko) Chrome/139.0.0.0 Safari/537.36"
162.214.27.60 - - [15/Aug/2025:18:08:18 -0300] "POST /wp-cron.php?doing_wp_cron=1755292098.1879949569702148437500 HTTP/1.1" 200 - "-" "WordPress/6.8.2; https://suporte.komforthouse.com.br"
196.251.83.126 - - [15/Aug/2025:18:10:43 -0300] "POST /wp-login.php HTTP/1.1" 200 9793 "-" "Mozilla/5.0"
162.214.27.60 - - [15/Aug/2025:18:10:44 -0300] "POST /wp-cron.php?doing_wp_cron=1755292244.2868170738220214843750 HTTP/1.1" 200 - "-" "WordPress/6.8.2; https://suporte.komforthouse.com.br"
162.214.27.60 - - [15/Aug/2025:18:12:10 -0300] "POST /wp-cron.php?doing_wp_cron=1755292330.2543940544128417968750 HTTP/1.1" 200 - "-" "WordPress/6.8.2; https://suporte.komforthouse.com.br"
200.4.115.77 - - [15/Aug/2025:18:12:09 -0300] "POST /wp-admin/admin-ajax.php HTTP/1.1" 400 1 "https://suporte.komforthouse.com.br/?wpsc-section=dashboard" "Mozilla/5.0 (Windows NT 10.0; Win64; x64) AppleWebKit/537.36 (KHTML, like Gecko) Chrome/139.0.0.0 Safari/537.36"
200.4.115.77 - - [15/Aug/2025:18:18:09 -0300] "POST /wp-admin/admin-ajax.php HTTP/1.1" 400 1 "https://suporte.komforthouse.com.br/?wpsc-section=dashboard" "Mozilla/5.0 (Windows NT 10.0; Win64; x64) AppleWebKit/537.36 (KHTML, like Gecko) Chrome/139.0.0.0 Safari/537.36"
162.214.27.60 - - [15/Aug/2025:18:18:10 -0300] "POST /wp-cron.php?doing_wp_cron=1755292690.3604309558868408203125 HTTP/1.1" 200 - "-" "WordPress/6.8.2; https://suporte.komforthouse.com.br"
104.244.76.184 - - [15/Aug/2025:18:18:36 -0300] "GET /wp-login.php HTTP/1.1" 200 9379 "-" "Mozilla/5.0 (iPad; CPU OS 7_1_2 like Mac OS X) AppleWebKit/537.51.2 (KHTML, like Gecko) Version/7.0 Mobile/11D257 Safari/9537.53"
104.244.76.184 - - [15/Aug/2025:18:20:01 -0300] "POST /wp-login.php HTTP/1.1" 200 9811 "-" "Mozilla/5.0 (iPad; CPU OS 7_1_2 like Mac OS X) AppleWebKit/537.51.2 (KHTML, like Gecko) Version/7.0 Mobile/11D257 Safari/9537.53"
162.214.27.60 - - [15/Aug/2025:18:20:03 -0300] "POST /wp-cron.php?doing_wp_cron=1755292803.1102058887481689453125 HTTP/1.1" 200 - "-" "WordPress/6.8.2; https://suporte.komforthouse.com.br"
200.4.115.77 - - [15/Aug/2025:18:23:09 -0300] "POST /wp-admin/admin-ajax.php HTTP/1.1" 400 1 "https://suporte.komforthouse.com.br/?wpsc-section=dashboard" "Mozilla/5.0 (Windows NT 10.0; Win64; x64) AppleWebKit/537.36 (KHTML, like Gecko) Chrome/139.0.0.0 Safari/537.36"
162.214.27.60 - - [15/Aug/2025:18:23:10 -0300] "POST /wp-cron.php?doing_wp_cron=1755292990.5964689254760742187500 HTTP/1.1" 200 - "-" "WordPress/6.8.2; https://suporte.komforthouse.com.br"
196.251.83.126 - - [15/Aug/2025:18:28:44 -0300] "POST /wp-login.php HTTP/1.1" 200 9793 "-" "Mozilla/5.0"
162.214.27.60 - - [15/Aug/2025:18:28:45 -0300] "POST /wp-cron.php?doing_wp_cron=1755293325.1549820899963378906250 HTTP/1.1" 200 - "-" "WordPress/6.8.2; https://suporte.komforthouse.com.br"
162.214.27.60 - - [15/Aug/2025:18:29:10 -0300] "POST /wp-cron.php?doing_wp_cron=1755293350.0542950630187988281250 HTTP/1.1" 200 - "-" "WordPress/6.8.2; https://suporte.komforthouse.com.br"
200.4.115.77 - - [15/Aug/2025:18:29:09 -0300] "POST /wp-admin/admin-ajax.php HTTP/1.1" 400 1 "https://suporte.komforthouse.com.br/?wpsc-section=dashboard" "Mozilla/5.0 (Windows NT 10.0; Win64; x64) AppleWebKit/537.36 (KHTML, like Gecko) Chrome/139.0.0.0 Safari/537.36"
52.167.144.156 - - [15/Aug/2025:18:32:11 -0300] "GET /?wpsc-section=ticket-list&ticket-id=807&auth-code=HZzo9wI8 HTTP/1.1" 200 127601 "-" "Mozilla/5.0 AppleWebKit/537.36 (KHTML, like Gecko; compatible; MicrosoftPreview/2.0; +https://aka.ms/MicrosoftPreview) Chrome/100.0.4896.127 Safari/537.36"
162.214.27.60 - - [15/Aug/2025:18:32:13 -0300] "POST /wp-cron.php?doing_wp_cron=1755293533.1187090873718261718750 HTTP/1.1" 200 - "-" "WordPress/6.8.2; https://suporte.komforthouse.com.br"
52.167.144.156 - - [15/Aug/2025:18:32:11 -0300] "GET /?wpsc-section=ticket-list&ticket-id=807&auth-code=HZzo9wI8 HTTP/1.1" 200 127601 "-" "Mozilla/5.0 AppleWebKit/537.36 (KHTML, like Gecko; compatible; MicrosoftPreview/2.0; +https://aka.ms/MicrosoftPreview) Chrome/100.0.4896.127 Safari/537.36"
200.4.115.77 - - [15/Aug/2025:18:35:09 -0300] "POST /wp-admin/admin-ajax.php HTTP/1.1" 400 1 "https://suporte.komforthouse.com.br/?wpsc-section=dashboard" "Mozilla/5.0 (Windows NT 10.0; Win64; x64) AppleWebKit/537.36 (KHTML, like Gecko) Chrome/139.0.0.0 Safari/537.36"
162.214.27.60 - - [15/Aug/2025:18:35:10 -0300] "POST /wp-cron.php?doing_wp_cron=1755293710.3931150436401367187500 HTTP/1.1" 200 - "-" "WordPress/6.8.2; https://suporte.komforthouse.com.br"
162.214.27.60 - - [15/Aug/2025:18:41:10 -0300] "POST /wp-cron.php?doing_wp_cron=1755294070.5248711109161376953125 HTTP/1.1" 200 - "-" "WordPress/6.8.2; https://suporte.komforthouse.com.br"
200.4.115.77 - - [15/Aug/2025:18:41:09 -0300] "POST /wp-admin/admin-ajax.php HTTP/1.1" 400 1 "https://suporte.komforthouse.com.br/?wpsc-section=dashboard" "Mozilla/5.0 (Windows NT 10.0; Win64; x64) AppleWebKit/537.36 (KHTML, like Gecko) Chrome/139.0.0.0 Safari/537.36"
162.214.27.60 - - [15/Aug/2025:18:46:10 -0300] "POST /wp-cron.php?doing_wp_cron=1755294370.2099630832672119140625 HTTP/1.1" 200 - "-" "WordPress/6.8.2; https://suporte.komforthouse.com.br"
200.4.115.77 - - [15/Aug/2025:18:46:09 -0300] "POST /wp-admin/admin-ajax.php HTTP/1.1" 400 1 "https://suporte.komforthouse.com.br/?wpsc-section=dashboard" "Mozilla/5.0 (Windows NT 10.0; Win64; x64) AppleWebKit/537.36 (KHTML, like Gecko) Chrome/139.0.0.0 Safari/537.36"
162.214.27.60 - - [15/Aug/2025:18:47:17 -0300] "POST /wp-cron.php?doing_wp_cron=1755294437.0981950759887695312500 HTTP/1.1" 200 - "-" "WordPress/6.8.2; https://suporte.komforthouse.com.br"
196.251.83.126 - - [15/Aug/2025:18:47:15 -0300] "POST /wp-login.php HTTP/1.1" 200 9793 "-" "Mozilla/5.0"
200.4.115.77 - - [15/Aug/2025:18:51:09 -0300] "POST /wp-admin/admin-ajax.php HTTP/1.1" 400 1 "https://suporte.komforthouse.com.br/?wpsc-section=dashboard" "Mozilla/5.0 (Windows NT 10.0; Win64; x64) AppleWebKit/537.36 (KHTML, like Gecko) Chrome/139.0.0.0 Safari/537.36"
162.214.27.60 - - [15/Aug/2025:18:51:10 -0300] "POST /wp-cron.php?doing_wp_cron=1755294670.4605770111083984375000 HTTP/1.1" 200 - "-" "WordPress/6.8.2; https://suporte.komforthouse.com.br"
200.4.115.77 - - [15/Aug/2025:18:56:09 -0300] "POST /wp-admin/admin-ajax.php HTTP/1.1" 400 1 "https://suporte.komforthouse.com.br/?wpsc-section=dashboard" "Mozilla/5.0 (Windows NT 10.0; Win64; x64) AppleWebKit/537.36 (KHTML, like Gecko) Chrome/139.0.0.0 Safari/537.36"
162.214.27.60 - - [15/Aug/2025:18:56:10 -0300] "POST /wp-cron.php?doing_wp_cron=1755294970.2929039001464843750000 HTTP/1.1" 200 - "-" "WordPress/6.8.2; https://suporte.komforthouse.com.br"
162.214.27.60 - - [15/Aug/2025:19:02:10 -0300] "POST /wp-cron.php?doing_wp_cron=1755295330.3167490959167480468750 HTTP/1.1" 200 - "-" "WordPress/6.8.2; https://suporte.komforthouse.com.br"
200.4.115.77 - - [15/Aug/2025:19:02:09 -0300] "POST /wp-admin/admin-ajax.php HTTP/1.1" 400 1 "https://suporte.komforthouse.com.br/?wpsc-section=dashboard" "Mozilla/5.0 (Windows NT 10.0; Win64; x64) AppleWebKit/537.36 (KHTML, like Gecko) Chrome/139.0.0.0 Safari/537.36"
162.214.27.60 - - [15/Aug/2025:19:05:23 -0300] "POST /wp-cron.php?doing_wp_cron=1755295523.6622240543365478515625 HTTP/1.1" 200 - "-" "WordPress/6.8.2; https://suporte.komforthouse.com.br"
196.251.83.126 - - [15/Aug/2025:19:05:22 -0300] "POST /wp-login.php HTTP/1.1" 200 9793 "-" "Mozilla/5.0"
200.4.115.77 - - [15/Aug/2025:19:07:09 -0300] "POST /wp-admin/admin-ajax.php HTTP/1.1" 400 1 "https://suporte.komforthouse.com.br/?wpsc-section=dashboard" "Mozilla/5.0 (Windows NT 10.0; Win64; x64) AppleWebKit/537.36 (KHTML, like Gecko) Chrome/139.0.0.0 Safari/537.36"
162.214.27.60 - - [15/Aug/2025:19:07:10 -0300] "POST /wp-cron.php?doing_wp_cron=1755295630.3695399761199951171875 HTTP/1.1" 200 - "-" "WordPress/6.8.2; https://suporte.komforthouse.com.br"
162.214.27.60 - - [15/Aug/2025:19:13:10 -0300] "POST /wp-cron.php?doing_wp_cron=1755295990.3625550270080566406250 HTTP/1.1" 200 - "-" "WordPress/6.8.2; https://suporte.komforthouse.com.br"
200.4.115.77 - - [15/Aug/2025:19:13:09 -0300] "POST /wp-admin/admin-ajax.php HTTP/1.1" 400 1 "https://suporte.komforthouse.com.br/?wpsc-section=dashboard" "Mozilla/5.0 (Windows NT 10.0; Win64; x64) AppleWebKit/537.36 (KHTML, like Gecko) Chrome/139.0.0.0 Safari/537.36"
162.214.27.60 - - [15/Aug/2025:19:18:10 -0300] "POST /wp-cron.php?doing_wp_cron=1755296290.4369208812713623046875 HTTP/1.1" 200 - "-" "WordPress/6.8.2; https://suporte.komforthouse.com.br"
200.4.115.77 - - [15/Aug/2025:19:18:09 -0300] "POST /wp-admin/admin-ajax.php HTTP/1.1" 400 1 "https://suporte.komforthouse.com.br/?wpsc-section=dashboard" "Mozilla/5.0 (Windows NT 10.0; Win64; x64) AppleWebKit/537.36 (KHTML, like Gecko) Chrome/139.0.0.0 Safari/537.36"
162.214.27.60 - - [15/Aug/2025:19:23:28 -0300] "POST /wp-cron.php?doing_wp_cron=1755296608.6411380767822265625000 HTTP/1.1" 200 - "-" "WordPress/6.8.2; https://suporte.komforthouse.com.br"
196.251.83.126 - - [15/Aug/2025:19:23:27 -0300] "POST /wp-login.php HTTP/1.1" 200 9793 "-" "Mozilla/5.0"
200.4.115.77 - - [15/Aug/2025:19:24:09 -0300] "POST /wp-admin/admin-ajax.php HTTP/1.1" 400 1 "https://suporte.komforthouse.com.br/?wpsc-section=dashboard" "Mozilla/5.0 (Windows NT 10.0; Win64; x64) AppleWebKit/537.36 (KHTML, like Gecko) Chrome/139.0.0.0 Safari/537.36"
162.214.27.60 - - [15/Aug/2025:19:24:10 -0300] "POST /wp-cron.php?doing_wp_cron=1755296650.6595549583435058593750 HTTP/1.1" 200 - "-" "WordPress/6.8.2; https://suporte.komforthouse.com.br"
216.73.216.37 - - [15/Aug/2025:19:26:25 -0300] "GET /robots.txt HTTP/1.1" 200 145 "-" "Mozilla/5.0 AppleWebKit/537.36 (KHTML, like Gecko; compatible; ClaudeBot/1.0; +claudebot@anthropic.com)"
162.214.27.60 - - [15/Aug/2025:19:26:26 -0300] "POST /wp-cron.php?doing_wp_cron=1755296786.3885869979858398437500 HTTP/1.1" 200 - "-" "WordPress/6.8.2; https://suporte.komforthouse.com.br"
216.73.216.37 - - [15/Aug/2025:19:26:27 -0300] "GET /wp-content/plugins/elementor-pro/assets/css/widget-loop-grid.min.css HTTP/1.1" 200 13191 "-" "Mozilla/5.0 AppleWebKit/537.36 (KHTML, like Gecko; compatible; ClaudeBot/1.0; +claudebot@anthropic.com)"
216.73.216.37 - - [15/Aug/2025:19:26:27 -0300] "GET /wp-includes/js/thickbox/thickbox.js HTTP/1.1" 200 13332 "-" "Mozilla/5.0 AppleWebKit/537.36 (KHTML, like Gecko; compatible; ClaudeBot/1.0; +claudebot@anthropic.com)"
216.73.216.37 - - [15/Aug/2025:19:26:27 -0300] "GET /wp-content/plugins/supportcandy/asset/libs/chartjs/dist/chart.min.js HTTP/1.1" 200 182016 "-" "Mozilla/5.0 AppleWebKit/537.36 (KHTML, like Gecko; compatible; ClaudeBot/1.0; +claudebot@anthropic.com)"
216.73.216.37 - - [15/Aug/2025:19:26:27 -0300] "GET /wp-content/plugins/elementor-pro/assets/js/frontend.min.js HTTP/1.1" 200 24210 "-" "Mozilla/5.0 AppleWebKit/537.36 (KHTML, like Gecko; compatible; ClaudeBot/1.0; +claudebot@anthropic.com)"
216.73.216.37 - - [15/Aug/2025:19:26:28 -0300] "GET /wp-content/plugins/supportcandy/asset/libs/DataTables/datatables.min.css HTTP/1.1" 200 31159 "-" "Mozilla/5.0 AppleWebKit/537.36 (KHTML, like Gecko; compatible; ClaudeBot/1.0; +claudebot@anthropic.com)"
216.73.216.37 - - [15/Aug/2025:19:28:32 -0300] "GET /wp-content/plugins/elementor-pro/assets/js/webpack-pro.runtime.min.js HTTP/1.1" 200 6263 "-" "Mozilla/5.0 AppleWebKit/537.36 (KHTML, like Gecko; compatible; ClaudeBot/1.0; +claudebot@anthropic.com)"
216.73.216.37 - - [15/Aug/2025:19:28:32 -0300] "GET /wp-content/plugins/elementor-pro/assets/js/elements-handlers.min.js HTTP/1.1" 200 44624 "-" "Mozilla/5.0 AppleWebKit/537.36 (KHTML, like Gecko; compatible; ClaudeBot/1.0; +claudebot@anthropic.com)"
200.4.115.77 - - [15/Aug/2025:19:29:09 -0300] "POST /wp-admin/admin-ajax.php HTTP/1.1" 400 1 "https://suporte.komforthouse.com.br/?wpsc-section=dashboard" "Mozilla/5.0 (Windows NT 10.0; Win64; x64) AppleWebKit/537.36 (KHTML, like Gecko) Chrome/139.0.0.0 Safari/537.36"
162.214.27.60 - - [15/Aug/2025:19:29:10 -0300] "POST /wp-cron.php?doing_wp_cron=1755296950.7242600917816162109375 HTTP/1.1" 200 - "-" "WordPress/6.8.2; https://suporte.komforthouse.com.br"
216.73.216.37 - - [15/Aug/2025:19:30:37 -0300] "GET /wp-content/plugins/supportcandy/asset/libs/gpopover/jquery.gpopover.css HTTP/1.1" 200 993 "-" "Mozilla/5.0 AppleWebKit/537.36 (KHTML, like Gecko; compatible; ClaudeBot/1.0; +claudebot@anthropic.com)"
216.73.216.37 - - [15/Aug/2025:19:30:37 -0300] "GET /wp-content/plugins/supportcandy/asset/libs/flatpickr/l10n/pt.js HTTP/1.1" 200 1318 "-" "Mozilla/5.0 AppleWebKit/537.36 (KHTML, like Gecko; compatible; ClaudeBot/1.0; +claudebot@anthropic.com)"
216.73.216.37 - - [15/Aug/2025:19:30:38 -0300] "GET /wp-includes/js/tinymce/tinymce.min.js HTTP/1.1" 200 365570 "-" "Mozilla/5.0 AppleWebKit/537.36 (KHTML, like Gecko; compatible; ClaudeBot/1.0; +claudebot@anthropic.com)"
200.4.115.77 - - [15/Aug/2025:19:34:09 -0300] "POST /wp-admin/admin-ajax.php HTTP/1.1" 400 1 "https://suporte.komforthouse.com.br/?wpsc-section=dashboard" "Mozilla/5.0 (Windows NT 10.0; Win64; x64) AppleWebKit/537.36 (KHTML, like Gecko) Chrome/139.0.0.0 Safari/537.36"
162.214.27.60 - - [15/Aug/2025:19:34:10 -0300] "POST /wp-cron.php?doing_wp_cron=1755297250.3879179954528808593750 HTTP/1.1" 200 - "-" "WordPress/6.8.2; https://suporte.komforthouse.com.br"
162.214.27.60 - - [15/Aug/2025:19:40:10 -0300] "POST /wp-cron.php?doing_wp_cron=1755297610.2912719249725341796875 HTTP/1.1" 200 - "-" "WordPress/6.8.2; https://suporte.komforthouse.com.br"
200.4.115.77 - - [15/Aug/2025:19:40:09 -0300] "POST /wp-admin/admin-ajax.php HTTP/1.1" 400 1 "https://suporte.komforthouse.com.br/?wpsc-section=dashboard" "Mozilla/5.0 (Windows NT 10.0; Win64; x64) AppleWebKit/537.36 (KHTML, like Gecko) Chrome/139.0.0.0 Safari/537.36"
196.251.83.126 - - [15/Aug/2025:19:41:30 -0300] "POST /wp-login.php HTTP/1.1" 200 9793 "-" "Mozilla/5.0"
162.214.27.60 - - [15/Aug/2025:19:41:31 -0300] "POST /wp-cron.php?doing_wp_cron=1755297691.6718459129333496093750 HTTP/1.1" 200 - "-" "WordPress/6.8.2; https://suporte.komforthouse.com.br"
216.73.216.37 - - [15/Aug/2025:19:45:08 -0300] "GET /wp-content/uploads/2024/05/Assinatura_Email_v1-1.png HTTP/1.1" 200 155662 "-" "Mozilla/5.0 AppleWebKit/537.36 (KHTML, like Gecko; compatible; ClaudeBot/1.0; +claudebot@anthropic.com)"
200.4.115.77 - - [15/Aug/2025:19:45:09 -0300] "POST /wp-admin/admin-ajax.php HTTP/1.1" 400 1 "https://suporte.komforthouse.com.br/?wpsc-section=dashboard" "Mozilla/5.0 (Windows NT 10.0; Win64; x64) AppleWebKit/537.36 (KHTML, like Gecko) Chrome/139.0.0.0 Safari/537.36"
162.214.27.60 - - [15/Aug/2025:19:45:10 -0300] "POST /wp-cron.php?doing_wp_cron=1755297910.2515459060668945312500 HTTP/1.1" 200 - "-" "WordPress/6.8.2; https://suporte.komforthouse.com.br"
162.214.27.60 - - [15/Aug/2025:19:51:11 -0300] "POST /wp-cron.php?doing_wp_cron=1755298271.2161579132080078125000 HTTP/1.1" 200 - "-" "WordPress/6.8.2; https://suporte.komforthouse.com.br"
200.4.115.77 - - [15/Aug/2025:19:51:09 -0300] "POST /wp-admin/admin-ajax.php HTTP/1.1" 400 1 "https://suporte.komforthouse.com.br/?wpsc-section=dashboard" "Mozilla/5.0 (Windows NT 10.0; Win64; x64) AppleWebKit/537.36 (KHTML, like Gecko) Chrome/139.0.0.0 Safari/537.36"
162.214.27.60 - - [15/Aug/2025:19:56:10 -0300] "POST /wp-cron.php?doing_wp_cron=1755298570.3151679039001464843750 HTTP/1.1" 200 - "-" "WordPress/6.8.2; https://suporte.komforthouse.com.br"
200.4.115.77 - - [15/Aug/2025:19:56:09 -0300] "POST /wp-admin/admin-ajax.php HTTP/1.1" 400 1 "https://suporte.komforthouse.com.br/?wpsc-section=dashboard" "Mozilla/5.0 (Windows NT 10.0; Win64; x64) AppleWebKit/537.36 (KHTML, like Gecko) Chrome/139.0.0.0 Safari/537.36"
216.73.216.37 - - [15/Aug/2025:19:57:50 -0300] "GET /wp-login.php HTTP/1.1" 200 9379 "-" "Mozilla/5.0 AppleWebKit/537.36 (KHTML, like Gecko; compatible; ClaudeBot/1.0; +claudebot@anthropic.com)"
162.214.27.60 - - [15/Aug/2025:19:57:51 -0300] "POST /wp-cron.php?doing_wp_cron=1755298671.6786348819732666015625 HTTP/1.1" 200 - "-" "WordPress/6.8.2; https://suporte.komforthouse.com.br"
216.73.216.37 - - [15/Aug/2025:19:58:47 -0300] "GET /?p=17 HTTP/1.1" 301 - "-" "Mozilla/5.0 AppleWebKit/537.36 (KHTML, like Gecko; compatible; ClaudeBot/1.0; +claudebot@anthropic.com)"
162.214.27.60 - - [15/Aug/2025:19:58:48 -0300] "POST /wp-cron.php?doing_wp_cron=1755298728.4516589641571044921875 HTTP/1.1" 200 - "-" "WordPress/6.8.2; https://suporte.komforthouse.com.br"
216.73.216.37 - - [15/Aug/2025:19:58:49 -0300] "GET /pagina-de-ticket/ HTTP/1.1" 200 119105 "https://suporte.komforthouse.com.br/?p=17" "Mozilla/5.0 AppleWebKit/537.36 (KHTML, like Gecko; compatible; ClaudeBot/1.0; +claudebot@anthropic.com)"
196.251.83.126 - - [15/Aug/2025:19:59:46 -0300] "POST /wp-login.php HTTP/1.1" 200 9793 "-" "Mozilla/5.0"
162.214.27.60 - - [15/Aug/2025:19:59:47 -0300] "POST /wp-cron.php?doing_wp_cron=1755298787.5643970966339111328125 HTTP/1.1" 200 - "-" "WordPress/6.8.2; https://suporte.komforthouse.com.br"
45.61.187.44 - - [15/Aug/2025:20:00:17 -0300] "GET /wp-login.php HTTP/1.1" 200 9379 "-" "Mozilla/5.0 (Windows NT 6.1; WOW64; rv:29.0) Gecko/20100101 Firefox/29.0"
162.214.27.60 - - [15/Aug/2025:20:00:18 -0300] "POST /wp-cron.php?doing_wp_cron=1755298818.5404229164123535156250 HTTP/1.1" 200 - "-" "WordPress/6.8.2; https://suporte.komforthouse.com.br"
45.61.187.44 - - [15/Aug/2025:20:00:19 -0300] "POST /wp-login.php HTTP/1.1" 200 9811 "-" "Mozilla/5.0 (Windows NT 6.1; WOW64; rv:29.0) Gecko/20100101 Firefox/29.0"
200.4.115.77 - - [15/Aug/2025:20:02:09 -0300] "POST /wp-admin/admin-ajax.php HTTP/1.1" 400 1 "https://suporte.komforthouse.com.br/?wpsc-section=dashboard" "Mozilla/5.0 (Windows NT 10.0; Win64; x64) AppleWebKit/537.36 (KHTML, like Gecko) Chrome/139.0.0.0 Safari/537.36"
162.214.27.60 - - [15/Aug/2025:20:02:10 -0300] "POST /wp-cron.php?doing_wp_cron=1755298930.9494450092315673828125 HTTP/1.1" 200 - "-" "WordPress/6.8.2; https://suporte.komforthouse.com.br"
162.214.27.60 - - [15/Aug/2025:20:07:10 -0300] "POST /wp-cron.php?doing_wp_cron=1755299230.3222870826721191406250 HTTP/1.1" 200 - "-" "WordPress/6.8.2; https://suporte.komforthouse.com.br"
200.4.115.77 - - [15/Aug/2025:20:07:09 -0300] "POST /wp-admin/admin-ajax.php HTTP/1.1" 400 1 "https://suporte.komforthouse.com.br/?wpsc-section=dashboard" "Mozilla/5.0 (Windows NT 10.0; Win64; x64) AppleWebKit/537.36 (KHTML, like Gecko) Chrome/139.0.0.0 Safari/537.36"
200.4.115.77 - - [15/Aug/2025:20:13:09 -0300] "POST /wp-admin/admin-ajax.php HTTP/1.1" 400 1 "https://suporte.komforthouse.com.br/?wpsc-section=dashboard" "Mozilla/5.0 (Windows NT 10.0; Win64; x64) AppleWebKit/537.36 (KHTML, like Gecko) Chrome/139.0.0.0 Safari/537.36"
162.214.27.60 - - [15/Aug/2025:20:13:10 -0300] "POST /wp-cron.php?doing_wp_cron=1755299590.1410949230194091796875 HTTP/1.1" 200 - "-" "WordPress/6.8.2; https://suporte.komforthouse.com.br"
162.214.27.60 - - [15/Aug/2025:20:18:10 -0300] "POST /wp-cron.php?doing_wp_cron=1755299890.3271360397338867187500 HTTP/1.1" 200 - "-" "WordPress/6.8.2; https://suporte.komforthouse.com.br"
200.4.115.77 - - [15/Aug/2025:20:18:09 -0300] "POST /wp-admin/admin-ajax.php HTTP/1.1" 400 1 "https://suporte.komforthouse.com.br/?wpsc-section=dashboard" "Mozilla/5.0 (Windows NT 10.0; Win64; x64) AppleWebKit/537.36 (KHTML, like Gecko) Chrome/139.0.0.0 Safari/537.36"
196.251.83.126 - - [15/Aug/2025:20:18:35 -0300] "POST /wp-login.php HTTP/1.1" 200 9793 "-" "Mozilla/5.0"
162.214.27.60 - - [15/Aug/2025:20:23:10 -0300] "POST /wp-cron.php?doing_wp_cron=1755300190.7432351112365722656250 HTTP/1.1" 200 - "-" "WordPress/6.8.2; https://suporte.komforthouse.com.br"
200.4.115.77 - - [15/Aug/2025:20:23:09 -0300] "POST /wp-admin/admin-ajax.php HTTP/1.1" 400 1 "https://suporte.komforthouse.com.br/?wpsc-section=dashboard" "Mozilla/5.0 (Windows NT 10.0; Win64; x64) AppleWebKit/537.36 (KHTML, like Gecko) Chrome/139.0.0.0 Safari/537.36"
200.4.115.77 - - [15/Aug/2025:20:29:09 -0300] "POST /wp-admin/admin-ajax.php HTTP/1.1" 400 1 "https://suporte.komforthouse.com.br/?wpsc-section=dashboard" "Mozilla/5.0 (Windows NT 10.0; Win64; x64) AppleWebKit/537.36 (KHTML, like Gecko) Chrome/139.0.0.0 Safari/537.36"
162.214.27.60 - - [15/Aug/2025:20:29:10 -0300] "POST /wp-cron.php?doing_wp_cron=1755300550.5192129611968994140625 HTTP/1.1" 200 - "-" "WordPress/6.8.2; https://suporte.komforthouse.com.br"
162.214.27.60 - - [15/Aug/2025:20:33:27 -0300] "POST /wp-cron.php?doing_wp_cron=1755300807.9337539672851562500000 HTTP/1.1" 200 - "-" "WordPress/6.8.2; https://suporte.komforthouse.com.br"
205.210.31.49 - - [15/Aug/2025:20:33:26 -0300] "GET / HTTP/1.1" 301 - "-" "-"
205.210.31.49 - - [15/Aug/2025:20:33:29 -0300] "GET / HTTP/1.1" 200 122518 "-" "-"
162.214.27.60 - - [15/Aug/2025:20:34:12 -0300] "POST /wp-cron.php?doing_wp_cron=1755300852.3600609302520751953125 HTTP/1.1" 200 - "-" "WordPress/6.8.2; https://suporte.komforthouse.com.br"
200.4.115.77 - - [15/Aug/2025:20:34:10 -0300] "POST /wp-admin/admin-ajax.php HTTP/1.1" 400 1 "https://suporte.komforthouse.com.br/?wpsc-section=dashboard" "Mozilla/5.0 (Windows NT 10.0; Win64; x64) AppleWebKit/537.36 (KHTML, like Gecko) Chrome/139.0.0.0 Safari/537.36"
196.251.83.126 - - [15/Aug/2025:20:36:51 -0300] "POST /wp-login.php HTTP/1.1" 200 9793 "-" "Mozilla/5.0"
162.214.27.60 - - [15/Aug/2025:20:36:52 -0300] "POST /wp-cron.php?doing_wp_cron=1755301012.8231029510498046875000 HTTP/1.1" 200 - "-" "WordPress/6.8.2; https://suporte.komforthouse.com.br"
200.4.115.77 - - [15/Aug/2025:20:40:09 -0300] "POST /wp-admin/admin-ajax.php HTTP/1.1" 400 1 "https://suporte.komforthouse.com.br/?wpsc-section=dashboard" "Mozilla/5.0 (Windows NT 10.0; Win64; x64) AppleWebKit/537.36 (KHTML, like Gecko) Chrome/139.0.0.0 Safari/537.36"
162.214.27.60 - - [15/Aug/2025:20:40:10 -0300] "POST /wp-cron.php?doing_wp_cron=1755301210.6102380752563476562500 HTTP/1.1" 200 - "-" "WordPress/6.8.2; https://suporte.komforthouse.com.br"
200.4.115.77 - - [15/Aug/2025:20:45:09 -0300] "POST /wp-admin/admin-ajax.php HTTP/1.1" 400 1 "https://suporte.komforthouse.com.br/?wpsc-section=dashboard" "Mozilla/5.0 (Windows NT 10.0; Win64; x64) AppleWebKit/537.36 (KHTML, like Gecko) Chrome/139.0.0.0 Safari/537.36"
162.214.27.60 - - [15/Aug/2025:20:45:10 -0300] "POST /wp-cron.php?doing_wp_cron=1755301510.3650939464569091796875 HTTP/1.1" 200 - "-" "WordPress/6.8.2; https://suporte.komforthouse.com.br"
200.4.115.77 - - [15/Aug/2025:20:51:09 -0300] "POST /wp-admin/admin-ajax.php HTTP/1.1" 400 1 "https://suporte.komforthouse.com.br/?wpsc-section=dashboard" "Mozilla/5.0 (Windows NT 10.0; Win64; x64) AppleWebKit/537.36 (KHTML, like Gecko) Chrome/139.0.0.0 Safari/537.36"
162.214.27.60 - - [15/Aug/2025:20:51:10 -0300] "POST /wp-cron.php?doing_wp_cron=1755301870.5250310897827148437500 HTTP/1.1" 200 - "-" "WordPress/6.8.2; https://suporte.komforthouse.com.br"
196.251.83.126 - - [15/Aug/2025:20:54:57 -0300] "POST /wp-login.php HTTP/1.1" 200 9793 "-" "Mozilla/5.0"
162.214.27.60 - - [15/Aug/2025:20:54:58 -0300] "POST /wp-cron.php?doing_wp_cron=1755302098.6600940227508544921875 HTTP/1.1" 200 - "-" "WordPress/6.8.2; https://suporte.komforthouse.com.br"
162.214.27.60 - - [15/Aug/2025:20:56:10 -0300] "POST /wp-cron.php?doing_wp_cron=1755302170.3609900474548339843750 HTTP/1.1" 200 - "-" "WordPress/6.8.2; https://suporte.komforthouse.com.br"
200.4.115.77 - - [15/Aug/2025:20:56:09 -0300] "POST /wp-admin/admin-ajax.php HTTP/1.1" 400 1 "https://suporte.komforthouse.com.br/?wpsc-section=dashboard" "Mozilla/5.0 (Windows NT 10.0; Win64; x64) AppleWebKit/537.36 (KHTML, like Gecko) Chrome/139.0.0.0 Safari/537.36"
162.214.27.60 - - [15/Aug/2025:21:02:10 -0300] "POST /wp-cron.php?doing_wp_cron=1755302530.9149649143218994140625 HTTP/1.1" 200 - "-" "WordPress/6.8.2; https://suporte.komforthouse.com.br"
200.4.115.77 - - [15/Aug/2025:21:02:09 -0300] "POST /wp-admin/admin-ajax.php HTTP/1.1" 400 1 "https://suporte.komforthouse.com.br/?wpsc-section=dashboard" "Mozilla/5.0 (Windows NT 10.0; Win64; x64) AppleWebKit/537.36 (KHTML, like Gecko) Chrome/139.0.0.0 Safari/537.36"
200.4.115.77 - - [15/Aug/2025:21:07:09 -0300] "POST /wp-admin/admin-ajax.php HTTP/1.1" 400 1 "https://suporte.komforthouse.com.br/?wpsc-section=dashboard" "Mozilla/5.0 (Windows NT 10.0; Win64; x64) AppleWebKit/537.36 (KHTML, like Gecko) Chrome/139.0.0.0 Safari/537.36"
162.214.27.60 - - [15/Aug/2025:21:07:10 -0300] "POST /wp-cron.php?doing_wp_cron=1755302830.4165239334106445312500 HTTP/1.1" 200 - "-" "WordPress/6.8.2; https://suporte.komforthouse.com.br"
198.98.56.10 - - [15/Aug/2025:21:07:59 -0300] "GET /wp-login.php HTTP/1.1" 200 9379 "-" "Mozilla/5.0 (Macintosh; Intel Mac OS X 10_9_2) AppleWebKit/537.75.14 (KHTML, like Gecko) Version/7.0.3 Safari/537.75.14"
162.214.27.60 - - [15/Aug/2025:21:09:21 -0300] "POST /wp-cron.php?doing_wp_cron=1755302961.7184090614318847656250 HTTP/1.1" 200 - "-" "WordPress/6.8.2; https://suporte.komforthouse.com.br"
198.98.56.10 - - [15/Aug/2025:21:09:20 -0300] "POST /wp-login.php HTTP/1.1" 200 9811 "-" "Mozilla/5.0 (Macintosh; Intel Mac OS X 10_9_2) AppleWebKit/537.75.14 (KHTML, like Gecko) Version/7.0.3 Safari/537.75.14"
162.214.27.60 - - [15/Aug/2025:21:12:10 -0300] "POST /wp-cron.php?doing_wp_cron=1755303130.0260670185089111328125 HTTP/1.1" 200 - "-" "WordPress/6.8.2; https://suporte.komforthouse.com.br"
200.4.115.77 - - [15/Aug/2025:21:12:09 -0300] "POST /wp-admin/admin-ajax.php HTTP/1.1" 400 1 "https://suporte.komforthouse.com.br/?wpsc-section=dashboard" "Mozilla/5.0 (Windows NT 10.0; Win64; x64) AppleWebKit/537.36 (KHTML, like Gecko) Chrome/139.0.0.0 Safari/537.36"
162.214.27.60 - - [15/Aug/2025:21:13:16 -0300] "POST /wp-cron.php?doing_wp_cron=1755303196.4793310165405273437500 HTTP/1.1" 200 - "-" "WordPress/6.8.2; https://suporte.komforthouse.com.br"
196.251.83.126 - - [15/Aug/2025:21:13:15 -0300] "POST /wp-login.php HTTP/1.1" 200 9793 "-" "Mozilla/5.0"
162.214.27.60 - - [15/Aug/2025:21:18:09 -0300] "POST /wp-cron.php?doing_wp_cron=1755303489.9452810287475585937500 HTTP/1.1" 200 - "-" "WordPress/6.8.2; https://suporte.komforthouse.com.br"
200.4.115.77 - - [15/Aug/2025:21:18:09 -0300] "POST /wp-admin/admin-ajax.php HTTP/1.1" 400 1 "https://suporte.komforthouse.com.br/?wpsc-section=dashboard" "Mozilla/5.0 (Windows NT 10.0; Win64; x64) AppleWebKit/537.36 (KHTML, like Gecko) Chrome/139.0.0.0 Safari/537.36"
216.73.216.37 - - [15/Aug/2025:21:21:25 -0300] "GET /robots.txt HTTP/1.1" 200 145 "-" "Mozilla/5.0 AppleWebKit/537.36 (KHTML, like Gecko; compatible; ClaudeBot/1.0; +claudebot@anthropic.com)"
162.214.27.60 - - [15/Aug/2025:21:21:26 -0300] "POST /wp-cron.php?doing_wp_cron=1755303686.1201379299163818359375 HTTP/1.1" 200 - "-" "WordPress/6.8.2; https://suporte.komforthouse.com.br"
216.73.216.37 - - [15/Aug/2025:21:21:27 -0300] "GET /wp-content/uploads/2024/05/komfort-house-sofas-colchoes-logo-2024-branco.svg HTTP/1.1" 200 13550 "-" "Mozilla/5.0 AppleWebKit/537.36 (KHTML, like Gecko; compatible; ClaudeBot/1.0; +claudebot@anthropic.com)"
216.73.216.37 - - [15/Aug/2025:21:21:34 -0300] "GET /wp-content/uploads/2024/05/Akomfort-house-sofas-colchoes-logo-2024-preto.svg HTTP/1.1" 200 13550 "-" "Mozilla/5.0 AppleWebKit/537.36 (KHTML, like Gecko; compatible; ClaudeBot/1.0; +claudebot@anthropic.com)"
216.73.216.37 - - [15/Aug/2025:21:22:57 -0300] "GET /wp-content/uploads/2024/05/Assinatura_Email_v1-1-1.png HTTP/1.1" 200 100210 "-" "Mozilla/5.0 AppleWebKit/537.36 (KHTML, like Gecko; compatible; ClaudeBot/1.0; +claudebot@anthropic.com)"
200.4.115.77 - - [15/Aug/2025:21:23:09 -0300] "POST /wp-admin/admin-ajax.php HTTP/1.1" 400 1 "https://suporte.komforthouse.com.br/?wpsc-section=dashboard" "Mozilla/5.0 (Windows NT 10.0; Win64; x64) AppleWebKit/537.36 (KHTML, like Gecko) Chrome/139.0.0.0 Safari/537.36"
162.214.27.60 - - [15/Aug/2025:21:23:09 -0300] "POST /wp-cron.php?doing_wp_cron=1755303789.9590640068054199218750 HTTP/1.1" 200 - "-" "WordPress/6.8.2; https://suporte.komforthouse.com.br"
200.4.115.77 - - [15/Aug/2025:21:28:09 -0300] "POST /wp-admin/admin-ajax.php HTTP/1.1" 400 1 "https://suporte.komforthouse.com.br/?wpsc-section=dashboard" "Mozilla/5.0 (Windows NT 10.0; Win64; x64) AppleWebKit/537.36 (KHTML, like Gecko) Chrome/139.0.0.0 Safari/537.36"
162.214.27.60 - - [15/Aug/2025:21:28:10 -0300] "POST /wp-cron.php?doing_wp_cron=1755304090.1550130844116210937500 HTTP/1.1" 200 - "-" "WordPress/6.8.2; https://suporte.komforthouse.com.br"
162.214.27.60 - - [15/Aug/2025:21:31:20 -0300] "POST /wp-cron.php?doing_wp_cron=1755304280.7237730026245117187500 HTTP/1.1" 200 - "-" "WordPress/6.8.2; https://suporte.komforthouse.com.br"
196.251.83.126 - - [15/Aug/2025:21:31:19 -0300] "POST /wp-login.php HTTP/1.1" 200 9793 "-" "Mozilla/5.0"
162.214.27.60 - - [15/Aug/2025:21:34:10 -0300] "POST /wp-cron.php?doing_wp_cron=1755304450.3576400279998779296875 HTTP/1.1" 200 - "-" "WordPress/6.8.2; https://suporte.komforthouse.com.br"
200.4.115.77 - - [15/Aug/2025:21:34:09 -0300] "POST /wp-admin/admin-ajax.php HTTP/1.1" 400 1 "https://suporte.komforthouse.com.br/?wpsc-section=dashboard" "Mozilla/5.0 (Windows NT 10.0; Win64; x64) AppleWebKit/537.36 (KHTML, like Gecko) Chrome/139.0.0.0 Safari/537.36"
200.4.115.77 - - [15/Aug/2025:21:40:09 -0300] "POST /wp-admin/admin-ajax.php HTTP/1.1" 400 1 "https://suporte.komforthouse.com.br/?wpsc-section=dashboard" "Mozilla/5.0 (Windows NT 10.0; Win64; x64) AppleWebKit/537.36 (KHTML, like Gecko) Chrome/139.0.0.0 Safari/537.36"
162.214.27.60 - - [15/Aug/2025:21:40:10 -0300] "POST /wp-cron.php?doing_wp_cron=1755304810.4720799922943115234375 HTTP/1.1" 200 - "-" "WordPress/6.8.2; https://suporte.komforthouse.com.br"
200.4.115.77 - - [15/Aug/2025:21:45:09 -0300] "POST /wp-admin/admin-ajax.php HTTP/1.1" 400 1 "https://suporte.komforthouse.com.br/?wpsc-section=dashboard" "Mozilla/5.0 (Windows NT 10.0; Win64; x64) AppleWebKit/537.36 (KHTML, like Gecko) Chrome/139.0.0.0 Safari/537.36"
162.214.27.60 - - [15/Aug/2025:21:45:10 -0300] "POST /wp-cron.php?doing_wp_cron=1755305110.7864880561828613281250 HTTP/1.1" 200 - "-" "WordPress/6.8.2; https://suporte.komforthouse.com.br"
196.251.83.126 - - [15/Aug/2025:21:49:25 -0300] "POST /wp-login.php HTTP/1.1" 200 9793 "-" "Mozilla/5.0"
162.214.27.60 - - [15/Aug/2025:21:49:26 -0300] "POST /wp-cron.php?doing_wp_cron=1755305366.7796878814697265625000 HTTP/1.1" 200 - "-" "WordPress/6.8.2; https://suporte.komforthouse.com.br"
162.214.27.60 - - [15/Aug/2025:21:51:10 -0300] "POST /wp-cron.php?doing_wp_cron=1755305470.0709409713745117187500 HTTP/1.1" 200 - "-" "WordPress/6.8.2; https://suporte.komforthouse.com.br"
200.4.115.77 - - [15/Aug/2025:21:51:09 -0300] "POST /wp-admin/admin-ajax.php HTTP/1.1" 400 1 "https://suporte.komforthouse.com.br/?wpsc-section=dashboard" "Mozilla/5.0 (Windows NT 10.0; Win64; x64) AppleWebKit/537.36 (KHTML, like Gecko) Chrome/139.0.0.0 Safari/537.36"
200.4.115.77 - - [15/Aug/2025:21:57:09 -0300] "POST /wp-admin/admin-ajax.php HTTP/1.1" 400 1 "https://suporte.komforthouse.com.br/?wpsc-section=dashboard" "Mozilla/5.0 (Windows NT 10.0; Win64; x64) AppleWebKit/537.36 (KHTML, like Gecko) Chrome/139.0.0.0 Safari/537.36"
162.214.27.60 - - [15/Aug/2025:21:57:10 -0300] "POST /wp-cron.php?doing_wp_cron=1755305830.2826819419860839843750 HTTP/1.1" 200 - "-" "WordPress/6.8.2; https://suporte.komforthouse.com.br"
162.214.27.60 - - [15/Aug/2025:22:03:10 -0300] "POST /wp-cron.php?doing_wp_cron=1755306189.9897809028625488281250 HTTP/1.1" 200 - "-" "WordPress/6.8.2; https://suporte.komforthouse.com.br"
200.4.115.77 - - [15/Aug/2025:22:03:09 -0300] "POST /wp-admin/admin-ajax.php HTTP/1.1" 400 1 "https://suporte.komforthouse.com.br/?wpsc-section=dashboard" "Mozilla/5.0 (Windows NT 10.0; Win64; x64) AppleWebKit/537.36 (KHTML, like Gecko) Chrome/139.0.0.0 Safari/537.36"
162.214.27.60 - - [15/Aug/2025:22:07:28 -0300] "POST /wp-cron.php?doing_wp_cron=1755306448.5279209613800048828125 HTTP/1.1" 200 - "-" "WordPress/6.8.2; https://suporte.komforthouse.com.br"
196.251.83.126 - - [15/Aug/2025:22:07:27 -0300] "POST /wp-login.php HTTP/1.1" 200 9793 "-" "Mozilla/5.0"
162.214.27.60 - - [15/Aug/2025:22:08:09 -0300] "POST /wp-cron.php?doing_wp_cron=1755306489.9835369586944580078125 HTTP/1.1" 200 - "-" "WordPress/6.8.2; https://suporte.komforthouse.com.br"
200.4.115.77 - - [15/Aug/2025:22:08:09 -0300] "POST /wp-admin/admin-ajax.php HTTP/1.1" 400 1 "https://suporte.komforthouse.com.br/?wpsc-section=dashboard" "Mozilla/5.0 (Windows NT 10.0; Win64; x64) AppleWebKit/537.36 (KHTML, like Gecko) Chrome/139.0.0.0 Safari/537.36"
162.214.27.60 - - [15/Aug/2025:22:14:10 -0300] "POST /wp-cron.php?doing_wp_cron=1755306850.3029520511627197265625 HTTP/1.1" 200 - "-" "WordPress/6.8.2; https://suporte.komforthouse.com.br"
200.4.115.77 - - [15/Aug/2025:22:14:09 -0300] "POST /wp-admin/admin-ajax.php HTTP/1.1" 400 1 "https://suporte.komforthouse.com.br/?wpsc-section=dashboard" "Mozilla/5.0 (Windows NT 10.0; Win64; x64) AppleWebKit/537.36 (KHTML, like Gecko) Chrome/139.0.0.0 Safari/537.36"
162.214.27.60 - - [15/Aug/2025:22:20:10 -0300] "POST /wp-cron.php?doing_wp_cron=1755307209.9957630634307861328125 HTTP/1.1" 200 - "-" "WordPress/6.8.2; https://suporte.komforthouse.com.br"
200.4.115.77 - - [15/Aug/2025:22:20:09 -0300] "POST /wp-admin/admin-ajax.php HTTP/1.1" 400 1 "https://suporte.komforthouse.com.br/?wpsc-section=dashboard" "Mozilla/5.0 (Windows NT 10.0; Win64; x64) AppleWebKit/537.36 (KHTML, like Gecko) Chrome/139.0.0.0 Safari/537.36"
162.214.27.60 - - [15/Aug/2025:22:21:22 -0300] "POST /wp-cron.php?doing_wp_cron=1755307282.1698770523071289062500 HTTP/1.1" 200 - "-" "WordPress/6.8.2; https://suporte.komforthouse.com.br"
209.141.37.216 - - [15/Aug/2025:22:21:21 -0300] "GET /wp-login.php HTTP/1.1" 200 9379 "-" "Mozilla/5.0 (Windows NT 6.1; WOW64; Trident/7.0; rv:11.0) like Gecko"
209.141.36.171 - - [15/Aug/2025:22:21:59 -0300] "GET /wp-login.php HTTP/1.1" 200 9379 "-" "Mozilla/5.0 (Macintosh; Intel Mac OS X 10.9; rv:31.0) Gecko/20100101 Firefox/31.0"
162.214.27.60 - - [15/Aug/2025:22:21:59 -0300] "POST /wp-cron.php?doing_wp_cron=1755307319.8840570449829101562500 HTTP/1.1" 200 - "-" "WordPress/6.8.2; https://suporte.komforthouse.com.br"
162.214.27.60 - - [15/Aug/2025:22:24:43 -0300] "POST /wp-cron.php?doing_wp_cron=1755307483.0865800380706787109375 HTTP/1.1" 200 - "-" "WordPress/6.8.2; https://suporte.komforthouse.com.br"
209.141.37.216 - - [15/Aug/2025:22:24:41 -0300] "POST /wp-login.php HTTP/1.1" 200 9811 "-" "Mozilla/5.0 (Windows NT 6.1; WOW64; Trident/7.0; rv:11.0) like Gecko"
196.251.83.126 - - [15/Aug/2025:22:25:28 -0300] "POST /wp-login.php HTTP/1.1" 200 9793 "-" "Mozilla/5.0"
162.214.27.60 - - [15/Aug/2025:22:25:29 -0300] "POST /wp-cron.php?doing_wp_cron=1755307529.8399798870086669921875 HTTP/1.1" 200 - "-" "WordPress/6.8.2; https://suporte.komforthouse.com.br"
209.141.36.171 - - [15/Aug/2025:22:25:50 -0300] "POST /wp-login.php HTTP/1.1" 200 9811 "-" "Mozilla/5.0 (Macintosh; Intel Mac OS X 10.9; rv:31.0) Gecko/20100101 Firefox/31.0"
200.4.115.77 - - [15/Aug/2025:22:26:09 -0300] "POST /wp-admin/admin-ajax.php HTTP/1.1" 400 1 "https://suporte.komforthouse.com.br/?wpsc-section=dashboard" "Mozilla/5.0 (Windows NT 10.0; Win64; x64) AppleWebKit/537.36 (KHTML, like Gecko) Chrome/139.0.0.0 Safari/537.36"
162.214.27.60 - - [15/Aug/2025:22:26:09 -0300] "POST /wp-cron.php?doing_wp_cron=1755307569.9725890159606933593750 HTTP/1.1" 200 - "-" "WordPress/6.8.2; https://suporte.komforthouse.com.br"
162.214.27.60 - - [15/Aug/2025:22:31:10 -0300] "POST /wp-cron.php?doing_wp_cron=1755307870.6413929462432861328125 HTTP/1.1" 200 - "-" "WordPress/6.8.2; https://suporte.komforthouse.com.br"
200.4.115.77 - - [15/Aug/2025:22:31:09 -0300] "POST /wp-admin/admin-ajax.php HTTP/1.1" 400 1 "https://suporte.komforthouse.com.br/?wpsc-section=dashboard" "Mozilla/5.0 (Windows NT 10.0; Win64; x64) AppleWebKit/537.36 (KHTML, like Gecko) Chrome/139.0.0.0 Safari/537.36"
200.4.115.77 - - [15/Aug/2025:22:37:09 -0300] "POST /wp-admin/admin-ajax.php HTTP/1.1" 400 1 "https://suporte.komforthouse.com.br/?wpsc-section=dashboard" "Mozilla/5.0 (Windows NT 10.0; Win64; x64) AppleWebKit/537.36 (KHTML, like Gecko) Chrome/139.0.0.0 Safari/537.36"
162.214.27.60 - - [15/Aug/2025:22:37:10 -0300] "POST /wp-cron.php?doing_wp_cron=1755308230.0085558891296386718750 HTTP/1.1" 200 - "-" "WordPress/6.8.2; https://suporte.komforthouse.com.br"
162.214.27.60 - - [15/Aug/2025:22:42:10 -0300] "POST /wp-cron.php?doing_wp_cron=1755308530.6767070293426513671875 HTTP/1.1" 200 - "-" "WordPress/6.8.2; https://suporte.komforthouse.com.br"
200.4.115.77 - - [15/Aug/2025:22:42:09 -0300] "POST /wp-admin/admin-ajax.php HTTP/1.1" 400 1 "https://suporte.komforthouse.com.br/?wpsc-section=dashboard" "Mozilla/5.0 (Windows NT 10.0; Win64; x64) AppleWebKit/537.36 (KHTML, like Gecko) Chrome/139.0.0.0 Safari/537.36"
196.251.83.126 - - [15/Aug/2025:22:43:31 -0300] "POST /wp-login.php HTTP/1.1" 200 9793 "-" "Mozilla/5.0"
162.214.27.60 - - [15/Aug/2025:22:43:32 -0300] "POST /wp-cron.php?doing_wp_cron=1755308612.5469169616699218750000 HTTP/1.1" 200 - "-" "WordPress/6.8.2; https://suporte.komforthouse.com.br"
162.214.27.60 - - [15/Aug/2025:22:48:09 -0300] "POST /wp-cron.php?doing_wp_cron=1755308889.9571280479431152343750 HTTP/1.1" 200 - "-" "WordPress/6.8.2; https://suporte.komforthouse.com.br"
200.4.115.77 - - [15/Aug/2025:22:48:09 -0300] "POST /wp-admin/admin-ajax.php HTTP/1.1" 400 1 "https://suporte.komforthouse.com.br/?wpsc-section=dashboard" "Mozilla/5.0 (Windows NT 10.0; Win64; x64) AppleWebKit/537.36 (KHTML, like Gecko) Chrome/139.0.0.0 Safari/537.36"
162.214.27.60 - - [15/Aug/2025:22:53:10 -0300] "POST /wp-cron.php?doing_wp_cron=1755309190.1355330944061279296875 HTTP/1.1" 200 - "-" "WordPress/6.8.2; https://suporte.komforthouse.com.br"
200.4.115.77 - - [15/Aug/2025:22:53:09 -0300] "POST /wp-admin/admin-ajax.php HTTP/1.1" 400 1 "https://suporte.komforthouse.com.br/?wpsc-section=dashboard" "Mozilla/5.0 (Windows NT 10.0; Win64; x64) AppleWebKit/537.36 (KHTML, like Gecko) Chrome/139.0.0.0 Safari/537.36"
162.214.27.60 - - [15/Aug/2025:22:57:12 -0300] "POST /wp-cron.php?doing_wp_cron=1755309432.3276569843292236328125 HTTP/1.1" 200 - "-" "WordPress/6.8.2; https://suporte.komforthouse.com.br"
198.98.55.41 - - [15/Aug/2025:22:57:11 -0300] "GET /wp-login.php HTTP/1.1" 200 9379 "-" "Mozilla/5.0 (iPhone; CPU iPhone OS 7_1 like Mac OS X) AppleWebKit/537.51.2 (KHTML, like Gecko) Version/7.0 Mobile/11D167 Safari/9537.53"
198.98.55.41 - - [15/Aug/2025:22:57:13 -0300] "POST /wp-login.php HTTP/1.1" 200 9811 "-" "Mozilla/5.0 (iPhone; CPU iPhone OS 7_1 like Mac OS X) AppleWebKit/537.51.2 (KHTML, like Gecko) Version/7.0 Mobile/11D167 Safari/9537.53"
162.214.27.60 - - [15/Aug/2025:22:59:10 -0300] "POST /wp-cron.php?doing_wp_cron=1755309550.2397799491882324218750 HTTP/1.1" 200 - "-" "WordPress/6.8.2; https://suporte.komforthouse.com.br"
200.4.115.77 - - [15/Aug/2025:22:59:09 -0300] "POST /wp-admin/admin-ajax.php HTTP/1.1" 400 1 "https://suporte.komforthouse.com.br/?wpsc-section=dashboard" "Mozilla/5.0 (Windows NT 10.0; Win64; x64) AppleWebKit/537.36 (KHTML, like Gecko) Chrome/139.0.0.0 Safari/537.36"
162.214.27.60 - - [15/Aug/2025:22:59:47 -0300] "POST /wp-cron.php?doing_wp_cron=1755309587.5820999145507812500000 HTTP/1.1" 200 - "-" "WordPress/6.8.2; https://suporte.komforthouse.com.br"
209.141.50.27 - - [15/Aug/2025:22:59:46 -0300] "GET /wp-login.php HTTP/1.1" 200 9379 "-" "Mozilla/5.0 (iPhone; CPU iPhone OS 7_1 like Mac OS X) AppleWebKit/537.51.2 (KHTML, like Gecko) Version/7.0 Mobile/11D167 Safari/9537.53"
162.214.27.60 - - [15/Aug/2025:23:01:40 -0300] "POST /wp-cron.php?doing_wp_cron=1755309700.2706050872802734375000 HTTP/1.1" 200 - "-" "WordPress/6.8.2; https://suporte.komforthouse.com.br"
196.251.83.126 - - [15/Aug/2025:23:01:39 -0300] "POST /wp-login.php HTTP/1.1" 200 9793 "-" "Mozilla/5.0"
209.141.50.27 - - [15/Aug/2025:23:01:50 -0300] "POST /wp-login.php HTTP/1.1" 200 9811 "-" "Mozilla/5.0 (iPhone; CPU iPhone OS 7_1 like Mac OS X) AppleWebKit/537.51.2 (KHTML, like Gecko) Version/7.0 Mobile/11D167 Safari/9537.53"
162.214.27.60 - - [15/Aug/2025:23:04:09 -0300] "POST /wp-cron.php?doing_wp_cron=1755309849.9690020084381103515625 HTTP/1.1" 200 - "-" "WordPress/6.8.2; https://suporte.komforthouse.com.br"
