45.174.181.70 - - [15/Aug/2025:11:31:03 -0300] "POST /wp-admin/admin-ajax.php HTTP/1.1" 200 24 "https://suporte.komforthouse.com.br/?wpsc-section=ticket-list&ticket-id=821" "Mozilla/5.0 (Windows NT 10.0; Win64; x64) AppleWebKit/537.36 (KHTML, like Gecko) Chrome/138.0.0.0 Safari/537.36"
45.174.181.70 - - [15/Aug/2025:11:31:04 -0300] "POST /wp-admin/admin-ajax.php HTTP/1.1" 200 24 "https://suporte.komforthouse.com.br/?wpsc-section=ticket-list&ticket-id=821" "Mozilla/5.0 (Windows NT 10.0; Win64; x64) AppleWebKit/537.36 (KHTML, like Gecko) Chrome/138.0.0.0 Safari/537.36"
45.174.181.70 - - [15/Aug/2025:11:31:06 -0300] "POST /wp-admin/admin-ajax.php HTTP/1.1" 200 24 "https://suporte.komforthouse.com.br/?wpsc-section=ticket-list&ticket-id=821" "Mozilla/5.0 (Windows NT 10.0; Win64; x64) AppleWebKit/537.36 (KHTML, like Gecko) Chrome/139.0.0.0 Safari/537.36"
162.214.27.60 - - [15/Aug/2025:11:31:08 -0300] "POST /wp-cron.php?doing_wp_cron=1755268268.1671509742736816406250 HTTP/1.1" 200 - "-" "WordPress/6.8.2; https://suporte.komforthouse.com.br"
45.174.181.70 - - [15/Aug/2025:11:31:10 -0300] "POST /wp-admin/admin-ajax.php HTTP/1.1" 200 447 "https://suporte.komforthouse.com.br/?wpsc-section=ticket-list&ticket-id=821" "Mozilla/5.0 (Windows NT 10.0; Win64; x64) AppleWebKit/537.36 (KHTML, like Gecko) Chrome/139.0.0.0 Safari/537.36"
45.174.181.70 - - [15/Aug/2025:11:31:15 -0300] "POST /wp-admin/admin-ajax.php HTTP/1.1" 200 24 "https://suporte.komforthouse.com.br/?wpsc-section=ticket-list&ticket-id=816" "Mozilla/5.0 (Windows NT 10.0; Win64; x64) AppleWebKit/537.36 (KHTML, like Gecko) Chrome/139.0.0.0 Safari/537.36"
45.174.181.70 - - [15/Aug/2025:11:31:29 -0300] "POST /wp-admin/admin-ajax.php HTTP/1.1" 200 - "https://suporte.komforthouse.com.br/?wpsc-section=ticket-list&ticket-id=821" "Mozilla/5.0 (Windows NT 10.0; Win64; x64) AppleWebKit/537.36 (KHTML, like Gecko) Chrome/138.0.0.0 Safari/537.36"
45.174.181.70 - - [15/Aug/2025:11:31:31 -0300] "POST /wp-admin/admin-ajax.php HTTP/1.1" 200 106713 "https://suporte.komforthouse.com.br/?wpsc-section=ticket-list&ticket-id=821" "Mozilla/5.0 (Windows NT 10.0; Win64; x64) AppleWebKit/537.36 (KHTML, like Gecko) Chrome/138.0.0.0 Safari/537.36"
45.174.181.70 - - [15/Aug/2025:11:31:31 -0300] "POST /wp-admin/admin-ajax.php HTTP/1.1" 200 - "https://suporte.komforthouse.com.br/?wpsc-section=ticket-list&ticket-id=821" "Mozilla/5.0 (Windows NT 10.0; Win64; x64) AppleWebKit/537.36 (KHTML, like Gecko) Chrome/138.0.0.0 Safari/537.36"
45.174.181.70 - - [15/Aug/2025:11:31:34 -0300] "POST /wp-admin/admin-ajax.php HTTP/1.1" 200 3758 "https://suporte.komforthouse.com.br/?wpsc-section=ticket-list&ticket-id=821" "Mozilla/5.0 (Windows NT 10.0; Win64; x64) AppleWebKit/537.36 (KHTML, like Gecko) Chrome/138.0.0.0 Safari/537.36"
45.174.181.70 - - [15/Aug/2025:11:31:34 -0300] "POST /wp-admin/admin-ajax.php HTTP/1.1" 200 445 "https://suporte.komforthouse.com.br/?wpsc-section=ticket-list&ticket-id=821" "Mozilla/5.0 (Windows NT 10.0; Win64; x64) AppleWebKit/537.36 (KHTML, like Gecko) Chrome/138.0.0.0 Safari/537.36"
45.174.181.70 - - [15/Aug/2025:11:31:36 -0300] "POST /wp-admin/admin-ajax.php HTTP/1.1" 200 6028 "https://suporte.komforthouse.com.br/?wpsc-section=ticket-list&ticket-id=821" "Mozilla/5.0 (Windows NT 10.0; Win64; x64) AppleWebKit/537.36 (KHTML, like Gecko) Chrome/138.0.0.0 Safari/537.36"
45.174.181.70 - - [15/Aug/2025:11:31:37 -0300] "POST /wp-admin/admin-ajax.php HTTP/1.1" 200 445 "https://suporte.komforthouse.com.br/?wpsc-section=ticket-list&ticket-id=821" "Mozilla/5.0 (Windows NT 10.0; Win64; x64) AppleWebKit/537.36 (KHTML, like Gecko) Chrome/138.0.0.0 Safari/537.36"
200.0.56.68 - - [15/Aug/2025:11:31:41 -0300] "GET /?wpsc-section=ticket-list&ticket-id=821&auth-code=6zYN7B10 HTTP/1.1" 200 127601 "-" "Mozilla/5.0 (Windows NT 10.0; Win64; x64) AppleWebKit/537.36 (KHTML, like Gecko) Chrome/138.0.0.0 Safari/537.36"
200.0.56.68 - - [15/Aug/2025:11:31:44 -0300] "GET /wp-includes/css/buttons.min.css?ver=6.8.2 HTTP/1.1" 200 6061 "https://suporte.komforthouse.com.br/?wpsc-section=ticket-list&ticket-id=821&auth-code=6zYN7B10" "Mozilla/5.0 (Windows NT 10.0; Win64; x64) AppleWebKit/537.36 (KHTML, like Gecko) Chrome/138.0.0.0 Safari/537.36"
200.0.56.68 - - [15/Aug/2025:11:31:45 -0300] "GET /wp-includes/css/dashicons.min.css?ver=6.8.2 HTTP/1.1" 200 59016 "https://suporte.komforthouse.com.br/?wpsc-section=ticket-list&ticket-id=821&auth-code=6zYN7B10" "Mozilla/5.0 (Windows NT 10.0; Win64; x64) AppleWebKit/537.36 (KHTML, like Gecko) Chrome/138.0.0.0 Safari/537.36"
200.0.56.68 - - [15/Aug/2025:11:31:45 -0300] "GET /wp-content/plugins/supportcandy/asset/libs/gpopover/jquery.gpopover.css?ver=3.3.0 HTTP/1.1" 200 993 "https://suporte.komforthouse.com.br/?wpsc-section=ticket-list&ticket-id=821&auth-code=6zYN7B10" "Mozilla/5.0 (Windows NT 10.0; Win64; x64) AppleWebKit/537.36 (KHTML, like Gecko) Chrome/138.0.0.0 Safari/537.36"
200.0.56.68 - - [15/Aug/2025:11:31:45 -0300] "GET /wp-includes/css/editor.min.css?ver=6.8.2 HTTP/1.1" 200 26851 "https://suporte.komforthouse.com.br/?wpsc-section=ticket-list&ticket-id=821&auth-code=6zYN7B10" "Mozilla/5.0 (Windows NT 10.0; Win64; x64) AppleWebKit/537.36 (KHTML, like Gecko) Chrome/138.0.0.0 Safari/537.36"
200.0.56.68 - - [15/Aug/2025:11:31:45 -0300] "GET /wp-content/plugins/supportcandy/framework/style.css?ver=3.3.0 HTTP/1.1" 200 40280 "https://suporte.komforthouse.com.br/?wpsc-section=ticket-list&ticket-id=821&auth-code=6zYN7B10" "Mozilla/5.0 (Windows NT 10.0; Win64; x64) AppleWebKit/537.36 (KHTML, like Gecko) Chrome/138.0.0.0 Safari/537.36"
200.0.56.68 - - [15/Aug/2025:11:31:45 -0300] "GET /wp-content/plugins/supportcandy/asset/css/select2.css?ver=3.3.0 HTTP/1.1" 200 15314 "https://suporte.komforthouse.com.br/?wpsc-section=ticket-list&ticket-id=821&auth-code=6zYN7B10" "Mozilla/5.0 (Windows NT 10.0; Win64; x64) AppleWebKit/537.36 (KHTML, like Gecko) Chrome/138.0.0.0 Safari/537.36"
200.0.56.68 - - [15/Aug/2025:11:31:45 -0300] "GET /wp-content/plugins/supportcandy/asset/libs/flatpickr/flatpickr.min.css?ver=3.3.0 HTTP/1.1" 200 15954 "https://suporte.komforthouse.com.br/?wpsc-section=ticket-list&ticket-id=821&auth-code=6zYN7B10" "Mozilla/5.0 (Windows NT 10.0; Win64; x64) AppleWebKit/537.36 (KHTML, like Gecko) Chrome/138.0.0.0 Safari/537.36"
200.0.56.68 - - [15/Aug/2025:11:31:45 -0300] "GET /wp-content/plugins/supportcandy/asset/libs/fullcalendar/lib/main.min.css?ver=3.3.0 HTTP/1.1" 200 25275 "https://suporte.komforthouse.com.br/?wpsc-section=ticket-list&ticket-id=821&auth-code=6zYN7B10" "Mozilla/5.0 (Windows NT 10.0; Win64; x64) AppleWebKit/537.36 (KHTML, like Gecko) Chrome/138.0.0.0 Safari/537.36"
200.0.56.68 - - [15/Aug/2025:11:31:45 -0300] "GET /wp-content/plugins/supportcandy/asset/libs/DataTables/datatables.min.css?ver=3.3.0 HTTP/1.1" 200 31159 "https://suporte.komforthouse.com.br/?wpsc-section=ticket-list&ticket-id=821&auth-code=6zYN7B10" "Mozilla/5.0 (Windows NT 10.0; Win64; x64) AppleWebKit/537.36 (KHTML, like Gecko) Chrome/138.0.0.0 Safari/537.36"
200.0.56.68 - - [15/Aug/2025:11:31:46 -0300] "GET /wp-content/themes/hello-elementor/style.min.css?ver=3.2.1 HTTP/1.1" 200 5501 "https://suporte.komforthouse.com.br/?wpsc-section=ticket-list&ticket-id=821&auth-code=6zYN7B10" "Mozilla/5.0 (Windows NT 10.0; Win64; x64) AppleWebKit/537.36 (KHTML, like Gecko) Chrome/138.0.0.0 Safari/537.36"
200.0.56.68 - - [15/Aug/2025:11:31:46 -0300] "GET /wp-content/themes/hello-elementor/theme.min.css?ver=3.2.1 HTTP/1.1" 200 5069 "https://suporte.komforthouse.com.br/?wpsc-section=ticket-list&ticket-id=821&auth-code=6zYN7B10" "Mozilla/5.0 (Windows NT 10.0; Win64; x64) AppleWebKit/537.36 (KHTML, like Gecko) Chrome/138.0.0.0 Safari/537.36"
200.0.56.68 - - [15/Aug/2025:11:31:46 -0300] "GET /wp-content/themes/hello-elementor/header-footer.min.css?ver=3.2.1 HTTP/1.1" 200 7212 "https://suporte.komforthouse.com.br/?wpsc-section=ticket-list&ticket-id=821&auth-code=6zYN7B10" "Mozilla/5.0 (Windows NT 10.0; Win64; x64) AppleWebKit/537.36 (KHTML, like Gecko) Chrome/138.0.0.0 Safari/537.36"
200.0.56.68 - - [15/Aug/2025:11:31:46 -0300] "GET /wp-content/uploads/elementor/css/post-6.css?ver=1736276062 HTTP/1.1" 200 1614 "https://suporte.komforthouse.com.br/?wpsc-section=ticket-list&ticket-id=821&auth-code=6zYN7B10" "Mozilla/5.0 (Windows NT 10.0; Win64; x64) AppleWebKit/537.36 (KHTML, like Gecko) Chrome/138.0.0.0 Safari/537.36"
200.0.56.68 - - [15/Aug/2025:11:31:46 -0300] "GET /wp-content/plugins/elementor/assets/css/widget-image.min.css?ver=3.26.4 HTTP/1.1" 200 254 "https://suporte.komforthouse.com.br/?wpsc-section=ticket-list&ticket-id=821&auth-code=6zYN7B10" "Mozilla/5.0 (Windows NT 10.0; Win64; x64) AppleWebKit/537.36 (KHTML, like Gecko) Chrome/138.0.0.0 Safari/537.36"
200.0.56.68 - - [15/Aug/2025:11:31:46 -0300] "GET /wp-content/plugins/elementor/assets/css/frontend.min.css?ver=3.26.4 HTTP/1.1" 200 53257 "https://suporte.komforthouse.com.br/?wpsc-section=ticket-list&ticket-id=821&auth-code=6zYN7B10" "Mozilla/5.0 (Windows NT 10.0; Win64; x64) AppleWebKit/537.36 (KHTML, like Gecko) Chrome/138.0.0.0 Safari/537.36"
200.0.56.68 - - [15/Aug/2025:11:31:46 -0300] "GET /wp-content/plugins/elementor-pro/assets/css/widget-nav-menu.min.css?ver=3.26.3 HTTP/1.1" 200 26859 "https://suporte.komforthouse.com.br/?wpsc-section=ticket-list&ticket-id=821&auth-code=6zYN7B10" "Mozilla/5.0 (Windows NT 10.0; Win64; x64) AppleWebKit/537.36 (KHTML, like Gecko) Chrome/138.0.0.0 Safari/537.36"
200.0.56.68 - - [15/Aug/2025:11:31:46 -0300] "GET /wp-content/plugins/elementor/assets/css/widget-social-icons.min.css?ver=3.26.4 HTTP/1.1" 200 5150 "https://suporte.komforthouse.com.br/?wpsc-section=ticket-list&ticket-id=821&auth-code=6zYN7B10" "Mozilla/5.0 (Windows NT 10.0; Win64; x64) AppleWebKit/537.36 (KHTML, like Gecko) Chrome/138.0.0.0 Safari/537.36"
200.0.56.68 - - [15/Aug/2025:11:31:46 -0300] "GET /wp-content/plugins/elementor/assets/css/conditionals/apple-webkit.min.css?ver=3.26.4 HTTP/1.1" 200 7025 "https://suporte.komforthouse.com.br/?wpsc-section=ticket-list&ticket-id=821&auth-code=6zYN7B10" "Mozilla/5.0 (Windows NT 10.0; Win64; x64) AppleWebKit/537.36 (KHTML, like Gecko) Chrome/138.0.0.0 Safari/537.36"
200.0.56.68 - - [15/Aug/2025:11:31:46 -0300] "GET /wp-content/plugins/elementor/assets/css/widget-heading.min.css?ver=3.26.4 HTTP/1.1" 200 600 "https://suporte.komforthouse.com.br/?wpsc-section=ticket-list&ticket-id=821&auth-code=6zYN7B10" "Mozilla/5.0 (Windows NT 10.0; Win64; x64) AppleWebKit/537.36 (KHTML, like Gecko) Chrome/138.0.0.0 Safari/537.36"
200.0.56.68 - - [15/Aug/2025:11:31:46 -0300] "GET /wp-content/plugins/elementor/assets/css/widget-divider.min.css?ver=3.26.4 HTTP/1.1" 200 4298 "https://suporte.komforthouse.com.br/?wpsc-section=ticket-list&ticket-id=821&auth-code=6zYN7B10" "Mozilla/5.0 (Windows NT 10.0; Win64; x64) AppleWebKit/537.36 (KHTML, like Gecko) Chrome/138.0.0.0 Safari/537.36"
200.0.56.68 - - [15/Aug/2025:11:31:46 -0300] "GET /wp-content/plugins/elementor/assets/css/conditionals/e-swiper.min.css?ver=3.26.4 HTTP/1.1" 200 5486 "https://suporte.komforthouse.com.br/?wpsc-section=ticket-list&ticket-id=821&auth-code=6zYN7B10" "Mozilla/5.0 (Windows NT 10.0; Win64; x64) AppleWebKit/537.36 (KHTML, like Gecko) Chrome/138.0.0.0 Safari/537.36"
200.0.56.68 - - [15/Aug/2025:11:31:46 -0300] "GET /wp-content/plugins/elementor/assets/lib/swiper/v8/css/swiper.min.css?ver=8.4.5 HTTP/1.1" 200 16471 "https://suporte.komforthouse.com.br/?wpsc-section=ticket-list&ticket-id=821&auth-code=6zYN7B10" "Mozilla/5.0 (Windows NT 10.0; Win64; x64) AppleWebKit/537.36 (KHTML, like Gecko) Chrome/138.0.0.0 Safari/537.36"
200.0.56.68 - - [15/Aug/2025:11:31:46 -0300] "GET /wp-content/plugins/elementor-pro/assets/css/widget-loop-common.min.css?ver=3.26.3 HTTP/1.1" 200 208 "https://suporte.komforthouse.com.br/?wpsc-section=ticket-list&ticket-id=821&auth-code=6zYN7B10" "Mozilla/5.0 (Windows NT 10.0; Win64; x64) AppleWebKit/537.36 (KHTML, like Gecko) Chrome/138.0.0.0 Safari/537.36"
200.0.56.68 - - [15/Aug/2025:11:31:46 -0300] "GET /wp-content/plugins/elementor-pro/assets/css/widget-loop-carousel.min.css?ver=3.26.3 HTTP/1.1" 200 8391 "https://suporte.komforthouse.com.br/?wpsc-section=ticket-list&ticket-id=821&auth-code=6zYN7B10" "Mozilla/5.0 (Windows NT 10.0; Win64; x64) AppleWebKit/537.36 (KHTML, like Gecko) Chrome/138.0.0.0 Safari/537.36"
200.0.56.68 - - [15/Aug/2025:11:31:46 -0300] "GET /wp-content/plugins/elementor-pro/assets/css/widget-loop-grid.min.css?ver=3.26.3 HTTP/1.1" 200 13191 "https://suporte.komforthouse.com.br/?wpsc-section=ticket-list&ticket-id=821&auth-code=6zYN7B10" "Mozilla/5.0 (Windows NT 10.0; Win64; x64) AppleWebKit/537.36 (KHTML, like Gecko) Chrome/138.0.0.0 Safari/537.36"
200.0.56.68 - - [15/Aug/2025:11:31:47 -0300] "GET /wp-content/plugins/elementor/assets/css/widget-icon-box.min.css?ver=3.26.4 HTTP/1.1" 200 10071 "https://suporte.komforthouse.com.br/?wpsc-section=ticket-list&ticket-id=821&auth-code=6zYN7B10" "Mozilla/5.0 (Windows NT 10.0; Win64; x64) AppleWebKit/537.36 (KHTML, like Gecko) Chrome/138.0.0.0 Safari/537.36"
200.0.56.68 - - [15/Aug/2025:11:31:47 -0300] "GET /wp-content/uploads/elementor/css/post-9.css?ver=1736276062 HTTP/1.1" 200 2456 "https://suporte.komforthouse.com.br/?wpsc-section=ticket-list&ticket-id=821&auth-code=6zYN7B10" "Mozilla/5.0 (Windows NT 10.0; Win64; x64) AppleWebKit/537.36 (KHTML, like Gecko) Chrome/138.0.0.0 Safari/537.36"
200.0.56.68 - - [15/Aug/2025:11:31:47 -0300] "GET /wp-content/uploads/elementor/css/post-98.css?ver=1736276062 HTTP/1.1" 200 16651 "https://suporte.komforthouse.com.br/?wpsc-section=ticket-list&ticket-id=821&auth-code=6zYN7B10" "Mozilla/5.0 (Windows NT 10.0; Win64; x64) AppleWebKit/537.36 (KHTML, like Gecko) Chrome/138.0.0.0 Safari/537.36"
200.0.56.68 - - [15/Aug/2025:11:31:47 -0300] "GET /wp-content/uploads/elementor/css/post-128.css?ver=1736276062 HTTP/1.1" 200 12375 "https://suporte.komforthouse.com.br/?wpsc-section=ticket-list&ticket-id=821&auth-code=6zYN7B10" "Mozilla/5.0 (Windows NT 10.0; Win64; x64) AppleWebKit/537.36 (KHTML, like Gecko) Chrome/138.0.0.0 Safari/537.36"
200.0.56.68 - - [15/Aug/2025:11:31:47 -0300] "GET /wp-includes/js/jquery/jquery-migrate.min.js?ver=3.4.1 HTTP/1.1" 200 13577 "https://suporte.komforthouse.com.br/?wpsc-section=ticket-list&ticket-id=821&auth-code=6zYN7B10" "Mozilla/5.0 (Windows NT 10.0; Win64; x64) AppleWebKit/537.36 (KHTML, like Gecko) Chrome/138.0.0.0 Safari/537.36"
200.0.56.68 - - [15/Aug/2025:11:31:47 -0300] "GET /wp-includes/js/utils.min.js?ver=6.8.2 HTTP/1.1" 200 1864 "https://suporte.komforthouse.com.br/?wpsc-section=ticket-list&ticket-id=821&auth-code=6zYN7B10" "Mozilla/5.0 (Windows NT 10.0; Win64; x64) AppleWebKit/537.36 (KHTML, like Gecko) Chrome/138.0.0.0 Safari/537.36"
200.0.56.68 - - [15/Aug/2025:11:31:47 -0300] "GET /wp-content/uploads/2024/05/Akomfort-house-sofas-colchoes-logo-2024-preto.svg HTTP/1.1" 200 13550 "https://suporte.komforthouse.com.br/?wpsc-section=ticket-list&ticket-id=821&auth-code=6zYN7B10" "Mozilla/5.0 (Windows NT 10.0; Win64; x64) AppleWebKit/537.36 (KHTML, like Gecko) Chrome/138.0.0.0 Safari/537.36"
200.0.56.68 - - [15/Aug/2025:11:31:47 -0300] "GET /wp-includes/js/jquery/jquery.min.js?ver=3.7.1 HTTP/1.1" 200 87553 "https://suporte.komforthouse.com.br/?wpsc-section=ticket-list&ticket-id=821&auth-code=6zYN7B10" "Mozilla/5.0 (Windows NT 10.0; Win64; x64) AppleWebKit/537.36 (KHTML, like Gecko) Chrome/138.0.0.0 Safari/537.36"
200.0.56.68 - - [15/Aug/2025:11:31:47 -0300] "GET /wp-content/uploads/2024/05/sistemas-icon-1024x1024.png HTTP/1.1" 200 24722 "https://suporte.komforthouse.com.br/?wpsc-section=ticket-list&ticket-id=821&auth-code=6zYN7B10" "Mozilla/5.0 (Windows NT 10.0; Win64; x64) AppleWebKit/537.36 (KHTML, like Gecko) Chrome/138.0.0.0 Safari/537.36"
200.0.56.68 - - [15/Aug/2025:11:31:47 -0300] "GET /wp-content/uploads/2024/05/Assinatura_Email_v1-1-1.png HTTP/1.1" 200 100210 "https://suporte.komforthouse.com.br/?wpsc-section=ticket-list&ticket-id=821&auth-code=6zYN7B10" "Mozilla/5.0 (Windows NT 10.0; Win64; x64) AppleWebKit/537.36 (KHTML, like Gecko) Chrome/138.0.0.0 Safari/537.36"
45.174.181.70 - - [15/Aug/2025:11:31:46 -0300] "POST /wp-admin/admin-ajax.php HTTP/1.1" 200 - "https://suporte.komforthouse.com.br/?wpsc-section=ticket-list&ticket-id=821" "Mozilla/5.0 (Windows NT 10.0; Win64; x64) AppleWebKit/537.36 (KHTML, like Gecko) Chrome/138.0.0.0 Safari/537.36"
200.0.56.68 - - [15/Aug/2025:11:31:48 -0300] "GET /wp-content/uploads/2024/05/komfort-house-sofas-colchoes-logo-2024-branco.svg HTTP/1.1" 200 13550 "https://suporte.komforthouse.com.br/?wpsc-section=ticket-list&ticket-id=821&auth-code=6zYN7B10" "Mozilla/5.0 (Windows NT 10.0; Win64; x64) AppleWebKit/537.36 (KHTML, like Gecko) Chrome/138.0.0.0 Safari/537.36"
200.0.56.68 - - [15/Aug/2025:11:31:48 -0300] "GET /wp-content/plugins/elementor/assets/css/widget-video.min.css?ver=3.26.4 HTTP/1.1" 200 1867 "https://suporte.komforthouse.com.br/?wpsc-section=ticket-list&ticket-id=821&auth-code=6zYN7B10" "Mozilla/5.0 (Windows NT 10.0; Win64; x64) AppleWebKit/537.36 (KHTML, like Gecko) Chrome/138.0.0.0 Safari/537.36"
200.0.56.68 - - [15/Aug/2025:11:31:48 -0300] "GET /wp-content/uploads/2024/05/Assinatura_Email_v1-1-1536x430.png HTTP/1.1" 200 255156 "https://suporte.komforthouse.com.br/?wpsc-section=ticket-list&ticket-id=821&auth-code=6zYN7B10" "Mozilla/5.0 (Windows NT 10.0; Win64; x64) AppleWebKit/537.36 (KHTML, like Gecko) Chrome/138.0.0.0 Safari/537.36"
200.0.56.68 - - [15/Aug/2025:11:31:49 -0300] "GET /wp-includes/js/jquery/ui/core.min.js?ver=1.13.3 HTTP/1.1" 200 21464 "https://suporte.komforthouse.com.br/?wpsc-section=ticket-list&ticket-id=821&auth-code=6zYN7B10" "Mozilla/5.0 (Windows NT 10.0; Win64; x64) AppleWebKit/537.36 (KHTML, like Gecko) Chrome/138.0.0.0 Safari/537.36"
200.0.56.68 - - [15/Aug/2025:11:31:49 -0300] "GET /wp-admin/js/editor.min.js?ver=6.8.2 HTTP/1.1" 200 13066 "https://suporte.komforthouse.com.br/?wpsc-section=ticket-list&ticket-id=821&auth-code=6zYN7B10" "Mozilla/5.0 (Windows NT 10.0; Win64; x64) AppleWebKit/537.36 (KHTML, like Gecko) Chrome/138.0.0.0 Safari/537.36"
200.0.56.68 - - [15/Aug/2025:11:31:49 -0300] "GET /wp-includes/js/quicktags.min.js?ver=6.8.2 HTTP/1.1" 200 11132 "https://suporte.komforthouse.com.br/?wpsc-section=ticket-list&ticket-id=821&auth-code=6zYN7B10" "Mozilla/5.0 (Windows NT 10.0; Win64; x64) AppleWebKit/537.36 (KHTML, like Gecko) Chrome/138.0.0.0 Safari/537.36"
200.0.56.68 - - [15/Aug/2025:11:31:49 -0300] "GET /wp-includes/js/hoverIntent.min.js?ver=1.10.2 HTTP/1.1" 200 1499 "https://suporte.komforthouse.com.br/?wpsc-section=ticket-list&ticket-id=821&auth-code=6zYN7B10" "Mozilla/5.0 (Windows NT 10.0; Win64; x64) AppleWebKit/537.36 (KHTML, like Gecko) Chrome/138.0.0.0 Safari/537.36"
200.0.56.68 - - [15/Aug/2025:11:31:49 -0300] "GET /wp-includes/js/dist/dom-ready.min.js?ver=f77871ff7694fffea381 HTTP/1.1" 200 457 "https://suporte.komforthouse.com.br/?wpsc-section=ticket-list&ticket-id=821&auth-code=6zYN7B10" "Mozilla/5.0 (Windows NT 10.0; Win64; x64) AppleWebKit/537.36 (KHTML, like Gecko) Chrome/138.0.0.0 Safari/537.36"
45.174.181.70 - - [15/Aug/2025:11:31:48 -0300] "POST /wp-admin/admin-ajax.php HTTP/1.1" 200 - "https://suporte.komforthouse.com.br/?wpsc-section=ticket-list&ticket-id=821" "Mozilla/5.0 (Windows NT 10.0; Win64; x64) AppleWebKit/537.36 (KHTML, like Gecko) Chrome/138.0.0.0 Safari/537.36"
200.0.56.68 - - [15/Aug/2025:11:31:50 -0300] "GET /wp-includes/js/dist/hooks.min.js?ver=4d63a3d491d11ffd8ac6 HTTP/1.1" 200 4776 "https://suporte.komforthouse.com.br/?wpsc-section=ticket-list&ticket-id=821&auth-code=6zYN7B10" "Mozilla/5.0 (Windows NT 10.0; Win64; x64) AppleWebKit/537.36 (KHTML, like Gecko) Chrome/138.0.0.0 Safari/537.36"
45.174.181.70 - - [15/Aug/2025:11:31:48 -0300] "POST /wp-admin/admin-ajax.php HTTP/1.1" 200 108344 "https://suporte.komforthouse.com.br/?wpsc-section=ticket-list&ticket-id=821" "Mozilla/5.0 (Windows NT 10.0; Win64; x64) AppleWebKit/537.36 (KHTML, like Gecko) Chrome/138.0.0.0 Safari/537.36"
200.0.56.68 - - [15/Aug/2025:11:31:50 -0300] "GET /wp-includes/js/dist/i18n.min.js?ver=5e580eb46a90c2b997e6 HTTP/1.1" 200 9141 "https://suporte.komforthouse.com.br/?wpsc-section=ticket-list&ticket-id=821&auth-code=6zYN7B10" "Mozilla/5.0 (Windows NT 10.0; Win64; x64) AppleWebKit/537.36 (KHTML, like Gecko) Chrome/138.0.0.0 Safari/537.36"
200.0.56.68 - - [15/Aug/2025:11:31:50 -0300] "GET /wp-includes/js/dist/a11y.min.js?ver=3156534cc54473497e14 HTTP/1.1" 200 2358 "https://suporte.komforthouse.com.br/?wpsc-section=ticket-list&ticket-id=821&auth-code=6zYN7B10" "Mozilla/5.0 (Windows NT 10.0; Win64; x64) AppleWebKit/537.36 (KHTML, like Gecko) Chrome/138.0.0.0 Safari/537.36"
200.0.56.68 - - [15/Aug/2025:11:31:50 -0300] "GET /wp-admin/js/common.min.js?ver=6.8.2 HTTP/1.1" 200 23676 "https://suporte.komforthouse.com.br/?wpsc-section=ticket-list&ticket-id=821&auth-code=6zYN7B10" "Mozilla/5.0 (Windows NT 10.0; Win64; x64) AppleWebKit/537.36 (KHTML, like Gecko) Chrome/138.0.0.0 Safari/537.36"
200.0.56.68 - - [15/Aug/2025:11:31:50 -0300] "GET /wp-includes/js/wplink.min.js?ver=6.8.2 HTTP/1.1" 200 11317 "https://suporte.komforthouse.com.br/?wpsc-section=ticket-list&ticket-id=821&auth-code=6zYN7B10" "Mozilla/5.0 (Windows NT 10.0; Win64; x64) AppleWebKit/537.36 (KHTML, like Gecko) Chrome/138.0.0.0 Safari/537.36"
200.0.56.68 - - [15/Aug/2025:11:31:50 -0300] "GET /wp-includes/js/jquery/ui/menu.min.js?ver=1.13.3 HTTP/1.1" 200 10199 "https://suporte.komforthouse.com.br/?wpsc-section=ticket-list&ticket-id=821&auth-code=6zYN7B10" "Mozilla/5.0 (Windows NT 10.0; Win64; x64) AppleWebKit/537.36 (KHTML, like Gecko) Chrome/138.0.0.0 Safari/537.36"
200.0.56.68 - - [15/Aug/2025:11:31:51 -0300] "GET /wp-includes/js/jquery/ui/autocomplete.min.js?ver=1.13.3 HTTP/1.1" 200 8536 "https://suporte.komforthouse.com.br/?wpsc-section=ticket-list&ticket-id=821&auth-code=6zYN7B10" "Mozilla/5.0 (Windows NT 10.0; Win64; x64) AppleWebKit/537.36 (KHTML, like Gecko) Chrome/138.0.0.0 Safari/537.36"
200.0.56.68 - - [15/Aug/2025:11:31:51 -0300] "GET /wp-includes/js/thickbox/thickbox.js?ver=3.1-20121105 HTTP/1.1" 200 13332 "https://suporte.komforthouse.com.br/?wpsc-section=ticket-list&ticket-id=821&auth-code=6zYN7B10" "Mozilla/5.0 (Windows NT 10.0; Win64; x64) AppleWebKit/537.36 (KHTML, like Gecko) Chrome/138.0.0.0 Safari/537.36"
200.0.56.68 - - [15/Aug/2025:11:31:51 -0300] "GET /wp-includes/js/underscore.min.js?ver=1.13.7 HTTP/1.1" 200 18905 "https://suporte.komforthouse.com.br/?wpsc-section=ticket-list&ticket-id=821&auth-code=6zYN7B10" "Mozilla/5.0 (Windows NT 10.0; Win64; x64) AppleWebKit/537.36 (KHTML, like Gecko) Chrome/138.0.0.0 Safari/537.36"
200.0.56.68 - - [15/Aug/2025:11:31:51 -0300] "GET /wp-includes/js/shortcode.min.js?ver=6.8.2 HTTP/1.1" 200 2643 "https://suporte.komforthouse.com.br/?wpsc-section=ticket-list&ticket-id=821&auth-code=6zYN7B10" "Mozilla/5.0 (Windows NT 10.0; Win64; x64) AppleWebKit/537.36 (KHTML, like Gecko) Chrome/138.0.0.0 Safari/537.36"
200.0.56.68 - - [15/Aug/2025:11:31:51 -0300] "GET /wp-admin/js/media-upload.min.js?ver=6.8.2 HTTP/1.1" 200 1152 "https://suporte.komforthouse.com.br/?wpsc-section=ticket-list&ticket-id=821&auth-code=6zYN7B10" "Mozilla/5.0 (Windows NT 10.0; Win64; x64) AppleWebKit/537.36 (KHTML, like Gecko) Chrome/138.0.0.0 Safari/537.36"
45.174.181.70 - - [15/Aug/2025:11:31:50 -0300] "POST /wp-admin/admin-ajax.php HTTP/1.1" 200 445 "https://suporte.komforthouse.com.br/?wpsc-section=ticket-list&ticket-id=821" "Mozilla/5.0 (Windows NT 10.0; Win64; x64) AppleWebKit/537.36 (KHTML, like Gecko) Chrome/138.0.0.0 Safari/537.36"
200.0.56.68 - - [15/Aug/2025:11:31:51 -0300] "GET /wp-includes/js/jquery/ui/effect.min.js?ver=1.13.3 HTTP/1.1" 200 10332 "https://suporte.komforthouse.com.br/?wpsc-section=ticket-list&ticket-id=821&auth-code=6zYN7B10" "Mozilla/5.0 (Windows NT 10.0; Win64; x64) AppleWebKit/537.36 (KHTML, like Gecko) Chrome/138.0.0.0 Safari/537.36"
45.174.181.70 - - [15/Aug/2025:11:31:50 -0300] "POST /wp-admin/admin-ajax.php HTTP/1.1" 200 3758 "https://suporte.komforthouse.com.br/?wpsc-section=ticket-list&ticket-id=821" "Mozilla/5.0 (Windows NT 10.0; Win64; x64) AppleWebKit/537.36 (KHTML, like Gecko) Chrome/138.0.0.0 Safari/537.36"
200.0.56.68 - - [15/Aug/2025:11:31:52 -0300] "GET /wp-includes/js/jquery/ui/effect-slide.min.js?ver=1.13.3 HTTP/1.1" 200 917 "https://suporte.komforthouse.com.br/?wpsc-section=ticket-list&ticket-id=821&auth-code=6zYN7B10" "Mozilla/5.0 (Windows NT 10.0; Win64; x64) AppleWebKit/537.36 (KHTML, like Gecko) Chrome/138.0.0.0 Safari/537.36"
200.0.56.68 - - [15/Aug/2025:11:31:52 -0300] "GET /wp-includes/js/jquery/ui/mouse.min.js?ver=1.13.3 HTTP/1.1" 200 3428 "https://suporte.komforthouse.com.br/?wpsc-section=ticket-list&ticket-id=821&auth-code=6zYN7B10" "Mozilla/5.0 (Windows NT 10.0; Win64; x64) AppleWebKit/537.36 (KHTML, like Gecko) Chrome/138.0.0.0 Safari/537.36"
200.0.56.68 - - [15/Aug/2025:11:31:52 -0300] "GET /wp-includes/js/jquery/ui/sortable.min.js?ver=1.13.3 HTTP/1.1" 200 25504 "https://suporte.komforthouse.com.br/?wpsc-section=ticket-list&ticket-id=821&auth-code=6zYN7B10" "Mozilla/5.0 (Windows NT 10.0; Win64; x64) AppleWebKit/537.36 (KHTML, like Gecko) Chrome/138.0.0.0 Safari/537.36"
200.0.56.68 - - [15/Aug/2025:11:31:52 -0300] "GET /wp-content/plugins/supportcandy/framework/scripts.js?ver=3.3.0 HTTP/1.1" 200 81237 "https://suporte.komforthouse.com.br/?wpsc-section=ticket-list&ticket-id=821&auth-code=6zYN7B10" "Mozilla/5.0 (Windows NT 10.0; Win64; x64) AppleWebKit/537.36 (KHTML, like Gecko) Chrome/138.0.0.0 Safari/537.36"
200.0.56.68 - - [15/Aug/2025:11:31:52 -0300] "GET /wp-content/plugins/supportcandy/asset/js/selectWoo/selectWoo.full.min.js?ver=3.3.0 HTTP/1.1" 200 77138 "https://suporte.komforthouse.com.br/?wpsc-section=ticket-list&ticket-id=821&auth-code=6zYN7B10" "Mozilla/5.0 (Windows NT 10.0; Win64; x64) AppleWebKit/537.36 (KHTML, like Gecko) Chrome/138.0.0.0 Safari/537.36"
200.0.56.68 - - [15/Aug/2025:11:31:53 -0300] "GET /wp-content/plugins/supportcandy/asset/libs/gpopover/jquery.gpopover.js?ver=3.3.0 HTTP/1.1" 200 6095 "https://suporte.komforthouse.com.br/?wpsc-section=ticket-list&ticket-id=821&auth-code=6zYN7B10" "Mozilla/5.0 (Windows NT 10.0; Win64; x64) AppleWebKit/537.36 (KHTML, like Gecko) Chrome/138.0.0.0 Safari/537.36"
200.0.56.68 - - [15/Aug/2025:11:31:53 -0300] "GET /wp-content/plugins/supportcandy/asset/js/selectWoo/i18n/pt_BR.js?ver=3.3.0 HTTP/1.1" 200 853 "https://suporte.komforthouse.com.br/?wpsc-section=ticket-list&ticket-id=821&auth-code=6zYN7B10" "Mozilla/5.0 (Windows NT 10.0; Win64; x64) AppleWebKit/537.36 (KHTML, like Gecko) Chrome/138.0.0.0 Safari/537.36"
200.0.56.68 - - [15/Aug/2025:11:31:53 -0300] "GET /wp-content/plugins/supportcandy/asset/libs/jquery-circle-progress/circle-progress.min.js?ver=3.3.0 HTTP/1.1" 200 4445 "https://suporte.komforthouse.com.br/?wpsc-section=ticket-list&ticket-id=821&auth-code=6zYN7B10" "Mozilla/5.0 (Windows NT 10.0; Win64; x64) AppleWebKit/537.36 (KHTML, like Gecko) Chrome/138.0.0.0 Safari/537.36"
200.0.56.68 - - [15/Aug/2025:11:31:53 -0300] "GET /wp-content/plugins/supportcandy/asset/libs/flatpickr/flatpickr.js?ver=3.3.0 HTTP/1.1" 200 48518 "https://suporte.komforthouse.com.br/?wpsc-section=ticket-list&ticket-id=821&auth-code=6zYN7B10" "Mozilla/5.0 (Windows NT 10.0; Win64; x64) AppleWebKit/537.36 (KHTML, like Gecko) Chrome/138.0.0.0 Safari/537.36"
200.0.56.68 - - [15/Aug/2025:11:31:54 -0300] "GET /wp-content/plugins/supportcandy/asset/libs/flatpickr/l10n/pt.js?ver=3.3.0 HTTP/1.1" 200 1318 "https://suporte.komforthouse.com.br/?wpsc-section=ticket-list&ticket-id=821&auth-code=6zYN7B10" "Mozilla/5.0 (Windows NT 10.0; Win64; x64) AppleWebKit/537.36 (KHTML, like Gecko) Chrome/138.0.0.0 Safari/537.36"
200.0.56.68 - - [15/Aug/2025:11:31:54 -0300] "GET /wp-content/plugins/supportcandy/asset/libs/fullcalendar/lib/locales-all.min.js?ver=3.3.0 HTTP/1.1" 200 20398 "https://suporte.komforthouse.com.br/?wpsc-section=ticket-list&ticket-id=821&auth-code=6zYN7B10" "Mozilla/5.0 (Windows NT 10.0; Win64; x64) AppleWebKit/537.36 (KHTML, like Gecko) Chrome/138.0.0.0 Safari/537.36"
200.0.56.68 - - [15/Aug/2025:11:31:54 -0300] "GET /wp-content/plugins/supportcandy/asset/libs/fullcalendar/lib/main.min.js?ver=3.3.0 HTTP/1.1" 200 263467 "https://suporte.komforthouse.com.br/?wpsc-section=ticket-list&ticket-id=821&auth-code=6zYN7B10" "Mozilla/5.0 (Windows NT 10.0; Win64; x64) AppleWebKit/537.36 (KHTML, like Gecko) Chrome/138.0.0.0 Safari/537.36"
200.0.56.68 - - [15/Aug/2025:11:31:54 -0300] "GET /wp-content/plugins/supportcandy/asset/libs/DataTables/datatables.min.js?ver=3.3.0 HTTP/1.1" 200 114569 "https://suporte.komforthouse.com.br/?wpsc-section=ticket-list&ticket-id=821&auth-code=6zYN7B10" "Mozilla/5.0 (Windows NT 10.0; Win64; x64) AppleWebKit/537.36 (KHTML, like Gecko) Chrome/138.0.0.0 Safari/537.36"
200.0.56.68 - - [15/Aug/2025:11:31:55 -0300] "GET /wp-content/plugins/supportcandy/asset/libs/chartjs/dist/chart.min.js?ver=3.3.0 HTTP/1.1" 200 182016 "https://suporte.komforthouse.com.br/?wpsc-section=ticket-list&ticket-id=821&auth-code=6zYN7B10" "Mozilla/5.0 (Windows NT 10.0; Win64; x64) AppleWebKit/537.36 (KHTML, like Gecko) Chrome/138.0.0.0 Safari/537.36"
200.0.56.68 - - [15/Aug/2025:11:31:55 -0300] "GET /wp-content/themes/hello-elementor/assets/js/hello-frontend.min.js?ver=3.2.1 HTTP/1.1" 200 1936 "https://suporte.komforthouse.com.br/?wpsc-section=ticket-list&ticket-id=821&auth-code=6zYN7B10" "Mozilla/5.0 (Windows NT 10.0; Win64; x64) AppleWebKit/537.36 (KHTML, like Gecko) Chrome/138.0.0.0 Safari/537.36"
200.0.56.68 - - [15/Aug/2025:11:31:55 -0300] "GET /wp-content/plugins/elementor-pro/assets/lib/smartmenus/jquery.smartmenus.min.js?ver=1.2.1 HTTP/1.1" 200 24109 "https://suporte.komforthouse.com.br/?wpsc-section=ticket-list&ticket-id=821&auth-code=6zYN7B10" "Mozilla/5.0 (Windows NT 10.0; Win64; x64) AppleWebKit/537.36 (KHTML, like Gecko) Chrome/138.0.0.0 Safari/537.36"
200.0.56.68 - - [15/Aug/2025:11:31:55 -0300] "GET /wp-includes/js/imagesloaded.min.js?ver=5.0.0 HTTP/1.1" 200 5520 "https://suporte.komforthouse.com.br/?wpsc-section=ticket-list&ticket-id=821&auth-code=6zYN7B10" "Mozilla/5.0 (Windows NT 10.0; Win64; x64) AppleWebKit/537.36 (KHTML, like Gecko) Chrome/138.0.0.0 Safari/537.36"
200.0.56.68 - - [15/Aug/2025:11:31:56 -0300] "GET /wp-content/plugins/elementor/assets/js/webpack.runtime.min.js?ver=3.26.4 HTTP/1.1" 200 5326 "https://suporte.komforthouse.com.br/?wpsc-section=ticket-list&ticket-id=821&auth-code=6zYN7B10" "Mozilla/5.0 (Windows NT 10.0; Win64; x64) AppleWebKit/537.36 (KHTML, like Gecko) Chrome/138.0.0.0 Safari/537.36"
200.0.56.68 - - [15/Aug/2025:11:31:56 -0300] "GET /wp-content/plugins/elementor-pro/assets/js/webpack-pro.runtime.min.js?ver=3.26.3 HTTP/1.1" 200 6263 "https://suporte.komforthouse.com.br/?wpsc-section=ticket-list&ticket-id=821&auth-code=6zYN7B10" "Mozilla/5.0 (Windows NT 10.0; Win64; x64) AppleWebKit/537.36 (KHTML, like Gecko) Chrome/138.0.0.0 Safari/537.36"
200.0.56.68 - - [15/Aug/2025:11:31:56 -0300] "GET /wp-content/plugins/elementor/assets/js/frontend-modules.min.js?ver=3.26.4 HTTP/1.1" 200 52754 "https://suporte.komforthouse.com.br/?wpsc-section=ticket-list&ticket-id=821&auth-code=6zYN7B10" "Mozilla/5.0 (Windows NT 10.0; Win64; x64) AppleWebKit/537.36 (KHTML, like Gecko) Chrome/138.0.0.0 Safari/537.36"
200.0.56.68 - - [15/Aug/2025:11:31:56 -0300] "GET /wp-content/plugins/elementor-pro/assets/js/frontend.min.js?ver=3.26.3 HTTP/1.1" 200 24210 "https://suporte.komforthouse.com.br/?wpsc-section=ticket-list&ticket-id=821&auth-code=6zYN7B10" "Mozilla/5.0 (Windows NT 10.0; Win64; x64) AppleWebKit/537.36 (KHTML, like Gecko) Chrome/138.0.0.0 Safari/537.36"
45.174.181.70 - - [15/Aug/2025:11:31:55 -0300] "POST /wp-admin/admin-ajax.php HTTP/1.1" 200 24 "https://suporte.komforthouse.com.br/?wpsc-section=ticket-list&ticket-id=821" "Mozilla/5.0 (Windows NT 10.0; Win64; x64) AppleWebKit/537.36 (KHTML, like Gecko) Chrome/138.0.0.0 Safari/537.36"
200.0.56.68 - - [15/Aug/2025:11:31:56 -0300] "GET /wp-content/plugins/elementor/assets/js/frontend.min.js?ver=3.26.4 HTTP/1.1" 200 45428 "https://suporte.komforthouse.com.br/?wpsc-section=ticket-list&ticket-id=821&auth-code=6zYN7B10" "Mozilla/5.0 (Windows NT 10.0; Win64; x64) AppleWebKit/537.36 (KHTML, like Gecko) Chrome/138.0.0.0 Safari/537.36"
200.0.56.68 - - [15/Aug/2025:11:31:56 -0300] "GET /wp-content/plugins/elementor-pro/assets/js/elements-handlers.min.js?ver=3.26.3 HTTP/1.1" 200 44624 "https://suporte.komforthouse.com.br/?wpsc-section=ticket-list&ticket-id=821&auth-code=6zYN7B10" "Mozilla/5.0 (Windows NT 10.0; Win64; x64) AppleWebKit/537.36 (KHTML, like Gecko) Chrome/138.0.0.0 Safari/537.36"
45.174.181.70 - - [15/Aug/2025:11:31:55 -0300] "POST /wp-admin/admin-ajax.php HTTP/1.1" 200 24 "https://suporte.komforthouse.com.br/?wpsc-section=ticket-list&ticket-id=821" "Mozilla/5.0 (Windows NT 10.0; Win64; x64) AppleWebKit/537.36 (KHTML, like Gecko) Chrome/138.0.0.0 Safari/537.36"
200.0.56.68 - - [15/Aug/2025:11:31:57 -0300] "GET /wp-includes/js/tinymce/plugins/compat3x/plugin.min.js?ver=49110-20250317 HTTP/1.1" 200 4129 "https://suporte.komforthouse.com.br/?wpsc-section=ticket-list&ticket-id=821&auth-code=6zYN7B10" "Mozilla/5.0 (Windows NT 10.0; Win64; x64) AppleWebKit/537.36 (KHTML, like Gecko) Chrome/138.0.0.0 Safari/537.36"
200.0.56.68 - - [15/Aug/2025:11:31:57 -0300] "GET /wp-includes/js/tinymce/tinymce.min.js?ver=49110-20250317 HTTP/1.1" 200 365570 "https://suporte.komforthouse.com.br/?wpsc-section=ticket-list&ticket-id=821&auth-code=6zYN7B10" "Mozilla/5.0 (Windows NT 10.0; Win64; x64) AppleWebKit/537.36 (KHTML, like Gecko) Chrome/138.0.0.0 Safari/537.36"
200.0.56.68 - - [15/Aug/2025:11:31:57 -0300] "GET /wp-content/plugins/supportcandy/asset/images/loader-white.gif HTTP/1.1" 200 11647 "https://suporte.komforthouse.com.br/?wpsc-section=ticket-list&ticket-id=821&auth-code=6zYN7B10" "Mozilla/5.0 (Windows NT 10.0; Win64; x64) AppleWebKit/537.36 (KHTML, like Gecko) Chrome/138.0.0.0 Safari/537.36"
200.0.56.68 - - [15/Aug/2025:11:31:59 -0300] "GET /wp-includes/js/wp-emoji-release.min.js?ver=6.8.2 HTTP/1.1" 200 19251 "https://suporte.komforthouse.com.br/?wpsc-section=ticket-list&ticket-id=821&auth-code=6zYN7B10" "Mozilla/5.0 (Windows NT 10.0; Win64; x64) AppleWebKit/537.36 (KHTML, like Gecko) Chrome/138.0.0.0 Safari/537.36"
200.0.56.68 - - [15/Aug/2025:11:31:59 -0300] "GET /wp-content/uploads/2024/05/komfort-house-sofas-colchao-portal-rh.jpg HTTP/1.1" 200 98751 "https://suporte.komforthouse.com.br/wp-content/uploads/elementor/css/post-98.css?ver=1736276062" "Mozilla/5.0 (Windows NT 10.0; Win64; x64) AppleWebKit/537.36 (KHTML, like Gecko) Chrome/138.0.0.0 Safari/537.36"
200.0.56.68 - - [15/Aug/2025:11:31:59 -0300] "GET /wp-content/plugins/supportcandy/framework/responsive/lg.css?version=3.3.0 HTTP/1.1" 200 411 "https://suporte.komforthouse.com.br/?wpsc-section=ticket-list&ticket-id=821&auth-code=6zYN7B10" "Mozilla/5.0 (Windows NT 10.0; Win64; x64) AppleWebKit/537.36 (KHTML, like Gecko) Chrome/138.0.0.0 Safari/537.36"
200.0.56.68 - - [15/Aug/2025:11:32:00 -0300] "GET /wp-content/plugins/supportcandy/asset/images/loader.gif HTTP/1.1" 200 15356 "https://suporte.komforthouse.com.br/?wpsc-section=ticket-list&ticket-id=821&auth-code=6zYN7B10" "Mozilla/5.0 (Windows NT 10.0; Win64; x64) AppleWebKit/537.36 (KHTML, like Gecko) Chrome/138.0.0.0 Safari/537.36"
200.0.56.68 - - [15/Aug/2025:11:32:00 -0300] "GET /wp-includes/js/thickbox/loadingAnimation.gif HTTP/1.1" 200 15238 "https://suporte.komforthouse.com.br/?wpsc-section=ticket-list&ticket-id=821&auth-code=6zYN7B10" "Mozilla/5.0 (Windows NT 10.0; Win64; x64) AppleWebKit/537.36 (KHTML, like Gecko) Chrome/138.0.0.0 Safari/537.36"
45.174.181.70 - - [15/Aug/2025:11:32:00 -0300] "POST /wp-admin/admin-ajax.php HTTP/1.1" 200 24 "https://suporte.komforthouse.com.br/?wpsc-section=ticket-list&ticket-id=821" "Mozilla/5.0 (Windows NT 10.0; Win64; x64) AppleWebKit/537.36 (KHTML, like Gecko) Chrome/138.0.0.0 Safari/537.36"
200.0.56.68 - - [15/Aug/2025:11:32:00 -0300] "POST /wp-admin/admin-ajax.php HTTP/1.1" 200 15284 "https://suporte.komforthouse.com.br/?wpsc-section=ticket-list&ticket-id=821&auth-code=6zYN7B10" "Mozilla/5.0 (Windows NT 10.0; Win64; x64) AppleWebKit/537.36 (KHTML, like Gecko) Chrome/138.0.0.0 Safari/537.36"
200.0.56.68 - - [15/Aug/2025:11:32:02 -0300] "GET /wp-content/plugins/elementor-pro/assets/js/nav-menu.a23fbd67486c5bedf26c.bundle.min.js HTTP/1.1" 200 5282 "https://suporte.komforthouse.com.br/?wpsc-section=ticket-list&ticket-id=821&auth-code=6zYN7B10" "Mozilla/5.0 (Windows NT 10.0; Win64; x64) AppleWebKit/537.36 (KHTML, like Gecko) Chrome/138.0.0.0 Safari/537.36"
200.0.56.68 - - [15/Aug/2025:11:32:02 -0300] "GET /wp-content/plugins/elementor-pro/assets/js/loop-carousel.f8067ec0c24b628c786e.bundle.min.js HTTP/1.1" 200 1357 "https://suporte.komforthouse.com.br/?wpsc-section=ticket-list&ticket-id=821&auth-code=6zYN7B10" "Mozilla/5.0 (Windows NT 10.0; Win64; x64) AppleWebKit/537.36 (KHTML, like Gecko) Chrome/138.0.0.0 Safari/537.36"
200.0.56.68 - - [15/Aug/2025:11:32:02 -0300] "GET /wp-content/plugins/elementor-pro/assets/js/loop.4a16d82b8b5e3e00f25e.bundle.min.js HTTP/1.1" 200 9365 "https://suporte.komforthouse.com.br/?wpsc-section=ticket-list&ticket-id=821&auth-code=6zYN7B10" "Mozilla/5.0 (Windows NT 10.0; Win64; x64) AppleWebKit/537.36 (KHTML, like Gecko) Chrome/138.0.0.0 Safari/537.36"
45.174.181.70 - - [15/Aug/2025:11:32:01 -0300] "POST /wp-admin/admin-ajax.php HTTP/1.1" 200 24 "https://suporte.komforthouse.com.br/?wpsc-section=ticket-list&ticket-id=821" "Mozilla/5.0 (Windows NT 10.0; Win64; x64) AppleWebKit/537.36 (KHTML, like Gecko) Chrome/138.0.0.0 Safari/537.36"
200.0.56.68 - - [15/Aug/2025:11:32:02 -0300] "GET /wp-content/plugins/elementor-pro/assets/js/load-more.8b46f464e573feab5dd7.bundle.min.js HTTP/1.1" 200 5346 "https://suporte.komforthouse.com.br/?wpsc-section=ticket-list&ticket-id=821&auth-code=6zYN7B10" "Mozilla/5.0 (Windows NT 10.0; Win64; x64) AppleWebKit/537.36 (KHTML, like Gecko) Chrome/138.0.0.0 Safari/537.36"
200.0.56.68 - - [15/Aug/2025:11:32:02 -0300] "GET /wp-content/plugins/elementor-pro/assets/js/ajax-pagination.2090b5f4906bcda1dcc2.bundle.min.js HTTP/1.1" 200 2814 "https://suporte.komforthouse.com.br/?wpsc-section=ticket-list&ticket-id=821&auth-code=6zYN7B10" "Mozilla/5.0 (Windows NT 10.0; Win64; x64) AppleWebKit/537.36 (KHTML, like Gecko) Chrome/138.0.0.0 Safari/537.36"
200.0.56.68 - - [15/Aug/2025:11:32:02 -0300] "GET /wp-content/plugins/elementor/assets/js/video.69da75ce0dd084cc3596.bundle.min.js HTTP/1.1" 200 3247 "https://suporte.komforthouse.com.br/?wpsc-section=ticket-list&ticket-id=821&auth-code=6zYN7B10" "Mozilla/5.0 (Windows NT 10.0; Win64; x64) AppleWebKit/537.36 (KHTML, like Gecko) Chrome/138.0.0.0 Safari/537.36"
200.0.56.68 - - [15/Aug/2025:11:32:02 -0300] "POST /wp-admin/admin-ajax.php HTTP/1.1" 200 80 "https://suporte.komforthouse.com.br/?wpsc-section=ticket-list&ticket-id=821&auth-code=6zYN7B10" "Mozilla/5.0 (Windows NT 10.0; Win64; x64) AppleWebKit/537.36 (KHTML, like Gecko) Chrome/138.0.0.0 Safari/537.36"
45.174.181.70 - - [15/Aug/2025:11:32:02 -0300] "POST /wp-admin/admin-ajax.php HTTP/1.1" 200 24 "https://suporte.komforthouse.com.br/?wpsc-section=ticket-list&ticket-id=821" "Mozilla/5.0 (Windows NT 10.0; Win64; x64) AppleWebKit/537.36 (KHTML, like Gecko) Chrome/138.0.0.0 Safari/537.36"
200.0.56.68 - - [15/Aug/2025:11:32:03 -0300] "GET /wp-content/plugins/elementor/assets/lib/swiper/v8/swiper.min.js?ver=8.4.5 HTTP/1.1" 200 143709 "https://suporte.komforthouse.com.br/?wpsc-section=ticket-list&ticket-id=821&auth-code=6zYN7B10" "Mozilla/5.0 (Windows NT 10.0; Win64; x64) AppleWebKit/537.36 (KHTML, like Gecko) Chrome/138.0.0.0 Safari/537.36"
45.174.181.70 - - [15/Aug/2025:11:32:04 -0300] "POST /wp-admin/admin-ajax.php HTTP/1.1" 200 24 "https://suporte.komforthouse.com.br/?wpsc-section=ticket-list&ticket-id=821" "Mozilla/5.0 (Windows NT 10.0; Win64; x64) AppleWebKit/537.36 (KHTML, like Gecko) Chrome/138.0.0.0 Safari/537.36"
45.174.181.70 - - [15/Aug/2025:11:32:06 -0300] "POST /wp-admin/admin-ajax.php HTTP/1.1" 200 24 "https://suporte.komforthouse.com.br/?wpsc-section=ticket-list&ticket-id=821" "Mozilla/5.0 (Windows NT 10.0; Win64; x64) AppleWebKit/537.36 (KHTML, like Gecko) Chrome/138.0.0.0 Safari/537.36"
162.214.27.60 - - [15/Aug/2025:11:32:07 -0300] "POST /wp-cron.php?doing_wp_cron=1755268327.5319728851318359375000 HTTP/1.1" 200 - "-" "WordPress/6.8.2; https://suporte.komforthouse.com.br"
45.174.181.70 - - [15/Aug/2025:11:32:09 -0300] "POST /wp-admin/admin-ajax.php HTTP/1.1" 200 29799 "https://suporte.komforthouse.com.br/?wpsc-section=ticket-list" "Mozilla/5.0 (Windows NT 10.0; Win64; x64) AppleWebKit/537.36 (KHTML, like Gecko) Chrome/138.0.0.0 Safari/537.36"
45.174.181.70 - - [15/Aug/2025:11:32:10 -0300] "POST /wp-admin/admin-ajax.php HTTP/1.1" 200 24 "https://suporte.komforthouse.com.br/?wpsc-section=ticket-list&ticket-id=821" "Mozilla/5.0 (Windows NT 10.0; Win64; x64) AppleWebKit/537.36 (KHTML, like Gecko) Chrome/139.0.0.0 Safari/537.36"
45.174.181.70 - - [15/Aug/2025:11:32:11 -0300] "POST /wp-admin/admin-ajax.php HTTP/1.1" 200 24 "https://suporte.komforthouse.com.br/?wpsc-section=ticket-list" "Mozilla/5.0 (Windows NT 10.0; Win64; x64) AppleWebKit/537.36 (KHTML, like Gecko) Chrome/138.0.0.0 Safari/537.36"
45.174.181.70 - - [15/Aug/2025:11:32:17 -0300] "POST /wp-admin/admin-ajax.php HTTP/1.1" 200 24 "https://suporte.komforthouse.com.br/?wpsc-section=ticket-list&ticket-id=816" "Mozilla/5.0 (Windows NT 10.0; Win64; x64) AppleWebKit/537.36 (KHTML, like Gecko) Chrome/139.0.0.0 Safari/537.36"
200.0.56.68 - - [15/Aug/2025:11:32:33 -0300] "GET /wp-content/uploads/2024/05/BOX-BIO-BOX.zip HTTP/1.1" 200 2657272 "https://suporte.komforthouse.com.br/?wpsc-section=ticket-list&ticket-id=821&auth-code=6zYN7B10" "Mozilla/5.0 (Windows NT 10.0; Win64; x64) AppleWebKit/537.36 (KHTML, like Gecko) Chrome/138.0.0.0 Safari/537.36"
45.174.181.70 - - [15/Aug/2025:11:32:58 -0300] "POST /wp-admin/admin-ajax.php HTTP/1.1" 200 24 "https://suporte.komforthouse.com.br/?wpsc-section=ticket-list" "Mozilla/5.0 (Windows NT 10.0; Win64; x64) AppleWebKit/537.36 (KHTML, like Gecko) Chrome/138.0.0.0 Safari/537.36"
45.174.181.70 - - [15/Aug/2025:11:32:58 -0300] "POST /wp-admin/admin-ajax.php HTTP/1.1" 200 24 "https://suporte.komforthouse.com.br/?wpsc-section=ticket-list" "Mozilla/5.0 (Windows NT 10.0; Win64; x64) AppleWebKit/537.36 (KHTML, like Gecko) Chrome/138.0.0.0 Safari/537.36"
162.214.27.60 - - [15/Aug/2025:11:32:59 -0300] "POST /wp-cron.php?doing_wp_cron=1755268379.3248600959777832031250 HTTP/1.1" 200 - "-" "WordPress/6.8.2; https://suporte.komforthouse.com.br"
45.174.181.70 - - [15/Aug/2025:11:33:02 -0300] "POST /wp-admin/admin-ajax.php HTTP/1.1" 200 24 "https://suporte.komforthouse.com.br/?wpsc-section=ticket-list" "Mozilla/5.0 (Windows NT 10.0; Win64; x64) AppleWebKit/537.36 (KHTML, like Gecko) Chrome/138.0.0.0 Safari/537.36"
45.174.181.70 - - [15/Aug/2025:11:33:03 -0300] "POST /wp-admin/admin-ajax.php HTTP/1.1" 200 24 "https://suporte.komforthouse.com.br/?wpsc-section=ticket-list" "Mozilla/5.0 (Windows NT 10.0; Win64; x64) AppleWebKit/537.36 (KHTML, like Gecko) Chrome/138.0.0.0 Safari/537.36"
45.174.181.70 - - [15/Aug/2025:11:33:04 -0300] "POST /wp-admin/admin-ajax.php HTTP/1.1" 200 24 "https://suporte.komforthouse.com.br/?wpsc-section=ticket-list" "Mozilla/5.0 (Windows NT 10.0; Win64; x64) AppleWebKit/537.36 (KHTML, like Gecko) Chrome/138.0.0.0 Safari/537.36"
162.214.27.60 - - [15/Aug/2025:11:33:07 -0300] "POST /wp-cron.php?doing_wp_cron=1755268387.9522619247436523437500 HTTP/1.1" 200 - "-" "WordPress/6.8.2; https://suporte.komforthouse.com.br"
45.174.181.70 - - [15/Aug/2025:11:33:06 -0300] "POST /wp-admin/admin-ajax.php HTTP/1.1" 200 24 "https://suporte.komforthouse.com.br/?wpsc-section=ticket-list" "Mozilla/5.0 (Windows NT 10.0; Win64; x64) AppleWebKit/537.36 (KHTML, like Gecko) Chrome/138.0.0.0 Safari/537.36"
45.174.181.70 - - [15/Aug/2025:11:33:09 -0300] "POST /wp-admin/admin-ajax.php HTTP/1.1" 200 24 "https://suporte.komforthouse.com.br/?wpsc-section=ticket-list" "Mozilla/5.0 (Windows NT 10.0; Win64; x64) AppleWebKit/537.36 (KHTML, like Gecko) Chrome/138.0.0.0 Safari/537.36"
45.174.181.70 - - [15/Aug/2025:11:33:10 -0300] "POST /wp-admin/admin-ajax.php HTTP/1.1" 200 13 "https://suporte.komforthouse.com.br/?wpsc-section=ticket-list&ticket-id=821" "Mozilla/5.0 (Windows NT 10.0; Win64; x64) AppleWebKit/537.36 (KHTML, like Gecko) Chrome/139.0.0.0 Safari/537.36"
45.174.181.70 - - [15/Aug/2025:11:33:13 -0300] "POST /wp-admin/admin-ajax.php HTTP/1.1" 200 24 "https://suporte.komforthouse.com.br/?wpsc-section=ticket-list&ticket-id=821" "Mozilla/5.0 (Windows NT 10.0; Win64; x64) AppleWebKit/537.36 (KHTML, like Gecko) Chrome/139.0.0.0 Safari/537.36"
45.174.181.70 - - [15/Aug/2025:11:33:13 -0300] "POST /wp-admin/admin-ajax.php HTTP/1.1" 200 24 "https://suporte.komforthouse.com.br/?wpsc-section=ticket-list" "Mozilla/5.0 (Windows NT 10.0; Win64; x64) AppleWebKit/537.36 (KHTML, like Gecko) Chrome/138.0.0.0 Safari/537.36"
45.174.181.70 - - [15/Aug/2025:11:33:19 -0300] "POST /wp-admin/admin-ajax.php HTTP/1.1" 200 24 "https://suporte.komforthouse.com.br/?wpsc-section=ticket-list&ticket-id=816" "Mozilla/5.0 (Windows NT 10.0; Win64; x64) AppleWebKit/537.36 (KHTML, like Gecko) Chrome/139.0.0.0 Safari/537.36"
45.174.181.70 - - [15/Aug/2025:11:34:00 -0300] "POST /wp-admin/admin-ajax.php HTTP/1.1" 200 24 "https://suporte.komforthouse.com.br/?wpsc-section=ticket-list" "Mozilla/5.0 (Windows NT 10.0; Win64; x64) AppleWebKit/537.36 (KHTML, like Gecko) Chrome/138.0.0.0 Safari/537.36"
45.174.181.70 - - [15/Aug/2025:11:34:01 -0300] "POST /wp-admin/admin-ajax.php HTTP/1.1" 200 24 "https://suporte.komforthouse.com.br/?wpsc-section=ticket-list" "Mozilla/5.0 (Windows NT 10.0; Win64; x64) AppleWebKit/537.36 (KHTML, like Gecko) Chrome/138.0.0.0 Safari/537.36"
45.174.181.70 - - [15/Aug/2025:11:34:04 -0300] "POST /wp-admin/admin-ajax.php HTTP/1.1" 200 24 "https://suporte.komforthouse.com.br/?wpsc-section=ticket-list" "Mozilla/5.0 (Windows NT 10.0; Win64; x64) AppleWebKit/537.36 (KHTML, like Gecko) Chrome/138.0.0.0 Safari/537.36"
45.174.181.70 - - [15/Aug/2025:11:34:05 -0300] "POST /wp-admin/admin-ajax.php HTTP/1.1" 200 24 "https://suporte.komforthouse.com.br/?wpsc-section=ticket-list" "Mozilla/5.0 (Windows NT 10.0; Win64; x64) AppleWebKit/537.36 (KHTML, like Gecko) Chrome/138.0.0.0 Safari/537.36"
162.214.27.60 - - [15/Aug/2025:11:34:07 -0300] "POST /wp-cron.php?doing_wp_cron=1755268447.7615370750427246093750 HTTP/1.1" 200 - "-" "WordPress/6.8.2; https://suporte.komforthouse.com.br"
45.174.181.70 - - [15/Aug/2025:11:34:06 -0300] "POST /wp-admin/admin-ajax.php HTTP/1.1" 200 24 "https://suporte.komforthouse.com.br/?wpsc-section=ticket-list" "Mozilla/5.0 (Windows NT 10.0; Win64; x64) AppleWebKit/537.36 (KHTML, like Gecko) Chrome/138.0.0.0 Safari/537.36"
45.174.181.70 - - [15/Aug/2025:11:34:09 -0300] "POST /wp-admin/admin-ajax.php HTTP/1.1" 200 24 "https://suporte.komforthouse.com.br/?wpsc-section=ticket-list" "Mozilla/5.0 (Windows NT 10.0; Win64; x64) AppleWebKit/537.36 (KHTML, like Gecko) Chrome/138.0.0.0 Safari/537.36"
45.174.181.70 - - [15/Aug/2025:11:34:10 -0300] "POST /wp-admin/admin-ajax.php HTTP/1.1" 200 13 "https://suporte.komforthouse.com.br/?wpsc-section=ticket-list&ticket-id=821" "Mozilla/5.0 (Windows NT 10.0; Win64; x64) AppleWebKit/537.36 (KHTML, like Gecko) Chrome/139.0.0.0 Safari/537.36"
45.174.181.70 - - [15/Aug/2025:11:34:11 -0300] "POST /wp-admin/admin-ajax.php HTTP/1.1" 200 24 "https://suporte.komforthouse.com.br/?wpsc-section=ticket-list" "Mozilla/5.0 (Windows NT 10.0; Win64; x64) AppleWebKit/537.36 (KHTML, like Gecko) Chrome/138.0.0.0 Safari/537.36"
45.174.181.70 - - [15/Aug/2025:11:34:15 -0300] "POST /wp-admin/admin-ajax.php HTTP/1.1" 200 24 "https://suporte.komforthouse.com.br/?wpsc-section=ticket-list&ticket-id=821" "Mozilla/5.0 (Windows NT 10.0; Win64; x64) AppleWebKit/537.36 (KHTML, like Gecko) Chrome/139.0.0.0 Safari/537.36"
45.174.181.70 - - [15/Aug/2025:11:34:15 -0300] "POST /wp-admin/admin-ajax.php HTTP/1.1" 200 24 "https://suporte.komforthouse.com.br/?wpsc-section=ticket-list" "Mozilla/5.0 (Windows NT 10.0; Win64; x64) AppleWebKit/537.36 (KHTML, like Gecko) Chrome/138.0.0.0 Safari/537.36"
45.174.181.70 - - [15/Aug/2025:11:34:22 -0300] "POST /wp-admin/admin-ajax.php HTTP/1.1" 200 24 "https://suporte.komforthouse.com.br/?wpsc-section=ticket-list&ticket-id=816" "Mozilla/5.0 (Windows NT 10.0; Win64; x64) AppleWebKit/537.36 (KHTML, like Gecko) Chrome/139.0.0.0 Safari/537.36"
45.174.181.70 - - [15/Aug/2025:11:35:02 -0300] "POST /wp-admin/admin-ajax.php HTTP/1.1" 200 24 "https://suporte.komforthouse.com.br/?wpsc-section=ticket-list" "Mozilla/5.0 (Windows NT 10.0; Win64; x64) AppleWebKit/537.36 (KHTML, like Gecko) Chrome/138.0.0.0 Safari/537.36"
45.174.181.70 - - [15/Aug/2025:11:35:03 -0300] "POST /wp-admin/admin-ajax.php HTTP/1.1" 200 24 "https://suporte.komforthouse.com.br/?wpsc-section=ticket-list" "Mozilla/5.0 (Windows NT 10.0; Win64; x64) AppleWebKit/537.36 (KHTML, like Gecko) Chrome/138.0.0.0 Safari/537.36"
162.214.27.60 - - [15/Aug/2025:11:35:03 -0300] "POST /wp-cron.php?doing_wp_cron=1755268503.2675900459289550781250 HTTP/1.1" 200 - "-" "WordPress/6.8.2; https://suporte.komforthouse.com.br"
45.174.181.70 - - [15/Aug/2025:11:35:07 -0300] "POST /wp-admin/admin-ajax.php HTTP/1.1" 200 24 "https://suporte.komforthouse.com.br/?wpsc-section=ticket-list" "Mozilla/5.0 (Windows NT 10.0; Win64; x64) AppleWebKit/537.36 (KHTML, like Gecko) Chrome/138.0.0.0 Safari/537.36"
45.174.181.70 - - [15/Aug/2025:11:35:06 -0300] "POST /wp-admin/admin-ajax.php HTTP/1.1" 200 24 "https://suporte.komforthouse.com.br/?wpsc-section=ticket-list" "Mozilla/5.0 (Windows NT 10.0; Win64; x64) AppleWebKit/537.36 (KHTML, like Gecko) Chrome/138.0.0.0 Safari/537.36"
