45.174.181.70 - - [15/Aug/2025:09:59:46 -0300] "POST /wp-admin/admin-ajax.php HTTP/1.1" 200 48 "https://suporte.komforthouse.com.br/?wpsc-section=dashboard" "Mozilla/5.0 (Windows NT 10.0; Win64; x64) AppleWebKit/537.36 (KHTML, like Gecko) Chrome/139.0.0.0 Safari/537.36"
45.174.181.70 - - [15/Aug/2025:09:59:46 -0300] "POST /wp-admin/admin-ajax.php HTTP/1.1" 200 48 "https://suporte.komforthouse.com.br/?wpsc-section=dashboard" "Mozilla/5.0 (Windows NT 10.0; Win64; x64) AppleWebKit/537.36 (KHTML, like Gecko) Chrome/139.0.0.0 Safari/537.36"
45.174.181.70 - - [15/Aug/2025:09:59:46 -0300] "POST /wp-admin/admin-ajax.php HTTP/1.1" 200 48 "https://suporte.komforthouse.com.br/?wpsc-section=dashboard" "Mozilla/5.0 (Windows NT 10.0; Win64; x64) AppleWebKit/537.36 (KHTML, like Gecko) Chrome/139.0.0.0 Safari/537.36"
45.174.181.70 - - [15/Aug/2025:09:59:48 -0300] "POST /wp-admin/admin-ajax.php HTTP/1.1" 200 48 "https://suporte.komforthouse.com.br/?wpsc-section=dashboard" "Mozilla/5.0 (Windows NT 10.0; Win64; x64) AppleWebKit/537.36 (KHTML, like Gecko) Chrome/139.0.0.0 Safari/537.36"
45.174.181.70 - - [15/Aug/2025:09:59:48 -0300] "POST /wp-admin/admin-ajax.php HTTP/1.1" 200 48 "https://suporte.komforthouse.com.br/?wpsc-section=dashboard" "Mozilla/5.0 (Windows NT 10.0; Win64; x64) AppleWebKit/537.36 (KHTML, like Gecko) Chrome/139.0.0.0 Safari/537.36"
45.174.181.70 - - [15/Aug/2025:09:59:48 -0300] "POST /wp-admin/admin-ajax.php HTTP/1.1" 200 48 "https://suporte.komforthouse.com.br/?wpsc-section=dashboard" "Mozilla/5.0 (Windows NT 10.0; Win64; x64) AppleWebKit/537.36 (KHTML, like Gecko) Chrome/139.0.0.0 Safari/537.36"
45.174.181.70 - - [15/Aug/2025:09:59:48 -0300] "POST /wp-admin/admin-ajax.php HTTP/1.1" 200 48 "https://suporte.komforthouse.com.br/?wpsc-section=dashboard" "Mozilla/5.0 (Windows NT 10.0; Win64; x64) AppleWebKit/537.36 (KHTML, like Gecko) Chrome/139.0.0.0 Safari/537.36"
45.174.181.70 - - [15/Aug/2025:09:59:48 -0300] "POST /wp-admin/admin-ajax.php HTTP/1.1" 200 48 "https://suporte.komforthouse.com.br/?wpsc-section=dashboard" "Mozilla/5.0 (Windows NT 10.0; Win64; x64) AppleWebKit/537.36 (KHTML, like Gecko) Chrome/139.0.0.0 Safari/537.36"
45.174.181.70 - - [15/Aug/2025:09:59:51 -0300] "POST /wp-admin/admin-ajax.php HTTP/1.1" 200 48 "https://suporte.komforthouse.com.br/?wpsc-section=dashboard" "Mozilla/5.0 (Windows NT 10.0; Win64; x64) AppleWebKit/537.36 (KHTML, like Gecko) Chrome/139.0.0.0 Safari/537.36"
45.174.181.70 - - [15/Aug/2025:09:59:51 -0300] "POST /wp-admin/admin-ajax.php HTTP/1.1" 200 48 "https://suporte.komforthouse.com.br/?wpsc-section=dashboard" "Mozilla/5.0 (Windows NT 10.0; Win64; x64) AppleWebKit/537.36 (KHTML, like Gecko) Chrome/139.0.0.0 Safari/537.36"
45.174.181.70 - - [15/Aug/2025:09:59:51 -0300] "POST /wp-admin/admin-ajax.php HTTP/1.1" 200 48 "https://suporte.komforthouse.com.br/?wpsc-section=dashboard" "Mozilla/5.0 (Windows NT 10.0; Win64; x64) AppleWebKit/537.36 (KHTML, like Gecko) Chrome/139.0.0.0 Safari/537.36"
45.174.181.70 - - [15/Aug/2025:09:59:50 -0300] "POST /wp-admin/admin-ajax.php HTTP/1.1" 200 24 "https://suporte.komforthouse.com.br/?wpsc-section=ticket-list" "Mozilla/5.0 (Windows NT 10.0; Win64; x64) AppleWebKit/537.36 (KHTML, like Gecko) Chrome/139.0.0.0 Safari/537.36"
45.174.181.70 - - [15/Aug/2025:09:59:51 -0300] "POST /wp-admin/admin-ajax.php HTTP/1.1" 200 48 "https://suporte.komforthouse.com.br/?wpsc-section=dashboard" "Mozilla/5.0 (Windows NT 10.0; Win64; x64) AppleWebKit/537.36 (KHTML, like Gecko) Chrome/139.0.0.0 Safari/537.36"
45.174.181.70 - - [15/Aug/2025:09:59:51 -0300] "POST /wp-admin/admin-ajax.php HTTP/1.1" 200 48 "https://suporte.komforthouse.com.br/?wpsc-section=dashboard" "Mozilla/5.0 (Windows NT 10.0; Win64; x64) AppleWebKit/537.36 (KHTML, like Gecko) Chrome/139.0.0.0 Safari/537.36"
45.174.181.70 - - [15/Aug/2025:09:59:53 -0300] "POST /wp-admin/admin-ajax.php HTTP/1.1" 200 48 "https://suporte.komforthouse.com.br/?wpsc-section=dashboard" "Mozilla/5.0 (Windows NT 10.0; Win64; x64) AppleWebKit/537.36 (KHTML, like Gecko) Chrome/139.0.0.0 Safari/537.36"
45.174.181.70 - - [15/Aug/2025:09:59:53 -0300] "POST /wp-admin/admin-ajax.php HTTP/1.1" 200 48 "https://suporte.komforthouse.com.br/?wpsc-section=dashboard" "Mozilla/5.0 (Windows NT 10.0; Win64; x64) AppleWebKit/537.36 (KHTML, like Gecko) Chrome/139.0.0.0 Safari/537.36"
45.174.181.70 - - [15/Aug/2025:09:59:53 -0300] "POST /wp-admin/admin-ajax.php HTTP/1.1" 200 48 "https://suporte.komforthouse.com.br/?wpsc-section=dashboard" "Mozilla/5.0 (Windows NT 10.0; Win64; x64) AppleWebKit/537.36 (KHTML, like Gecko) Chrome/139.0.0.0 Safari/537.36"
45.174.181.70 - - [15/Aug/2025:09:59:53 -0300] "POST /wp-admin/admin-ajax.php HTTP/1.1" 200 48 "https://suporte.komforthouse.com.br/?wpsc-section=dashboard" "Mozilla/5.0 (Windows NT 10.0; Win64; x64) AppleWebKit/537.36 (KHTML, like Gecko) Chrome/139.0.0.0 Safari/537.36"
45.174.181.70 - - [15/Aug/2025:10:00:40 -0300] "POST /wp-admin/admin-ajax.php HTTP/1.1" 200 24 "https://suporte.komforthouse.com.br/?wpsc-section=ticket-list&ticket-id=816" "Mozilla/5.0 (Windows NT 10.0; Win64; x64) AppleWebKit/537.36 (KHTML, like Gecko) Chrome/138.0.0.0 Safari/537.36"
45.174.181.70 - - [15/Aug/2025:10:00:40 -0300] "POST /wp-admin/admin-ajax.php HTTP/1.1" 200 24 "https://suporte.komforthouse.com.br/?wpsc-section=ticket-list&ticket-id=816" "Mozilla/5.0 (Windows NT 10.0; Win64; x64) AppleWebKit/537.36 (KHTML, like Gecko) Chrome/138.0.0.0 Safari/537.36"
45.174.181.70 - - [15/Aug/2025:10:00:41 -0300] "POST /wp-admin/admin-ajax.php HTTP/1.1" 200 24 "https://suporte.komforthouse.com.br/?wpsc-section=ticket-list&ticket-id=816" "Mozilla/5.0 (Windows NT 10.0; Win64; x64) AppleWebKit/537.36 (KHTML, like Gecko) Chrome/138.0.0.0 Safari/537.36"
201.46.24.65 - - [15/Aug/2025:10:00:39 -0300] "POST /wp-admin/admin-ajax.php HTTP/1.1" 200 24 "https://suporte.komforthouse.com.br/?wpsc-section=ticket-list" "Mozilla/5.0 (Windows NT 10.0; Win64; x64) AppleWebKit/537.36 (KHTML, like Gecko) Chrome/139.0.0.0 Safari/537.36"
162.214.27.60 - - [15/Aug/2025:10:00:41 -0300] "POST /wp-cron.php?doing_wp_cron=1755262841.0923280715942382812500 HTTP/1.1" 200 - "-" "WordPress/6.8.2; https://suporte.komforthouse.com.br"
45.174.181.70 - - [15/Aug/2025:10:00:46 -0300] "POST /wp-admin/admin-ajax.php HTTP/1.1" 200 24 "https://suporte.komforthouse.com.br/?wpsc-section=ticket-list&ticket-id=816" "Mozilla/5.0 (Windows NT 10.0; Win64; x64) AppleWebKit/537.36 (KHTML, like Gecko) Chrome/139.0.0.0 Safari/537.36"
45.174.181.70 - - [15/Aug/2025:10:00:54 -0300] "POST /wp-admin/admin-ajax.php HTTP/1.1" 200 24 "https://suporte.komforthouse.com.br/?wpsc-section=ticket-list" "Mozilla/5.0 (Windows NT 10.0; Win64; x64) AppleWebKit/537.36 (KHTML, like Gecko) Chrome/139.0.0.0 Safari/537.36"
45.174.181.70 - - [15/Aug/2025:10:01:42 -0300] "POST /wp-admin/admin-ajax.php HTTP/1.1" 200 24 "https://suporte.komforthouse.com.br/?wpsc-section=ticket-list&ticket-id=816" "Mozilla/5.0 (Windows NT 10.0; Win64; x64) AppleWebKit/537.36 (KHTML, like Gecko) Chrome/138.0.0.0 Safari/537.36"
45.174.181.70 - - [15/Aug/2025:10:01:43 -0300] "POST /wp-admin/admin-ajax.php HTTP/1.1" 200 24 "https://suporte.komforthouse.com.br/?wpsc-section=ticket-list&ticket-id=816" "Mozilla/5.0 (Windows NT 10.0; Win64; x64) AppleWebKit/537.36 (KHTML, like Gecko) Chrome/138.0.0.0 Safari/537.36"
45.174.181.70 - - [15/Aug/2025:10:01:43 -0300] "POST /wp-admin/admin-ajax.php HTTP/1.1" 200 24 "https://suporte.komforthouse.com.br/?wpsc-section=ticket-list&ticket-id=816" "Mozilla/5.0 (Windows NT 10.0; Win64; x64) AppleWebKit/537.36 (KHTML, like Gecko) Chrome/138.0.0.0 Safari/537.36"
201.46.24.65 - - [15/Aug/2025:10:01:43 -0300] "POST /wp-admin/admin-ajax.php HTTP/1.1" 200 24 "https://suporte.komforthouse.com.br/?wpsc-section=ticket-list" "Mozilla/5.0 (Windows NT 10.0; Win64; x64) AppleWebKit/537.36 (KHTML, like Gecko) Chrome/139.0.0.0 Safari/537.36"
162.214.27.60 - - [15/Aug/2025:10:01:43 -0300] "POST /wp-cron.php?doing_wp_cron=1755262903.4751589298248291015625 HTTP/1.1" 200 - "-" "WordPress/6.8.2; https://suporte.komforthouse.com.br"
45.174.181.70 - - [15/Aug/2025:10:01:48 -0300] "POST /wp-admin/admin-ajax.php HTTP/1.1" 200 24 "https://suporte.komforthouse.com.br/?wpsc-section=ticket-list&ticket-id=816" "Mozilla/5.0 (Windows NT 10.0; Win64; x64) AppleWebKit/537.36 (KHTML, like Gecko) Chrome/139.0.0.0 Safari/537.36"
45.174.181.70 - - [15/Aug/2025:10:01:56 -0300] "POST /wp-admin/admin-ajax.php HTTP/1.1" 200 24 "https://suporte.komforthouse.com.br/?wpsc-section=ticket-list" "Mozilla/5.0 (Windows NT 10.0; Win64; x64) AppleWebKit/537.36 (KHTML, like Gecko) Chrome/139.0.0.0 Safari/537.36"
45.174.181.70 - - [15/Aug/2025:10:02:16 -0300] "POST /wp-admin/admin-ajax.php HTTP/1.1" 200 29729 "https://suporte.komforthouse.com.br/?wpsc-section=ticket-list" "Mozilla/5.0 (Windows NT 10.0; Win64; x64) AppleWebKit/537.36 (KHTML, like Gecko) Chrome/138.0.0.0 Safari/537.36"
162.214.27.60 - - [15/Aug/2025:10:02:18 -0300] "POST /wp-cron.php?doing_wp_cron=1755262938.0999670028686523437500 HTTP/1.1" 200 - "-" "WordPress/6.8.2; https://suporte.komforthouse.com.br"
45.174.181.70 - - [15/Aug/2025:10:02:20 -0300] "POST /wp-admin/admin-ajax.php HTTP/1.1" 200 24 "https://suporte.komforthouse.com.br/?wpsc-section=ticket-list" "Mozilla/5.0 (Windows NT 10.0; Win64; x64) AppleWebKit/537.36 (KHTML, like Gecko) Chrome/138.0.0.0 Safari/537.36"
45.174.181.70 - - [15/Aug/2025:10:02:34 -0300] "POST /wp-admin/admin-ajax.php HTTP/1.1" 200 95079 "https://suporte.komforthouse.com.br/?wpsc-section=ticket-list&ticket-id=816" "Mozilla/5.0 (Windows NT 10.0; Win64; x64) AppleWebKit/537.36 (KHTML, like Gecko) Chrome/138.0.0.0 Safari/537.36"
45.174.181.70 - - [15/Aug/2025:10:02:37 -0300] "POST /wp-admin/admin-ajax.php HTTP/1.1" 200 13 "https://suporte.komforthouse.com.br/?wpsc-section=ticket-list&ticket-id=816" "Mozilla/5.0 (Windows NT 10.0; Win64; x64) AppleWebKit/537.36 (KHTML, like Gecko) Chrome/138.0.0.0 Safari/537.36"
45.174.181.70 - - [15/Aug/2025:10:02:37 -0300] "POST /wp-admin/admin-ajax.php HTTP/1.1" 200 3758 "https://suporte.komforthouse.com.br/?wpsc-section=ticket-list&ticket-id=816" "Mozilla/5.0 (Windows NT 10.0; Win64; x64) AppleWebKit/537.36 (KHTML, like Gecko) Chrome/138.0.0.0 Safari/537.36"
45.174.181.70 - - [15/Aug/2025:10:02:45 -0300] "POST /wp-admin/admin-ajax.php HTTP/1.1" 200 24 "https://suporte.komforthouse.com.br/?wpsc-section=ticket-list&ticket-id=816" "Mozilla/5.0 (Windows NT 10.0; Win64; x64) AppleWebKit/537.36 (KHTML, like Gecko) Chrome/138.0.0.0 Safari/537.36"
45.174.181.70 - - [15/Aug/2025:10:02:45 -0300] "POST /wp-admin/admin-ajax.php HTTP/1.1" 200 24 "https://suporte.komforthouse.com.br/?wpsc-section=ticket-list&ticket-id=816" "Mozilla/5.0 (Windows NT 10.0; Win64; x64) AppleWebKit/537.36 (KHTML, like Gecko) Chrome/138.0.0.0 Safari/537.36"
45.174.181.70 - - [15/Aug/2025:10:02:45 -0300] "POST /wp-admin/admin-ajax.php HTTP/1.1" 200 24 "https://suporte.komforthouse.com.br/?wpsc-section=ticket-list&ticket-id=816" "Mozilla/5.0 (Windows NT 10.0; Win64; x64) AppleWebKit/537.36 (KHTML, like Gecko) Chrome/138.0.0.0 Safari/537.36"
201.46.24.65 - - [15/Aug/2025:10:02:46 -0300] "POST /wp-admin/admin-ajax.php HTTP/1.1" 200 24 "https://suporte.komforthouse.com.br/?wpsc-section=ticket-list" "Mozilla/5.0 (Windows NT 10.0; Win64; x64) AppleWebKit/537.36 (KHTML, like Gecko) Chrome/139.0.0.0 Safari/537.36"
45.174.181.70 - - [15/Aug/2025:10:02:50 -0300] "POST /wp-admin/admin-ajax.php HTTP/1.1" 200 24 "https://suporte.komforthouse.com.br/?wpsc-section=ticket-list&ticket-id=816" "Mozilla/5.0 (Windows NT 10.0; Win64; x64) AppleWebKit/537.36 (KHTML, like Gecko) Chrome/139.0.0.0 Safari/537.36"
45.174.181.70 - - [15/Aug/2025:10:02:58 -0300] "POST /wp-admin/admin-ajax.php HTTP/1.1" 200 24 "https://suporte.komforthouse.com.br/?wpsc-section=ticket-list" "Mozilla/5.0 (Windows NT 10.0; Win64; x64) AppleWebKit/537.36 (KHTML, like Gecko) Chrome/139.0.0.0 Safari/537.36"
162.214.27.60 - - [15/Aug/2025:10:03:23 -0300] "POST /wp-cron.php?doing_wp_cron=1755263003.5456190109252929687500 HTTP/1.1" 200 - "-" "WordPress/6.8.2; https://suporte.komforthouse.com.br"
45.174.181.70 - - [15/Aug/2025:10:03:22 -0300] "POST /wp-admin/admin-ajax.php HTTP/1.1" 200 24 "https://suporte.komforthouse.com.br/?wpsc-section=ticket-list&ticket-id=816" "Mozilla/5.0 (Windows NT 10.0; Win64; x64) AppleWebKit/537.36 (KHTML, like Gecko) Chrome/138.0.0.0 Safari/537.36"
45.174.181.70 - - [15/Aug/2025:10:03:37 -0300] "POST /wp-admin/admin-ajax.php HTTP/1.1" 200 13 "https://suporte.komforthouse.com.br/?wpsc-section=ticket-list&ticket-id=816" "Mozilla/5.0 (Windows NT 10.0; Win64; x64) AppleWebKit/537.36 (KHTML, like Gecko) Chrome/138.0.0.0 Safari/537.36"
45.174.181.70 - - [15/Aug/2025:10:03:47 -0300] "POST /wp-admin/admin-ajax.php HTTP/1.1" 200 24 "https://suporte.komforthouse.com.br/?wpsc-section=ticket-list&ticket-id=816" "Mozilla/5.0 (Windows NT 10.0; Win64; x64) AppleWebKit/537.36 (KHTML, like Gecko) Chrome/138.0.0.0 Safari/537.36"
45.174.181.70 - - [15/Aug/2025:10:03:47 -0300] "POST /wp-admin/admin-ajax.php HTTP/1.1" 200 24 "https://suporte.komforthouse.com.br/?wpsc-section=ticket-list&ticket-id=816" "Mozilla/5.0 (Windows NT 10.0; Win64; x64) AppleWebKit/537.36 (KHTML, like Gecko) Chrome/138.0.0.0 Safari/537.36"
45.174.181.70 - - [15/Aug/2025:10:03:47 -0300] "POST /wp-admin/admin-ajax.php HTTP/1.1" 200 24 "https://suporte.komforthouse.com.br/?wpsc-section=ticket-list&ticket-id=816" "Mozilla/5.0 (Windows NT 10.0; Win64; x64) AppleWebKit/537.36 (KHTML, like Gecko) Chrome/138.0.0.0 Safari/537.36"
201.46.24.65 - - [15/Aug/2025:10:03:48 -0300] "POST /wp-admin/admin-ajax.php HTTP/1.1" 200 24 "https://suporte.komforthouse.com.br/?wpsc-section=ticket-list" "Mozilla/5.0 (Windows NT 10.0; Win64; x64) AppleWebKit/537.36 (KHTML, like Gecko) Chrome/139.0.0.0 Safari/537.36"
45.174.181.70 - - [15/Aug/2025:10:03:52 -0300] "POST /wp-admin/admin-ajax.php HTTP/1.1" 200 24 "https://suporte.komforthouse.com.br/?wpsc-section=ticket-list&ticket-id=816" "Mozilla/5.0 (Windows NT 10.0; Win64; x64) AppleWebKit/537.36 (KHTML, like Gecko) Chrome/139.0.0.0 Safari/537.36"
45.174.181.70 - - [15/Aug/2025:10:04:00 -0300] "POST /wp-admin/admin-ajax.php HTTP/1.1" 200 24 "https://suporte.komforthouse.com.br/?wpsc-section=ticket-list" "Mozilla/5.0 (Windows NT 10.0; Win64; x64) AppleWebKit/537.36 (KHTML, like Gecko) Chrome/139.0.0.0 Safari/537.36"
45.174.181.70 - - [15/Aug/2025:10:04:25 -0300] "POST /wp-admin/admin-ajax.php HTTP/1.1" 200 24 "https://suporte.komforthouse.com.br/?wpsc-section=ticket-list&ticket-id=816" "Mozilla/5.0 (Windows NT 10.0; Win64; x64) AppleWebKit/537.36 (KHTML, like Gecko) Chrome/138.0.0.0 Safari/537.36"
162.214.27.60 - - [15/Aug/2025:10:04:26 -0300] "POST /wp-cron.php?doing_wp_cron=1755263066.4800360202789306640625 HTTP/1.1" 200 - "-" "WordPress/6.8.2; https://suporte.komforthouse.com.br"
162.214.27.60 - - [15/Aug/2025:10:04:38 -0300] "POST /wp-cron.php?doing_wp_cron=1755263078.8319919109344482421875 HTTP/1.1" 200 - "-" "WordPress/6.8.2; https://suporte.komforthouse.com.br"
45.174.181.70 - - [15/Aug/2025:10:04:37 -0300] "POST /wp-admin/admin-ajax.php HTTP/1.1" 200 13 "https://suporte.komforthouse.com.br/?wpsc-section=ticket-list&ticket-id=816" "Mozilla/5.0 (Windows NT 10.0; Win64; x64) AppleWebKit/537.36 (KHTML, like Gecko) Chrome/138.0.0.0 Safari/537.36"
45.174.181.70 - - [15/Aug/2025:10:04:40 -0300] "POST /wp-admin/admin-ajax.php HTTP/1.1" 200 24760 "https://suporte.komforthouse.com.br/?wpsc-section=dashboard" "Mozilla/5.0 (Windows NT 10.0; Win64; x64) AppleWebKit/537.36 (KHTML, like Gecko) Chrome/139.0.0.0 Safari/537.36"
45.174.181.70 - - [15/Aug/2025:10:04:42 -0300] "POST /wp-admin/admin-ajax.php HTTP/1.1" 200 11 "https://suporte.komforthouse.com.br/?wpsc-section=dashboard" "Mozilla/5.0 (Windows NT 10.0; Win64; x64) AppleWebKit/537.36 (KHTML, like Gecko) Chrome/139.0.0.0 Safari/537.36"
45.174.181.70 - - [15/Aug/2025:10:04:40 -0300] "GET /?wpsc-section=ticket-list HTTP/1.1" 200 166259 "https://suporte.komforthouse.com.br/" "Mozilla/5.0 (Windows NT 10.0; Win64; x64) AppleWebKit/537.36 (KHTML, like Gecko) Chrome/139.0.0.0 Safari/537.36"
45.174.181.70 - - [15/Aug/2025:10:04:42 -0300] "POST /wp-admin/admin-ajax.php HTTP/1.1" 200 45 "https://suporte.komforthouse.com.br/?wpsc-section=dashboard" "Mozilla/5.0 (Windows NT 10.0; Win64; x64) AppleWebKit/537.36 (KHTML, like Gecko) Chrome/139.0.0.0 Safari/537.36"
45.174.181.70 - - [15/Aug/2025:10:04:42 -0300] "POST /wp-admin/admin-ajax.php HTTP/1.1" 200 45 "https://suporte.komforthouse.com.br/?wpsc-section=dashboard" "Mozilla/5.0 (Windows NT 10.0; Win64; x64) AppleWebKit/537.36 (KHTML, like Gecko) Chrome/139.0.0.0 Safari/537.36"
45.174.181.70 - - [15/Aug/2025:10:04:42 -0300] "POST /wp-admin/admin-ajax.php HTTP/1.1" 200 13 "https://suporte.komforthouse.com.br/?wpsc-section=dashboard" "Mozilla/5.0 (Windows NT 10.0; Win64; x64) AppleWebKit/537.36 (KHTML, like Gecko) Chrome/139.0.0.0 Safari/537.36"
45.174.181.70 - - [15/Aug/2025:10:04:42 -0300] "POST /wp-admin/admin-ajax.php HTTP/1.1" 200 11 "https://suporte.komforthouse.com.br/?wpsc-section=dashboard" "Mozilla/5.0 (Windows NT 10.0; Win64; x64) AppleWebKit/537.36 (KHTML, like Gecko) Chrome/139.0.0.0 Safari/537.36"
45.174.181.70 - - [15/Aug/2025:10:04:42 -0300] "POST /wp-admin/admin-ajax.php HTTP/1.1" 200 13 "https://suporte.komforthouse.com.br/?wpsc-section=dashboard" "Mozilla/5.0 (Windows NT 10.0; Win64; x64) AppleWebKit/537.36 (KHTML, like Gecko) Chrome/139.0.0.0 Safari/537.36"
45.174.181.70 - - [15/Aug/2025:10:04:44 -0300] "POST /wp-admin/admin-ajax.php HTTP/1.1" 200 20235 "https://suporte.komforthouse.com.br/?wpsc-section=ticket-list" "Mozilla/5.0 (Windows NT 10.0; Win64; x64) AppleWebKit/537.36 (KHTML, like Gecko) Chrome/139.0.0.0 Safari/537.36"
45.174.181.70 - - [15/Aug/2025:10:04:44 -0300] "POST /wp-admin/admin-ajax.php HTTP/1.1" 200 48 "https://suporte.komforthouse.com.br/?wpsc-section=dashboard" "Mozilla/5.0 (Windows NT 10.0; Win64; x64) AppleWebKit/537.36 (KHTML, like Gecko) Chrome/139.0.0.0 Safari/537.36"
45.174.181.70 - - [15/Aug/2025:10:04:44 -0300] "POST /wp-admin/admin-ajax.php HTTP/1.1" 200 45 "https://suporte.komforthouse.com.br/?wpsc-section=dashboard" "Mozilla/5.0 (Windows NT 10.0; Win64; x64) AppleWebKit/537.36 (KHTML, like Gecko) Chrome/139.0.0.0 Safari/537.36"
45.174.181.70 - - [15/Aug/2025:10:04:44 -0300] "POST /wp-admin/admin-ajax.php HTTP/1.1" 200 45 "https://suporte.komforthouse.com.br/?wpsc-section=dashboard" "Mozilla/5.0 (Windows NT 10.0; Win64; x64) AppleWebKit/537.36 (KHTML, like Gecko) Chrome/139.0.0.0 Safari/537.36"
45.174.181.70 - - [15/Aug/2025:10:04:44 -0300] "POST /wp-admin/admin-ajax.php HTTP/1.1" 200 45 "https://suporte.komforthouse.com.br/?wpsc-section=dashboard" "Mozilla/5.0 (Windows NT 10.0; Win64; x64) AppleWebKit/537.36 (KHTML, like Gecko) Chrome/139.0.0.0 Safari/537.36"
45.174.181.70 - - [15/Aug/2025:10:04:44 -0300] "POST /wp-admin/admin-ajax.php HTTP/1.1" 200 48 "https://suporte.komforthouse.com.br/?wpsc-section=dashboard" "Mozilla/5.0 (Windows NT 10.0; Win64; x64) AppleWebKit/537.36 (KHTML, like Gecko) Chrome/139.0.0.0 Safari/537.36"
45.174.181.70 - - [15/Aug/2025:10:04:44 -0300] "POST /wp-admin/admin-ajax.php HTTP/1.1" 200 48 "https://suporte.komforthouse.com.br/?wpsc-section=dashboard" "Mozilla/5.0 (Windows NT 10.0; Win64; x64) AppleWebKit/537.36 (KHTML, like Gecko) Chrome/139.0.0.0 Safari/537.36"
45.174.181.70 - - [15/Aug/2025:10:04:46 -0300] "POST /wp-admin/admin-ajax.php HTTP/1.1" 401 48 "https://suporte.komforthouse.com.br/?wpsc-section=dashboard" "Mozilla/5.0 (Windows NT 10.0; Win64; x64) AppleWebKit/537.36 (KHTML, like Gecko) Chrome/139.0.0.0 Safari/537.36"
45.174.181.70 - - [15/Aug/2025:10:04:46 -0300] "POST /wp-admin/admin-ajax.php HTTP/1.1" 200 24 "https://suporte.komforthouse.com.br/?wpsc-section=ticket-list" "Mozilla/5.0 (Windows NT 10.0; Win64; x64) AppleWebKit/537.36 (KHTML, like Gecko) Chrome/139.0.0.0 Safari/537.36"
45.174.181.70 - - [15/Aug/2025:10:04:46 -0300] "POST /wp-admin/admin-ajax.php HTTP/1.1" 401 48 "https://suporte.komforthouse.com.br/?wpsc-section=dashboard" "Mozilla/5.0 (Windows NT 10.0; Win64; x64) AppleWebKit/537.36 (KHTML, like Gecko) Chrome/139.0.0.0 Safari/537.36"
45.174.181.70 - - [15/Aug/2025:10:04:46 -0300] "POST /wp-admin/admin-ajax.php HTTP/1.1" 200 48 "https://suporte.komforthouse.com.br/?wpsc-section=dashboard" "Mozilla/5.0 (Windows NT 10.0; Win64; x64) AppleWebKit/537.36 (KHTML, like Gecko) Chrome/139.0.0.0 Safari/537.36"
45.174.181.70 - - [15/Aug/2025:10:04:46 -0300] "POST /wp-admin/admin-ajax.php HTTP/1.1" 401 48 "https://suporte.komforthouse.com.br/?wpsc-section=dashboard" "Mozilla/5.0 (Windows NT 10.0; Win64; x64) AppleWebKit/537.36 (KHTML, like Gecko) Chrome/139.0.0.0 Safari/537.36"
45.174.181.70 - - [15/Aug/2025:10:04:47 -0300] "POST /wp-admin/admin-ajax.php HTTP/1.1" 401 48 "https://suporte.komforthouse.com.br/?wpsc-section=dashboard" "Mozilla/5.0 (Windows NT 10.0; Win64; x64) AppleWebKit/537.36 (KHTML, like Gecko) Chrome/139.0.0.0 Safari/537.36"
45.174.181.70 - - [15/Aug/2025:10:04:46 -0300] "POST /wp-admin/admin-ajax.php HTTP/1.1" 200 48 "https://suporte.komforthouse.com.br/?wpsc-section=dashboard" "Mozilla/5.0 (Windows NT 10.0; Win64; x64) AppleWebKit/537.36 (KHTML, like Gecko) Chrome/139.0.0.0 Safari/537.36"
45.174.181.70 - - [15/Aug/2025:10:04:48 -0300] "POST /wp-admin/admin-ajax.php HTTP/1.1" 200 45 "https://suporte.komforthouse.com.br/?wpsc-section=dashboard" "Mozilla/5.0 (Windows NT 10.0; Win64; x64) AppleWebKit/537.36 (KHTML, like Gecko) Chrome/139.0.0.0 Safari/537.36"
45.174.181.70 - - [15/Aug/2025:10:04:48 -0300] "POST /wp-admin/admin-ajax.php HTTP/1.1" 200 45 "https://suporte.komforthouse.com.br/?wpsc-section=dashboard" "Mozilla/5.0 (Windows NT 10.0; Win64; x64) AppleWebKit/537.36 (KHTML, like Gecko) Chrome/139.0.0.0 Safari/537.36"
45.174.181.70 - - [15/Aug/2025:10:04:49 -0300] "POST /wp-admin/admin-ajax.php HTTP/1.1" 200 48 "https://suporte.komforthouse.com.br/?wpsc-section=dashboard" "Mozilla/5.0 (Windows NT 10.0; Win64; x64) AppleWebKit/537.36 (KHTML, like Gecko) Chrome/139.0.0.0 Safari/537.36"
45.174.181.70 - - [15/Aug/2025:10:04:49 -0300] "POST /wp-admin/admin-ajax.php HTTP/1.1" 200 48 "https://suporte.komforthouse.com.br/?wpsc-section=dashboard" "Mozilla/5.0 (Windows NT 10.0; Win64; x64) AppleWebKit/537.36 (KHTML, like Gecko) Chrome/139.0.0.0 Safari/537.36"
45.174.181.70 - - [15/Aug/2025:10:04:49 -0300] "POST /wp-admin/admin-ajax.php HTTP/1.1" 200 48 "https://suporte.komforthouse.com.br/?wpsc-section=dashboard" "Mozilla/5.0 (Windows NT 10.0; Win64; x64) AppleWebKit/537.36 (KHTML, like Gecko) Chrome/139.0.0.0 Safari/537.36"
45.174.181.70 - - [15/Aug/2025:10:04:49 -0300] "POST /wp-admin/admin-ajax.php HTTP/1.1" 200 24 "https://suporte.komforthouse.com.br/?wpsc-section=ticket-list&ticket-id=816" "Mozilla/5.0 (Windows NT 10.0; Win64; x64) AppleWebKit/537.36 (KHTML, like Gecko) Chrome/138.0.0.0 Safari/537.36"
45.174.181.70 - - [15/Aug/2025:10:04:49 -0300] "POST /wp-admin/admin-ajax.php HTTP/1.1" 200 24 "https://suporte.komforthouse.com.br/?wpsc-section=ticket-list&ticket-id=816" "Mozilla/5.0 (Windows NT 10.0; Win64; x64) AppleWebKit/537.36 (KHTML, like Gecko) Chrome/138.0.0.0 Safari/537.36"
45.174.181.70 - - [15/Aug/2025:10:04:49 -0300] "POST /wp-admin/admin-ajax.php HTTP/1.1" 200 48 "https://suporte.komforthouse.com.br/?wpsc-section=dashboard" "Mozilla/5.0 (Windows NT 10.0; Win64; x64) AppleWebKit/537.36 (KHTML, like Gecko) Chrome/139.0.0.0 Safari/537.36"
45.174.181.70 - - [15/Aug/2025:10:04:49 -0300] "POST /wp-admin/admin-ajax.php HTTP/1.1" 200 48 "https://suporte.komforthouse.com.br/?wpsc-section=dashboard" "Mozilla/5.0 (Windows NT 10.0; Win64; x64) AppleWebKit/537.36 (KHTML, like Gecko) Chrome/139.0.0.0 Safari/537.36"
45.174.181.70 - - [15/Aug/2025:10:04:49 -0300] "POST /wp-admin/admin-ajax.php HTTP/1.1" 200 24 "https://suporte.komforthouse.com.br/?wpsc-section=ticket-list&ticket-id=816" "Mozilla/5.0 (Windows NT 10.0; Win64; x64) AppleWebKit/537.36 (KHTML, like Gecko) Chrome/138.0.0.0 Safari/537.36"
201.46.24.65 - - [15/Aug/2025:10:04:50 -0300] "POST /wp-admin/admin-ajax.php HTTP/1.1" 200 24 "https://suporte.komforthouse.com.br/?wpsc-section=ticket-list" "Mozilla/5.0 (Windows NT 10.0; Win64; x64) AppleWebKit/537.36 (KHTML, like Gecko) Chrome/139.0.0.0 Safari/537.36"
45.174.181.70 - - [15/Aug/2025:10:04:51 -0300] "POST /wp-admin/admin-ajax.php HTTP/1.1" 200 48 "https://suporte.komforthouse.com.br/?wpsc-section=dashboard" "Mozilla/5.0 (Windows NT 10.0; Win64; x64) AppleWebKit/537.36 (KHTML, like Gecko) Chrome/139.0.0.0 Safari/537.36"
45.174.181.70 - - [15/Aug/2025:10:04:51 -0300] "POST /wp-admin/admin-ajax.php HTTP/1.1" 200 48 "https://suporte.komforthouse.com.br/?wpsc-section=dashboard" "Mozilla/5.0 (Windows NT 10.0; Win64; x64) AppleWebKit/537.36 (KHTML, like Gecko) Chrome/139.0.0.0 Safari/537.36"
45.174.181.70 - - [15/Aug/2025:10:04:51 -0300] "POST /wp-admin/admin-ajax.php HTTP/1.1" 200 48 "https://suporte.komforthouse.com.br/?wpsc-section=dashboard" "Mozilla/5.0 (Windows NT 10.0; Win64; x64) AppleWebKit/537.36 (KHTML, like Gecko) Chrome/139.0.0.0 Safari/537.36"
45.174.181.70 - - [15/Aug/2025:10:04:51 -0300] "POST /wp-admin/admin-ajax.php HTTP/1.1" 200 48 "https://suporte.komforthouse.com.br/?wpsc-section=dashboard" "Mozilla/5.0 (Windows NT 10.0; Win64; x64) AppleWebKit/537.36 (KHTML, like Gecko) Chrome/139.0.0.0 Safari/537.36"
45.174.181.70 - - [15/Aug/2025:10:04:51 -0300] "POST /wp-admin/admin-ajax.php HTTP/1.1" 200 48 "https://suporte.komforthouse.com.br/?wpsc-section=dashboard" "Mozilla/5.0 (Windows NT 10.0; Win64; x64) AppleWebKit/537.36 (KHTML, like Gecko) Chrome/139.0.0.0 Safari/537.36"
45.174.181.70 - - [15/Aug/2025:10:04:54 -0300] "POST /wp-admin/admin-ajax.php HTTP/1.1" 200 48 "https://suporte.komforthouse.com.br/?wpsc-section=dashboard" "Mozilla/5.0 (Windows NT 10.0; Win64; x64) AppleWebKit/537.36 (KHTML, like Gecko) Chrome/139.0.0.0 Safari/537.36"
45.174.181.70 - - [15/Aug/2025:10:04:54 -0300] "POST /wp-admin/admin-ajax.php HTTP/1.1" 200 48 "https://suporte.komforthouse.com.br/?wpsc-section=dashboard" "Mozilla/5.0 (Windows NT 10.0; Win64; x64) AppleWebKit/537.36 (KHTML, like Gecko) Chrome/139.0.0.0 Safari/537.36"
45.174.181.70 - - [15/Aug/2025:10:04:54 -0300] "POST /wp-admin/admin-ajax.php HTTP/1.1" 200 48 "https://suporte.komforthouse.com.br/?wpsc-section=dashboard" "Mozilla/5.0 (Windows NT 10.0; Win64; x64) AppleWebKit/537.36 (KHTML, like Gecko) Chrome/139.0.0.0 Safari/537.36"
45.174.181.70 - - [15/Aug/2025:10:04:54 -0300] "POST /wp-admin/admin-ajax.php HTTP/1.1" 200 48 "https://suporte.komforthouse.com.br/?wpsc-section=dashboard" "Mozilla/5.0 (Windows NT 10.0; Win64; x64) AppleWebKit/537.36 (KHTML, like Gecko) Chrome/139.0.0.0 Safari/537.36"
45.174.181.70 - - [15/Aug/2025:10:04:54 -0300] "POST /wp-admin/admin-ajax.php HTTP/1.1" 200 48 "https://suporte.komforthouse.com.br/?wpsc-section=dashboard" "Mozilla/5.0 (Windows NT 10.0; Win64; x64) AppleWebKit/537.36 (KHTML, like Gecko) Chrome/139.0.0.0 Safari/537.36"
45.174.181.70 - - [15/Aug/2025:10:04:54 -0300] "POST /wp-admin/admin-ajax.php HTTP/1.1" 200 24 "https://suporte.komforthouse.com.br/?wpsc-section=ticket-list&ticket-id=816" "Mozilla/5.0 (Windows NT 10.0; Win64; x64) AppleWebKit/537.36 (KHTML, like Gecko) Chrome/139.0.0.0 Safari/537.36"
45.174.181.70 - - [15/Aug/2025:10:04:56 -0300] "POST /wp-admin/admin-ajax.php HTTP/1.1" 200 48 "https://suporte.komforthouse.com.br/?wpsc-section=dashboard" "Mozilla/5.0 (Windows NT 10.0; Win64; x64) AppleWebKit/537.36 (KHTML, like Gecko) Chrome/139.0.0.0 Safari/537.36"
45.174.181.70 - - [15/Aug/2025:10:04:56 -0300] "POST /wp-admin/admin-ajax.php HTTP/1.1" 200 48 "https://suporte.komforthouse.com.br/?wpsc-section=dashboard" "Mozilla/5.0 (Windows NT 10.0; Win64; x64) AppleWebKit/537.36 (KHTML, like Gecko) Chrome/139.0.0.0 Safari/537.36"
45.174.181.70 - - [15/Aug/2025:10:04:56 -0300] "POST /wp-admin/admin-ajax.php HTTP/1.1" 200 48 "https://suporte.komforthouse.com.br/?wpsc-section=dashboard" "Mozilla/5.0 (Windows NT 10.0; Win64; x64) AppleWebKit/537.36 (KHTML, like Gecko) Chrome/139.0.0.0 Safari/537.36"
45.174.181.70 - - [15/Aug/2025:10:04:56 -0300] "POST /wp-admin/admin-ajax.php HTTP/1.1" 200 48 "https://suporte.komforthouse.com.br/?wpsc-section=dashboard" "Mozilla/5.0 (Windows NT 10.0; Win64; x64) AppleWebKit/537.36 (KHTML, like Gecko) Chrome/139.0.0.0 Safari/537.36"
45.174.181.70 - - [15/Aug/2025:10:05:28 -0300] "POST /wp-admin/admin-ajax.php HTTP/1.1" 200 24 "https://suporte.komforthouse.com.br/?wpsc-section=ticket-list&ticket-id=816" "Mozilla/5.0 (Windows NT 10.0; Win64; x64) AppleWebKit/537.36 (KHTML, like Gecko) Chrome/138.0.0.0 Safari/537.36"
162.214.27.60 - - [15/Aug/2025:10:05:29 -0300] "POST /wp-cron.php?doing_wp_cron=1755263129.5362989902496337890625 HTTP/1.1" 200 - "-" "WordPress/6.8.2; https://suporte.komforthouse.com.br"
45.174.181.70 - - [15/Aug/2025:10:05:37 -0300] "POST /wp-admin/admin-ajax.php HTTP/1.1" 200 13 "https://suporte.komforthouse.com.br/?wpsc-section=ticket-list&ticket-id=816" "Mozilla/5.0 (Windows NT 10.0; Win64; x64) AppleWebKit/537.36 (KHTML, like Gecko) Chrome/138.0.0.0 Safari/537.36"
45.174.181.70 - - [15/Aug/2025:10:05:43 -0300] "POST /wp-admin/admin-ajax.php HTTP/1.1" 200 - "https://suporte.komforthouse.com.br/?wpsc-section=ticket-list&ticket-id=816" "Mozilla/5.0 (Windows NT 10.0; Win64; x64) AppleWebKit/537.36 (KHTML, like Gecko) Chrome/138.0.0.0 Safari/537.36"
45.174.181.70 - - [15/Aug/2025:10:05:45 -0300] "POST /wp-admin/admin-ajax.php HTTP/1.1" 200 27935 "https://suporte.komforthouse.com.br/?wpsc-section=ticket-list" "Mozilla/5.0 (Windows NT 10.0; Win64; x64) AppleWebKit/537.36 (KHTML, like Gecko) Chrome/138.0.0.0 Safari/537.36"
45.174.181.70 - - [15/Aug/2025:10:05:45 -0300] "POST /wp-admin/admin-ajax.php HTTP/1.1" 200 104560 "https://suporte.komforthouse.com.br/?wpsc-section=ticket-list&ticket-id=816" "Mozilla/5.0 (Windows NT 10.0; Win64; x64) AppleWebKit/537.36 (KHTML, like Gecko) Chrome/138.0.0.0 Safari/537.36"
45.174.181.70 - - [15/Aug/2025:10:05:47 -0300] "POST /wp-admin/admin-ajax.php HTTP/1.1" 200 24 "https://suporte.komforthouse.com.br/?wpsc-section=ticket-list" "Mozilla/5.0 (Windows NT 10.0; Win64; x64) AppleWebKit/537.36 (KHTML, like Gecko) Chrome/138.0.0.0 Safari/537.36"
45.174.181.70 - - [15/Aug/2025:10:05:48 -0300] "POST /wp-admin/admin-ajax.php HTTP/1.1" 200 3758 "https://suporte.komforthouse.com.br/?wpsc-section=ticket-list" "Mozilla/5.0 (Windows NT 10.0; Win64; x64) AppleWebKit/537.36 (KHTML, like Gecko) Chrome/138.0.0.0 Safari/537.36"
45.174.181.70 - - [15/Aug/2025:10:05:45 -0300] "POST /wp-admin/admin-ajax.php HTTP/1.1" 200 - "https://suporte.komforthouse.com.br/?wpsc-section=ticket-list&ticket-id=816" "Mozilla/5.0 (Windows NT 10.0; Win64; x64) AppleWebKit/537.36 (KHTML, like Gecko) Chrome/138.0.0.0 Safari/537.36"
45.174.181.70 - - [15/Aug/2025:10:05:49 -0300] "POST /wp-admin/admin-ajax.php HTTP/1.1" 200 24 "https://suporte.komforthouse.com.br/?wpsc-section=ticket-list" "Mozilla/5.0 (Windows NT 10.0; Win64; x64) AppleWebKit/537.36 (KHTML, like Gecko) Chrome/139.0.0.0 Safari/537.36"
45.174.181.70 - - [15/Aug/2025:10:05:51 -0300] "POST /wp-admin/admin-ajax.php HTTP/1.1" 200 24 "https://suporte.komforthouse.com.br/?wpsc-section=ticket-list" "Mozilla/5.0 (Windows NT 10.0; Win64; x64) AppleWebKit/537.36 (KHTML, like Gecko) Chrome/138.0.0.0 Safari/537.36"
45.174.181.70 - - [15/Aug/2025:10:05:52 -0300] "POST /wp-admin/admin-ajax.php HTTP/1.1" 200 24 "https://suporte.komforthouse.com.br/?wpsc-section=ticket-list" "Mozilla/5.0 (Windows NT 10.0; Win64; x64) AppleWebKit/537.36 (KHTML, like Gecko) Chrome/138.0.0.0 Safari/537.36"
45.174.181.70 - - [15/Aug/2025:10:05:51 -0300] "POST /wp-admin/admin-ajax.php HTTP/1.1" 200 24 "https://suporte.komforthouse.com.br/?wpsc-section=ticket-list" "Mozilla/5.0 (Windows NT 10.0; Win64; x64) AppleWebKit/537.36 (KHTML, like Gecko) Chrome/138.0.0.0 Safari/537.36"
201.46.24.65 - - [15/Aug/2025:10:05:53 -0300] "POST /wp-admin/admin-ajax.php HTTP/1.1" 200 24 "https://suporte.komforthouse.com.br/?wpsc-section=ticket-list" "Mozilla/5.0 (Windows NT 10.0; Win64; x64) AppleWebKit/537.36 (KHTML, like Gecko) Chrome/139.0.0.0 Safari/537.36"
189.90.45.197 - - [15/Aug/2025:10:05:53 -0300] "GET /?wpsc-section=ticket-list&ticket-id=816&auth-code=mTB3pXMP HTTP/1.1" 200 127601 "-" "Mozilla/5.0 (Windows NT 10.0; Win64; x64) AppleWebKit/537.36 (KHTML, like Gecko) Chrome/138.0.0.0 Safari/537.36"
189.90.45.197 - - [15/Aug/2025:10:05:57 -0300] "GET /wp-includes/css/buttons.min.css?ver=6.8.2 HTTP/1.1" 200 6061 "https://suporte.komforthouse.com.br/?wpsc-section=ticket-list&ticket-id=816&auth-code=mTB3pXMP" "Mozilla/5.0 (Windows NT 10.0; Win64; x64) AppleWebKit/537.36 (KHTML, like Gecko) Chrome/138.0.0.0 Safari/537.36"
189.90.45.197 - - [15/Aug/2025:10:05:57 -0300] "GET /wp-includes/css/dashicons.min.css?ver=6.8.2 HTTP/1.1" 200 59016 "https://suporte.komforthouse.com.br/?wpsc-section=ticket-list&ticket-id=816&auth-code=mTB3pXMP" "Mozilla/5.0 (Windows NT 10.0; Win64; x64) AppleWebKit/537.36 (KHTML, like Gecko) Chrome/138.0.0.0 Safari/537.36"
189.90.45.197 - - [15/Aug/2025:10:05:58 -0300] "GET /wp-includes/css/editor.min.css?ver=6.8.2 HTTP/1.1" 200 26851 "https://suporte.komforthouse.com.br/?wpsc-section=ticket-list&ticket-id=816&auth-code=mTB3pXMP" "Mozilla/5.0 (Windows NT 10.0; Win64; x64) AppleWebKit/537.36 (KHTML, like Gecko) Chrome/138.0.0.0 Safari/537.36"
189.90.45.197 - - [15/Aug/2025:10:05:58 -0300] "GET /wp-content/plugins/supportcandy/asset/css/select2.css?ver=3.3.0 HTTP/1.1" 200 15314 "https://suporte.komforthouse.com.br/?wpsc-section=ticket-list&ticket-id=816&auth-code=mTB3pXMP" "Mozilla/5.0 (Windows NT 10.0; Win64; x64) AppleWebKit/537.36 (KHTML, like Gecko) Chrome/138.0.0.0 Safari/537.36"
189.90.45.197 - - [15/Aug/2025:10:05:58 -0300] "GET /wp-content/plugins/supportcandy/asset/libs/gpopover/jquery.gpopover.css?ver=3.3.0 HTTP/1.1" 200 993 "https://suporte.komforthouse.com.br/?wpsc-section=ticket-list&ticket-id=816&auth-code=mTB3pXMP" "Mozilla/5.0 (Windows NT 10.0; Win64; x64) AppleWebKit/537.36 (KHTML, like Gecko) Chrome/138.0.0.0 Safari/537.36"
189.90.45.197 - - [15/Aug/2025:10:05:58 -0300] "GET /wp-content/plugins/supportcandy/asset/libs/DataTables/datatables.min.css?ver=3.3.0 HTTP/1.1" 200 31159 "https://suporte.komforthouse.com.br/?wpsc-section=ticket-list&ticket-id=816&auth-code=mTB3pXMP" "Mozilla/5.0 (Windows NT 10.0; Win64; x64) AppleWebKit/537.36 (KHTML, like Gecko) Chrome/138.0.0.0 Safari/537.36"
189.90.45.197 - - [15/Aug/2025:10:05:58 -0300] "GET /wp-content/plugins/supportcandy/framework/style.css?ver=3.3.0 HTTP/1.1" 200 40280 "https://suporte.komforthouse.com.br/?wpsc-section=ticket-list&ticket-id=816&auth-code=mTB3pXMP" "Mozilla/5.0 (Windows NT 10.0; Win64; x64) AppleWebKit/537.36 (KHTML, like Gecko) Chrome/138.0.0.0 Safari/537.36"
189.90.45.197 - - [15/Aug/2025:10:05:58 -0300] "GET /wp-content/plugins/supportcandy/asset/libs/flatpickr/flatpickr.min.css?ver=3.3.0 HTTP/1.1" 200 15954 "https://suporte.komforthouse.com.br/?wpsc-section=ticket-list&ticket-id=816&auth-code=mTB3pXMP" "Mozilla/5.0 (Windows NT 10.0; Win64; x64) AppleWebKit/537.36 (KHTML, like Gecko) Chrome/138.0.0.0 Safari/537.36"
189.90.45.197 - - [15/Aug/2025:10:05:58 -0300] "GET /wp-content/plugins/supportcandy/asset/libs/fullcalendar/lib/main.min.css?ver=3.3.0 HTTP/1.1" 200 25275 "https://suporte.komforthouse.com.br/?wpsc-section=ticket-list&ticket-id=816&auth-code=mTB3pXMP" "Mozilla/5.0 (Windows NT 10.0; Win64; x64) AppleWebKit/537.36 (KHTML, like Gecko) Chrome/138.0.0.0 Safari/537.36"
189.90.45.197 - - [15/Aug/2025:10:05:58 -0300] "GET /wp-content/themes/hello-elementor/style.min.css?ver=3.2.1 HTTP/1.1" 200 5501 "https://suporte.komforthouse.com.br/?wpsc-section=ticket-list&ticket-id=816&auth-code=mTB3pXMP" "Mozilla/5.0 (Windows NT 10.0; Win64; x64) AppleWebKit/537.36 (KHTML, like Gecko) Chrome/138.0.0.0 Safari/537.36"
189.90.45.197 - - [15/Aug/2025:10:05:59 -0300] "GET /wp-content/themes/hello-elementor/theme.min.css?ver=3.2.1 HTTP/1.1" 200 5069 "https://suporte.komforthouse.com.br/?wpsc-section=ticket-list&ticket-id=816&auth-code=mTB3pXMP" "Mozilla/5.0 (Windows NT 10.0; Win64; x64) AppleWebKit/537.36 (KHTML, like Gecko) Chrome/138.0.0.0 Safari/537.36"
189.90.45.197 - - [15/Aug/2025:10:05:59 -0300] "GET /wp-content/themes/hello-elementor/header-footer.min.css?ver=3.2.1 HTTP/1.1" 200 7212 "https://suporte.komforthouse.com.br/?wpsc-section=ticket-list&ticket-id=816&auth-code=mTB3pXMP" "Mozilla/5.0 (Windows NT 10.0; Win64; x64) AppleWebKit/537.36 (KHTML, like Gecko) Chrome/138.0.0.0 Safari/537.36"
189.90.45.197 - - [15/Aug/2025:10:05:59 -0300] "GET /wp-content/uploads/elementor/css/post-6.css?ver=1736276062 HTTP/1.1" 200 1614 "https://suporte.komforthouse.com.br/?wpsc-section=ticket-list&ticket-id=816&auth-code=mTB3pXMP" "Mozilla/5.0 (Windows NT 10.0; Win64; x64) AppleWebKit/537.36 (KHTML, like Gecko) Chrome/138.0.0.0 Safari/537.36"
189.90.45.197 - - [15/Aug/2025:10:05:59 -0300] "GET /wp-content/plugins/elementor/assets/css/widget-image.min.css?ver=3.26.4 HTTP/1.1" 200 254 "https://suporte.komforthouse.com.br/?wpsc-section=ticket-list&ticket-id=816&auth-code=mTB3pXMP" "Mozilla/5.0 (Windows NT 10.0; Win64; x64) AppleWebKit/537.36 (KHTML, like Gecko) Chrome/138.0.0.0 Safari/537.36"
189.90.45.197 - - [15/Aug/2025:10:05:59 -0300] "GET /wp-content/plugins/elementor/assets/css/frontend.min.css?ver=3.26.4 HTTP/1.1" 200 53257 "https://suporte.komforthouse.com.br/?wpsc-section=ticket-list&ticket-id=816&auth-code=mTB3pXMP" "Mozilla/5.0 (Windows NT 10.0; Win64; x64) AppleWebKit/537.36 (KHTML, like Gecko) Chrome/138.0.0.0 Safari/537.36"
189.90.45.197 - - [15/Aug/2025:10:05:59 -0300] "GET /wp-content/plugins/elementor/assets/css/widget-social-icons.min.css?ver=3.26.4 HTTP/1.1" 200 5150 "https://suporte.komforthouse.com.br/?wpsc-section=ticket-list&ticket-id=816&auth-code=mTB3pXMP" "Mozilla/5.0 (Windows NT 10.0; Win64; x64) AppleWebKit/537.36 (KHTML, like Gecko) Chrome/138.0.0.0 Safari/537.36"
189.90.45.197 - - [15/Aug/2025:10:05:59 -0300] "GET /wp-content/plugins/elementor/assets/css/conditionals/apple-webkit.min.css?ver=3.26.4 HTTP/1.1" 200 7025 "https://suporte.komforthouse.com.br/?wpsc-section=ticket-list&ticket-id=816&auth-code=mTB3pXMP" "Mozilla/5.0 (Windows NT 10.0; Win64; x64) AppleWebKit/537.36 (KHTML, like Gecko) Chrome/138.0.0.0 Safari/537.36"
189.90.45.197 - - [15/Aug/2025:10:05:59 -0300] "GET /wp-content/plugins/elementor-pro/assets/css/widget-nav-menu.min.css?ver=3.26.3 HTTP/1.1" 200 26859 "https://suporte.komforthouse.com.br/?wpsc-section=ticket-list&ticket-id=816&auth-code=mTB3pXMP" "Mozilla/5.0 (Windows NT 10.0; Win64; x64) AppleWebKit/537.36 (KHTML, like Gecko) Chrome/138.0.0.0 Safari/537.36"
189.90.45.197 - - [15/Aug/2025:10:05:59 -0300] "GET /wp-content/plugins/elementor/assets/css/widget-heading.min.css?ver=3.26.4 HTTP/1.1" 200 600 "https://suporte.komforthouse.com.br/?wpsc-section=ticket-list&ticket-id=816&auth-code=mTB3pXMP" "Mozilla/5.0 (Windows NT 10.0; Win64; x64) AppleWebKit/537.36 (KHTML, like Gecko) Chrome/138.0.0.0 Safari/537.36"
189.90.45.197 - - [15/Aug/2025:10:05:59 -0300] "GET /wp-content/plugins/elementor/assets/css/widget-divider.min.css?ver=3.26.4 HTTP/1.1" 200 4298 "https://suporte.komforthouse.com.br/?wpsc-section=ticket-list&ticket-id=816&auth-code=mTB3pXMP" "Mozilla/5.0 (Windows NT 10.0; Win64; x64) AppleWebKit/537.36 (KHTML, like Gecko) Chrome/138.0.0.0 Safari/537.36"
189.90.45.197 - - [15/Aug/2025:10:05:59 -0300] "GET /wp-content/plugins/elementor/assets/lib/swiper/v8/css/swiper.min.css?ver=8.4.5 HTTP/1.1" 200 16471 "https://suporte.komforthouse.com.br/?wpsc-section=ticket-list&ticket-id=816&auth-code=mTB3pXMP" "Mozilla/5.0 (Windows NT 10.0; Win64; x64) AppleWebKit/537.36 (KHTML, like Gecko) Chrome/138.0.0.0 Safari/537.36"
189.90.45.197 - - [15/Aug/2025:10:05:59 -0300] "GET /wp-content/plugins/elementor/assets/css/conditionals/e-swiper.min.css?ver=3.26.4 HTTP/1.1" 200 5486 "https://suporte.komforthouse.com.br/?wpsc-section=ticket-list&ticket-id=816&auth-code=mTB3pXMP" "Mozilla/5.0 (Windows NT 10.0; Win64; x64) AppleWebKit/537.36 (KHTML, like Gecko) Chrome/138.0.0.0 Safari/537.36"
189.90.45.197 - - [15/Aug/2025:10:05:59 -0300] "GET /wp-content/plugins/elementor-pro/assets/css/widget-loop-common.min.css?ver=3.26.3 HTTP/1.1" 200 208 "https://suporte.komforthouse.com.br/?wpsc-section=ticket-list&ticket-id=816&auth-code=mTB3pXMP" "Mozilla/5.0 (Windows NT 10.0; Win64; x64) AppleWebKit/537.36 (KHTML, like Gecko) Chrome/138.0.0.0 Safari/537.36"
189.90.45.197 - - [15/Aug/2025:10:05:59 -0300] "GET /wp-content/plugins/elementor-pro/assets/css/widget-loop-carousel.min.css?ver=3.26.3 HTTP/1.1" 200 8391 "https://suporte.komforthouse.com.br/?wpsc-section=ticket-list&ticket-id=816&auth-code=mTB3pXMP" "Mozilla/5.0 (Windows NT 10.0; Win64; x64) AppleWebKit/537.36 (KHTML, like Gecko) Chrome/138.0.0.0 Safari/537.36"
45.174.181.70 - - [15/Aug/2025:10:05:57 -0300] "POST /wp-admin/admin-ajax.php HTTP/1.1" 200 24 "https://suporte.komforthouse.com.br/?wpsc-section=ticket-list&ticket-id=816" "Mozilla/5.0 (Windows NT 10.0; Win64; x64) AppleWebKit/537.36 (KHTML, like Gecko) Chrome/139.0.0.0 Safari/537.36"
189.90.45.197 - - [15/Aug/2025:10:06:00 -0300] "GET /wp-content/plugins/elementor-pro/assets/css/widget-loop-grid.min.css?ver=3.26.3 HTTP/1.1" 200 13191 "https://suporte.komforthouse.com.br/?wpsc-section=ticket-list&ticket-id=816&auth-code=mTB3pXMP" "Mozilla/5.0 (Windows NT 10.0; Win64; x64) AppleWebKit/537.36 (KHTML, like Gecko) Chrome/138.0.0.0 Safari/537.36"
189.90.45.197 - - [15/Aug/2025:10:06:00 -0300] "GET /wp-content/plugins/elementor/assets/css/widget-icon-box.min.css?ver=3.26.4 HTTP/1.1" 200 10071 "https://suporte.komforthouse.com.br/?wpsc-section=ticket-list&ticket-id=816&auth-code=mTB3pXMP" "Mozilla/5.0 (Windows NT 10.0; Win64; x64) AppleWebKit/537.36 (KHTML, like Gecko) Chrome/138.0.0.0 Safari/537.36"
162.214.27.60 - - [15/Aug/2025:10:05:58 -0300] "POST /wp-cron.php?doing_wp_cron=1755263158.8375849723815917968750 HTTP/1.1" 200 - "-" "WordPress/6.8.2; https://suporte.komforthouse.com.br"
189.90.45.197 - - [15/Aug/2025:10:06:00 -0300] "GET /wp-content/uploads/elementor/css/post-9.css?ver=1736276062 HTTP/1.1" 200 2456 "https://suporte.komforthouse.com.br/?wpsc-section=ticket-list&ticket-id=816&auth-code=mTB3pXMP" "Mozilla/5.0 (Windows NT 10.0; Win64; x64) AppleWebKit/537.36 (KHTML, like Gecko) Chrome/138.0.0.0 Safari/537.36"
189.90.45.197 - - [15/Aug/2025:10:06:00 -0300] "GET /wp-content/uploads/elementor/css/post-128.css?ver=1736276062 HTTP/1.1" 200 12375 "https://suporte.komforthouse.com.br/?wpsc-section=ticket-list&ticket-id=816&auth-code=mTB3pXMP" "Mozilla/5.0 (Windows NT 10.0; Win64; x64) AppleWebKit/537.36 (KHTML, like Gecko) Chrome/138.0.0.0 Safari/537.36"
189.90.45.197 - - [15/Aug/2025:10:06:00 -0300] "GET /wp-content/uploads/elementor/css/post-98.css?ver=1736276062 HTTP/1.1" 200 16651 "https://suporte.komforthouse.com.br/?wpsc-section=ticket-list&ticket-id=816&auth-code=mTB3pXMP" "Mozilla/5.0 (Windows NT 10.0; Win64; x64) AppleWebKit/537.36 (KHTML, like Gecko) Chrome/138.0.0.0 Safari/537.36"
189.90.45.197 - - [15/Aug/2025:10:06:00 -0300] "GET /wp-includes/js/jquery/jquery-migrate.min.js?ver=3.4.1 HTTP/1.1" 200 13577 "https://suporte.komforthouse.com.br/?wpsc-section=ticket-list&ticket-id=816&auth-code=mTB3pXMP" "Mozilla/5.0 (Windows NT 10.0; Win64; x64) AppleWebKit/537.36 (KHTML, like Gecko) Chrome/138.0.0.0 Safari/537.36"
189.90.45.197 - - [15/Aug/2025:10:06:00 -0300] "GET /wp-includes/js/utils.min.js?ver=6.8.2 HTTP/1.1" 200 1864 "https://suporte.komforthouse.com.br/?wpsc-section=ticket-list&ticket-id=816&auth-code=mTB3pXMP" "Mozilla/5.0 (Windows NT 10.0; Win64; x64) AppleWebKit/537.36 (KHTML, like Gecko) Chrome/138.0.0.0 Safari/537.36"
189.90.45.197 - - [15/Aug/2025:10:06:00 -0300] "GET /wp-content/uploads/2024/05/Akomfort-house-sofas-colchoes-logo-2024-preto.svg HTTP/1.1" 200 13550 "https://suporte.komforthouse.com.br/?wpsc-section=ticket-list&ticket-id=816&auth-code=mTB3pXMP" "Mozilla/5.0 (Windows NT 10.0; Win64; x64) AppleWebKit/537.36 (KHTML, like Gecko) Chrome/138.0.0.0 Safari/537.36"
189.90.45.197 - - [15/Aug/2025:10:06:00 -0300] "GET /wp-includes/js/jquery/jquery.min.js?ver=3.7.1 HTTP/1.1" 200 87553 "https://suporte.komforthouse.com.br/?wpsc-section=ticket-list&ticket-id=816&auth-code=mTB3pXMP" "Mozilla/5.0 (Windows NT 10.0; Win64; x64) AppleWebKit/537.36 (KHTML, like Gecko) Chrome/138.0.0.0 Safari/537.36"
189.90.45.197 - - [15/Aug/2025:10:06:00 -0300] "GET /wp-content/uploads/2024/05/sistemas-icon-1024x1024.png HTTP/1.1" 200 24722 "https://suporte.komforthouse.com.br/?wpsc-section=ticket-list&ticket-id=816&auth-code=mTB3pXMP" "Mozilla/5.0 (Windows NT 10.0; Win64; x64) AppleWebKit/537.36 (KHTML, like Gecko) Chrome/138.0.0.0 Safari/537.36"
189.90.45.197 - - [15/Aug/2025:10:06:00 -0300] "GET /wp-content/uploads/2024/05/Assinatura_Email_v1-1-1.png HTTP/1.1" 200 100210 "https://suporte.komforthouse.com.br/?wpsc-section=ticket-list&ticket-id=816&auth-code=mTB3pXMP" "Mozilla/5.0 (Windows NT 10.0; Win64; x64) AppleWebKit/537.36 (KHTML, like Gecko) Chrome/138.0.0.0 Safari/537.36"
189.90.45.197 - - [15/Aug/2025:10:06:01 -0300] "GET /wp-content/uploads/2024/05/komfort-house-sofas-colchoes-logo-2024-branco.svg HTTP/1.1" 200 13550 "https://suporte.komforthouse.com.br/?wpsc-section=ticket-list&ticket-id=816&auth-code=mTB3pXMP" "Mozilla/5.0 (Windows NT 10.0; Win64; x64) AppleWebKit/537.36 (KHTML, like Gecko) Chrome/138.0.0.0 Safari/537.36"
189.90.45.197 - - [15/Aug/2025:10:06:01 -0300] "GET /wp-content/uploads/2024/05/Assinatura_Email_v1-1-1536x430.png HTTP/1.1" 200 255156 "https://suporte.komforthouse.com.br/?wpsc-section=ticket-list&ticket-id=816&auth-code=mTB3pXMP" "Mozilla/5.0 (Windows NT 10.0; Win64; x64) AppleWebKit/537.36 (KHTML, like Gecko) Chrome/138.0.0.0 Safari/537.36"
189.90.45.197 - - [15/Aug/2025:10:06:02 -0300] "GET /wp-content/plugins/elementor/assets/css/widget-video.min.css?ver=3.26.4 HTTP/1.1" 200 1867 "https://suporte.komforthouse.com.br/?wpsc-section=ticket-list&ticket-id=816&auth-code=mTB3pXMP" "Mozilla/5.0 (Windows NT 10.0; Win64; x64) AppleWebKit/537.36 (KHTML, like Gecko) Chrome/138.0.0.0 Safari/537.36"
189.90.45.197 - - [15/Aug/2025:10:06:02 -0300] "GET /wp-includes/js/jquery/ui/core.min.js?ver=1.13.3 HTTP/1.1" 200 21464 "https://suporte.komforthouse.com.br/?wpsc-section=ticket-list&ticket-id=816&auth-code=mTB3pXMP" "Mozilla/5.0 (Windows NT 10.0; Win64; x64) AppleWebKit/537.36 (KHTML, like Gecko) Chrome/138.0.0.0 Safari/537.36"
189.90.45.197 - - [15/Aug/2025:10:06:02 -0300] "GET /wp-admin/js/editor.min.js?ver=6.8.2 HTTP/1.1" 200 13066 "https://suporte.komforthouse.com.br/?wpsc-section=ticket-list&ticket-id=816&auth-code=mTB3pXMP" "Mozilla/5.0 (Windows NT 10.0; Win64; x64) AppleWebKit/537.36 (KHTML, like Gecko) Chrome/138.0.0.0 Safari/537.36"
189.90.45.197 - - [15/Aug/2025:10:06:03 -0300] "GET /wp-includes/js/quicktags.min.js?ver=6.8.2 HTTP/1.1" 200 11132 "https://suporte.komforthouse.com.br/?wpsc-section=ticket-list&ticket-id=816&auth-code=mTB3pXMP" "Mozilla/5.0 (Windows NT 10.0; Win64; x64) AppleWebKit/537.36 (KHTML, like Gecko) Chrome/138.0.0.0 Safari/537.36"
189.90.45.197 - - [15/Aug/2025:10:06:03 -0300] "GET /wp-includes/js/hoverIntent.min.js?ver=1.10.2 HTTP/1.1" 200 1499 "https://suporte.komforthouse.com.br/?wpsc-section=ticket-list&ticket-id=816&auth-code=mTB3pXMP" "Mozilla/5.0 (Windows NT 10.0; Win64; x64) AppleWebKit/537.36 (KHTML, like Gecko) Chrome/138.0.0.0 Safari/537.36"
189.90.45.197 - - [15/Aug/2025:10:06:03 -0300] "GET /wp-includes/js/dist/dom-ready.min.js?ver=f77871ff7694fffea381 HTTP/1.1" 200 457 "https://suporte.komforthouse.com.br/?wpsc-section=ticket-list&ticket-id=816&auth-code=mTB3pXMP" "Mozilla/5.0 (Windows NT 10.0; Win64; x64) AppleWebKit/537.36 (KHTML, like Gecko) Chrome/138.0.0.0 Safari/537.36"
189.90.45.197 - - [15/Aug/2025:10:06:03 -0300] "GET /wp-includes/js/dist/hooks.min.js?ver=4d63a3d491d11ffd8ac6 HTTP/1.1" 200 4776 "https://suporte.komforthouse.com.br/?wpsc-section=ticket-list&ticket-id=816&auth-code=mTB3pXMP" "Mozilla/5.0 (Windows NT 10.0; Win64; x64) AppleWebKit/537.36 (KHTML, like Gecko) Chrome/138.0.0.0 Safari/537.36"
189.90.45.197 - - [15/Aug/2025:10:06:03 -0300] "GET /wp-includes/js/dist/i18n.min.js?ver=5e580eb46a90c2b997e6 HTTP/1.1" 200 9141 "https://suporte.komforthouse.com.br/?wpsc-section=ticket-list&ticket-id=816&auth-code=mTB3pXMP" "Mozilla/5.0 (Windows NT 10.0; Win64; x64) AppleWebKit/537.36 (KHTML, like Gecko) Chrome/138.0.0.0 Safari/537.36"
189.90.45.197 - - [15/Aug/2025:10:06:04 -0300] "GET /wp-includes/js/dist/a11y.min.js?ver=3156534cc54473497e14 HTTP/1.1" 200 2358 "https://suporte.komforthouse.com.br/?wpsc-section=ticket-list&ticket-id=816&auth-code=mTB3pXMP" "Mozilla/5.0 (Windows NT 10.0; Win64; x64) AppleWebKit/537.36 (KHTML, like Gecko) Chrome/138.0.0.0 Safari/537.36"
189.90.45.197 - - [15/Aug/2025:10:06:04 -0300] "GET /wp-admin/js/common.min.js?ver=6.8.2 HTTP/1.1" 200 23676 "https://suporte.komforthouse.com.br/?wpsc-section=ticket-list&ticket-id=816&auth-code=mTB3pXMP" "Mozilla/5.0 (Windows NT 10.0; Win64; x64) AppleWebKit/537.36 (KHTML, like Gecko) Chrome/138.0.0.0 Safari/537.36"
189.90.45.197 - - [15/Aug/2025:10:06:04 -0300] "GET /wp-includes/js/wplink.min.js?ver=6.8.2 HTTP/1.1" 200 11317 "https://suporte.komforthouse.com.br/?wpsc-section=ticket-list&ticket-id=816&auth-code=mTB3pXMP" "Mozilla/5.0 (Windows NT 10.0; Win64; x64) AppleWebKit/537.36 (KHTML, like Gecko) Chrome/138.0.0.0 Safari/537.36"
189.90.45.197 - - [15/Aug/2025:10:06:04 -0300] "GET /wp-includes/js/jquery/ui/autocomplete.min.js?ver=1.13.3 HTTP/1.1" 200 8536 "https://suporte.komforthouse.com.br/?wpsc-section=ticket-list&ticket-id=816&auth-code=mTB3pXMP" "Mozilla/5.0 (Windows NT 10.0; Win64; x64) AppleWebKit/537.36 (KHTML, like Gecko) Chrome/138.0.0.0 Safari/537.36"
