189.90.45.197 - - [15/Aug/2025:10:06:04 -0300] "GET /wp-includes/js/jquery/ui/menu.min.js?ver=1.13.3 HTTP/1.1" 200 10199 "https://suporte.komforthouse.com.br/?wpsc-section=ticket-list&ticket-id=816&auth-code=mTB3pXMP" "Mozilla/5.0 (Windows NT 10.0; Win64; x64) AppleWebKit/537.36 (KHTML, like Gecko) Chrome/138.0.0.0 Safari/537.36"
189.90.45.197 - - [15/Aug/2025:10:06:05 -0300] "GET /wp-includes/js/thickbox/thickbox.js?ver=3.1-20121105 HTTP/1.1" 200 13332 "https://suporte.komforthouse.com.br/?wpsc-section=ticket-list&ticket-id=816&auth-code=mTB3pXMP" "Mozilla/5.0 (Windows NT 10.0; Win64; x64) AppleWebKit/537.36 (KHTML, like Gecko) Chrome/138.0.0.0 Safari/537.36"
189.90.45.197 - - [15/Aug/2025:10:06:05 -0300] "GET /wp-includes/js/underscore.min.js?ver=1.13.7 HTTP/1.1" 200 18905 "https://suporte.komforthouse.com.br/?wpsc-section=ticket-list&ticket-id=816&auth-code=mTB3pXMP" "Mozilla/5.0 (Windows NT 10.0; Win64; x64) AppleWebKit/537.36 (KHTML, like Gecko) Chrome/138.0.0.0 Safari/537.36"
189.90.45.197 - - [15/Aug/2025:10:06:05 -0300] "GET /wp-includes/js/shortcode.min.js?ver=6.8.2 HTTP/1.1" 200 2643 "https://suporte.komforthouse.com.br/?wpsc-section=ticket-list&ticket-id=816&auth-code=mTB3pXMP" "Mozilla/5.0 (Windows NT 10.0; Win64; x64) AppleWebKit/537.36 (KHTML, like Gecko) Chrome/138.0.0.0 Safari/537.36"
189.90.45.197 - - [15/Aug/2025:10:06:05 -0300] "GET /wp-admin/js/media-upload.min.js?ver=6.8.2 HTTP/1.1" 200 1152 "https://suporte.komforthouse.com.br/?wpsc-section=ticket-list&ticket-id=816&auth-code=mTB3pXMP" "Mozilla/5.0 (Windows NT 10.0; Win64; x64) AppleWebKit/537.36 (KHTML, like Gecko) Chrome/138.0.0.0 Safari/537.36"
189.90.45.197 - - [15/Aug/2025:10:06:06 -0300] "GET /wp-includes/js/jquery/ui/effect.min.js?ver=1.13.3 HTTP/1.1" 200 10332 "https://suporte.komforthouse.com.br/?wpsc-section=ticket-list&ticket-id=816&auth-code=mTB3pXMP" "Mozilla/5.0 (Windows NT 10.0; Win64; x64) AppleWebKit/537.36 (KHTML, like Gecko) Chrome/138.0.0.0 Safari/537.36"
189.90.45.197 - - [15/Aug/2025:10:06:06 -0300] "GET /wp-includes/js/jquery/ui/effect-slide.min.js?ver=1.13.3 HTTP/1.1" 200 917 "https://suporte.komforthouse.com.br/?wpsc-section=ticket-list&ticket-id=816&auth-code=mTB3pXMP" "Mozilla/5.0 (Windows NT 10.0; Win64; x64) AppleWebKit/537.36 (KHTML, like Gecko) Chrome/138.0.0.0 Safari/537.36"
189.90.45.197 - - [15/Aug/2025:10:06:06 -0300] "GET /wp-includes/js/jquery/ui/mouse.min.js?ver=1.13.3 HTTP/1.1" 200 3428 "https://suporte.komforthouse.com.br/?wpsc-section=ticket-list&ticket-id=816&auth-code=mTB3pXMP" "Mozilla/5.0 (Windows NT 10.0; Win64; x64) AppleWebKit/537.36 (KHTML, like Gecko) Chrome/138.0.0.0 Safari/537.36"
189.90.45.197 - - [15/Aug/2025:10:06:06 -0300] "GET /wp-includes/js/jquery/ui/sortable.min.js?ver=1.13.3 HTTP/1.1" 200 25504 "https://suporte.komforthouse.com.br/?wpsc-section=ticket-list&ticket-id=816&auth-code=mTB3pXMP" "Mozilla/5.0 (Windows NT 10.0; Win64; x64) AppleWebKit/537.36 (KHTML, like Gecko) Chrome/138.0.0.0 Safari/537.36"
189.90.45.197 - - [15/Aug/2025:10:06:06 -0300] "GET /wp-content/plugins/supportcandy/framework/scripts.js?ver=3.3.0 HTTP/1.1" 200 81237 "https://suporte.komforthouse.com.br/?wpsc-section=ticket-list&ticket-id=816&auth-code=mTB3pXMP" "Mozilla/5.0 (Windows NT 10.0; Win64; x64) AppleWebKit/537.36 (KHTML, like Gecko) Chrome/138.0.0.0 Safari/537.36"
189.90.45.197 - - [15/Aug/2025:10:06:07 -0300] "GET /wp-content/plugins/supportcandy/asset/js/selectWoo/selectWoo.full.min.js?ver=3.3.0 HTTP/1.1" 200 77138 "https://suporte.komforthouse.com.br/?wpsc-section=ticket-list&ticket-id=816&auth-code=mTB3pXMP" "Mozilla/5.0 (Windows NT 10.0; Win64; x64) AppleWebKit/537.36 (KHTML, like Gecko) Chrome/138.0.0.0 Safari/537.36"
189.90.45.197 - - [15/Aug/2025:10:06:08 -0300] "GET /wp-content/plugins/supportcandy/asset/js/selectWoo/i18n/pt_BR.js?ver=3.3.0 HTTP/1.1" 200 853 "https://suporte.komforthouse.com.br/?wpsc-section=ticket-list&ticket-id=816&auth-code=mTB3pXMP" "Mozilla/5.0 (Windows NT 10.0; Win64; x64) AppleWebKit/537.36 (KHTML, like Gecko) Chrome/138.0.0.0 Safari/537.36"
189.90.45.197 - - [15/Aug/2025:10:06:08 -0300] "GET /wp-content/plugins/supportcandy/asset/libs/gpopover/jquery.gpopover.js?ver=3.3.0 HTTP/1.1" 200 6095 "https://suporte.komforthouse.com.br/?wpsc-section=ticket-list&ticket-id=816&auth-code=mTB3pXMP" "Mozilla/5.0 (Windows NT 10.0; Win64; x64) AppleWebKit/537.36 (KHTML, like Gecko) Chrome/138.0.0.0 Safari/537.36"
189.90.45.197 - - [15/Aug/2025:10:06:08 -0300] "GET /wp-content/plugins/supportcandy/asset/libs/jquery-circle-progress/circle-progress.min.js?ver=3.3.0 HTTP/1.1" 200 4445 "https://suporte.komforthouse.com.br/?wpsc-section=ticket-list&ticket-id=816&auth-code=mTB3pXMP" "Mozilla/5.0 (Windows NT 10.0; Win64; x64) AppleWebKit/537.36 (KHTML, like Gecko) Chrome/138.0.0.0 Safari/537.36"
189.90.45.197 - - [15/Aug/2025:10:06:08 -0300] "GET /wp-content/plugins/supportcandy/asset/libs/flatpickr/flatpickr.js?ver=3.3.0 HTTP/1.1" 200 48518 "https://suporte.komforthouse.com.br/?wpsc-section=ticket-list&ticket-id=816&auth-code=mTB3pXMP" "Mozilla/5.0 (Windows NT 10.0; Win64; x64) AppleWebKit/537.36 (KHTML, like Gecko) Chrome/138.0.0.0 Safari/537.36"
189.90.45.197 - - [15/Aug/2025:10:06:08 -0300] "GET /wp-content/plugins/supportcandy/asset/libs/flatpickr/l10n/pt.js?ver=3.3.0 HTTP/1.1" 200 1318 "https://suporte.komforthouse.com.br/?wpsc-section=ticket-list&ticket-id=816&auth-code=mTB3pXMP" "Mozilla/5.0 (Windows NT 10.0; Win64; x64) AppleWebKit/537.36 (KHTML, like Gecko) Chrome/138.0.0.0 Safari/537.36"
189.90.45.197 - - [15/Aug/2025:10:06:09 -0300] "GET /wp-content/plugins/supportcandy/asset/libs/fullcalendar/lib/locales-all.min.js?ver=3.3.0 HTTP/1.1" 200 20398 "https://suporte.komforthouse.com.br/?wpsc-section=ticket-list&ticket-id=816&auth-code=mTB3pXMP" "Mozilla/5.0 (Windows NT 10.0; Win64; x64) AppleWebKit/537.36 (KHTML, like Gecko) Chrome/138.0.0.0 Safari/537.36"
189.90.45.197 - - [15/Aug/2025:10:06:09 -0300] "GET /wp-content/plugins/supportcandy/asset/libs/fullcalendar/lib/main.min.js?ver=3.3.0 HTTP/1.1" 200 263467 "https://suporte.komforthouse.com.br/?wpsc-section=ticket-list&ticket-id=816&auth-code=mTB3pXMP" "Mozilla/5.0 (Windows NT 10.0; Win64; x64) AppleWebKit/537.36 (KHTML, like Gecko) Chrome/138.0.0.0 Safari/537.36"
189.90.45.197 - - [15/Aug/2025:10:06:09 -0300] "GET /wp-content/plugins/supportcandy/asset/libs/DataTables/datatables.min.js?ver=3.3.0 HTTP/1.1" 200 114569 "https://suporte.komforthouse.com.br/?wpsc-section=ticket-list&ticket-id=816&auth-code=mTB3pXMP" "Mozilla/5.0 (Windows NT 10.0; Win64; x64) AppleWebKit/537.36 (KHTML, like Gecko) Chrome/138.0.0.0 Safari/537.36"
189.90.45.197 - - [15/Aug/2025:10:06:11 -0300] "GET /wp-content/themes/hello-elementor/assets/js/hello-frontend.min.js?ver=3.2.1 HTTP/1.1" 200 1936 "https://suporte.komforthouse.com.br/?wpsc-section=ticket-list&ticket-id=816&auth-code=mTB3pXMP" "Mozilla/5.0 (Windows NT 10.0; Win64; x64) AppleWebKit/537.36 (KHTML, like Gecko) Chrome/138.0.0.0 Safari/537.36"
189.90.45.197 - - [15/Aug/2025:10:06:11 -0300] "GET /wp-content/plugins/elementor-pro/assets/lib/smartmenus/jquery.smartmenus.min.js?ver=1.2.1 HTTP/1.1" 200 24109 "https://suporte.komforthouse.com.br/?wpsc-section=ticket-list&ticket-id=816&auth-code=mTB3pXMP" "Mozilla/5.0 (Windows NT 10.0; Win64; x64) AppleWebKit/537.36 (KHTML, like Gecko) Chrome/138.0.0.0 Safari/537.36"
189.90.45.197 - - [15/Aug/2025:10:06:11 -0300] "GET /wp-content/plugins/supportcandy/asset/libs/chartjs/dist/chart.min.js?ver=3.3.0 HTTP/1.1" 200 182016 "https://suporte.komforthouse.com.br/?wpsc-section=ticket-list&ticket-id=816&auth-code=mTB3pXMP" "Mozilla/5.0 (Windows NT 10.0; Win64; x64) AppleWebKit/537.36 (KHTML, like Gecko) Chrome/138.0.0.0 Safari/537.36"
189.90.45.197 - - [15/Aug/2025:10:06:12 -0300] "GET /wp-includes/js/imagesloaded.min.js?ver=5.0.0 HTTP/1.1" 200 5520 "https://suporte.komforthouse.com.br/?wpsc-section=ticket-list&ticket-id=816&auth-code=mTB3pXMP" "Mozilla/5.0 (Windows NT 10.0; Win64; x64) AppleWebKit/537.36 (KHTML, like Gecko) Chrome/138.0.0.0 Safari/537.36"
189.90.45.197 - - [15/Aug/2025:10:06:12 -0300] "GET /wp-content/plugins/elementor-pro/assets/js/webpack-pro.runtime.min.js?ver=3.26.3 HTTP/1.1" 200 6263 "https://suporte.komforthouse.com.br/?wpsc-section=ticket-list&ticket-id=816&auth-code=mTB3pXMP" "Mozilla/5.0 (Windows NT 10.0; Win64; x64) AppleWebKit/537.36 (KHTML, like Gecko) Chrome/138.0.0.0 Safari/537.36"
189.90.45.197 - - [15/Aug/2025:10:06:12 -0300] "GET /wp-content/plugins/elementor/assets/js/webpack.runtime.min.js?ver=3.26.4 HTTP/1.1" 200 5326 "https://suporte.komforthouse.com.br/?wpsc-section=ticket-list&ticket-id=816&auth-code=mTB3pXMP" "Mozilla/5.0 (Windows NT 10.0; Win64; x64) AppleWebKit/537.36 (KHTML, like Gecko) Chrome/138.0.0.0 Safari/537.36"
189.90.45.197 - - [15/Aug/2025:10:06:12 -0300] "GET /wp-content/plugins/elementor/assets/js/frontend-modules.min.js?ver=3.26.4 HTTP/1.1" 200 52754 "https://suporte.komforthouse.com.br/?wpsc-section=ticket-list&ticket-id=816&auth-code=mTB3pXMP" "Mozilla/5.0 (Windows NT 10.0; Win64; x64) AppleWebKit/537.36 (KHTML, like Gecko) Chrome/138.0.0.0 Safari/537.36"
189.90.45.197 - - [15/Aug/2025:10:06:13 -0300] "GET /wp-content/plugins/elementor-pro/assets/js/frontend.min.js?ver=3.26.3 HTTP/1.1" 200 24210 "https://suporte.komforthouse.com.br/?wpsc-section=ticket-list&ticket-id=816&auth-code=mTB3pXMP" "Mozilla/5.0 (Windows NT 10.0; Win64; x64) AppleWebKit/537.36 (KHTML, like Gecko) Chrome/138.0.0.0 Safari/537.36"
189.90.45.197 - - [15/Aug/2025:10:06:13 -0300] "GET /wp-content/plugins/elementor/assets/js/frontend.min.js?ver=3.26.4 HTTP/1.1" 200 45428 "https://suporte.komforthouse.com.br/?wpsc-section=ticket-list&ticket-id=816&auth-code=mTB3pXMP" "Mozilla/5.0 (Windows NT 10.0; Win64; x64) AppleWebKit/537.36 (KHTML, like Gecko) Chrome/138.0.0.0 Safari/537.36"
189.90.45.197 - - [15/Aug/2025:10:06:13 -0300] "GET /wp-content/plugins/elementor-pro/assets/js/elements-handlers.min.js?ver=3.26.3 HTTP/1.1" 200 44624 "https://suporte.komforthouse.com.br/?wpsc-section=ticket-list&ticket-id=816&auth-code=mTB3pXMP" "Mozilla/5.0 (Windows NT 10.0; Win64; x64) AppleWebKit/537.36 (KHTML, like Gecko) Chrome/138.0.0.0 Safari/537.36"
189.90.45.197 - - [15/Aug/2025:10:06:14 -0300] "GET /wp-includes/js/tinymce/plugins/compat3x/plugin.min.js?ver=49110-20250317 HTTP/1.1" 200 4129 "https://suporte.komforthouse.com.br/?wpsc-section=ticket-list&ticket-id=816&auth-code=mTB3pXMP" "Mozilla/5.0 (Windows NT 10.0; Win64; x64) AppleWebKit/537.36 (KHTML, like Gecko) Chrome/138.0.0.0 Safari/537.36"
189.90.45.197 - - [15/Aug/2025:10:06:14 -0300] "GET /wp-content/plugins/supportcandy/asset/images/loader-white.gif HTTP/1.1" 200 11647 "https://suporte.komforthouse.com.br/?wpsc-section=ticket-list&ticket-id=816&auth-code=mTB3pXMP" "Mozilla/5.0 (Windows NT 10.0; Win64; x64) AppleWebKit/537.36 (KHTML, like Gecko) Chrome/138.0.0.0 Safari/537.36"
189.90.45.197 - - [15/Aug/2025:10:06:14 -0300] "GET /wp-includes/js/tinymce/tinymce.min.js?ver=49110-20250317 HTTP/1.1" 200 365570 "https://suporte.komforthouse.com.br/?wpsc-section=ticket-list&ticket-id=816&auth-code=mTB3pXMP" "Mozilla/5.0 (Windows NT 10.0; Win64; x64) AppleWebKit/537.36 (KHTML, like Gecko) Chrome/138.0.0.0 Safari/537.36"
189.90.45.197 - - [15/Aug/2025:10:06:17 -0300] "GET /wp-content/uploads/2024/05/komfort-house-sofas-colchao-portal-rh.jpg HTTP/1.1" 200 98751 "https://suporte.komforthouse.com.br/wp-content/uploads/elementor/css/post-98.css?ver=1736276062" "Mozilla/5.0 (Windows NT 10.0; Win64; x64) AppleWebKit/537.36 (KHTML, like Gecko) Chrome/138.0.0.0 Safari/537.36"
189.90.45.197 - - [15/Aug/2025:10:06:17 -0300] "GET /wp-includes/js/wp-emoji-release.min.js?ver=6.8.2 HTTP/1.1" 200 19251 "https://suporte.komforthouse.com.br/?wpsc-section=ticket-list&ticket-id=816&auth-code=mTB3pXMP" "Mozilla/5.0 (Windows NT 10.0; Win64; x64) AppleWebKit/537.36 (KHTML, like Gecko) Chrome/138.0.0.0 Safari/537.36"
189.90.45.197 - - [15/Aug/2025:10:06:17 -0300] "GET /wp-content/plugins/supportcandy/framework/responsive/lg.css?version=3.3.0 HTTP/1.1" 200 411 "https://suporte.komforthouse.com.br/?wpsc-section=ticket-list&ticket-id=816&auth-code=mTB3pXMP" "Mozilla/5.0 (Windows NT 10.0; Win64; x64) AppleWebKit/537.36 (KHTML, like Gecko) Chrome/138.0.0.0 Safari/537.36"
189.90.45.197 - - [15/Aug/2025:10:06:18 -0300] "GET /wp-content/plugins/supportcandy/asset/images/loader.gif HTTP/1.1" 200 15356 "https://suporte.komforthouse.com.br/?wpsc-section=ticket-list&ticket-id=816&auth-code=mTB3pXMP" "Mozilla/5.0 (Windows NT 10.0; Win64; x64) AppleWebKit/537.36 (KHTML, like Gecko) Chrome/138.0.0.0 Safari/537.36"
189.90.45.197 - - [15/Aug/2025:10:06:19 -0300] "GET /wp-includes/js/thickbox/loadingAnimation.gif HTTP/1.1" 200 15238 "https://suporte.komforthouse.com.br/?wpsc-section=ticket-list&ticket-id=816&auth-code=mTB3pXMP" "Mozilla/5.0 (Windows NT 10.0; Win64; x64) AppleWebKit/537.36 (KHTML, like Gecko) Chrome/138.0.0.0 Safari/537.36"
162.214.27.60 - - [15/Aug/2025:10:06:19 -0300] "POST /wp-cron.php?doing_wp_cron=1755263179.5724830627441406250000 HTTP/1.1" 200 - "-" "WordPress/6.8.2; https://suporte.komforthouse.com.br"
189.90.45.197 - - [15/Aug/2025:10:06:18 -0300] "POST /wp-admin/admin-ajax.php HTTP/1.1" 200 15468 "https://suporte.komforthouse.com.br/?wpsc-section=ticket-list&ticket-id=816&auth-code=mTB3pXMP" "Mozilla/5.0 (Windows NT 10.0; Win64; x64) AppleWebKit/537.36 (KHTML, like Gecko) Chrome/138.0.0.0 Safari/537.36"
189.90.45.197 - - [15/Aug/2025:10:06:21 -0300] "GET /wp-content/plugins/elementor-pro/assets/js/nav-menu.a23fbd67486c5bedf26c.bundle.min.js HTTP/1.1" 200 5282 "https://suporte.komforthouse.com.br/?wpsc-section=ticket-list&ticket-id=816&auth-code=mTB3pXMP" "Mozilla/5.0 (Windows NT 10.0; Win64; x64) AppleWebKit/537.36 (KHTML, like Gecko) Chrome/138.0.0.0 Safari/537.36"
189.90.45.197 - - [15/Aug/2025:10:06:21 -0300] "GET /wp-content/plugins/elementor-pro/assets/js/loop-carousel.f8067ec0c24b628c786e.bundle.min.js HTTP/1.1" 200 1357 "https://suporte.komforthouse.com.br/?wpsc-section=ticket-list&ticket-id=816&auth-code=mTB3pXMP" "Mozilla/5.0 (Windows NT 10.0; Win64; x64) AppleWebKit/537.36 (KHTML, like Gecko) Chrome/138.0.0.0 Safari/537.36"
189.90.45.197 - - [15/Aug/2025:10:06:21 -0300] "GET /wp-content/plugins/elementor-pro/assets/js/loop.4a16d82b8b5e3e00f25e.bundle.min.js HTTP/1.1" 200 9365 "https://suporte.komforthouse.com.br/?wpsc-section=ticket-list&ticket-id=816&auth-code=mTB3pXMP" "Mozilla/5.0 (Windows NT 10.0; Win64; x64) AppleWebKit/537.36 (KHTML, like Gecko) Chrome/138.0.0.0 Safari/537.36"
189.90.45.197 - - [15/Aug/2025:10:06:22 -0300] "GET /wp-content/plugins/elementor-pro/assets/js/load-more.8b46f464e573feab5dd7.bundle.min.js HTTP/1.1" 200 5346 "https://suporte.komforthouse.com.br/?wpsc-section=ticket-list&ticket-id=816&auth-code=mTB3pXMP" "Mozilla/5.0 (Windows NT 10.0; Win64; x64) AppleWebKit/537.36 (KHTML, like Gecko) Chrome/138.0.0.0 Safari/537.36"
189.90.45.197 - - [15/Aug/2025:10:06:22 -0300] "GET /wp-content/plugins/elementor-pro/assets/js/ajax-pagination.2090b5f4906bcda1dcc2.bundle.min.js HTTP/1.1" 200 2814 "https://suporte.komforthouse.com.br/?wpsc-section=ticket-list&ticket-id=816&auth-code=mTB3pXMP" "Mozilla/5.0 (Windows NT 10.0; Win64; x64) AppleWebKit/537.36 (KHTML, like Gecko) Chrome/138.0.0.0 Safari/537.36"
189.90.45.197 - - [15/Aug/2025:10:06:22 -0300] "GET /wp-content/plugins/elementor/assets/js/video.69da75ce0dd084cc3596.bundle.min.js HTTP/1.1" 200 3247 "https://suporte.komforthouse.com.br/?wpsc-section=ticket-list&ticket-id=816&auth-code=mTB3pXMP" "Mozilla/5.0 (Windows NT 10.0; Win64; x64) AppleWebKit/537.36 (KHTML, like Gecko) Chrome/138.0.0.0 Safari/537.36"
189.90.45.197 - - [15/Aug/2025:10:06:21 -0300] "POST /wp-admin/admin-ajax.php HTTP/1.1" 200 80 "https://suporte.komforthouse.com.br/?wpsc-section=ticket-list&ticket-id=816&auth-code=mTB3pXMP" "Mozilla/5.0 (Windows NT 10.0; Win64; x64) AppleWebKit/537.36 (KHTML, like Gecko) Chrome/138.0.0.0 Safari/537.36"
189.90.45.197 - - [15/Aug/2025:10:06:22 -0300] "GET /wp-content/plugins/elementor/assets/lib/swiper/v8/swiper.min.js?ver=8.4.5 HTTP/1.1" 200 143709 "https://suporte.komforthouse.com.br/?wpsc-section=ticket-list&ticket-id=816&auth-code=mTB3pXMP" "Mozilla/5.0 (Windows NT 10.0; Win64; x64) AppleWebKit/537.36 (KHTML, like Gecko) Chrome/138.0.0.0 Safari/537.36"
45.174.181.70 - - [15/Aug/2025:10:06:32 -0300] "POST /wp-admin/admin-ajax.php HTTP/1.1" 200 24 "https://suporte.komforthouse.com.br/?wpsc-section=ticket-list" "Mozilla/5.0 (Windows NT 10.0; Win64; x64) AppleWebKit/537.36 (KHTML, like Gecko) Chrome/138.0.0.0 Safari/537.36"
45.174.181.70 - - [15/Aug/2025:10:06:50 -0300] "POST /wp-admin/admin-ajax.php HTTP/1.1" 200 24 "https://suporte.komforthouse.com.br/?wpsc-section=ticket-list" "Mozilla/5.0 (Windows NT 10.0; Win64; x64) AppleWebKit/537.36 (KHTML, like Gecko) Chrome/138.0.0.0 Safari/537.36"
45.174.181.70 - - [15/Aug/2025:10:06:52 -0300] "POST /wp-admin/admin-ajax.php HTTP/1.1" 200 24 "https://suporte.komforthouse.com.br/?wpsc-section=ticket-list" "Mozilla/5.0 (Windows NT 10.0; Win64; x64) AppleWebKit/537.36 (KHTML, like Gecko) Chrome/139.0.0.0 Safari/537.36"
45.174.181.70 - - [15/Aug/2025:10:06:53 -0300] "POST /wp-admin/admin-ajax.php HTTP/1.1" 200 24 "https://suporte.komforthouse.com.br/?wpsc-section=ticket-list" "Mozilla/5.0 (Windows NT 10.0; Win64; x64) AppleWebKit/537.36 (KHTML, like Gecko) Chrome/138.0.0.0 Safari/537.36"
45.174.181.70 - - [15/Aug/2025:10:06:54 -0300] "POST /wp-admin/admin-ajax.php HTTP/1.1" 200 24 "https://suporte.komforthouse.com.br/?wpsc-section=ticket-list" "Mozilla/5.0 (Windows NT 10.0; Win64; x64) AppleWebKit/537.36 (KHTML, like Gecko) Chrome/138.0.0.0 Safari/537.36"
45.174.181.70 - - [15/Aug/2025:10:06:54 -0300] "POST /wp-admin/admin-ajax.php HTTP/1.1" 200 24 "https://suporte.komforthouse.com.br/?wpsc-section=ticket-list" "Mozilla/5.0 (Windows NT 10.0; Win64; x64) AppleWebKit/537.36 (KHTML, like Gecko) Chrome/138.0.0.0 Safari/537.36"
201.46.24.65 - - [15/Aug/2025:10:06:55 -0300] "POST /wp-admin/admin-ajax.php HTTP/1.1" 200 24 "https://suporte.komforthouse.com.br/?wpsc-section=ticket-list" "Mozilla/5.0 (Windows NT 10.0; Win64; x64) AppleWebKit/537.36 (KHTML, like Gecko) Chrome/139.0.0.0 Safari/537.36"
189.90.45.197 - - [15/Aug/2025:10:06:56 -0300] "GET /wp-content/uploads/2024/05/BOX-BIO-BOX.zip HTTP/1.1" 200 2657272 "https://suporte.komforthouse.com.br/?wpsc-section=ticket-list&ticket-id=816&auth-code=mTB3pXMP" "Mozilla/5.0 (Windows NT 10.0; Win64; x64) AppleWebKit/537.36 (KHTML, like Gecko) Chrome/138.0.0.0 Safari/537.36"
45.174.181.70 - - [15/Aug/2025:10:07:00 -0300] "POST /wp-admin/admin-ajax.php HTTP/1.1" 200 24 "https://suporte.komforthouse.com.br/?wpsc-section=ticket-list&ticket-id=816" "Mozilla/5.0 (Windows NT 10.0; Win64; x64) AppleWebKit/537.36 (KHTML, like Gecko) Chrome/139.0.0.0 Safari/537.36"
179.190.108.6 - - [15/Aug/2025:10:07:16 -0300] "GET /wp-content/uploads/2024/05/BOX-BIO-BOX.zip HTTP/1.1" 200 2657272 "https://suporte.komforthouse.com.br/?wpsc-section=ticket-list&ticket-id=816&auth-code=mTB3pXMP" "Mozilla/5.0 (Windows NT 10.0; Win64; x64) AppleWebKit/537.36 (KHTML, like Gecko) Chrome/136.0.0.0 Safari/537.36"
45.174.181.70 - - [15/Aug/2025:10:07:35 -0300] "POST /wp-admin/admin-ajax.php HTTP/1.1" 200 24 "https://suporte.komforthouse.com.br/?wpsc-section=ticket-list" "Mozilla/5.0 (Windows NT 10.0; Win64; x64) AppleWebKit/537.36 (KHTML, like Gecko) Chrome/138.0.0.0 Safari/537.36"
162.214.27.60 - - [15/Aug/2025:10:07:36 -0300] "POST /wp-cron.php?doing_wp_cron=1755263256.4072799682617187500000 HTTP/1.1" 200 - "-" "WordPress/6.8.2; https://suporte.komforthouse.com.br"
45.174.181.70 - - [15/Aug/2025:10:07:52 -0300] "POST /wp-admin/admin-ajax.php HTTP/1.1" 200 24 "https://suporte.komforthouse.com.br/?wpsc-section=ticket-list" "Mozilla/5.0 (Windows NT 10.0; Win64; x64) AppleWebKit/537.36 (KHTML, like Gecko) Chrome/138.0.0.0 Safari/537.36"
45.174.181.70 - - [15/Aug/2025:10:07:55 -0300] "POST /wp-admin/admin-ajax.php HTTP/1.1" 200 24 "https://suporte.komforthouse.com.br/?wpsc-section=ticket-list" "Mozilla/5.0 (Windows NT 10.0; Win64; x64) AppleWebKit/537.36 (KHTML, like Gecko) Chrome/139.0.0.0 Safari/537.36"
45.174.181.70 - - [15/Aug/2025:10:07:55 -0300] "POST /wp-admin/admin-ajax.php HTTP/1.1" 200 24 "https://suporte.komforthouse.com.br/?wpsc-section=ticket-list" "Mozilla/5.0 (Windows NT 10.0; Win64; x64) AppleWebKit/537.36 (KHTML, like Gecko) Chrome/138.0.0.0 Safari/537.36"
45.174.181.70 - - [15/Aug/2025:10:07:57 -0300] "POST /wp-admin/admin-ajax.php HTTP/1.1" 200 24 "https://suporte.komforthouse.com.br/?wpsc-section=ticket-list" "Mozilla/5.0 (Windows NT 10.0; Win64; x64) AppleWebKit/537.36 (KHTML, like Gecko) Chrome/138.0.0.0 Safari/537.36"
45.174.181.70 - - [15/Aug/2025:10:07:57 -0300] "POST /wp-admin/admin-ajax.php HTTP/1.1" 200 24 "https://suporte.komforthouse.com.br/?wpsc-section=ticket-list" "Mozilla/5.0 (Windows NT 10.0; Win64; x64) AppleWebKit/537.36 (KHTML, like Gecko) Chrome/138.0.0.0 Safari/537.36"
201.46.24.65 - - [15/Aug/2025:10:07:57 -0300] "POST /wp-admin/admin-ajax.php HTTP/1.1" 200 24 "https://suporte.komforthouse.com.br/?wpsc-section=ticket-list" "Mozilla/5.0 (Windows NT 10.0; Win64; x64) AppleWebKit/537.36 (KHTML, like Gecko) Chrome/139.0.0.0 Safari/537.36"
45.174.181.70 - - [15/Aug/2025:10:08:02 -0300] "POST /wp-admin/admin-ajax.php HTTP/1.1" 200 24 "https://suporte.komforthouse.com.br/?wpsc-section=ticket-list&ticket-id=816" "Mozilla/5.0 (Windows NT 10.0; Win64; x64) AppleWebKit/537.36 (KHTML, like Gecko) Chrome/139.0.0.0 Safari/537.36"
162.214.27.60 - - [15/Aug/2025:10:08:39 -0300] "POST /wp-cron.php?doing_wp_cron=1755263319.0866169929504394531250 HTTP/1.1" 200 - "-" "WordPress/6.8.2; https://suporte.komforthouse.com.br"
45.174.181.70 - - [15/Aug/2025:10:08:38 -0300] "POST /wp-admin/admin-ajax.php HTTP/1.1" 200 24 "https://suporte.komforthouse.com.br/?wpsc-section=ticket-list" "Mozilla/5.0 (Windows NT 10.0; Win64; x64) AppleWebKit/537.36 (KHTML, like Gecko) Chrome/138.0.0.0 Safari/537.36"
45.174.181.70 - - [15/Aug/2025:10:08:54 -0300] "POST /wp-admin/admin-ajax.php HTTP/1.1" 200 24 "https://suporte.komforthouse.com.br/?wpsc-section=ticket-list" "Mozilla/5.0 (Windows NT 10.0; Win64; x64) AppleWebKit/537.36 (KHTML, like Gecko) Chrome/138.0.0.0 Safari/537.36"
45.174.181.70 - - [15/Aug/2025:10:08:57 -0300] "POST /wp-admin/admin-ajax.php HTTP/1.1" 200 24 "https://suporte.komforthouse.com.br/?wpsc-section=ticket-list" "Mozilla/5.0 (Windows NT 10.0; Win64; x64) AppleWebKit/537.36 (KHTML, like Gecko) Chrome/139.0.0.0 Safari/537.36"
45.174.181.70 - - [15/Aug/2025:10:08:57 -0300] "POST /wp-admin/admin-ajax.php HTTP/1.1" 200 24 "https://suporte.komforthouse.com.br/?wpsc-section=ticket-list" "Mozilla/5.0 (Windows NT 10.0; Win64; x64) AppleWebKit/537.36 (KHTML, like Gecko) Chrome/138.0.0.0 Safari/537.36"
45.174.181.70 - - [15/Aug/2025:10:08:59 -0300] "POST /wp-admin/admin-ajax.php HTTP/1.1" 200 24 "https://suporte.komforthouse.com.br/?wpsc-section=ticket-list" "Mozilla/5.0 (Windows NT 10.0; Win64; x64) AppleWebKit/537.36 (KHTML, like Gecko) Chrome/138.0.0.0 Safari/537.36"
45.174.181.70 - - [15/Aug/2025:10:09:00 -0300] "POST /wp-admin/admin-ajax.php HTTP/1.1" 200 24 "https://suporte.komforthouse.com.br/?wpsc-section=ticket-list" "Mozilla/5.0 (Windows NT 10.0; Win64; x64) AppleWebKit/537.36 (KHTML, like Gecko) Chrome/138.0.0.0 Safari/537.36"
201.46.24.65 - - [15/Aug/2025:10:09:00 -0300] "POST /wp-admin/admin-ajax.php HTTP/1.1" 200 24 "https://suporte.komforthouse.com.br/?wpsc-section=ticket-list" "Mozilla/5.0 (Windows NT 10.0; Win64; x64) AppleWebKit/537.36 (KHTML, like Gecko) Chrome/139.0.0.0 Safari/537.36"
45.174.181.70 - - [15/Aug/2025:10:09:04 -0300] "POST /wp-admin/admin-ajax.php HTTP/1.1" 200 24 "https://suporte.komforthouse.com.br/?wpsc-section=ticket-list&ticket-id=816" "Mozilla/5.0 (Windows NT 10.0; Win64; x64) AppleWebKit/537.36 (KHTML, like Gecko) Chrome/139.0.0.0 Safari/537.36"
162.214.27.60 - - [15/Aug/2025:10:09:42 -0300] "POST /wp-cron.php?doing_wp_cron=1755263382.0327079296112060546875 HTTP/1.1" 200 - "-" "WordPress/6.8.2; https://suporte.komforthouse.com.br"
45.174.181.70 - - [15/Aug/2025:10:09:41 -0300] "POST /wp-admin/admin-ajax.php HTTP/1.1" 200 24 "https://suporte.komforthouse.com.br/?wpsc-section=ticket-list" "Mozilla/5.0 (Windows NT 10.0; Win64; x64) AppleWebKit/537.36 (KHTML, like Gecko) Chrome/138.0.0.0 Safari/537.36"
45.174.181.70 - - [15/Aug/2025:10:09:43 -0300] "POST /wp-admin/admin-ajax.php HTTP/1.1" 200 24760 "https://suporte.komforthouse.com.br/?wpsc-section=dashboard" "Mozilla/5.0 (Windows NT 10.0; Win64; x64) AppleWebKit/537.36 (KHTML, like Gecko) Chrome/139.0.0.0 Safari/537.36"
45.174.181.70 - - [15/Aug/2025:10:09:44 -0300] "POST /wp-admin/admin-ajax.php HTTP/1.1" 200 11 "https://suporte.komforthouse.com.br/?wpsc-section=dashboard" "Mozilla/5.0 (Windows NT 10.0; Win64; x64) AppleWebKit/537.36 (KHTML, like Gecko) Chrome/139.0.0.0 Safari/537.36"
45.174.181.70 - - [15/Aug/2025:10:09:45 -0300] "POST /wp-admin/admin-ajax.php HTTP/1.1" 200 13 "https://suporte.komforthouse.com.br/?wpsc-section=dashboard" "Mozilla/5.0 (Windows NT 10.0; Win64; x64) AppleWebKit/537.36 (KHTML, like Gecko) Chrome/139.0.0.0 Safari/537.36"
45.174.181.70 - - [15/Aug/2025:10:09:45 -0300] "POST /wp-admin/admin-ajax.php HTTP/1.1" 200 11 "https://suporte.komforthouse.com.br/?wpsc-section=dashboard" "Mozilla/5.0 (Windows NT 10.0; Win64; x64) AppleWebKit/537.36 (KHTML, like Gecko) Chrome/139.0.0.0 Safari/537.36"
45.174.181.70 - - [15/Aug/2025:10:09:45 -0300] "POST /wp-admin/admin-ajax.php HTTP/1.1" 200 45 "https://suporte.komforthouse.com.br/?wpsc-section=dashboard" "Mozilla/5.0 (Windows NT 10.0; Win64; x64) AppleWebKit/537.36 (KHTML, like Gecko) Chrome/139.0.0.0 Safari/537.36"
45.174.181.70 - - [15/Aug/2025:10:09:45 -0300] "POST /wp-admin/admin-ajax.php HTTP/1.1" 200 45 "https://suporte.komforthouse.com.br/?wpsc-section=dashboard" "Mozilla/5.0 (Windows NT 10.0; Win64; x64) AppleWebKit/537.36 (KHTML, like Gecko) Chrome/139.0.0.0 Safari/537.36"
45.174.181.70 - - [15/Aug/2025:10:09:45 -0300] "POST /wp-admin/admin-ajax.php HTTP/1.1" 200 13 "https://suporte.komforthouse.com.br/?wpsc-section=dashboard" "Mozilla/5.0 (Windows NT 10.0; Win64; x64) AppleWebKit/537.36 (KHTML, like Gecko) Chrome/139.0.0.0 Safari/537.36"
45.174.181.70 - - [15/Aug/2025:10:09:46 -0300] "POST /wp-admin/admin-ajax.php HTTP/1.1" 200 45 "https://suporte.komforthouse.com.br/?wpsc-section=dashboard" "Mozilla/5.0 (Windows NT 10.0; Win64; x64) AppleWebKit/537.36 (KHTML, like Gecko) Chrome/139.0.0.0 Safari/537.36"
45.174.181.70 - - [15/Aug/2025:10:09:47 -0300] "POST /wp-admin/admin-ajax.php HTTP/1.1" 200 45 "https://suporte.komforthouse.com.br/?wpsc-section=dashboard" "Mozilla/5.0 (Windows NT 10.0; Win64; x64) AppleWebKit/537.36 (KHTML, like Gecko) Chrome/139.0.0.0 Safari/537.36"
45.174.181.70 - - [15/Aug/2025:10:09:47 -0300] "POST /wp-admin/admin-ajax.php HTTP/1.1" 200 45 "https://suporte.komforthouse.com.br/?wpsc-section=dashboard" "Mozilla/5.0 (Windows NT 10.0; Win64; x64) AppleWebKit/537.36 (KHTML, like Gecko) Chrome/139.0.0.0 Safari/537.36"
45.174.181.70 - - [15/Aug/2025:10:09:47 -0300] "POST /wp-admin/admin-ajax.php HTTP/1.1" 200 48 "https://suporte.komforthouse.com.br/?wpsc-section=dashboard" "Mozilla/5.0 (Windows NT 10.0; Win64; x64) AppleWebKit/537.36 (KHTML, like Gecko) Chrome/139.0.0.0 Safari/537.36"
45.174.181.70 - - [15/Aug/2025:10:09:48 -0300] "POST /wp-admin/admin-ajax.php HTTP/1.1" 200 48 "https://suporte.komforthouse.com.br/?wpsc-section=dashboard" "Mozilla/5.0 (Windows NT 10.0; Win64; x64) AppleWebKit/537.36 (KHTML, like Gecko) Chrome/139.0.0.0 Safari/537.36"
45.174.181.70 - - [15/Aug/2025:10:09:48 -0300] "POST /wp-admin/admin-ajax.php HTTP/1.1" 200 48 "https://suporte.komforthouse.com.br/?wpsc-section=dashboard" "Mozilla/5.0 (Windows NT 10.0; Win64; x64) AppleWebKit/537.36 (KHTML, like Gecko) Chrome/139.0.0.0 Safari/537.36"
45.174.181.70 - - [15/Aug/2025:10:09:49 -0300] "POST /wp-admin/admin-ajax.php HTTP/1.1" 200 48 "https://suporte.komforthouse.com.br/?wpsc-section=dashboard" "Mozilla/5.0 (Windows NT 10.0; Win64; x64) AppleWebKit/537.36 (KHTML, like Gecko) Chrome/139.0.0.0 Safari/537.36"
45.174.181.70 - - [15/Aug/2025:10:09:50 -0300] "POST /wp-admin/admin-ajax.php HTTP/1.1" 401 48 "https://suporte.komforthouse.com.br/?wpsc-section=dashboard" "Mozilla/5.0 (Windows NT 10.0; Win64; x64) AppleWebKit/537.36 (KHTML, like Gecko) Chrome/139.0.0.0 Safari/537.36"
45.174.181.70 - - [15/Aug/2025:10:09:49 -0300] "POST /wp-admin/admin-ajax.php HTTP/1.1" 401 48 "https://suporte.komforthouse.com.br/?wpsc-section=dashboard" "Mozilla/5.0 (Windows NT 10.0; Win64; x64) AppleWebKit/537.36 (KHTML, like Gecko) Chrome/139.0.0.0 Safari/537.36"
45.174.181.70 - - [15/Aug/2025:10:09:50 -0300] "POST /wp-admin/admin-ajax.php HTTP/1.1" 401 48 "https://suporte.komforthouse.com.br/?wpsc-section=dashboard" "Mozilla/5.0 (Windows NT 10.0; Win64; x64) AppleWebKit/537.36 (KHTML, like Gecko) Chrome/139.0.0.0 Safari/537.36"
45.174.181.70 - - [15/Aug/2025:10:09:49 -0300] "POST /wp-admin/admin-ajax.php HTTP/1.1" 200 48 "https://suporte.komforthouse.com.br/?wpsc-section=dashboard" "Mozilla/5.0 (Windows NT 10.0; Win64; x64) AppleWebKit/537.36 (KHTML, like Gecko) Chrome/139.0.0.0 Safari/537.36"
45.174.181.70 - - [15/Aug/2025:10:09:51 -0300] "POST /wp-admin/admin-ajax.php HTTP/1.1" 200 45 "https://suporte.komforthouse.com.br/?wpsc-section=dashboard" "Mozilla/5.0 (Windows NT 10.0; Win64; x64) AppleWebKit/537.36 (KHTML, like Gecko) Chrome/139.0.0.0 Safari/537.36"
45.174.181.70 - - [15/Aug/2025:10:09:51 -0300] "POST /wp-admin/admin-ajax.php HTTP/1.1" 401 48 "https://suporte.komforthouse.com.br/?wpsc-section=dashboard" "Mozilla/5.0 (Windows NT 10.0; Win64; x64) AppleWebKit/537.36 (KHTML, like Gecko) Chrome/139.0.0.0 Safari/537.36"
45.174.181.70 - - [15/Aug/2025:10:09:52 -0300] "POST /wp-admin/admin-ajax.php HTTP/1.1" 200 45 "https://suporte.komforthouse.com.br/?wpsc-section=dashboard" "Mozilla/5.0 (Windows NT 10.0; Win64; x64) AppleWebKit/537.36 (KHTML, like Gecko) Chrome/139.0.0.0 Safari/537.36"
45.174.181.70 - - [15/Aug/2025:10:09:52 -0300] "POST /wp-admin/admin-ajax.php HTTP/1.1" 200 48 "https://suporte.komforthouse.com.br/?wpsc-section=dashboard" "Mozilla/5.0 (Windows NT 10.0; Win64; x64) AppleWebKit/537.36 (KHTML, like Gecko) Chrome/139.0.0.0 Safari/537.36"
45.174.181.70 - - [15/Aug/2025:10:09:52 -0300] "POST /wp-admin/admin-ajax.php HTTP/1.1" 200 48 "https://suporte.komforthouse.com.br/?wpsc-section=dashboard" "Mozilla/5.0 (Windows NT 10.0; Win64; x64) AppleWebKit/537.36 (KHTML, like Gecko) Chrome/139.0.0.0 Safari/537.36"
45.174.181.70 - - [15/Aug/2025:10:09:52 -0300] "POST /wp-admin/admin-ajax.php HTTP/1.1" 200 48 "https://suporte.komforthouse.com.br/?wpsc-section=dashboard" "Mozilla/5.0 (Windows NT 10.0; Win64; x64) AppleWebKit/537.36 (KHTML, like Gecko) Chrome/139.0.0.0 Safari/537.36"
45.174.181.70 - - [15/Aug/2025:10:09:53 -0300] "POST /wp-admin/admin-ajax.php HTTP/1.1" 200 48 "https://suporte.komforthouse.com.br/?wpsc-section=dashboard" "Mozilla/5.0 (Windows NT 10.0; Win64; x64) AppleWebKit/537.36 (KHTML, like Gecko) Chrome/139.0.0.0 Safari/537.36"
45.174.181.70 - - [15/Aug/2025:10:09:53 -0300] "POST /wp-admin/admin-ajax.php HTTP/1.1" 200 48 "https://suporte.komforthouse.com.br/?wpsc-section=dashboard" "Mozilla/5.0 (Windows NT 10.0; Win64; x64) AppleWebKit/537.36 (KHTML, like Gecko) Chrome/139.0.0.0 Safari/537.36"
45.174.181.70 - - [15/Aug/2025:10:09:55 -0300] "POST /wp-admin/admin-ajax.php HTTP/1.1" 200 48 "https://suporte.komforthouse.com.br/?wpsc-section=dashboard" "Mozilla/5.0 (Windows NT 10.0; Win64; x64) AppleWebKit/537.36 (KHTML, like Gecko) Chrome/139.0.0.0 Safari/537.36"
45.174.181.70 - - [15/Aug/2025:10:09:55 -0300] "POST /wp-admin/admin-ajax.php HTTP/1.1" 200 48 "https://suporte.komforthouse.com.br/?wpsc-section=dashboard" "Mozilla/5.0 (Windows NT 10.0; Win64; x64) AppleWebKit/537.36 (KHTML, like Gecko) Chrome/139.0.0.0 Safari/537.36"
45.174.181.70 - - [15/Aug/2025:10:09:55 -0300] "POST /wp-admin/admin-ajax.php HTTP/1.1" 200 48 "https://suporte.komforthouse.com.br/?wpsc-section=dashboard" "Mozilla/5.0 (Windows NT 10.0; Win64; x64) AppleWebKit/537.36 (KHTML, like Gecko) Chrome/139.0.0.0 Safari/537.36"
45.174.181.70 - - [15/Aug/2025:10:09:55 -0300] "POST /wp-admin/admin-ajax.php HTTP/1.1" 200 48 "https://suporte.komforthouse.com.br/?wpsc-section=dashboard" "Mozilla/5.0 (Windows NT 10.0; Win64; x64) AppleWebKit/537.36 (KHTML, like Gecko) Chrome/139.0.0.0 Safari/537.36"
45.174.181.70 - - [15/Aug/2025:10:09:55 -0300] "POST /wp-admin/admin-ajax.php HTTP/1.1" 200 48 "https://suporte.komforthouse.com.br/?wpsc-section=dashboard" "Mozilla/5.0 (Windows NT 10.0; Win64; x64) AppleWebKit/537.36 (KHTML, like Gecko) Chrome/139.0.0.0 Safari/537.36"
45.174.181.70 - - [15/Aug/2025:10:09:56 -0300] "POST /wp-admin/admin-ajax.php HTTP/1.1" 200 24 "https://suporte.komforthouse.com.br/?wpsc-section=ticket-list" "Mozilla/5.0 (Windows NT 10.0; Win64; x64) AppleWebKit/537.36 (KHTML, like Gecko) Chrome/138.0.0.0 Safari/537.36"
45.174.181.70 - - [15/Aug/2025:10:09:58 -0300] "POST /wp-admin/admin-ajax.php HTTP/1.1" 200 48 "https://suporte.komforthouse.com.br/?wpsc-section=dashboard" "Mozilla/5.0 (Windows NT 10.0; Win64; x64) AppleWebKit/537.36 (KHTML, like Gecko) Chrome/139.0.0.0 Safari/537.36"
45.174.181.70 - - [15/Aug/2025:10:09:58 -0300] "POST /wp-admin/admin-ajax.php HTTP/1.1" 200 48 "https://suporte.komforthouse.com.br/?wpsc-section=dashboard" "Mozilla/5.0 (Windows NT 10.0; Win64; x64) AppleWebKit/537.36 (KHTML, like Gecko) Chrome/139.0.0.0 Safari/537.36"
45.174.181.70 - - [15/Aug/2025:10:09:58 -0300] "POST /wp-admin/admin-ajax.php HTTP/1.1" 200 48 "https://suporte.komforthouse.com.br/?wpsc-section=dashboard" "Mozilla/5.0 (Windows NT 10.0; Win64; x64) AppleWebKit/537.36 (KHTML, like Gecko) Chrome/139.0.0.0 Safari/537.36"
45.174.181.70 - - [15/Aug/2025:10:09:58 -0300] "POST /wp-admin/admin-ajax.php HTTP/1.1" 200 48 "https://suporte.komforthouse.com.br/?wpsc-section=dashboard" "Mozilla/5.0 (Windows NT 10.0; Win64; x64) AppleWebKit/537.36 (KHTML, like Gecko) Chrome/139.0.0.0 Safari/537.36"
45.174.181.70 - - [15/Aug/2025:10:09:58 -0300] "POST /wp-admin/admin-ajax.php HTTP/1.1" 200 48 "https://suporte.komforthouse.com.br/?wpsc-section=dashboard" "Mozilla/5.0 (Windows NT 10.0; Win64; x64) AppleWebKit/537.36 (KHTML, like Gecko) Chrome/139.0.0.0 Safari/537.36"
45.174.181.70 - - [15/Aug/2025:10:09:59 -0300] "POST /wp-admin/admin-ajax.php HTTP/1.1" 200 24 "https://suporte.komforthouse.com.br/?wpsc-section=ticket-list" "Mozilla/5.0 (Windows NT 10.0; Win64; x64) AppleWebKit/537.36 (KHTML, like Gecko) Chrome/139.0.0.0 Safari/537.36"
45.174.181.70 - - [15/Aug/2025:10:09:59 -0300] "POST /wp-admin/admin-ajax.php HTTP/1.1" 200 24 "https://suporte.komforthouse.com.br/?wpsc-section=ticket-list" "Mozilla/5.0 (Windows NT 10.0; Win64; x64) AppleWebKit/537.36 (KHTML, like Gecko) Chrome/138.0.0.0 Safari/537.36"
45.174.181.70 - - [15/Aug/2025:10:10:00 -0300] "POST /wp-admin/admin-ajax.php HTTP/1.1" 200 48 "https://suporte.komforthouse.com.br/?wpsc-section=dashboard" "Mozilla/5.0 (Windows NT 10.0; Win64; x64) AppleWebKit/537.36 (KHTML, like Gecko) Chrome/139.0.0.0 Safari/537.36"
45.174.181.70 - - [15/Aug/2025:10:10:00 -0300] "POST /wp-admin/admin-ajax.php HTTP/1.1" 200 48 "https://suporte.komforthouse.com.br/?wpsc-section=dashboard" "Mozilla/5.0 (Windows NT 10.0; Win64; x64) AppleWebKit/537.36 (KHTML, like Gecko) Chrome/139.0.0.0 Safari/537.36"
45.174.181.70 - - [15/Aug/2025:10:10:00 -0300] "POST /wp-admin/admin-ajax.php HTTP/1.1" 200 48 "https://suporte.komforthouse.com.br/?wpsc-section=dashboard" "Mozilla/5.0 (Windows NT 10.0; Win64; x64) AppleWebKit/537.36 (KHTML, like Gecko) Chrome/139.0.0.0 Safari/537.36"
45.174.181.70 - - [15/Aug/2025:10:10:00 -0300] "POST /wp-admin/admin-ajax.php HTTP/1.1" 200 48 "https://suporte.komforthouse.com.br/?wpsc-section=dashboard" "Mozilla/5.0 (Windows NT 10.0; Win64; x64) AppleWebKit/537.36 (KHTML, like Gecko) Chrome/139.0.0.0 Safari/537.36"
45.174.181.70 - - [15/Aug/2025:10:10:01 -0300] "POST /wp-admin/admin-ajax.php HTTP/1.1" 200 24 "https://suporte.komforthouse.com.br/?wpsc-section=ticket-list" "Mozilla/5.0 (Windows NT 10.0; Win64; x64) AppleWebKit/537.36 (KHTML, like Gecko) Chrome/138.0.0.0 Safari/537.36"
45.174.181.70 - - [15/Aug/2025:10:10:02 -0300] "POST /wp-admin/admin-ajax.php HTTP/1.1" 200 24 "https://suporte.komforthouse.com.br/?wpsc-section=ticket-list" "Mozilla/5.0 (Windows NT 10.0; Win64; x64) AppleWebKit/537.36 (KHTML, like Gecko) Chrome/138.0.0.0 Safari/537.36"
201.46.24.65 - - [15/Aug/2025:10:10:02 -0300] "POST /wp-admin/admin-ajax.php HTTP/1.1" 200 24 "https://suporte.komforthouse.com.br/?wpsc-section=ticket-list" "Mozilla/5.0 (Windows NT 10.0; Win64; x64) AppleWebKit/537.36 (KHTML, like Gecko) Chrome/139.0.0.0 Safari/537.36"
45.174.181.70 - - [15/Aug/2025:10:10:06 -0300] "POST /wp-admin/admin-ajax.php HTTP/1.1" 200 24 "https://suporte.komforthouse.com.br/?wpsc-section=ticket-list&ticket-id=816" "Mozilla/5.0 (Windows NT 10.0; Win64; x64) AppleWebKit/537.36 (KHTML, like Gecko) Chrome/139.0.0.0 Safari/537.36"
162.214.27.60 - - [15/Aug/2025:10:10:07 -0300] "POST /wp-cron.php?doing_wp_cron=1755263407.7822771072387695312500 HTTP/1.1" 200 - "-" "WordPress/6.8.2; https://suporte.komforthouse.com.br"
45.174.181.70 - - [15/Aug/2025:10:10:44 -0300] "POST /wp-admin/admin-ajax.php HTTP/1.1" 200 24 "https://suporte.komforthouse.com.br/?wpsc-section=ticket-list" "Mozilla/5.0 (Windows NT 10.0; Win64; x64) AppleWebKit/537.36 (KHTML, like Gecko) Chrome/138.0.0.0 Safari/537.36"
162.214.27.60 - - [15/Aug/2025:10:10:44 -0300] "POST /wp-cron.php?doing_wp_cron=1755263444.9804580211639404296875 HTTP/1.1" 200 - "-" "WordPress/6.8.2; https://suporte.komforthouse.com.br"
45.174.181.70 - - [15/Aug/2025:10:10:59 -0300] "POST /wp-admin/admin-ajax.php HTTP/1.1" 200 24 "https://suporte.komforthouse.com.br/?wpsc-section=ticket-list" "Mozilla/5.0 (Windows NT 10.0; Win64; x64) AppleWebKit/537.36 (KHTML, like Gecko) Chrome/138.0.0.0 Safari/537.36"
196.251.83.126 - - [15/Aug/2025:10:10:58 -0300] "POST /wp-login.php HTTP/1.1" 200 9793 "-" "Mozilla/5.0"
162.214.27.60 - - [15/Aug/2025:10:10:59 -0300] "POST /wp-cron.php?doing_wp_cron=1755263459.7286400794982910156250 HTTP/1.1" 200 - "-" "WordPress/6.8.2; https://suporte.komforthouse.com.br"
45.174.181.70 - - [15/Aug/2025:10:11:01 -0300] "POST /wp-admin/admin-ajax.php HTTP/1.1" 200 24 "https://suporte.komforthouse.com.br/?wpsc-section=ticket-list" "Mozilla/5.0 (Windows NT 10.0; Win64; x64) AppleWebKit/537.36 (KHTML, like Gecko) Chrome/138.0.0.0 Safari/537.36"
45.174.181.70 - - [15/Aug/2025:10:11:01 -0300] "POST /wp-admin/admin-ajax.php HTTP/1.1" 200 24 "https://suporte.komforthouse.com.br/?wpsc-section=ticket-list" "Mozilla/5.0 (Windows NT 10.0; Win64; x64) AppleWebKit/537.36 (KHTML, like Gecko) Chrome/139.0.0.0 Safari/537.36"
45.174.181.70 - - [15/Aug/2025:10:11:03 -0300] "POST /wp-admin/admin-ajax.php HTTP/1.1" 200 24 "https://suporte.komforthouse.com.br/?wpsc-section=ticket-list" "Mozilla/5.0 (Windows NT 10.0; Win64; x64) AppleWebKit/537.36 (KHTML, like Gecko) Chrome/138.0.0.0 Safari/537.36"
201.46.24.65 - - [15/Aug/2025:10:11:04 -0300] "POST /wp-admin/admin-ajax.php HTTP/1.1" 200 24 "https://suporte.komforthouse.com.br/?wpsc-section=ticket-list" "Mozilla/5.0 (Windows NT 10.0; Win64; x64) AppleWebKit/537.36 (KHTML, like Gecko) Chrome/139.0.0.0 Safari/537.36"
45.174.181.70 - - [15/Aug/2025:10:11:05 -0300] "POST /wp-admin/admin-ajax.php HTTP/1.1" 200 24 "https://suporte.komforthouse.com.br/?wpsc-section=ticket-list" "Mozilla/5.0 (Windows NT 10.0; Win64; x64) AppleWebKit/537.36 (KHTML, like Gecko) Chrome/138.0.0.0 Safari/537.36"
45.174.181.70 - - [15/Aug/2025:10:11:09 -0300] "POST /wp-admin/admin-ajax.php HTTP/1.1" 200 24 "https://suporte.komforthouse.com.br/?wpsc-section=ticket-list&ticket-id=816" "Mozilla/5.0 (Windows NT 10.0; Win64; x64) AppleWebKit/537.36 (KHTML, like Gecko) Chrome/139.0.0.0 Safari/537.36"
162.214.27.60 - - [15/Aug/2025:10:11:11 -0300] "POST /wp-cron.php?doing_wp_cron=1755263471.3162519931793212890625 HTTP/1.1" 200 - "-" "WordPress/6.8.2; https://suporte.komforthouse.com.br"
199.195.253.169 - - [15/Aug/2025:10:11:23 -0300] "GET /wp-login.php HTTP/1.1" 200 9379 "-" "Mozilla/5.0 (Windows NT 6.2; WOW64) AppleWebKit/537.36 (KHTML, like Gecko) Chrome/36.0.1985.125 Safari/537.36"
45.174.181.70 - - [15/Aug/2025:10:11:47 -0300] "POST /wp-admin/admin-ajax.php HTTP/1.1" 200 24 "https://suporte.komforthouse.com.br/?wpsc-section=ticket-list" "Mozilla/5.0 (Windows NT 10.0; Win64; x64) AppleWebKit/537.36 (KHTML, like Gecko) Chrome/138.0.0.0 Safari/537.36"
45.174.181.70 - - [15/Aug/2025:10:12:01 -0300] "POST /wp-admin/admin-ajax.php HTTP/1.1" 200 24 "https://suporte.komforthouse.com.br/?wpsc-section=ticket-list" "Mozilla/5.0 (Windows NT 10.0; Win64; x64) AppleWebKit/537.36 (KHTML, like Gecko) Chrome/138.0.0.0 Safari/537.36"
45.174.181.70 - - [15/Aug/2025:10:12:03 -0300] "POST /wp-admin/admin-ajax.php HTTP/1.1" 200 24 "https://suporte.komforthouse.com.br/?wpsc-section=ticket-list" "Mozilla/5.0 (Windows NT 10.0; Win64; x64) AppleWebKit/537.36 (KHTML, like Gecko) Chrome/138.0.0.0 Safari/537.36"
45.174.181.70 - - [15/Aug/2025:10:12:04 -0300] "POST /wp-admin/admin-ajax.php HTTP/1.1" 200 24 "https://suporte.komforthouse.com.br/?wpsc-section=ticket-list" "Mozilla/5.0 (Windows NT 10.0; Win64; x64) AppleWebKit/537.36 (KHTML, like Gecko) Chrome/139.0.0.0 Safari/537.36"
45.174.181.70 - - [15/Aug/2025:10:12:05 -0300] "POST /wp-admin/admin-ajax.php HTTP/1.1" 200 24 "https://suporte.komforthouse.com.br/?wpsc-section=ticket-list" "Mozilla/5.0 (Windows NT 10.0; Win64; x64) AppleWebKit/537.36 (KHTML, like Gecko) Chrome/138.0.0.0 Safari/537.36"
45.174.181.70 - - [15/Aug/2025:10:12:07 -0300] "POST /wp-admin/admin-ajax.php HTTP/1.1" 200 24 "https://suporte.komforthouse.com.br/?wpsc-section=ticket-list" "Mozilla/5.0 (Windows NT 10.0; Win64; x64) AppleWebKit/537.36 (KHTML, like Gecko) Chrome/138.0.0.0 Safari/537.36"
201.46.24.65 - - [15/Aug/2025:10:12:06 -0300] "POST /wp-admin/admin-ajax.php HTTP/1.1" 200 24 "https://suporte.komforthouse.com.br/?wpsc-section=ticket-list" "Mozilla/5.0 (Windows NT 10.0; Win64; x64) AppleWebKit/537.36 (KHTML, like Gecko) Chrome/139.0.0.0 Safari/537.36"
162.214.27.60 - - [15/Aug/2025:10:12:07 -0300] "POST /wp-cron.php?doing_wp_cron=1755263527.7563281059265136718750 HTTP/1.1" 200 - "-" "WordPress/6.8.2; https://suporte.komforthouse.com.br"
45.174.181.70 - - [15/Aug/2025:10:12:13 -0300] "POST /wp-admin/admin-ajax.php HTTP/1.1" 200 24 "https://suporte.komforthouse.com.br/?wpsc-section=ticket-list&ticket-id=816" "Mozilla/5.0 (Windows NT 10.0; Win64; x64) AppleWebKit/537.36 (KHTML, like Gecko) Chrome/139.0.0.0 Safari/537.36"
199.195.253.169 - - [15/Aug/2025:10:12:21 -0300] "POST /wp-login.php HTTP/1.1" 200 9811 "-" "Mozilla/5.0 (Windows NT 6.2; WOW64) AppleWebKit/537.36 (KHTML, like Gecko) Chrome/36.0.1985.125 Safari/537.36"
45.174.181.70 - - [15/Aug/2025:10:12:49 -0300] "POST /wp-admin/admin-ajax.php HTTP/1.1" 200 24 "https://suporte.komforthouse.com.br/?wpsc-section=ticket-list" "Mozilla/5.0 (Windows NT 10.0; Win64; x64) AppleWebKit/537.36 (KHTML, like Gecko) Chrome/138.0.0.0 Safari/537.36"
45.174.181.70 - - [15/Aug/2025:10:13:04 -0300] "POST /wp-admin/admin-ajax.php HTTP/1.1" 200 24 "https://suporte.komforthouse.com.br/?wpsc-section=ticket-list" "Mozilla/5.0 (Windows NT 10.0; Win64; x64) AppleWebKit/537.36 (KHTML, like Gecko) Chrome/138.0.0.0 Safari/537.36"
45.174.181.70 - - [15/Aug/2025:10:13:06 -0300] "POST /wp-admin/admin-ajax.php HTTP/1.1" 200 24 "https://suporte.komforthouse.com.br/?wpsc-section=ticket-list" "Mozilla/5.0 (Windows NT 10.0; Win64; x64) AppleWebKit/537.36 (KHTML, like Gecko) Chrome/139.0.0.0 Safari/537.36"
45.174.181.70 - - [15/Aug/2025:10:13:05 -0300] "POST /wp-admin/admin-ajax.php HTTP/1.1" 200 24 "https://suporte.komforthouse.com.br/?wpsc-section=ticket-list" "Mozilla/5.0 (Windows NT 10.0; Win64; x64) AppleWebKit/537.36 (KHTML, like Gecko) Chrome/138.0.0.0 Safari/537.36"
162.214.27.60 - - [15/Aug/2025:10:13:07 -0300] "POST /wp-cron.php?doing_wp_cron=1755263587.0032570362091064453125 HTTP/1.1" 200 - "-" "WordPress/6.8.2; https://suporte.komforthouse.com.br"
45.174.181.70 - - [15/Aug/2025:10:13:08 -0300] "POST /wp-admin/admin-ajax.php HTTP/1.1" 200 24 "https://suporte.komforthouse.com.br/?wpsc-section=ticket-list" "Mozilla/5.0 (Windows NT 10.0; Win64; x64) AppleWebKit/537.36 (KHTML, like Gecko) Chrome/138.0.0.0 Safari/537.36"
201.46.24.65 - - [15/Aug/2025:10:13:09 -0300] "POST /wp-admin/admin-ajax.php HTTP/1.1" 200 24 "https://suporte.komforthouse.com.br/?wpsc-section=ticket-list" "Mozilla/5.0 (Windows NT 10.0; Win64; x64) AppleWebKit/537.36 (KHTML, like Gecko) Chrome/139.0.0.0 Safari/537.36"
45.174.181.70 - - [15/Aug/2025:10:13:09 -0300] "POST /wp-admin/admin-ajax.php HTTP/1.1" 200 24 "https://suporte.komforthouse.com.br/?wpsc-section=ticket-list" "Mozilla/5.0 (Windows NT 10.0; Win64; x64) AppleWebKit/537.36 (KHTML, like Gecko) Chrome/138.0.0.0 Safari/537.36"
45.174.181.70 - - [15/Aug/2025:10:13:16 -0300] "POST /wp-admin/admin-ajax.php HTTP/1.1" 200 24 "https://suporte.komforthouse.com.br/?wpsc-section=ticket-list&ticket-id=816" "Mozilla/5.0 (Windows NT 10.0; Win64; x64) AppleWebKit/537.36 (KHTML, like Gecko) Chrome/139.0.0.0 Safari/537.36"
45.174.181.70 - - [15/Aug/2025:10:13:51 -0300] "POST /wp-admin/admin-ajax.php HTTP/1.1" 200 24 "https://suporte.komforthouse.com.br/?wpsc-section=ticket-list" "Mozilla/5.0 (Windows NT 10.0; Win64; x64) AppleWebKit/537.36 (KHTML, like Gecko) Chrome/138.0.0.0 Safari/537.36"
45.174.181.70 - - [15/Aug/2025:10:14:06 -0300] "POST /wp-admin/admin-ajax.php HTTP/1.1" 200 24 "https://suporte.komforthouse.com.br/?wpsc-section=ticket-list" "Mozilla/5.0 (Windows NT 10.0; Win64; x64) AppleWebKit/537.36 (KHTML, like Gecko) Chrome/138.0.0.0 Safari/537.36"
162.214.27.60 - - [15/Aug/2025:10:14:07 -0300] "POST /wp-cron.php?doing_wp_cron=1755263647.4864308834075927734375 HTTP/1.1" 200 - "-" "WordPress/6.8.2; https://suporte.komforthouse.com.br"
45.174.181.70 - - [15/Aug/2025:10:14:08 -0300] "POST /wp-admin/admin-ajax.php HTTP/1.1" 200 24 "https://suporte.komforthouse.com.br/?wpsc-section=ticket-list" "Mozilla/5.0 (Windows NT 10.0; Win64; x64) AppleWebKit/537.36 (KHTML, like Gecko) Chrome/138.0.0.0 Safari/537.36"
45.174.181.70 - - [15/Aug/2025:10:14:09 -0300] "POST /wp-admin/admin-ajax.php HTTP/1.1" 200 24 "https://suporte.komforthouse.com.br/?wpsc-section=ticket-list" "Mozilla/5.0 (Windows NT 10.0; Win64; x64) AppleWebKit/537.36 (KHTML, like Gecko) Chrome/139.0.0.0 Safari/537.36"
45.174.181.70 - - [15/Aug/2025:10:14:09 -0300] "POST /wp-admin/admin-ajax.php HTTP/1.1" 200 24 "https://suporte.komforthouse.com.br/?wpsc-section=ticket-list" "Mozilla/5.0 (Windows NT 10.0; Win64; x64) AppleWebKit/537.36 (KHTML, like Gecko) Chrome/138.0.0.0 Safari/537.36"
201.46.24.65 - - [15/Aug/2025:10:14:11 -0300] "POST /wp-admin/admin-ajax.php HTTP/1.1" 200 24 "https://suporte.komforthouse.com.br/?wpsc-section=ticket-list" "Mozilla/5.0 (Windows NT 10.0; Win64; x64) AppleWebKit/537.36 (KHTML, like Gecko) Chrome/139.0.0.0 Safari/537.36"
45.174.181.70 - - [15/Aug/2025:10:14:11 -0300] "POST /wp-admin/admin-ajax.php HTTP/1.1" 200 24 "https://suporte.komforthouse.com.br/?wpsc-section=ticket-list" "Mozilla/5.0 (Windows NT 10.0; Win64; x64) AppleWebKit/537.36 (KHTML, like Gecko) Chrome/138.0.0.0 Safari/537.36"
45.174.181.70 - - [15/Aug/2025:10:14:19 -0300] "POST /wp-admin/admin-ajax.php HTTP/1.1" 200 24 "https://suporte.komforthouse.com.br/?wpsc-section=ticket-list&ticket-id=816" "Mozilla/5.0 (Windows NT 10.0; Win64; x64) AppleWebKit/537.36 (KHTML, like Gecko) Chrome/139.0.0.0 Safari/537.36"
162.214.27.60 - - [15/Aug/2025:10:14:36 -0300] "POST /wp-cron.php?doing_wp_cron=1755263676.5564150810241699218750 HTTP/1.1" 200 - "-" "WordPress/6.8.2; https://suporte.komforthouse.com.br"
45.174.181.70 - - [15/Aug/2025:10:14:35 -0300] "POST /wp-admin/admin-ajax.php HTTP/1.1" 200 88296 "https://suporte.komforthouse.com.br/?wpsc-section=ticket-list&ticket-id=821" "Mozilla/5.0 (Windows NT 10.0; Win64; x64) AppleWebKit/537.36 (KHTML, like Gecko) Chrome/139.0.0.0 Safari/537.36"
45.174.181.70 - - [15/Aug/2025:10:14:38 -0300] "POST /wp-admin/admin-ajax.php HTTP/1.1" 200 13 "https://suporte.komforthouse.com.br/?wpsc-section=ticket-list&ticket-id=821" "Mozilla/5.0 (Windows NT 10.0; Win64; x64) AppleWebKit/537.36 (KHTML, like Gecko) Chrome/139.0.0.0 Safari/537.36"
45.174.181.70 - - [15/Aug/2025:10:14:38 -0300] "POST /wp-admin/admin-ajax.php HTTP/1.1" 200 3758 "https://suporte.komforthouse.com.br/?wpsc-section=ticket-list&ticket-id=821" "Mozilla/5.0 (Windows NT 10.0; Win64; x64) AppleWebKit/537.36 (KHTML, like Gecko) Chrome/139.0.0.0 Safari/537.36"
45.174.181.70 - - [15/Aug/2025:10:14:45 -0300] "POST /wp-admin/admin-ajax.php HTTP/1.1" 200 24760 "https://suporte.komforthouse.com.br/?wpsc-section=dashboard" "Mozilla/5.0 (Windows NT 10.0; Win64; x64) AppleWebKit/537.36 (KHTML, like Gecko) Chrome/139.0.0.0 Safari/537.36"
45.174.181.70 - - [15/Aug/2025:10:14:46 -0300] "POST /wp-admin/admin-ajax.php HTTP/1.1" 200 11 "https://suporte.komforthouse.com.br/?wpsc-section=dashboard" "Mozilla/5.0 (Windows NT 10.0; Win64; x64) AppleWebKit/537.36 (KHTML, like Gecko) Chrome/139.0.0.0 Safari/537.36"
45.174.181.70 - - [15/Aug/2025:10:14:47 -0300] "POST /wp-admin/admin-ajax.php HTTP/1.1" 200 13 "https://suporte.komforthouse.com.br/?wpsc-section=dashboard" "Mozilla/5.0 (Windows NT 10.0; Win64; x64) AppleWebKit/537.36 (KHTML, like Gecko) Chrome/139.0.0.0 Safari/537.36"
45.174.181.70 - - [15/Aug/2025:10:14:47 -0300] "POST /wp-admin/admin-ajax.php HTTP/1.1" 200 45 "https://suporte.komforthouse.com.br/?wpsc-section=dashboard" "Mozilla/5.0 (Windows NT 10.0; Win64; x64) AppleWebKit/537.36 (KHTML, like Gecko) Chrome/139.0.0.0 Safari/537.36"
