45.174.181.70 - - [15/Aug/2025:12:01:31 -0300] "POST /wp-admin/admin-ajax.php HTTP/1.1" 200 24 "https://suporte.komforthouse.com.br/?wpsc-section=ticket-list" "Mozilla/5.0 (Windows NT 10.0; Win64; x64) AppleWebKit/537.36 (KHTML, like Gecko) Chrome/138.0.0.0 Safari/537.36"
45.174.181.70 - - [15/Aug/2025:12:01:33 -0300] "POST /wp-admin/admin-ajax.php HTTP/1.1" 200 24 "https://suporte.komforthouse.com.br/?wpsc-section=ticket-list" "Mozilla/5.0 (Windows NT 10.0; Win64; x64) AppleWebKit/537.36 (KHTML, like Gecko) Chrome/138.0.0.0 Safari/537.36"
45.174.181.70 - - [15/Aug/2025:12:01:35 -0300] "POST /wp-admin/admin-ajax.php HTTP/1.1" 200 24 "https://suporte.komforthouse.com.br/?wpsc-section=ticket-list" "Mozilla/5.0 (Windows NT 10.0; Win64; x64) AppleWebKit/537.36 (KHTML, like Gecko) Chrome/138.0.0.0 Safari/537.36"
45.174.181.70 - - [15/Aug/2025:12:02:05 -0300] "POST /wp-admin/admin-ajax.php HTTP/1.1" 200 24 "https://suporte.komforthouse.com.br/?wpsc-section=ticket-list" "Mozilla/5.0 (Windows NT 10.0; Win64; x64) AppleWebKit/537.36 (KHTML, like Gecko) Chrome/138.0.0.0 Safari/537.36"
45.174.181.70 - - [15/Aug/2025:12:02:06 -0300] "POST /wp-admin/admin-ajax.php HTTP/1.1" 200 24 "https://suporte.komforthouse.com.br/?wpsc-section=ticket-list" "Mozilla/5.0 (Windows NT 10.0; Win64; x64) AppleWebKit/537.36 (KHTML, like Gecko) Chrome/138.0.0.0 Safari/537.36"
45.174.181.70 - - [15/Aug/2025:12:02:07 -0300] "POST /wp-admin/admin-ajax.php HTTP/1.1" 200 24 "https://suporte.komforthouse.com.br/?wpsc-section=ticket-list" "Mozilla/5.0 (Windows NT 10.0; Win64; x64) AppleWebKit/537.36 (KHTML, like Gecko) Chrome/138.0.0.0 Safari/537.36"
45.174.181.70 - - [15/Aug/2025:12:02:06 -0300] "POST /wp-admin/admin-ajax.php HTTP/1.1" 200 24 "https://suporte.komforthouse.com.br/?wpsc-section=ticket-list" "Mozilla/5.0 (Windows NT 10.0; Win64; x64) AppleWebKit/537.36 (KHTML, like Gecko) Chrome/138.0.0.0 Safari/537.36"
45.174.181.70 - - [15/Aug/2025:12:02:06 -0300] "POST /wp-admin/admin-ajax.php HTTP/1.1" 200 24 "https://suporte.komforthouse.com.br/?wpsc-section=ticket-list" "Mozilla/5.0 (Windows NT 10.0; Win64; x64) AppleWebKit/537.36 (KHTML, like Gecko) Chrome/138.0.0.0 Safari/537.36"
162.214.27.60 - - [15/Aug/2025:12:02:07 -0300] "POST /wp-cron.php?doing_wp_cron=1755270127.3610599040985107421875 HTTP/1.1" 200 - "-" "WordPress/6.8.2; https://suporte.komforthouse.com.br"
45.174.181.70 - - [15/Aug/2025:12:02:08 -0300] "POST /wp-admin/admin-ajax.php HTTP/1.1" 200 24 "https://suporte.komforthouse.com.br/?wpsc-section=ticket-list" "Mozilla/5.0 (Windows NT 10.0; Win64; x64) AppleWebKit/537.36 (KHTML, like Gecko) Chrome/138.0.0.0 Safari/537.36"
45.174.181.70 - - [15/Aug/2025:12:02:08 -0300] "POST /wp-admin/admin-ajax.php HTTP/1.1" 200 24 "https://suporte.komforthouse.com.br/?wpsc-section=ticket-list" "Mozilla/5.0 (Windows NT 10.0; Win64; x64) AppleWebKit/537.36 (KHTML, like Gecko) Chrome/138.0.0.0 Safari/537.36"
45.174.181.70 - - [15/Aug/2025:12:02:10 -0300] "POST /wp-admin/admin-ajax.php HTTP/1.1" 200 24 "https://suporte.komforthouse.com.br/?wpsc-section=ticket-list" "Mozilla/5.0 (Windows NT 10.0; Win64; x64) AppleWebKit/537.36 (KHTML, like Gecko) Chrome/138.0.0.0 Safari/537.36"
45.174.181.70 - - [15/Aug/2025:12:02:10 -0300] "POST /wp-admin/admin-ajax.php HTTP/1.1" 200 13 "https://suporte.komforthouse.com.br/?wpsc-section=ticket-list&ticket-id=821" "Mozilla/5.0 (Windows NT 10.0; Win64; x64) AppleWebKit/537.36 (KHTML, like Gecko) Chrome/139.0.0.0 Safari/537.36"
45.174.181.70 - - [15/Aug/2025:12:02:24 -0300] "POST /wp-admin/admin-ajax.php HTTP/1.1" 200 24 "https://suporte.komforthouse.com.br/?wpsc-section=ticket-list" "Mozilla/5.0 (Windows NT 10.0; Win64; x64) AppleWebKit/537.36 (KHTML, like Gecko) Chrome/138.0.0.0 Safari/537.36"
45.174.181.70 - - [15/Aug/2025:12:02:24 -0300] "POST /wp-admin/admin-ajax.php HTTP/1.1" 200 24 "https://suporte.komforthouse.com.br/?wpsc-section=ticket-list&ticket-id=816" "Mozilla/5.0 (Windows NT 10.0; Win64; x64) AppleWebKit/537.36 (KHTML, like Gecko) Chrome/139.0.0.0 Safari/537.36"
45.174.181.70 - - [15/Aug/2025:12:02:31 -0300] "POST /wp-admin/admin-ajax.php HTTP/1.1" 200 24 "https://suporte.komforthouse.com.br/?wpsc-section=ticket-list" "Mozilla/5.0 (Windows NT 10.0; Win64; x64) AppleWebKit/537.36 (KHTML, like Gecko) Chrome/138.0.0.0 Safari/537.36"
45.174.181.70 - - [15/Aug/2025:12:02:33 -0300] "POST /wp-admin/admin-ajax.php HTTP/1.1" 200 24 "https://suporte.komforthouse.com.br/?wpsc-section=ticket-list" "Mozilla/5.0 (Windows NT 10.0; Win64; x64) AppleWebKit/537.36 (KHTML, like Gecko) Chrome/138.0.0.0 Safari/537.36"
45.174.181.70 - - [15/Aug/2025:12:02:35 -0300] "POST /wp-admin/admin-ajax.php HTTP/1.1" 200 24 "https://suporte.komforthouse.com.br/?wpsc-section=ticket-list" "Mozilla/5.0 (Windows NT 10.0; Win64; x64) AppleWebKit/537.36 (KHTML, like Gecko) Chrome/138.0.0.0 Safari/537.36"
45.174.181.70 - - [15/Aug/2025:12:02:37 -0300] "POST /wp-admin/admin-ajax.php HTTP/1.1" 200 24 "https://suporte.komforthouse.com.br/?wpsc-section=ticket-list" "Mozilla/5.0 (Windows NT 10.0; Win64; x64) AppleWebKit/537.36 (KHTML, like Gecko) Chrome/138.0.0.0 Safari/537.36"
196.251.83.126 - - [15/Aug/2025:12:03:01 -0300] "POST /wp-login.php HTTP/1.1" 200 9793 "-" "Mozilla/5.0"
162.214.27.60 - - [15/Aug/2025:12:03:08 -0300] "POST /wp-cron.php?doing_wp_cron=1755270188.2713449001312255859375 HTTP/1.1" 200 - "-" "WordPress/6.8.2; https://suporte.komforthouse.com.br"
45.174.181.70 - - [15/Aug/2025:12:03:07 -0300] "POST /wp-admin/admin-ajax.php HTTP/1.1" 200 24 "https://suporte.komforthouse.com.br/?wpsc-section=ticket-list" "Mozilla/5.0 (Windows NT 10.0; Win64; x64) AppleWebKit/537.36 (KHTML, like Gecko) Chrome/138.0.0.0 Safari/537.36"
45.174.181.70 - - [15/Aug/2025:12:03:09 -0300] "POST /wp-admin/admin-ajax.php HTTP/1.1" 200 24 "https://suporte.komforthouse.com.br/?wpsc-section=ticket-list" "Mozilla/5.0 (Windows NT 10.0; Win64; x64) AppleWebKit/537.36 (KHTML, like Gecko) Chrome/138.0.0.0 Safari/537.36"
45.174.181.70 - - [15/Aug/2025:12:03:09 -0300] "POST /wp-admin/admin-ajax.php HTTP/1.1" 200 24 "https://suporte.komforthouse.com.br/?wpsc-section=ticket-list" "Mozilla/5.0 (Windows NT 10.0; Win64; x64) AppleWebKit/537.36 (KHTML, like Gecko) Chrome/138.0.0.0 Safari/537.36"
45.174.181.70 - - [15/Aug/2025:12:03:09 -0300] "POST /wp-admin/admin-ajax.php HTTP/1.1" 200 24 "https://suporte.komforthouse.com.br/?wpsc-section=ticket-list" "Mozilla/5.0 (Windows NT 10.0; Win64; x64) AppleWebKit/537.36 (KHTML, like Gecko) Chrome/138.0.0.0 Safari/537.36"
45.174.181.70 - - [15/Aug/2025:12:03:09 -0300] "POST /wp-admin/admin-ajax.php HTTP/1.1" 200 24 "https://suporte.komforthouse.com.br/?wpsc-section=ticket-list" "Mozilla/5.0 (Windows NT 10.0; Win64; x64) AppleWebKit/537.36 (KHTML, like Gecko) Chrome/138.0.0.0 Safari/537.36"
45.174.181.70 - - [15/Aug/2025:12:03:10 -0300] "POST /wp-admin/admin-ajax.php HTTP/1.1" 200 24 "https://suporte.komforthouse.com.br/?wpsc-section=ticket-list" "Mozilla/5.0 (Windows NT 10.0; Win64; x64) AppleWebKit/537.36 (KHTML, like Gecko) Chrome/138.0.0.0 Safari/537.36"
45.174.181.70 - - [15/Aug/2025:12:03:10 -0300] "POST /wp-admin/admin-ajax.php HTTP/1.1" 200 24 "https://suporte.komforthouse.com.br/?wpsc-section=ticket-list" "Mozilla/5.0 (Windows NT 10.0; Win64; x64) AppleWebKit/537.36 (KHTML, like Gecko) Chrome/138.0.0.0 Safari/537.36"
162.214.27.60 - - [15/Aug/2025:12:03:13 -0300] "POST /wp-cron.php?doing_wp_cron=1755270193.6040420532226562500000 HTTP/1.1" 200 - "-" "WordPress/6.8.2; https://suporte.komforthouse.com.br"
45.174.181.70 - - [15/Aug/2025:12:03:12 -0300] "POST /wp-admin/admin-ajax.php HTTP/1.1" 200 24 "https://suporte.komforthouse.com.br/?wpsc-section=ticket-list" "Mozilla/5.0 (Windows NT 10.0; Win64; x64) AppleWebKit/537.36 (KHTML, like Gecko) Chrome/138.0.0.0 Safari/537.36"
45.174.181.70 - - [15/Aug/2025:12:03:26 -0300] "POST /wp-admin/admin-ajax.php HTTP/1.1" 200 24 "https://suporte.komforthouse.com.br/?wpsc-section=ticket-list" "Mozilla/5.0 (Windows NT 10.0; Win64; x64) AppleWebKit/537.36 (KHTML, like Gecko) Chrome/138.0.0.0 Safari/537.36"
45.174.181.70 - - [15/Aug/2025:12:03:26 -0300] "POST /wp-admin/admin-ajax.php HTTP/1.1" 200 24 "https://suporte.komforthouse.com.br/?wpsc-section=ticket-list&ticket-id=816" "Mozilla/5.0 (Windows NT 10.0; Win64; x64) AppleWebKit/537.36 (KHTML, like Gecko) Chrome/139.0.0.0 Safari/537.36"
45.174.181.70 - - [15/Aug/2025:12:03:33 -0300] "POST /wp-admin/admin-ajax.php HTTP/1.1" 200 24 "https://suporte.komforthouse.com.br/?wpsc-section=ticket-list" "Mozilla/5.0 (Windows NT 10.0; Win64; x64) AppleWebKit/537.36 (KHTML, like Gecko) Chrome/138.0.0.0 Safari/537.36"
45.174.181.70 - - [15/Aug/2025:12:03:35 -0300] "POST /wp-admin/admin-ajax.php HTTP/1.1" 200 24 "https://suporte.komforthouse.com.br/?wpsc-section=ticket-list" "Mozilla/5.0 (Windows NT 10.0; Win64; x64) AppleWebKit/537.36 (KHTML, like Gecko) Chrome/138.0.0.0 Safari/537.36"
45.174.181.70 - - [15/Aug/2025:12:03:37 -0300] "POST /wp-admin/admin-ajax.php HTTP/1.1" 200 24 "https://suporte.komforthouse.com.br/?wpsc-section=ticket-list" "Mozilla/5.0 (Windows NT 10.0; Win64; x64) AppleWebKit/537.36 (KHTML, like Gecko) Chrome/138.0.0.0 Safari/537.36"
45.174.181.70 - - [15/Aug/2025:12:03:39 -0300] "POST /wp-admin/admin-ajax.php HTTP/1.1" 200 24 "https://suporte.komforthouse.com.br/?wpsc-section=ticket-list" "Mozilla/5.0 (Windows NT 10.0; Win64; x64) AppleWebKit/537.36 (KHTML, like Gecko) Chrome/138.0.0.0 Safari/537.36"
45.174.181.70 - - [15/Aug/2025:12:04:10 -0300] "POST /wp-admin/admin-ajax.php HTTP/1.1" 200 13 "https://suporte.komforthouse.com.br/?wpsc-section=ticket-list&ticket-id=821" "Mozilla/5.0 (Windows NT 10.0; Win64; x64) AppleWebKit/537.36 (KHTML, like Gecko) Chrome/139.0.0.0 Safari/537.36"
162.214.27.60 - - [15/Aug/2025:12:04:11 -0300] "POST /wp-cron.php?doing_wp_cron=1755270251.4751400947570800781250 HTTP/1.1" 200 - "-" "WordPress/6.8.2; https://suporte.komforthouse.com.br"
45.174.181.70 - - [15/Aug/2025:12:04:10 -0300] "POST /wp-admin/admin-ajax.php HTTP/1.1" 200 24 "https://suporte.komforthouse.com.br/?wpsc-section=ticket-list" "Mozilla/5.0 (Windows NT 10.0; Win64; x64) AppleWebKit/537.36 (KHTML, like Gecko) Chrome/138.0.0.0 Safari/537.36"
45.174.181.70 - - [15/Aug/2025:12:04:12 -0300] "POST /wp-admin/admin-ajax.php HTTP/1.1" 200 24 "https://suporte.komforthouse.com.br/?wpsc-section=ticket-list" "Mozilla/5.0 (Windows NT 10.0; Win64; x64) AppleWebKit/537.36 (KHTML, like Gecko) Chrome/138.0.0.0 Safari/537.36"
45.174.181.70 - - [15/Aug/2025:12:04:12 -0300] "POST /wp-admin/admin-ajax.php HTTP/1.1" 200 24 "https://suporte.komforthouse.com.br/?wpsc-section=ticket-list" "Mozilla/5.0 (Windows NT 10.0; Win64; x64) AppleWebKit/537.36 (KHTML, like Gecko) Chrome/138.0.0.0 Safari/537.36"
45.174.181.70 - - [15/Aug/2025:12:04:11 -0300] "POST /wp-admin/admin-ajax.php HTTP/1.1" 200 24 "https://suporte.komforthouse.com.br/?wpsc-section=ticket-list" "Mozilla/5.0 (Windows NT 10.0; Win64; x64) AppleWebKit/537.36 (KHTML, like Gecko) Chrome/138.0.0.0 Safari/537.36"
45.174.181.70 - - [15/Aug/2025:12:04:12 -0300] "POST /wp-admin/admin-ajax.php HTTP/1.1" 200 24 "https://suporte.komforthouse.com.br/?wpsc-section=ticket-list" "Mozilla/5.0 (Windows NT 10.0; Win64; x64) AppleWebKit/537.36 (KHTML, like Gecko) Chrome/138.0.0.0 Safari/537.36"
162.214.27.60 - - [15/Aug/2025:12:04:12 -0300] "POST /wp-cron.php?doing_wp_cron=1755270252.7015600204467773437500 HTTP/1.1" 200 - "-" "WordPress/6.8.2; https://suporte.komforthouse.com.br"
45.174.181.70 - - [15/Aug/2025:12:04:12 -0300] "POST /wp-admin/admin-ajax.php HTTP/1.1" 200 24 "https://suporte.komforthouse.com.br/?wpsc-section=ticket-list" "Mozilla/5.0 (Windows NT 10.0; Win64; x64) AppleWebKit/537.36 (KHTML, like Gecko) Chrome/138.0.0.0 Safari/537.36"
45.174.181.70 - - [15/Aug/2025:12:04:13 -0300] "POST /wp-admin/admin-ajax.php HTTP/1.1" 200 24 "https://suporte.komforthouse.com.br/?wpsc-section=ticket-list" "Mozilla/5.0 (Windows NT 10.0; Win64; x64) AppleWebKit/537.36 (KHTML, like Gecko) Chrome/138.0.0.0 Safari/537.36"
45.174.181.70 - - [15/Aug/2025:12:04:14 -0300] "POST /wp-admin/admin-ajax.php HTTP/1.1" 200 24 "https://suporte.komforthouse.com.br/?wpsc-section=ticket-list" "Mozilla/5.0 (Windows NT 10.0; Win64; x64) AppleWebKit/537.36 (KHTML, like Gecko) Chrome/138.0.0.0 Safari/537.36"
45.174.181.70 - - [15/Aug/2025:12:04:28 -0300] "POST /wp-admin/admin-ajax.php HTTP/1.1" 200 24 "https://suporte.komforthouse.com.br/?wpsc-section=ticket-list&ticket-id=816" "Mozilla/5.0 (Windows NT 10.0; Win64; x64) AppleWebKit/537.36 (KHTML, like Gecko) Chrome/139.0.0.0 Safari/537.36"
45.174.181.70 - - [15/Aug/2025:12:04:29 -0300] "POST /wp-admin/admin-ajax.php HTTP/1.1" 200 24 "https://suporte.komforthouse.com.br/?wpsc-section=ticket-list" "Mozilla/5.0 (Windows NT 10.0; Win64; x64) AppleWebKit/537.36 (KHTML, like Gecko) Chrome/138.0.0.0 Safari/537.36"
45.174.181.70 - - [15/Aug/2025:12:04:36 -0300] "POST /wp-admin/admin-ajax.php HTTP/1.1" 200 24 "https://suporte.komforthouse.com.br/?wpsc-section=ticket-list" "Mozilla/5.0 (Windows NT 10.0; Win64; x64) AppleWebKit/537.36 (KHTML, like Gecko) Chrome/138.0.0.0 Safari/537.36"
45.174.181.70 - - [15/Aug/2025:12:04:37 -0300] "POST /wp-admin/admin-ajax.php HTTP/1.1" 200 24 "https://suporte.komforthouse.com.br/?wpsc-section=ticket-list" "Mozilla/5.0 (Windows NT 10.0; Win64; x64) AppleWebKit/537.36 (KHTML, like Gecko) Chrome/138.0.0.0 Safari/537.36"
45.174.181.70 - - [15/Aug/2025:12:04:39 -0300] "POST /wp-admin/admin-ajax.php HTTP/1.1" 200 24 "https://suporte.komforthouse.com.br/?wpsc-section=ticket-list" "Mozilla/5.0 (Windows NT 10.0; Win64; x64) AppleWebKit/537.36 (KHTML, like Gecko) Chrome/138.0.0.0 Safari/537.36"
45.174.181.70 - - [15/Aug/2025:12:04:41 -0300] "POST /wp-admin/admin-ajax.php HTTP/1.1" 200 24 "https://suporte.komforthouse.com.br/?wpsc-section=ticket-list" "Mozilla/5.0 (Windows NT 10.0; Win64; x64) AppleWebKit/537.36 (KHTML, like Gecko) Chrome/138.0.0.0 Safari/537.36"
45.174.181.70 - - [15/Aug/2025:12:05:10 -0300] "POST /wp-admin/admin-ajax.php HTTP/1.1" 200 13 "https://suporte.komforthouse.com.br/?wpsc-section=ticket-list&ticket-id=821" "Mozilla/5.0 (Windows NT 10.0; Win64; x64) AppleWebKit/537.36 (KHTML, like Gecko) Chrome/139.0.0.0 Safari/537.36"
45.174.181.70 - - [15/Aug/2025:12:05:14 -0300] "POST /wp-admin/admin-ajax.php HTTP/1.1" 200 24 "https://suporte.komforthouse.com.br/?wpsc-section=ticket-list" "Mozilla/5.0 (Windows NT 10.0; Win64; x64) AppleWebKit/537.36 (KHTML, like Gecko) Chrome/138.0.0.0 Safari/537.36"
45.174.181.70 - - [15/Aug/2025:12:05:15 -0300] "POST /wp-admin/admin-ajax.php HTTP/1.1" 200 24 "https://suporte.komforthouse.com.br/?wpsc-section=ticket-list" "Mozilla/5.0 (Windows NT 10.0; Win64; x64) AppleWebKit/537.36 (KHTML, like Gecko) Chrome/138.0.0.0 Safari/537.36"
45.174.181.70 - - [15/Aug/2025:12:05:15 -0300] "POST /wp-admin/admin-ajax.php HTTP/1.1" 200 24 "https://suporte.komforthouse.com.br/?wpsc-section=ticket-list" "Mozilla/5.0 (Windows NT 10.0; Win64; x64) AppleWebKit/537.36 (KHTML, like Gecko) Chrome/138.0.0.0 Safari/537.36"
45.174.181.70 - - [15/Aug/2025:12:05:15 -0300] "POST /wp-admin/admin-ajax.php HTTP/1.1" 200 24 "https://suporte.komforthouse.com.br/?wpsc-section=ticket-list" "Mozilla/5.0 (Windows NT 10.0; Win64; x64) AppleWebKit/537.36 (KHTML, like Gecko) Chrome/138.0.0.0 Safari/537.36"
45.174.181.70 - - [15/Aug/2025:12:05:15 -0300] "POST /wp-admin/admin-ajax.php HTTP/1.1" 200 24 "https://suporte.komforthouse.com.br/?wpsc-section=ticket-list" "Mozilla/5.0 (Windows NT 10.0; Win64; x64) AppleWebKit/537.36 (KHTML, like Gecko) Chrome/138.0.0.0 Safari/537.36"
162.214.27.60 - - [15/Aug/2025:12:05:16 -0300] "POST /wp-cron.php?doing_wp_cron=1755270316.6373190879821777343750 HTTP/1.1" 200 - "-" "WordPress/6.8.2; https://suporte.komforthouse.com.br"
45.174.181.70 - - [15/Aug/2025:12:05:16 -0300] "POST /wp-admin/admin-ajax.php HTTP/1.1" 200 24 "https://suporte.komforthouse.com.br/?wpsc-section=ticket-list" "Mozilla/5.0 (Windows NT 10.0; Win64; x64) AppleWebKit/537.36 (KHTML, like Gecko) Chrome/138.0.0.0 Safari/537.36"
162.214.27.60 - - [15/Aug/2025:12:05:15 -0300] "POST /wp-cron.php?doing_wp_cron=1755270315.9242670536041259765625 HTTP/1.1" 200 - "-" "WordPress/6.8.2; https://suporte.komforthouse.com.br"
162.214.27.60 - - [15/Aug/2025:12:05:16 -0300] "POST /wp-cron.php?doing_wp_cron=1755270316.9503340721130371093750 HTTP/1.1" 200 - "-" "WordPress/6.8.2; https://suporte.komforthouse.com.br"
162.214.27.60 - - [15/Aug/2025:12:05:17 -0300] "POST /wp-cron.php?doing_wp_cron=1755270317.0269610881805419921875 HTTP/1.1" 200 - "-" "WordPress/6.8.2; https://suporte.komforthouse.com.br"
162.214.27.60 - - [15/Aug/2025:12:05:16 -0300] "POST /wp-cron.php?doing_wp_cron=1755270316.7830779552459716796875 HTTP/1.1" 200 - "-" "WordPress/6.8.2; https://suporte.komforthouse.com.br"
45.174.181.70 - - [15/Aug/2025:12:05:18 -0300] "POST /wp-admin/admin-ajax.php HTTP/1.1" 200 24 "https://suporte.komforthouse.com.br/?wpsc-section=ticket-list" "Mozilla/5.0 (Windows NT 10.0; Win64; x64) AppleWebKit/537.36 (KHTML, like Gecko) Chrome/138.0.0.0 Safari/537.36"
45.174.181.70 - - [15/Aug/2025:12:05:17 -0300] "POST /wp-admin/admin-ajax.php HTTP/1.1" 200 24 "https://suporte.komforthouse.com.br/?wpsc-section=ticket-list" "Mozilla/5.0 (Windows NT 10.0; Win64; x64) AppleWebKit/537.36 (KHTML, like Gecko) Chrome/138.0.0.0 Safari/537.36"
45.174.181.70 - - [15/Aug/2025:12:05:30 -0300] "POST /wp-admin/admin-ajax.php HTTP/1.1" 200 24 "https://suporte.komforthouse.com.br/?wpsc-section=ticket-list&ticket-id=816" "Mozilla/5.0 (Windows NT 10.0; Win64; x64) AppleWebKit/537.36 (KHTML, like Gecko) Chrome/139.0.0.0 Safari/537.36"
45.174.181.70 - - [15/Aug/2025:12:05:31 -0300] "POST /wp-admin/admin-ajax.php HTTP/1.1" 200 24 "https://suporte.komforthouse.com.br/?wpsc-section=ticket-list" "Mozilla/5.0 (Windows NT 10.0; Win64; x64) AppleWebKit/537.36 (KHTML, like Gecko) Chrome/138.0.0.0 Safari/537.36"
45.174.181.70 - - [15/Aug/2025:12:05:38 -0300] "POST /wp-admin/admin-ajax.php HTTP/1.1" 200 24 "https://suporte.komforthouse.com.br/?wpsc-section=ticket-list" "Mozilla/5.0 (Windows NT 10.0; Win64; x64) AppleWebKit/537.36 (KHTML, like Gecko) Chrome/138.0.0.0 Safari/537.36"
45.174.181.70 - - [15/Aug/2025:12:05:39 -0300] "POST /wp-admin/admin-ajax.php HTTP/1.1" 200 24 "https://suporte.komforthouse.com.br/?wpsc-section=ticket-list" "Mozilla/5.0 (Windows NT 10.0; Win64; x64) AppleWebKit/537.36 (KHTML, like Gecko) Chrome/138.0.0.0 Safari/537.36"
45.174.181.70 - - [15/Aug/2025:12:05:41 -0300] "POST /wp-admin/admin-ajax.php HTTP/1.1" 200 24 "https://suporte.komforthouse.com.br/?wpsc-section=ticket-list" "Mozilla/5.0 (Windows NT 10.0; Win64; x64) AppleWebKit/537.36 (KHTML, like Gecko) Chrome/138.0.0.0 Safari/537.36"
45.174.181.70 - - [15/Aug/2025:12:05:43 -0300] "POST /wp-admin/admin-ajax.php HTTP/1.1" 400 1 "https://suporte.komforthouse.com.br/?wpsc-section=dashboard" "Mozilla/5.0 (Windows NT 10.0; Win64; x64) AppleWebKit/537.36 (KHTML, like Gecko) Chrome/139.0.0.0 Safari/537.36"
45.174.181.70 - - [15/Aug/2025:12:05:43 -0300] "POST /wp-admin/admin-ajax.php HTTP/1.1" 200 24 "https://suporte.komforthouse.com.br/?wpsc-section=ticket-list" "Mozilla/5.0 (Windows NT 10.0; Win64; x64) AppleWebKit/537.36 (KHTML, like Gecko) Chrome/138.0.0.0 Safari/537.36"
45.174.181.70 - - [15/Aug/2025:12:06:32 -0300] "POST /wp-admin/admin-ajax.php HTTP/1.1" 200 24 "https://suporte.komforthouse.com.br/?wpsc-section=ticket-list&ticket-id=816" "Mozilla/5.0 (Windows NT 10.0; Win64; x64) AppleWebKit/537.36 (KHTML, like Gecko) Chrome/139.0.0.0 Safari/537.36"
162.214.27.60 - - [15/Aug/2025:12:06:33 -0300] "POST /wp-cron.php?doing_wp_cron=1755270393.7907660007476806640625 HTTP/1.1" 200 - "-" "WordPress/6.8.2; https://suporte.komforthouse.com.br"
162.214.27.60 - - [15/Aug/2025:12:07:11 -0300] "POST /wp-cron.php?doing_wp_cron=1755270431.8791348934173583984375 HTTP/1.1" 200 - "-" "WordPress/6.8.2; https://suporte.komforthouse.com.br"
45.174.181.70 - - [15/Aug/2025:12:07:10 -0300] "POST /wp-admin/admin-ajax.php HTTP/1.1" 200 13 "https://suporte.komforthouse.com.br/?wpsc-section=ticket-list&ticket-id=821" "Mozilla/5.0 (Windows NT 10.0; Win64; x64) AppleWebKit/537.36 (KHTML, like Gecko) Chrome/139.0.0.0 Safari/537.36"
45.174.181.70 - - [15/Aug/2025:12:07:35 -0300] "POST /wp-admin/admin-ajax.php HTTP/1.1" 200 24 "https://suporte.komforthouse.com.br/?wpsc-section=ticket-list&ticket-id=816" "Mozilla/5.0 (Windows NT 10.0; Win64; x64) AppleWebKit/537.36 (KHTML, like Gecko) Chrome/139.0.0.0 Safari/537.36"
162.214.27.60 - - [15/Aug/2025:12:08:11 -0300] "POST /wp-cron.php?doing_wp_cron=1755270491.6647579669952392578125 HTTP/1.1" 200 - "-" "WordPress/6.8.2; https://suporte.komforthouse.com.br"
45.174.181.70 - - [15/Aug/2025:12:08:10 -0300] "POST /wp-admin/admin-ajax.php HTTP/1.1" 200 13 "https://suporte.komforthouse.com.br/?wpsc-section=ticket-list&ticket-id=821" "Mozilla/5.0 (Windows NT 10.0; Win64; x64) AppleWebKit/537.36 (KHTML, like Gecko) Chrome/139.0.0.0 Safari/537.36"
45.174.181.70 - - [15/Aug/2025:12:08:37 -0300] "POST /wp-admin/admin-ajax.php HTTP/1.1" 200 24 "https://suporte.komforthouse.com.br/?wpsc-section=ticket-list&ticket-id=816" "Mozilla/5.0 (Windows NT 10.0; Win64; x64) AppleWebKit/537.36 (KHTML, like Gecko) Chrome/139.0.0.0 Safari/537.36"
162.214.27.60 - - [15/Aug/2025:12:09:16 -0300] "POST /wp-cron.php?doing_wp_cron=1755270556.9349548816680908203125 HTTP/1.1" 200 - "-" "WordPress/6.8.2; https://suporte.komforthouse.com.br"
162.214.27.60 - - [15/Aug/2025:12:09:40 -0300] "POST /wp-cron.php?doing_wp_cron=1755270580.5331170558929443359375 HTTP/1.1" 200 - "-" "WordPress/6.8.2; https://suporte.komforthouse.com.br"
45.174.181.70 - - [15/Aug/2025:12:09:39 -0300] "POST /wp-admin/admin-ajax.php HTTP/1.1" 200 24 "https://suporte.komforthouse.com.br/?wpsc-section=ticket-list&ticket-id=816" "Mozilla/5.0 (Windows NT 10.0; Win64; x64) AppleWebKit/537.36 (KHTML, like Gecko) Chrome/139.0.0.0 Safari/537.36"
162.214.27.60 - - [15/Aug/2025:12:10:11 -0300] "POST /wp-cron.php?doing_wp_cron=1755270611.7509438991546630859375 HTTP/1.1" 200 - "-" "WordPress/6.8.2; https://suporte.komforthouse.com.br"
45.174.181.70 - - [15/Aug/2025:12:10:10 -0300] "POST /wp-admin/admin-ajax.php HTTP/1.1" 200 13 "https://suporte.komforthouse.com.br/?wpsc-section=ticket-list&ticket-id=821" "Mozilla/5.0 (Windows NT 10.0; Win64; x64) AppleWebKit/537.36 (KHTML, like Gecko) Chrome/139.0.0.0 Safari/537.36"
95.135.232.9 - - [15/Aug/2025:12:09:15 -0300] "GET / HTTP/1.1" 200 95663 "-" "Fuzz Faster U Fool v2.1.0-dev"
45.174.181.70 - - [15/Aug/2025:12:10:42 -0300] "POST /wp-admin/admin-ajax.php HTTP/1.1" 200 24 "https://suporte.komforthouse.com.br/?wpsc-section=ticket-list&ticket-id=816" "Mozilla/5.0 (Windows NT 10.0; Win64; x64) AppleWebKit/537.36 (KHTML, like Gecko) Chrome/139.0.0.0 Safari/537.36"
162.214.27.60 - - [15/Aug/2025:12:11:10 -0300] "POST /wp-cron.php?doing_wp_cron=1755270670.3634219169616699218750 HTTP/1.1" 200 - "-" "WordPress/6.8.2; https://suporte.komforthouse.com.br"
45.174.181.70 - - [15/Aug/2025:12:11:09 -0300] "POST /wp-admin/admin-ajax.php HTTP/1.1" 400 1 "https://suporte.komforthouse.com.br/?wpsc-section=dashboard" "Mozilla/5.0 (Windows NT 10.0; Win64; x64) AppleWebKit/537.36 (KHTML, like Gecko) Chrome/139.0.0.0 Safari/537.36"
45.174.181.70 - - [15/Aug/2025:12:11:10 -0300] "POST /wp-admin/admin-ajax.php HTTP/1.1" 200 13 "https://suporte.komforthouse.com.br/?wpsc-section=ticket-list&ticket-id=821" "Mozilla/5.0 (Windows NT 10.0; Win64; x64) AppleWebKit/537.36 (KHTML, like Gecko) Chrome/139.0.0.0 Safari/537.36"
45.174.181.70 - - [15/Aug/2025:12:11:44 -0300] "POST /wp-admin/admin-ajax.php HTTP/1.1" 200 24 "https://suporte.komforthouse.com.br/?wpsc-section=ticket-list&ticket-id=816" "Mozilla/5.0 (Windows NT 10.0; Win64; x64) AppleWebKit/537.36 (KHTML, like Gecko) Chrome/139.0.0.0 Safari/537.36"
162.214.27.60 - - [15/Aug/2025:12:12:48 -0300] "POST /wp-cron.php?doing_wp_cron=1755270768.5157589912414550781250 HTTP/1.1" 200 - "-" "WordPress/6.8.2; https://suporte.komforthouse.com.br"
45.174.181.70 - - [15/Aug/2025:12:12:47 -0300] "POST /wp-admin/admin-ajax.php HTTP/1.1" 200 24 "https://suporte.komforthouse.com.br/?wpsc-section=ticket-list&ticket-id=816" "Mozilla/5.0 (Windows NT 10.0; Win64; x64) AppleWebKit/537.36 (KHTML, like Gecko) Chrome/139.0.0.0 Safari/537.36"
162.214.27.60 - - [15/Aug/2025:12:13:11 -0300] "POST /wp-cron.php?doing_wp_cron=1755270791.8402559757232666015625 HTTP/1.1" 200 - "-" "WordPress/6.8.2; https://suporte.komforthouse.com.br"
45.174.181.70 - - [15/Aug/2025:12:13:10 -0300] "POST /wp-admin/admin-ajax.php HTTP/1.1" 200 13 "https://suporte.komforthouse.com.br/?wpsc-section=ticket-list&ticket-id=821" "Mozilla/5.0 (Windows NT 10.0; Win64; x64) AppleWebKit/537.36 (KHTML, like Gecko) Chrome/139.0.0.0 Safari/537.36"
162.214.27.60 - - [15/Aug/2025:12:13:17 -0300] "POST /wp-cron.php?doing_wp_cron=1755270797.9121339321136474609375 HTTP/1.1" 200 - "-" "WordPress/6.8.2; https://suporte.komforthouse.com.br"
201.46.24.65 - - [15/Aug/2025:12:13:16 -0300] "GET / HTTP/1.1" 200 158313 "https://portal.komforthouse.com.br/" "Mozilla/5.0 (Windows NT 10.0; Win64; x64) AppleWebKit/537.36 (KHTML, like Gecko) Chrome/139.0.0.0 Safari/537.36"
201.46.24.65 - - [15/Aug/2025:12:13:21 -0300] "POST /wp-admin/admin-ajax.php HTTP/1.1" 200 25405 "https://suporte.komforthouse.com.br/?wpsc-section=ticket-list" "Mozilla/5.0 (Windows NT 10.0; Win64; x64) AppleWebKit/537.36 (KHTML, like Gecko) Chrome/139.0.0.0 Safari/537.36"
201.46.24.65 - - [15/Aug/2025:12:13:22 -0300] "POST /wp-admin/admin-ajax.php HTTP/1.1" 200 24 "https://suporte.komforthouse.com.br/?wpsc-section=ticket-list" "Mozilla/5.0 (Windows NT 10.0; Win64; x64) AppleWebKit/537.36 (KHTML, like Gecko) Chrome/139.0.0.0 Safari/537.36"
201.46.24.65 - - [15/Aug/2025:12:13:30 -0300] "POST /wp-admin/admin-ajax.php HTTP/1.1" 200 29975 "https://suporte.komforthouse.com.br/?wpsc-section=ticket-list&ticket-id=821" "Mozilla/5.0 (Windows NT 10.0; Win64; x64) AppleWebKit/537.36 (KHTML, like Gecko) Chrome/139.0.0.0 Safari/537.36"
201.46.24.65 - - [15/Aug/2025:12:13:31 -0300] "POST /wp-admin/admin-ajax.php HTTP/1.1" 200 1 "https://suporte.komforthouse.com.br/?wpsc-section=ticket-list&ticket-id=821" "Mozilla/5.0 (Windows NT 10.0; Win64; x64) AppleWebKit/537.36 (KHTML, like Gecko) Chrome/139.0.0.0 Safari/537.36"
45.174.181.70 - - [15/Aug/2025:12:13:50 -0300] "POST /wp-admin/admin-ajax.php HTTP/1.1" 200 24 "https://suporte.komforthouse.com.br/?wpsc-section=ticket-list&ticket-id=816" "Mozilla/5.0 (Windows NT 10.0; Win64; x64) AppleWebKit/537.36 (KHTML, like Gecko) Chrome/139.0.0.0 Safari/537.36"
162.214.27.60 - - [15/Aug/2025:12:14:23 -0300] "POST /wp-cron.php?doing_wp_cron=1755270863.5748729705810546875000 HTTP/1.1" 200 - "-" "WordPress/6.8.2; https://suporte.komforthouse.com.br"
201.46.24.65 - - [15/Aug/2025:12:14:22 -0300] "POST /wp-admin/admin-ajax.php HTTP/1.1" 200 25405 "https://suporte.komforthouse.com.br/?wpsc-section=ticket-list" "Mozilla/5.0 (Windows NT 10.0; Win64; x64) AppleWebKit/537.36 (KHTML, like Gecko) Chrome/139.0.0.0 Safari/537.36"
201.46.24.65 - - [15/Aug/2025:12:14:24 -0300] "POST /wp-admin/admin-ajax.php HTTP/1.1" 200 24 "https://suporte.komforthouse.com.br/?wpsc-section=ticket-list" "Mozilla/5.0 (Windows NT 10.0; Win64; x64) AppleWebKit/537.36 (KHTML, like Gecko) Chrome/139.0.0.0 Safari/537.36"
201.46.24.65 - - [15/Aug/2025:12:14:25 -0300] "POST /wp-admin/admin-ajax.php HTTP/1.1" 200 24 "https://suporte.komforthouse.com.br/?wpsc-section=ticket-list" "Mozilla/5.0 (Windows NT 10.0; Win64; x64) AppleWebKit/537.36 (KHTML, like Gecko) Chrome/139.0.0.0 Safari/537.36"
201.46.24.65 - - [15/Aug/2025:12:14:27 -0300] "POST /wp-admin/admin-ajax.php HTTP/1.1" 200 29386 "https://suporte.komforthouse.com.br/?wpsc-section=ticket-list&ticket-id=820" "Mozilla/5.0 (Windows NT 10.0; Win64; x64) AppleWebKit/537.36 (KHTML, like Gecko) Chrome/139.0.0.0 Safari/537.36"
201.46.24.65 - - [15/Aug/2025:12:14:29 -0300] "POST /wp-admin/admin-ajax.php HTTP/1.1" 200 1 "https://suporte.komforthouse.com.br/?wpsc-section=ticket-list&ticket-id=820" "Mozilla/5.0 (Windows NT 10.0; Win64; x64) AppleWebKit/537.36 (KHTML, like Gecko) Chrome/139.0.0.0 Safari/537.36"
162.214.27.60 - - [15/Aug/2025:12:14:53 -0300] "POST /wp-cron.php?doing_wp_cron=1755270893.7573490142822265625000 HTTP/1.1" 200 - "-" "WordPress/6.8.2; https://suporte.komforthouse.com.br"
45.174.181.70 - - [15/Aug/2025:12:14:52 -0300] "POST /wp-admin/admin-ajax.php HTTP/1.1" 200 24 "https://suporte.komforthouse.com.br/?wpsc-section=ticket-list&ticket-id=816" "Mozilla/5.0 (Windows NT 10.0; Win64; x64) AppleWebKit/537.36 (KHTML, like Gecko) Chrome/139.0.0.0 Safari/537.36"
162.214.27.60 - - [15/Aug/2025:12:15:11 -0300] "POST /wp-cron.php?doing_wp_cron=1755270911.8859860897064208984375 HTTP/1.1" 200 - "-" "WordPress/6.8.2; https://suporte.komforthouse.com.br"
45.174.181.70 - - [15/Aug/2025:12:15:10 -0300] "POST /wp-admin/admin-ajax.php HTTP/1.1" 200 13 "https://suporte.komforthouse.com.br/?wpsc-section=ticket-list&ticket-id=821" "Mozilla/5.0 (Windows NT 10.0; Win64; x64) AppleWebKit/537.36 (KHTML, like Gecko) Chrome/139.0.0.0 Safari/537.36"
201.46.24.65 - - [15/Aug/2025:12:15:26 -0300] "POST /wp-admin/admin-ajax.php HTTP/1.1" 200 24 "https://suporte.komforthouse.com.br/?wpsc-section=ticket-list&ticket-id=820" "Mozilla/5.0 (Windows NT 10.0; Win64; x64) AppleWebKit/537.36 (KHTML, like Gecko) Chrome/139.0.0.0 Safari/537.36"
201.46.24.65 - - [15/Aug/2025:12:15:27 -0300] "POST /wp-admin/admin-ajax.php HTTP/1.1" 200 24 "https://suporte.komforthouse.com.br/?wpsc-section=ticket-list&ticket-id=820" "Mozilla/5.0 (Windows NT 10.0; Win64; x64) AppleWebKit/537.36 (KHTML, like Gecko) Chrome/139.0.0.0 Safari/537.36"
45.174.181.70 - - [15/Aug/2025:12:15:55 -0300] "POST /wp-admin/admin-ajax.php HTTP/1.1" 200 24 "https://suporte.komforthouse.com.br/?wpsc-section=ticket-list&ticket-id=816" "Mozilla/5.0 (Windows NT 10.0; Win64; x64) AppleWebKit/537.36 (KHTML, like Gecko) Chrome/139.0.0.0 Safari/537.36"
162.214.27.60 - - [15/Aug/2025:12:15:56 -0300] "POST /wp-cron.php?doing_wp_cron=1755270956.8134028911590576171875 HTTP/1.1" 200 - "-" "WordPress/6.8.2; https://suporte.komforthouse.com.br"
45.174.181.70 - - [15/Aug/2025:12:16:09 -0300] "POST /wp-admin/admin-ajax.php HTTP/1.1" 400 1 "https://suporte.komforthouse.com.br/?wpsc-section=dashboard" "Mozilla/5.0 (Windows NT 10.0; Win64; x64) AppleWebKit/537.36 (KHTML, like Gecko) Chrome/139.0.0.0 Safari/537.36"
45.174.181.70 - - [15/Aug/2025:12:16:10 -0300] "POST /wp-admin/admin-ajax.php HTTP/1.1" 200 13 "https://suporte.komforthouse.com.br/?wpsc-section=ticket-list&ticket-id=821" "Mozilla/5.0 (Windows NT 10.0; Win64; x64) AppleWebKit/537.36 (KHTML, like Gecko) Chrome/139.0.0.0 Safari/537.36"
162.214.27.60 - - [15/Aug/2025:12:16:10 -0300] "POST /wp-cron.php?doing_wp_cron=1755270970.3675940036773681640625 HTTP/1.1" 200 - "-" "WordPress/6.8.2; https://suporte.komforthouse.com.br"
201.46.24.65 - - [15/Aug/2025:12:16:27 -0300] "POST /wp-admin/admin-ajax.php HTTP/1.1" 200 24 "https://suporte.komforthouse.com.br/?wpsc-section=ticket-list&ticket-id=820" "Mozilla/5.0 (Windows NT 10.0; Win64; x64) AppleWebKit/537.36 (KHTML, like Gecko) Chrome/139.0.0.0 Safari/537.36"
201.46.24.65 - - [15/Aug/2025:12:16:28 -0300] "POST /wp-admin/admin-ajax.php HTTP/1.1" 200 24 "https://suporte.komforthouse.com.br/?wpsc-section=ticket-list&ticket-id=820" "Mozilla/5.0 (Windows NT 10.0; Win64; x64) AppleWebKit/537.36 (KHTML, like Gecko) Chrome/139.0.0.0 Safari/537.36"
216.73.216.37 - - [15/Aug/2025:12:16:41 -0300] "GET /robots.txt HTTP/1.1" 200 145 "-" "Mozilla/5.0 AppleWebKit/537.36 (KHTML, like Gecko; compatible; ClaudeBot/1.0; +claudebot@anthropic.com)"
216.73.216.37 - - [15/Aug/2025:12:16:42 -0300] "GET /wp-includes/js/jquery/jquery.min.js HTTP/1.1" 200 87553 "-" "Mozilla/5.0 AppleWebKit/537.36 (KHTML, like Gecko; compatible; ClaudeBot/1.0; +claudebot@anthropic.com)"
45.174.181.70 - - [15/Aug/2025:12:16:58 -0300] "POST /wp-admin/admin-ajax.php HTTP/1.1" 200 24 "https://suporte.komforthouse.com.br/?wpsc-section=ticket-list&ticket-id=816" "Mozilla/5.0 (Windows NT 10.0; Win64; x64) AppleWebKit/537.36 (KHTML, like Gecko) Chrome/139.0.0.0 Safari/537.36"
201.46.24.65 - - [15/Aug/2025:12:17:30 -0300] "POST /wp-admin/admin-ajax.php HTTP/1.1" 200 24 "https://suporte.komforthouse.com.br/?wpsc-section=ticket-list&ticket-id=820" "Mozilla/5.0 (Windows NT 10.0; Win64; x64) AppleWebKit/537.36 (KHTML, like Gecko) Chrome/139.0.0.0 Safari/537.36"
162.214.27.60 - - [15/Aug/2025:12:17:31 -0300] "POST /wp-cron.php?doing_wp_cron=1755271051.1911599636077880859375 HTTP/1.1" 200 - "-" "WordPress/6.8.2; https://suporte.komforthouse.com.br"
201.46.24.65 - - [15/Aug/2025:12:17:31 -0300] "POST /wp-admin/admin-ajax.php HTTP/1.1" 200 24 "https://suporte.komforthouse.com.br/?wpsc-section=ticket-list&ticket-id=820" "Mozilla/5.0 (Windows NT 10.0; Win64; x64) AppleWebKit/537.36 (KHTML, like Gecko) Chrome/139.0.0.0 Safari/537.36"
201.46.24.65 - - [15/Aug/2025:12:17:32 -0300] "POST /wp-admin/admin-ajax.php HTTP/1.1" 200 25405 "https://suporte.komforthouse.com.br/?wpsc-section=ticket-list" "Mozilla/5.0 (Windows NT 10.0; Win64; x64) AppleWebKit/537.36 (KHTML, like Gecko) Chrome/139.0.0.0 Safari/537.36"
201.46.24.65 - - [15/Aug/2025:12:17:34 -0300] "POST /wp-admin/admin-ajax.php HTTP/1.1" 200 24 "https://suporte.komforthouse.com.br/?wpsc-section=ticket-list" "Mozilla/5.0 (Windows NT 10.0; Win64; x64) AppleWebKit/537.36 (KHTML, like Gecko) Chrome/139.0.0.0 Safari/537.36"
201.46.24.65 - - [15/Aug/2025:12:17:57 -0300] "GET /?wpsc-section=ticket-list HTTP/1.1" 200 158161 "https://portal.komforthouse.com.br/" "Mozilla/5.0 (Windows NT 10.0; Win64; x64) AppleWebKit/537.36 (KHTML, like Gecko) Chrome/139.0.0.0 Safari/537.36"
45.174.181.70 - - [15/Aug/2025:12:18:00 -0300] "POST /wp-admin/admin-ajax.php HTTP/1.1" 200 24 "https://suporte.komforthouse.com.br/?wpsc-section=ticket-list&ticket-id=816" "Mozilla/5.0 (Windows NT 10.0; Win64; x64) AppleWebKit/537.36 (KHTML, like Gecko) Chrome/139.0.0.0 Safari/537.36"
201.46.24.65 - - [15/Aug/2025:12:18:00 -0300] "POST /wp-admin/admin-ajax.php HTTP/1.1" 200 25405 "https://suporte.komforthouse.com.br/?wpsc-section=ticket-list" "Mozilla/5.0 (Windows NT 10.0; Win64; x64) AppleWebKit/537.36 (KHTML, like Gecko) Chrome/139.0.0.0 Safari/537.36"
45.174.181.70 - - [15/Aug/2025:12:18:10 -0300] "POST /wp-admin/admin-ajax.php HTTP/1.1" 200 13 "https://suporte.komforthouse.com.br/?wpsc-section=ticket-list&ticket-id=821" "Mozilla/5.0 (Windows NT 10.0; Win64; x64) AppleWebKit/537.36 (KHTML, like Gecko) Chrome/139.0.0.0 Safari/537.36"
162.214.27.60 - - [15/Aug/2025:12:18:12 -0300] "POST /wp-cron.php?doing_wp_cron=1755271092.0057759284973144531250 HTTP/1.1" 200 - "-" "WordPress/6.8.2; https://suporte.komforthouse.com.br"
216.73.216.37 - - [15/Aug/2025:12:18:30 -0300] "GET /wp-content/plugins/supportcandy/framework/scripts.js HTTP/1.1" 200 81237 "-" "Mozilla/5.0 AppleWebKit/537.36 (KHTML, like Gecko; compatible; ClaudeBot/1.0; +claudebot@anthropic.com)"
216.73.216.37 - - [15/Aug/2025:12:18:35 -0300] "GET /wp-includes/js/jquery/ui/effect-slide.min.js HTTP/1.1" 200 917 "-" "Mozilla/5.0 AppleWebKit/537.36 (KHTML, like Gecko; compatible; ClaudeBot/1.0; +claudebot@anthropic.com)"
216.73.216.37 - - [15/Aug/2025:12:18:45 -0300] "GET /wp-includes/js/jquery/ui/effect.min.js HTTP/1.1" 200 10332 "-" "Mozilla/5.0 AppleWebKit/537.36 (KHTML, like Gecko; compatible; ClaudeBot/1.0; +claudebot@anthropic.com)"
216.73.216.37 - - [15/Aug/2025:12:18:50 -0300] "GET /wp-includes/js/jquery/ui/core.min.js HTTP/1.1" 200 21464 "-" "Mozilla/5.0 AppleWebKit/537.36 (KHTML, like Gecko; compatible; ClaudeBot/1.0; +claudebot@anthropic.com)"
45.174.181.70 - - [15/Aug/2025:12:19:02 -0300] "POST /wp-admin/admin-ajax.php HTTP/1.1" 200 24 "https://suporte.komforthouse.com.br/?wpsc-section=ticket-list&ticket-id=816" "Mozilla/5.0 (Windows NT 10.0; Win64; x64) AppleWebKit/537.36 (KHTML, like Gecko) Chrome/139.0.0.0 Safari/537.36"
162.214.27.60 - - [15/Aug/2025:12:19:11 -0300] "POST /wp-cron.php?doing_wp_cron=1755271151.3656010627746582031250 HTTP/1.1" 200 - "-" "WordPress/6.8.2; https://suporte.komforthouse.com.br"
45.174.181.70 - - [15/Aug/2025:12:19:10 -0300] "POST /wp-admin/admin-ajax.php HTTP/1.1" 200 13 "https://suporte.komforthouse.com.br/?wpsc-section=ticket-list&ticket-id=821" "Mozilla/5.0 (Windows NT 10.0; Win64; x64) AppleWebKit/537.36 (KHTML, like Gecko) Chrome/139.0.0.0 Safari/537.36"
45.174.181.70 - - [15/Aug/2025:12:20:04 -0300] "POST /wp-admin/admin-ajax.php HTTP/1.1" 200 24 "https://suporte.komforthouse.com.br/?wpsc-section=ticket-list&ticket-id=816" "Mozilla/5.0 (Windows NT 10.0; Win64; x64) AppleWebKit/537.36 (KHTML, like Gecko) Chrome/139.0.0.0 Safari/537.36"
162.214.27.60 - - [15/Aug/2025:12:20:05 -0300] "POST /wp-cron.php?doing_wp_cron=1755271205.8331649303436279296875 HTTP/1.1" 200 - "-" "WordPress/6.8.2; https://suporte.komforthouse.com.br"
216.73.216.37 - - [15/Aug/2025:12:20:41 -0300] "GET /wp-includes/js/utils.min.js HTTP/1.1" 200 1864 "-" "Mozilla/5.0 AppleWebKit/537.36 (KHTML, like Gecko; compatible; ClaudeBot/1.0; +claudebot@anthropic.com)"
216.73.216.37 - - [15/Aug/2025:12:20:45 -0300] "GET /wp-includes/js/shortcode.min.js HTTP/1.1" 200 2643 "-" "Mozilla/5.0 AppleWebKit/537.36 (KHTML, like Gecko; compatible; ClaudeBot/1.0; +claudebot@anthropic.com)"
216.73.216.37 - - [15/Aug/2025:12:20:50 -0300] "GET /wp-includes/js/jquery/ui/sortable.min.js HTTP/1.1" 200 25504 "-" "Mozilla/5.0 AppleWebKit/537.36 (KHTML, like Gecko; compatible; ClaudeBot/1.0; +claudebot@anthropic.com)"
216.73.216.37 - - [15/Aug/2025:12:20:55 -0300] "GET /wp-content/plugins/supportcandy/asset/libs/flatpickr/flatpickr.js HTTP/1.1" 200 48518 "-" "Mozilla/5.0 AppleWebKit/537.36 (KHTML, like Gecko; compatible; ClaudeBot/1.0; +claudebot@anthropic.com)"
216.73.216.37 - - [15/Aug/2025:12:20:58 -0300] "GET /wp-includes/js/hoverIntent.min.js HTTP/1.1" 200 1499 "-" "Mozilla/5.0 AppleWebKit/537.36 (KHTML, like Gecko; compatible; ClaudeBot/1.0; +claudebot@anthropic.com)"
216.73.216.37 - - [15/Aug/2025:12:21:03 -0300] "GET /wp-content/themes/hello-elementor/assets/js/hello-frontend.min.js HTTP/1.1" 200 1936 "-" "Mozilla/5.0 AppleWebKit/537.36 (KHTML, like Gecko; compatible; ClaudeBot/1.0; +claudebot@anthropic.com)"
216.73.216.37 - - [15/Aug/2025:12:21:08 -0300] "GET /wp-includes/js/dist/hooks.min.js HTTP/1.1" 200 4776 "-" "Mozilla/5.0 AppleWebKit/537.36 (KHTML, like Gecko; compatible; ClaudeBot/1.0; +claudebot@anthropic.com)"
45.174.181.70 - - [15/Aug/2025:12:21:07 -0300] "POST /wp-admin/admin-ajax.php HTTP/1.1" 200 24 "https://suporte.komforthouse.com.br/?wpsc-section=ticket-list&ticket-id=816" "Mozilla/5.0 (Windows NT 10.0; Win64; x64) AppleWebKit/537.36 (KHTML, like Gecko) Chrome/139.0.0.0 Safari/537.36"
162.214.27.60 - - [15/Aug/2025:12:21:08 -0300] "POST /wp-cron.php?doing_wp_cron=1755271268.6935579776763916015625 HTTP/1.1" 200 - "-" "WordPress/6.8.2; https://suporte.komforthouse.com.br"
45.174.181.70 - - [15/Aug/2025:12:21:10 -0300] "POST /wp-admin/admin-ajax.php HTTP/1.1" 200 13 "https://suporte.komforthouse.com.br/?wpsc-section=ticket-list&ticket-id=821" "Mozilla/5.0 (Windows NT 10.0; Win64; x64) AppleWebKit/537.36 (KHTML, like Gecko) Chrome/139.0.0.0 Safari/537.36"
162.214.27.60 - - [15/Aug/2025:12:21:36 -0300] "POST /wp-cron.php?doing_wp_cron=1755271296.8677330017089843750000 HTTP/1.1" 200 - "-" "WordPress/6.8.2; https://suporte.komforthouse.com.br"
196.251.83.126 - - [15/Aug/2025:12:21:35 -0300] "POST /wp-login.php HTTP/1.1" 200 9793 "-" "Mozilla/5.0"
45.174.181.70 - - [15/Aug/2025:12:22:09 -0300] "POST /wp-admin/admin-ajax.php HTTP/1.1" 400 1 "https://suporte.komforthouse.com.br/?wpsc-section=dashboard" "Mozilla/5.0 (Windows NT 10.0; Win64; x64) AppleWebKit/537.36 (KHTML, like Gecko) Chrome/139.0.0.0 Safari/537.36"
45.174.181.70 - - [15/Aug/2025:12:22:10 -0300] "POST /wp-admin/admin-ajax.php HTTP/1.1" 200 13 "https://suporte.komforthouse.com.br/?wpsc-section=ticket-list&ticket-id=821" "Mozilla/5.0 (Windows NT 10.0; Win64; x64) AppleWebKit/537.36 (KHTML, like Gecko) Chrome/139.0.0.0 Safari/537.36"
162.214.27.60 - - [15/Aug/2025:12:22:10 -0300] "POST /wp-cron.php?doing_wp_cron=1755271330.6769590377807617187500 HTTP/1.1" 200 - "-" "WordPress/6.8.2; https://suporte.komforthouse.com.br"
45.174.181.70 - - [15/Aug/2025:12:22:10 -0300] "POST /wp-admin/admin-ajax.php HTTP/1.1" 200 24 "https://suporte.komforthouse.com.br/?wpsc-section=ticket-list&ticket-id=816" "Mozilla/5.0 (Windows NT 10.0; Win64; x64) AppleWebKit/537.36 (KHTML, like Gecko) Chrome/139.0.0.0 Safari/537.36"
45.174.181.70 - - [15/Aug/2025:12:23:10 -0300] "POST /wp-admin/admin-ajax.php HTTP/1.1" 200 13 "https://suporte.komforthouse.com.br/?wpsc-section=ticket-list&ticket-id=821" "Mozilla/5.0 (Windows NT 10.0; Win64; x64) AppleWebKit/537.36 (KHTML, like Gecko) Chrome/139.0.0.0 Safari/537.36"
162.214.27.60 - - [15/Aug/2025:12:23:12 -0300] "POST /wp-cron.php?doing_wp_cron=1755271392.2401049137115478515625 HTTP/1.1" 200 - "-" "WordPress/6.8.2; https://suporte.komforthouse.com.br"
45.174.181.70 - - [15/Aug/2025:12:23:13 -0300] "POST /wp-admin/admin-ajax.php HTTP/1.1" 200 24 "https://suporte.komforthouse.com.br/?wpsc-section=ticket-list&ticket-id=816" "Mozilla/5.0 (Windows NT 10.0; Win64; x64) AppleWebKit/537.36 (KHTML, like Gecko) Chrome/139.0.0.0 Safari/537.36"
216.73.216.37 - - [15/Aug/2025:12:23:41 -0300] "GET /wp-content/themes/hello-elementor/header-footer.min.css HTTP/1.1" 200 7212 "-" "Mozilla/5.0 AppleWebKit/537.36 (KHTML, like Gecko; compatible; ClaudeBot/1.0; +claudebot@anthropic.com)"
216.73.216.37 - - [15/Aug/2025:12:23:45 -0300] "GET /wp-content/plugins/elementor/assets/css/widget-social-icons.min.css HTTP/1.1" 200 5150 "-" "Mozilla/5.0 AppleWebKit/537.36 (KHTML, like Gecko; compatible; ClaudeBot/1.0; +claudebot@anthropic.com)"
216.73.216.37 - - [15/Aug/2025:12:23:50 -0300] "GET /wp-content/plugins/elementor/assets/css/conditionals/apple-webkit.min.css HTTP/1.1" 200 7025 "-" "Mozilla/5.0 AppleWebKit/537.36 (KHTML, like Gecko; compatible; ClaudeBot/1.0; +claudebot@anthropic.com)"
216.73.216.37 - - [15/Aug/2025:12:23:55 -0300] "GET /wp-content/plugins/elementor/assets/css/widget-video.min.css HTTP/1.1" 200 1867 "-" "Mozilla/5.0 AppleWebKit/537.36 (KHTML, like Gecko; compatible; ClaudeBot/1.0; +claudebot@anthropic.com)"
216.73.216.37 - - [15/Aug/2025:12:24:00 -0300] "GET /wp-content/plugins/supportcandy/framework/style.css HTTP/1.1" 200 40280 "-" "Mozilla/5.0 AppleWebKit/537.36 (KHTML, like Gecko; compatible; ClaudeBot/1.0; +claudebot@anthropic.com)"
216.73.216.37 - - [15/Aug/2025:12:24:05 -0300] "GET /wp-content/plugins/elementor/assets/css/conditionals/e-swiper.min.css HTTP/1.1" 200 5486 "-" "Mozilla/5.0 AppleWebKit/537.36 (KHTML, like Gecko; compatible; ClaudeBot/1.0; +claudebot@anthropic.com)"
216.73.216.37 - - [15/Aug/2025:12:24:10 -0300] "GET /wp-includes/js/dist/a11y.min.js HTTP/1.1" 200 2358 "-" "Mozilla/5.0 AppleWebKit/537.36 (KHTML, like Gecko; compatible; ClaudeBot/1.0; +claudebot@anthropic.com)"
216.73.216.37 - - [15/Aug/2025:12:24:14 -0300] "GET /wp-content/plugins/supportcandy/asset/js/selectWoo/i18n/pt_BR.js HTTP/1.1" 200 853 "-" "Mozilla/5.0 AppleWebKit/537.36 (KHTML, like Gecko; compatible; ClaudeBot/1.0; +claudebot@anthropic.com)"
162.214.27.60 - - [15/Aug/2025:12:24:16 -0300] "POST /wp-cron.php?doing_wp_cron=1755271456.7497749328613281250000 HTTP/1.1" 200 - "-" "WordPress/6.8.2; https://suporte.komforthouse.com.br"
45.174.181.70 - - [15/Aug/2025:12:24:15 -0300] "POST /wp-admin/admin-ajax.php HTTP/1.1" 200 24 "https://suporte.komforthouse.com.br/?wpsc-section=ticket-list&ticket-id=816" "Mozilla/5.0 (Windows NT 10.0; Win64; x64) AppleWebKit/537.36 (KHTML, like Gecko) Chrome/139.0.0.0 Safari/537.36"
216.73.216.37 - - [15/Aug/2025:12:24:19 -0300] "GET /wp-content/plugins/elementor-pro/assets/css/widget-loop-carousel.min.css HTTP/1.1" 200 8391 "-" "Mozilla/5.0 AppleWebKit/537.36 (KHTML, like Gecko; compatible; ClaudeBot/1.0; +claudebot@anthropic.com)"
216.73.216.37 - - [15/Aug/2025:12:24:22 -0300] "GET /wp-content/plugins/elementor/assets/css/widget-divider.min.css HTTP/1.1" 200 4298 "-" "Mozilla/5.0 AppleWebKit/537.36 (KHTML, like Gecko; compatible; ClaudeBot/1.0; +claudebot@anthropic.com)"
216.73.216.37 - - [15/Aug/2025:12:24:24 -0300] "GET /wp-content/plugins/elementor-pro/assets/css/widget-loop-common.min.css HTTP/1.1" 200 208 "-" "Mozilla/5.0 AppleWebKit/537.36 (KHTML, like Gecko; compatible; ClaudeBot/1.0; +claudebot@anthropic.com)"
216.73.216.37 - - [15/Aug/2025:12:24:27 -0300] "GET /wp-content/plugins/elementor/assets/css/widget-heading.min.css HTTP/1.1" 200 600 "-" "Mozilla/5.0 AppleWebKit/537.36 (KHTML, like Gecko; compatible; ClaudeBot/1.0; +claudebot@anthropic.com)"
216.73.216.37 - - [15/Aug/2025:12:24:32 -0300] "GET /wp-content/plugins/supportcandy/asset/images/loader-white.gif HTTP/1.1" 200 11647 "-" "Mozilla/5.0 AppleWebKit/537.36 (KHTML, like Gecko; compatible; ClaudeBot/1.0; +claudebot@anthropic.com)"
216.73.216.37 - - [15/Aug/2025:12:24:42 -0300] "GET /wp-content/uploads/elementor/css/post-98.css HTTP/1.1" 200 16651 "-" "Mozilla/5.0 AppleWebKit/537.36 (KHTML, like Gecko; compatible; ClaudeBot/1.0; +claudebot@anthropic.com)"
216.73.216.37 - - [15/Aug/2025:12:24:47 -0300] "GET /wp-content/plugins/elementor/assets/css/widget-image.min.css HTTP/1.1" 200 254 "-" "Mozilla/5.0 AppleWebKit/537.36 (KHTML, like Gecko; compatible; ClaudeBot/1.0; +claudebot@anthropic.com)"
216.73.216.37 - - [15/Aug/2025:12:24:52 -0300] "GET /wp-content/plugins/elementor/assets/css/frontend.min.css HTTP/1.1" 200 53257 "-" "Mozilla/5.0 AppleWebKit/537.36 (KHTML, like Gecko; compatible; ClaudeBot/1.0; +claudebot@anthropic.com)"
216.73.216.37 - - [15/Aug/2025:12:24:57 -0300] "GET /wp-content/uploads/elementor/css/post-9.css HTTP/1.1" 200 2456 "-" "Mozilla/5.0 AppleWebKit/537.36 (KHTML, like Gecko; compatible; ClaudeBot/1.0; +claudebot@anthropic.com)"
216.73.216.37 - - [15/Aug/2025:12:25:02 -0300] "GET /wp-includes/js/dist/i18n.min.js HTTP/1.1" 200 9141 "-" "Mozilla/5.0 AppleWebKit/537.36 (KHTML, like Gecko; compatible; ClaudeBot/1.0; +claudebot@anthropic.com)"
216.73.216.37 - - [15/Aug/2025:12:25:07 -0300] "GET /wp-includes/js/imagesloaded.min.js HTTP/1.1" 200 5520 "-" "Mozilla/5.0 AppleWebKit/537.36 (KHTML, like Gecko; compatible; ClaudeBot/1.0; +claudebot@anthropic.com)"
162.214.27.60 - - [15/Aug/2025:12:25:11 -0300] "POST /wp-cron.php?doing_wp_cron=1755271511.8840229511260986328125 HTTP/1.1" 200 - "-" "WordPress/6.8.2; https://suporte.komforthouse.com.br"
45.174.181.70 - - [15/Aug/2025:12:25:10 -0300] "POST /wp-admin/admin-ajax.php HTTP/1.1" 200 13 "https://suporte.komforthouse.com.br/?wpsc-section=ticket-list&ticket-id=821" "Mozilla/5.0 (Windows NT 10.0; Win64; x64) AppleWebKit/537.36 (KHTML, like Gecko) Chrome/139.0.0.0 Safari/537.36"
216.73.216.37 - - [15/Aug/2025:12:25:17 -0300] "GET /wp-content/uploads/elementor/css/post-128.css HTTP/1.1" 200 12375 "-" "Mozilla/5.0 AppleWebKit/537.36 (KHTML, like Gecko; compatible; ClaudeBot/1.0; +claudebot@anthropic.com)"
45.174.181.70 - - [15/Aug/2025:12:25:18 -0300] "POST /wp-admin/admin-ajax.php HTTP/1.1" 200 24 "https://suporte.komforthouse.com.br/?wpsc-section=ticket-list&ticket-id=816" "Mozilla/5.0 (Windows NT 10.0; Win64; x64) AppleWebKit/537.36 (KHTML, like Gecko) Chrome/139.0.0.0 Safari/537.36"
45.174.181.70 - - [15/Aug/2025:12:26:20 -0300] "POST /wp-admin/admin-ajax.php HTTP/1.1" 200 24 "https://suporte.komforthouse.com.br/?wpsc-section=ticket-list&ticket-id=816" "Mozilla/5.0 (Windows NT 10.0; Win64; x64) AppleWebKit/537.36 (KHTML, like Gecko) Chrome/139.0.0.0 Safari/537.36"
162.214.27.60 - - [15/Aug/2025:12:26:21 -0300] "POST /wp-cron.php?doing_wp_cron=1755271581.7934989929199218750000 HTTP/1.1" 200 - "-" "WordPress/6.8.2; https://suporte.komforthouse.com.br"
45.174.181.70 - - [15/Aug/2025:12:27:09 -0300] "POST /wp-admin/admin-ajax.php HTTP/1.1" 400 1 "https://suporte.komforthouse.com.br/?wpsc-section=dashboard" "Mozilla/5.0 (Windows NT 10.0; Win64; x64) AppleWebKit/537.36 (KHTML, like Gecko) Chrome/139.0.0.0 Safari/537.36"
162.214.27.60 - - [15/Aug/2025:12:27:10 -0300] "POST /wp-cron.php?doing_wp_cron=1755271630.5330600738525390625000 HTTP/1.1" 200 - "-" "WordPress/6.8.2; https://suporte.komforthouse.com.br"
45.174.181.70 - - [15/Aug/2025:12:27:10 -0300] "POST /wp-admin/admin-ajax.php HTTP/1.1" 200 13 "https://suporte.komforthouse.com.br/?wpsc-section=ticket-list&ticket-id=821" "Mozilla/5.0 (Windows NT 10.0; Win64; x64) AppleWebKit/537.36 (KHTML, like Gecko) Chrome/139.0.0.0 Safari/537.36"
45.174.181.70 - - [15/Aug/2025:12:27:23 -0300] "POST /wp-admin/admin-ajax.php HTTP/1.1" 200 24 "https://suporte.komforthouse.com.br/?wpsc-section=ticket-list&ticket-id=816" "Mozilla/5.0 (Windows NT 10.0; Win64; x64) AppleWebKit/537.36 (KHTML, like Gecko) Chrome/139.0.0.0 Safari/537.36"
162.214.27.60 - - [15/Aug/2025:12:28:26 -0300] "POST /wp-cron.php?doing_wp_cron=1755271706.8653829097747802734375 HTTP/1.1" 200 - "-" "WordPress/6.8.2; https://suporte.komforthouse.com.br"
45.174.181.70 - - [15/Aug/2025:12:28:25 -0300] "POST /wp-admin/admin-ajax.php HTTP/1.1" 200 24 "https://suporte.komforthouse.com.br/?wpsc-section=ticket-list&ticket-id=816" "Mozilla/5.0 (Windows NT 10.0; Win64; x64) AppleWebKit/537.36 (KHTML, like Gecko) Chrome/139.0.0.0 Safari/537.36"
45.174.181.70 - - [15/Aug/2025:12:29:10 -0300] "POST /wp-admin/admin-ajax.php HTTP/1.1" 200 13 "https://suporte.komforthouse.com.br/?wpsc-section=ticket-list&ticket-id=821" "Mozilla/5.0 (Windows NT 10.0; Win64; x64) AppleWebKit/537.36 (KHTML, like Gecko) Chrome/139.0.0.0 Safari/537.36"
162.214.27.60 - - [15/Aug/2025:12:29:12 -0300] "POST /wp-cron.php?doing_wp_cron=1755271752.0229480266571044921875 HTTP/1.1" 200 - "-" "WordPress/6.8.2; https://suporte.komforthouse.com.br"
