201.49.181.65 - - [15/Aug/2025:16:44:28 -0300] "POST /wp-admin/admin-ajax.php HTTP/1.1" 200 24 "https://suporte.komforthouse.com.br/?wpsc-section=ticket-list&ticket-id=816" "Mozilla/5.0 (Windows NT 10.0; Win64; x64) AppleWebKit/537.36 (KHTML, like Gecko) Chrome/139.0.0.0 Safari/537.36"
190.8.173.156 - - [15/Aug/2025:16:44:31 -0300] "POST /wp-admin/admin-ajax.php HTTP/1.1" 200 24 "https://suporte.komforthouse.com.br/?wpsc-section=ticket-list" "Mozilla/5.0 (Windows NT 10.0; Win64; x64) AppleWebKit/537.36 (KHTML, like Gecko) Chrome/139.0.0.0 Safari/537.36"
200.4.115.77 - - [15/Aug/2025:16:45:09 -0300] "POST /wp-admin/admin-ajax.php HTTP/1.1" 400 1 "https://suporte.komforthouse.com.br/?wpsc-section=dashboard" "Mozilla/5.0 (Windows NT 10.0; Win64; x64) AppleWebKit/537.36 (KHTML, like Gecko) Chrome/139.0.0.0 Safari/537.36"
190.8.173.156 - - [15/Aug/2025:16:45:30 -0300] "POST /wp-admin/admin-ajax.php HTTP/1.1" 200 24 "https://suporte.komforthouse.com.br/?wpsc-section=ticket-list" "Mozilla/5.0 (Windows NT 10.0; Win64; x64) AppleWebKit/537.36 (KHTML, like Gecko) Chrome/139.0.0.0 Safari/537.36"
162.214.27.60 - - [15/Aug/2025:16:45:32 -0300] "POST /wp-cron.php?doing_wp_cron=1755287132.0963439941406250000000 HTTP/1.1" 200 - "-" "WordPress/6.8.2; https://suporte.komforthouse.com.br"
201.49.181.65 - - [15/Aug/2025:16:45:32 -0300] "POST /wp-admin/admin-ajax.php HTTP/1.1" 200 24 "https://suporte.komforthouse.com.br/?wpsc-section=ticket-list&ticket-id=816" "Mozilla/5.0 (Windows NT 10.0; Win64; x64) AppleWebKit/537.36 (KHTML, like Gecko) Chrome/139.0.0.0 Safari/537.36"
190.8.173.156 - - [15/Aug/2025:16:45:33 -0300] "POST /wp-admin/admin-ajax.php HTTP/1.1" 200 24 "https://suporte.komforthouse.com.br/?wpsc-section=ticket-list" "Mozilla/5.0 (Windows NT 10.0; Win64; x64) AppleWebKit/537.36 (KHTML, like Gecko) Chrome/139.0.0.0 Safari/537.36"
190.8.173.156 - - [15/Aug/2025:16:46:33 -0300] "POST /wp-admin/admin-ajax.php HTTP/1.1" 200 24 "https://suporte.komforthouse.com.br/?wpsc-section=ticket-list" "Mozilla/5.0 (Windows NT 10.0; Win64; x64) AppleWebKit/537.36 (KHTML, like Gecko) Chrome/139.0.0.0 Safari/537.36"
162.214.27.60 - - [15/Aug/2025:16:46:35 -0300] "POST /wp-cron.php?doing_wp_cron=1755287195.2130160331726074218750 HTTP/1.1" 200 - "-" "WordPress/6.8.2; https://suporte.komforthouse.com.br"
201.49.181.65 - - [15/Aug/2025:16:46:35 -0300] "POST /wp-admin/admin-ajax.php HTTP/1.1" 200 24 "https://suporte.komforthouse.com.br/?wpsc-section=ticket-list&ticket-id=816" "Mozilla/5.0 (Windows NT 10.0; Win64; x64) AppleWebKit/537.36 (KHTML, like Gecko) Chrome/139.0.0.0 Safari/537.36"
190.8.173.156 - - [15/Aug/2025:16:46:35 -0300] "POST /wp-admin/admin-ajax.php HTTP/1.1" 200 24 "https://suporte.komforthouse.com.br/?wpsc-section=ticket-list" "Mozilla/5.0 (Windows NT 10.0; Win64; x64) AppleWebKit/537.36 (KHTML, like Gecko) Chrome/139.0.0.0 Safari/537.36"
201.49.181.65 - - [15/Aug/2025:16:47:37 -0300] "POST /wp-admin/admin-ajax.php HTTP/1.1" 200 24 "https://suporte.komforthouse.com.br/?wpsc-section=ticket-list&ticket-id=816" "Mozilla/5.0 (Windows NT 10.0; Win64; x64) AppleWebKit/537.36 (KHTML, like Gecko) Chrome/139.0.0.0 Safari/537.36"
190.8.173.156 - - [15/Aug/2025:16:47:38 -0300] "POST /wp-admin/admin-ajax.php HTTP/1.1" 200 24 "https://suporte.komforthouse.com.br/?wpsc-section=ticket-list" "Mozilla/5.0 (Windows NT 10.0; Win64; x64) AppleWebKit/537.36 (KHTML, like Gecko) Chrome/139.0.0.0 Safari/537.36"
190.8.173.156 - - [15/Aug/2025:16:47:37 -0300] "POST /wp-admin/admin-ajax.php HTTP/1.1" 200 24 "https://suporte.komforthouse.com.br/?wpsc-section=ticket-list" "Mozilla/5.0 (Windows NT 10.0; Win64; x64) AppleWebKit/537.36 (KHTML, like Gecko) Chrome/139.0.0.0 Safari/537.36"
162.214.27.60 - - [15/Aug/2025:16:47:39 -0300] "POST /wp-cron.php?doing_wp_cron=1755287259.1068410873413085937500 HTTP/1.1" 200 - "-" "WordPress/6.8.2; https://suporte.komforthouse.com.br"
190.8.173.156 - - [15/Aug/2025:16:48:40 -0300] "POST /wp-admin/admin-ajax.php HTTP/1.1" 200 24 "https://suporte.komforthouse.com.br/?wpsc-section=ticket-list" "Mozilla/5.0 (Windows NT 10.0; Win64; x64) AppleWebKit/537.36 (KHTML, like Gecko) Chrome/139.0.0.0 Safari/537.36"
190.8.173.156 - - [15/Aug/2025:16:48:40 -0300] "POST /wp-admin/admin-ajax.php HTTP/1.1" 200 24 "https://suporte.komforthouse.com.br/?wpsc-section=ticket-list" "Mozilla/5.0 (Windows NT 10.0; Win64; x64) AppleWebKit/537.36 (KHTML, like Gecko) Chrome/139.0.0.0 Safari/537.36"
201.49.181.65 - - [15/Aug/2025:16:48:40 -0300] "POST /wp-admin/admin-ajax.php HTTP/1.1" 200 24 "https://suporte.komforthouse.com.br/?wpsc-section=ticket-list&ticket-id=816" "Mozilla/5.0 (Windows NT 10.0; Win64; x64) AppleWebKit/537.36 (KHTML, like Gecko) Chrome/139.0.0.0 Safari/537.36"
162.214.27.60 - - [15/Aug/2025:16:48:42 -0300] "POST /wp-cron.php?doing_wp_cron=1755287322.0226149559020996093750 HTTP/1.1" 200 - "-" "WordPress/6.8.2; https://suporte.komforthouse.com.br"
190.8.173.156 - - [15/Aug/2025:16:49:43 -0300] "POST /wp-admin/admin-ajax.php HTTP/1.1" 200 24 "https://suporte.komforthouse.com.br/?wpsc-section=ticket-list" "Mozilla/5.0 (Windows NT 10.0; Win64; x64) AppleWebKit/537.36 (KHTML, like Gecko) Chrome/139.0.0.0 Safari/537.36"
201.49.181.65 - - [15/Aug/2025:16:49:44 -0300] "POST /wp-admin/admin-ajax.php HTTP/1.1" 200 24 "https://suporte.komforthouse.com.br/?wpsc-section=ticket-list&ticket-id=816" "Mozilla/5.0 (Windows NT 10.0; Win64; x64) AppleWebKit/537.36 (KHTML, like Gecko) Chrome/139.0.0.0 Safari/537.36"
190.8.173.156 - - [15/Aug/2025:16:49:43 -0300] "POST /wp-admin/admin-ajax.php HTTP/1.1" 200 24 "https://suporte.komforthouse.com.br/?wpsc-section=ticket-list" "Mozilla/5.0 (Windows NT 10.0; Win64; x64) AppleWebKit/537.36 (KHTML, like Gecko) Chrome/139.0.0.0 Safari/537.36"
162.214.27.60 - - [15/Aug/2025:16:49:45 -0300] "POST /wp-cron.php?doing_wp_cron=1755287385.1503739356994628906250 HTTP/1.1" 200 - "-" "WordPress/6.8.2; https://suporte.komforthouse.com.br"
190.8.173.156 - - [15/Aug/2025:16:50:46 -0300] "POST /wp-admin/admin-ajax.php HTTP/1.1" 200 24 "https://suporte.komforthouse.com.br/?wpsc-section=ticket-list" "Mozilla/5.0 (Windows NT 10.0; Win64; x64) AppleWebKit/537.36 (KHTML, like Gecko) Chrome/139.0.0.0 Safari/537.36"
201.49.181.65 - - [15/Aug/2025:16:50:46 -0300] "POST /wp-admin/admin-ajax.php HTTP/1.1" 200 24 "https://suporte.komforthouse.com.br/?wpsc-section=ticket-list&ticket-id=816" "Mozilla/5.0 (Windows NT 10.0; Win64; x64) AppleWebKit/537.36 (KHTML, like Gecko) Chrome/139.0.0.0 Safari/537.36"
190.8.173.156 - - [15/Aug/2025:16:50:47 -0300] "POST /wp-admin/admin-ajax.php HTTP/1.1" 200 24 "https://suporte.komforthouse.com.br/?wpsc-section=ticket-list" "Mozilla/5.0 (Windows NT 10.0; Win64; x64) AppleWebKit/537.36 (KHTML, like Gecko) Chrome/139.0.0.0 Safari/537.36"
162.214.27.60 - - [15/Aug/2025:16:50:47 -0300] "POST /wp-cron.php?doing_wp_cron=1755287447.9330759048461914062500 HTTP/1.1" 200 - "-" "WordPress/6.8.2; https://suporte.komforthouse.com.br"
200.4.115.77 - - [15/Aug/2025:16:51:09 -0300] "POST /wp-admin/admin-ajax.php HTTP/1.1" 400 1 "https://suporte.komforthouse.com.br/?wpsc-section=dashboard" "Mozilla/5.0 (Windows NT 10.0; Win64; x64) AppleWebKit/537.36 (KHTML, like Gecko) Chrome/139.0.0.0 Safari/537.36"
162.214.27.60 - - [15/Aug/2025:16:51:10 -0300] "POST /wp-cron.php?doing_wp_cron=1755287470.4310059547424316406250 HTTP/1.1" 200 - "-" "WordPress/6.8.2; https://suporte.komforthouse.com.br"
201.49.181.65 - - [15/Aug/2025:16:51:49 -0300] "POST /wp-admin/admin-ajax.php HTTP/1.1" 200 24 "https://suporte.komforthouse.com.br/?wpsc-section=ticket-list&ticket-id=816" "Mozilla/5.0 (Windows NT 10.0; Win64; x64) AppleWebKit/537.36 (KHTML, like Gecko) Chrome/139.0.0.0 Safari/537.36"
190.8.173.156 - - [15/Aug/2025:16:51:49 -0300] "POST /wp-admin/admin-ajax.php HTTP/1.1" 200 24 "https://suporte.komforthouse.com.br/?wpsc-section=ticket-list" "Mozilla/5.0 (Windows NT 10.0; Win64; x64) AppleWebKit/537.36 (KHTML, like Gecko) Chrome/139.0.0.0 Safari/537.36"
190.8.173.156 - - [15/Aug/2025:16:51:49 -0300] "POST /wp-admin/admin-ajax.php HTTP/1.1" 200 24 "https://suporte.komforthouse.com.br/?wpsc-section=ticket-list" "Mozilla/5.0 (Windows NT 10.0; Win64; x64) AppleWebKit/537.36 (KHTML, like Gecko) Chrome/139.0.0.0 Safari/537.36"
190.8.173.156 - - [15/Aug/2025:16:52:51 -0300] "POST /wp-admin/admin-ajax.php HTTP/1.1" 200 24 "https://suporte.komforthouse.com.br/?wpsc-section=ticket-list" "Mozilla/5.0 (Windows NT 10.0; Win64; x64) AppleWebKit/537.36 (KHTML, like Gecko) Chrome/139.0.0.0 Safari/537.36"
201.49.181.65 - - [15/Aug/2025:16:52:51 -0300] "POST /wp-admin/admin-ajax.php HTTP/1.1" 200 24 "https://suporte.komforthouse.com.br/?wpsc-section=ticket-list&ticket-id=816" "Mozilla/5.0 (Windows NT 10.0; Win64; x64) AppleWebKit/537.36 (KHTML, like Gecko) Chrome/139.0.0.0 Safari/537.36"
190.8.173.156 - - [15/Aug/2025:16:52:52 -0300] "POST /wp-admin/admin-ajax.php HTTP/1.1" 200 24 "https://suporte.komforthouse.com.br/?wpsc-section=ticket-list" "Mozilla/5.0 (Windows NT 10.0; Win64; x64) AppleWebKit/537.36 (KHTML, like Gecko) Chrome/139.0.0.0 Safari/537.36"
162.214.27.60 - - [15/Aug/2025:16:52:53 -0300] "POST /wp-cron.php?doing_wp_cron=1755287573.0739700794219970703125 HTTP/1.1" 200 - "-" "WordPress/6.8.2; https://suporte.komforthouse.com.br"
190.8.173.156 - - [15/Aug/2025:16:53:54 -0300] "POST /wp-admin/admin-ajax.php HTTP/1.1" 200 24 "https://suporte.komforthouse.com.br/?wpsc-section=ticket-list" "Mozilla/5.0 (Windows NT 10.0; Win64; x64) AppleWebKit/537.36 (KHTML, like Gecko) Chrome/139.0.0.0 Safari/537.36"
201.49.181.65 - - [15/Aug/2025:16:53:55 -0300] "POST /wp-admin/admin-ajax.php HTTP/1.1" 200 24 "https://suporte.komforthouse.com.br/?wpsc-section=ticket-list&ticket-id=816" "Mozilla/5.0 (Windows NT 10.0; Win64; x64) AppleWebKit/537.36 (KHTML, like Gecko) Chrome/139.0.0.0 Safari/537.36"
190.8.173.156 - - [15/Aug/2025:16:53:54 -0300] "POST /wp-admin/admin-ajax.php HTTP/1.1" 200 24 "https://suporte.komforthouse.com.br/?wpsc-section=ticket-list" "Mozilla/5.0 (Windows NT 10.0; Win64; x64) AppleWebKit/537.36 (KHTML, like Gecko) Chrome/139.0.0.0 Safari/537.36"
162.214.27.60 - - [15/Aug/2025:16:53:56 -0300] "POST /wp-cron.php?doing_wp_cron=1755287636.1719329357147216796875 HTTP/1.1" 200 - "-" "WordPress/6.8.2; https://suporte.komforthouse.com.br"
190.8.173.156 - - [15/Aug/2025:16:54:57 -0300] "POST /wp-admin/admin-ajax.php HTTP/1.1" 200 24 "https://suporte.komforthouse.com.br/?wpsc-section=ticket-list" "Mozilla/5.0 (Windows NT 10.0; Win64; x64) AppleWebKit/537.36 (KHTML, like Gecko) Chrome/139.0.0.0 Safari/537.36"
190.8.173.156 - - [15/Aug/2025:16:54:58 -0300] "POST /wp-admin/admin-ajax.php HTTP/1.1" 200 24 "https://suporte.komforthouse.com.br/?wpsc-section=ticket-list" "Mozilla/5.0 (Windows NT 10.0; Win64; x64) AppleWebKit/537.36 (KHTML, like Gecko) Chrome/139.0.0.0 Safari/537.36"
201.49.181.65 - - [15/Aug/2025:16:54:57 -0300] "POST /wp-admin/admin-ajax.php HTTP/1.1" 200 24 "https://suporte.komforthouse.com.br/?wpsc-section=ticket-list&ticket-id=816" "Mozilla/5.0 (Windows NT 10.0; Win64; x64) AppleWebKit/537.36 (KHTML, like Gecko) Chrome/139.0.0.0 Safari/537.36"
162.214.27.60 - - [15/Aug/2025:16:54:58 -0300] "POST /wp-cron.php?doing_wp_cron=1755287698.9662749767303466796875 HTTP/1.1" 200 - "-" "WordPress/6.8.2; https://suporte.komforthouse.com.br"
190.8.173.156 - - [15/Aug/2025:16:55:59 -0300] "POST /wp-admin/admin-ajax.php HTTP/1.1" 200 24 "https://suporte.komforthouse.com.br/?wpsc-section=ticket-list" "Mozilla/5.0 (Windows NT 10.0; Win64; x64) AppleWebKit/537.36 (KHTML, like Gecko) Chrome/139.0.0.0 Safari/537.36"
201.49.181.65 - - [15/Aug/2025:16:56:00 -0300] "POST /wp-admin/admin-ajax.php HTTP/1.1" 200 24 "https://suporte.komforthouse.com.br/?wpsc-section=ticket-list&ticket-id=816" "Mozilla/5.0 (Windows NT 10.0; Win64; x64) AppleWebKit/537.36 (KHTML, like Gecko) Chrome/139.0.0.0 Safari/537.36"
162.214.27.60 - - [15/Aug/2025:16:56:00 -0300] "POST /wp-cron.php?doing_wp_cron=1755287760.7894370555877685546875 HTTP/1.1" 200 - "-" "WordPress/6.8.2; https://suporte.komforthouse.com.br"
190.8.173.156 - - [15/Aug/2025:16:56:00 -0300] "POST /wp-admin/admin-ajax.php HTTP/1.1" 200 24 "https://suporte.komforthouse.com.br/?wpsc-section=ticket-list" "Mozilla/5.0 (Windows NT 10.0; Win64; x64) AppleWebKit/537.36 (KHTML, like Gecko) Chrome/139.0.0.0 Safari/537.36"
190.8.173.156 - - [15/Aug/2025:16:57:02 -0300] "POST /wp-admin/admin-ajax.php HTTP/1.1" 200 24 "https://suporte.komforthouse.com.br/?wpsc-section=ticket-list" "Mozilla/5.0 (Windows NT 10.0; Win64; x64) AppleWebKit/537.36 (KHTML, like Gecko) Chrome/139.0.0.0 Safari/537.36"
190.8.173.156 - - [15/Aug/2025:16:57:02 -0300] "POST /wp-admin/admin-ajax.php HTTP/1.1" 200 24 "https://suporte.komforthouse.com.br/?wpsc-section=ticket-list" "Mozilla/5.0 (Windows NT 10.0; Win64; x64) AppleWebKit/537.36 (KHTML, like Gecko) Chrome/139.0.0.0 Safari/537.36"
201.49.181.65 - - [15/Aug/2025:16:57:02 -0300] "POST /wp-admin/admin-ajax.php HTTP/1.1" 200 24 "https://suporte.komforthouse.com.br/?wpsc-section=ticket-list&ticket-id=816" "Mozilla/5.0 (Windows NT 10.0; Win64; x64) AppleWebKit/537.36 (KHTML, like Gecko) Chrome/139.0.0.0 Safari/537.36"
162.214.27.60 - - [15/Aug/2025:16:57:03 -0300] "POST /wp-cron.php?doing_wp_cron=1755287823.8216619491577148437500 HTTP/1.1" 200 - "-" "WordPress/6.8.2; https://suporte.komforthouse.com.br"
162.214.27.60 - - [15/Aug/2025:16:57:10 -0300] "POST /wp-cron.php?doing_wp_cron=1755287830.4439609050750732421875 HTTP/1.1" 200 - "-" "WordPress/6.8.2; https://suporte.komforthouse.com.br"
200.4.115.77 - - [15/Aug/2025:16:57:09 -0300] "POST /wp-admin/admin-ajax.php HTTP/1.1" 400 1 "https://suporte.komforthouse.com.br/?wpsc-section=dashboard" "Mozilla/5.0 (Windows NT 10.0; Win64; x64) AppleWebKit/537.36 (KHTML, like Gecko) Chrome/139.0.0.0 Safari/537.36"
209.141.61.4 - - [15/Aug/2025:16:57:24 -0300] "GET /wp-login.php HTTP/1.1" 200 9379 "-" "Mozilla/5.0 (Windows NT 6.1; WOW64) AppleWebKit/537.36 (KHTML, like Gecko) Chrome/35.0.1916.114 Safari/537.36"
209.141.61.4 - - [15/Aug/2025:16:57:25 -0300] "POST /wp-login.php HTTP/1.1" 200 9811 "-" "Mozilla/5.0 (Windows NT 6.1; WOW64) AppleWebKit/537.36 (KHTML, like Gecko) Chrome/35.0.1916.114 Safari/537.36"
196.251.83.126 - - [15/Aug/2025:16:57:58 -0300] "POST /wp-login.php HTTP/1.1" 200 9793 "-" "Mozilla/5.0"
190.8.173.156 - - [15/Aug/2025:16:58:04 -0300] "POST /wp-admin/admin-ajax.php HTTP/1.1" 200 24 "https://suporte.komforthouse.com.br/?wpsc-section=ticket-list" "Mozilla/5.0 (Windows NT 10.0; Win64; x64) AppleWebKit/537.36 (KHTML, like Gecko) Chrome/139.0.0.0 Safari/537.36"
190.8.173.156 - - [15/Aug/2025:16:58:04 -0300] "POST /wp-admin/admin-ajax.php HTTP/1.1" 200 24 "https://suporte.komforthouse.com.br/?wpsc-section=ticket-list" "Mozilla/5.0 (Windows NT 10.0; Win64; x64) AppleWebKit/537.36 (KHTML, like Gecko) Chrome/139.0.0.0 Safari/537.36"
201.49.181.65 - - [15/Aug/2025:16:58:05 -0300] "POST /wp-admin/admin-ajax.php HTTP/1.1" 200 24 "https://suporte.komforthouse.com.br/?wpsc-section=ticket-list&ticket-id=816" "Mozilla/5.0 (Windows NT 10.0; Win64; x64) AppleWebKit/537.36 (KHTML, like Gecko) Chrome/139.0.0.0 Safari/537.36"
162.214.27.60 - - [15/Aug/2025:16:58:07 -0300] "POST /wp-cron.php?doing_wp_cron=1755287887.1281650066375732421875 HTTP/1.1" 200 - "-" "WordPress/6.8.2; https://suporte.komforthouse.com.br"
190.8.173.156 - - [15/Aug/2025:16:59:06 -0300] "POST /wp-admin/admin-ajax.php HTTP/1.1" 200 24 "https://suporte.komforthouse.com.br/?wpsc-section=ticket-list" "Mozilla/5.0 (Windows NT 10.0; Win64; x64) AppleWebKit/537.36 (KHTML, like Gecko) Chrome/139.0.0.0 Safari/537.36"
162.214.27.60 - - [15/Aug/2025:16:59:08 -0300] "POST /wp-cron.php?doing_wp_cron=1755287948.2131869792938232421875 HTTP/1.1" 200 - "-" "WordPress/6.8.2; https://suporte.komforthouse.com.br"
190.8.173.156 - - [15/Aug/2025:16:59:06 -0300] "POST /wp-admin/admin-ajax.php HTTP/1.1" 200 24 "https://suporte.komforthouse.com.br/?wpsc-section=ticket-list" "Mozilla/5.0 (Windows NT 10.0; Win64; x64) AppleWebKit/537.36 (KHTML, like Gecko) Chrome/139.0.0.0 Safari/537.36"
201.49.181.65 - - [15/Aug/2025:16:59:09 -0300] "POST /wp-admin/admin-ajax.php HTTP/1.1" 200 24 "https://suporte.komforthouse.com.br/?wpsc-section=ticket-list&ticket-id=816" "Mozilla/5.0 (Windows NT 10.0; Win64; x64) AppleWebKit/537.36 (KHTML, like Gecko) Chrome/139.0.0.0 Safari/537.36"
190.8.173.156 - - [15/Aug/2025:17:00:09 -0300] "POST /wp-admin/admin-ajax.php HTTP/1.1" 200 24 "https://suporte.komforthouse.com.br/?wpsc-section=ticket-list" "Mozilla/5.0 (Windows NT 10.0; Win64; x64) AppleWebKit/537.36 (KHTML, like Gecko) Chrome/139.0.0.0 Safari/537.36"
190.8.173.156 - - [15/Aug/2025:17:00:10 -0300] "POST /wp-admin/admin-ajax.php HTTP/1.1" 200 24 "https://suporte.komforthouse.com.br/?wpsc-section=ticket-list" "Mozilla/5.0 (Windows NT 10.0; Win64; x64) AppleWebKit/537.36 (KHTML, like Gecko) Chrome/139.0.0.0 Safari/537.36"
162.214.27.60 - - [15/Aug/2025:17:00:10 -0300] "POST /wp-cron.php?doing_wp_cron=1755288010.8576989173889160156250 HTTP/1.1" 200 - "-" "WordPress/6.8.2; https://suporte.komforthouse.com.br"
201.49.181.65 - - [15/Aug/2025:17:00:11 -0300] "POST /wp-admin/admin-ajax.php HTTP/1.1" 200 24 "https://suporte.komforthouse.com.br/?wpsc-section=ticket-list&ticket-id=816" "Mozilla/5.0 (Windows NT 10.0; Win64; x64) AppleWebKit/537.36 (KHTML, like Gecko) Chrome/139.0.0.0 Safari/537.36"
190.8.173.156 - - [15/Aug/2025:17:01:12 -0300] "POST /wp-admin/admin-ajax.php HTTP/1.1" 200 24 "https://suporte.komforthouse.com.br/?wpsc-section=ticket-list" "Mozilla/5.0 (Windows NT 10.0; Win64; x64) AppleWebKit/537.36 (KHTML, like Gecko) Chrome/139.0.0.0 Safari/537.36"
201.49.181.65 - - [15/Aug/2025:17:01:13 -0300] "POST /wp-admin/admin-ajax.php HTTP/1.1" 200 24 "https://suporte.komforthouse.com.br/?wpsc-section=ticket-list&ticket-id=816" "Mozilla/5.0 (Windows NT 10.0; Win64; x64) AppleWebKit/537.36 (KHTML, like Gecko) Chrome/139.0.0.0 Safari/537.36"
190.8.173.156 - - [15/Aug/2025:17:01:12 -0300] "POST /wp-admin/admin-ajax.php HTTP/1.1" 200 24 "https://suporte.komforthouse.com.br/?wpsc-section=ticket-list" "Mozilla/5.0 (Windows NT 10.0; Win64; x64) AppleWebKit/537.36 (KHTML, like Gecko) Chrome/139.0.0.0 Safari/537.36"
162.214.27.60 - - [15/Aug/2025:17:01:14 -0300] "POST /wp-cron.php?doing_wp_cron=1755288074.1421279907226562500000 HTTP/1.1" 200 - "-" "WordPress/6.8.2; https://suporte.komforthouse.com.br"
162.214.27.60 - - [15/Aug/2025:17:02:10 -0300] "POST /wp-cron.php?doing_wp_cron=1755288130.3945419788360595703125 HTTP/1.1" 200 - "-" "WordPress/6.8.2; https://suporte.komforthouse.com.br"
200.4.115.77 - - [15/Aug/2025:17:02:09 -0300] "POST /wp-admin/admin-ajax.php HTTP/1.1" 400 1 "https://suporte.komforthouse.com.br/?wpsc-section=dashboard" "Mozilla/5.0 (Windows NT 10.0; Win64; x64) AppleWebKit/537.36 (KHTML, like Gecko) Chrome/139.0.0.0 Safari/537.36"
201.49.181.65 - - [15/Aug/2025:17:02:15 -0300] "POST /wp-admin/admin-ajax.php HTTP/1.1" 200 24 "https://suporte.komforthouse.com.br/?wpsc-section=ticket-list&ticket-id=816" "Mozilla/5.0 (Windows NT 10.0; Win64; x64) AppleWebKit/537.36 (KHTML, like Gecko) Chrome/139.0.0.0 Safari/537.36"
190.8.173.156 - - [15/Aug/2025:17:02:15 -0300] "POST /wp-admin/admin-ajax.php HTTP/1.1" 200 24 "https://suporte.komforthouse.com.br/?wpsc-section=ticket-list" "Mozilla/5.0 (Windows NT 10.0; Win64; x64) AppleWebKit/537.36 (KHTML, like Gecko) Chrome/139.0.0.0 Safari/537.36"
190.8.173.156 - - [15/Aug/2025:17:02:16 -0300] "POST /wp-admin/admin-ajax.php HTTP/1.1" 200 24 "https://suporte.komforthouse.com.br/?wpsc-section=ticket-list" "Mozilla/5.0 (Windows NT 10.0; Win64; x64) AppleWebKit/537.36 (KHTML, like Gecko) Chrome/139.0.0.0 Safari/537.36"
201.49.181.65 - - [15/Aug/2025:17:03:17 -0300] "POST /wp-admin/admin-ajax.php HTTP/1.1" 200 24 "https://suporte.komforthouse.com.br/?wpsc-section=ticket-list&ticket-id=816" "Mozilla/5.0 (Windows NT 10.0; Win64; x64) AppleWebKit/537.36 (KHTML, like Gecko) Chrome/139.0.0.0 Safari/537.36"
162.214.27.60 - - [15/Aug/2025:17:03:19 -0300] "POST /wp-cron.php?doing_wp_cron=1755288199.0339589118957519531250 HTTP/1.1" 200 - "-" "WordPress/6.8.2; https://suporte.komforthouse.com.br"
190.8.173.156 - - [15/Aug/2025:17:03:18 -0300] "POST /wp-admin/admin-ajax.php HTTP/1.1" 200 24 "https://suporte.komforthouse.com.br/?wpsc-section=ticket-list" "Mozilla/5.0 (Windows NT 10.0; Win64; x64) AppleWebKit/537.36 (KHTML, like Gecko) Chrome/139.0.0.0 Safari/537.36"
190.8.173.156 - - [15/Aug/2025:17:03:18 -0300] "POST /wp-admin/admin-ajax.php HTTP/1.1" 200 24 "https://suporte.komforthouse.com.br/?wpsc-section=ticket-list" "Mozilla/5.0 (Windows NT 10.0; Win64; x64) AppleWebKit/537.36 (KHTML, like Gecko) Chrome/139.0.0.0 Safari/537.36"
201.49.181.65 - - [15/Aug/2025:17:04:21 -0300] "POST /wp-admin/admin-ajax.php HTTP/1.1" 200 24 "https://suporte.komforthouse.com.br/?wpsc-section=ticket-list&ticket-id=816" "Mozilla/5.0 (Windows NT 10.0; Win64; x64) AppleWebKit/537.36 (KHTML, like Gecko) Chrome/139.0.0.0 Safari/537.36"
190.8.173.156 - - [15/Aug/2025:17:04:21 -0300] "POST /wp-admin/admin-ajax.php HTTP/1.1" 200 24 "https://suporte.komforthouse.com.br/?wpsc-section=ticket-list" "Mozilla/5.0 (Windows NT 10.0; Win64; x64) AppleWebKit/537.36 (KHTML, like Gecko) Chrome/139.0.0.0 Safari/537.36"
162.214.27.60 - - [15/Aug/2025:17:04:22 -0300] "POST /wp-cron.php?doing_wp_cron=1755288262.4542319774627685546875 HTTP/1.1" 200 - "-" "WordPress/6.8.2; https://suporte.komforthouse.com.br"
190.8.173.156 - - [15/Aug/2025:17:04:20 -0300] "POST /wp-admin/admin-ajax.php HTTP/1.1" 200 24 "https://suporte.komforthouse.com.br/?wpsc-section=ticket-list" "Mozilla/5.0 (Windows NT 10.0; Win64; x64) AppleWebKit/537.36 (KHTML, like Gecko) Chrome/139.0.0.0 Safari/537.36"
162.214.27.60 - - [15/Aug/2025:17:05:24 -0300] "POST /wp-cron.php?doing_wp_cron=1755288324.6649880409240722656250 HTTP/1.1" 200 - "-" "WordPress/6.8.2; https://suporte.komforthouse.com.br"
201.49.181.65 - - [15/Aug/2025:17:05:23 -0300] "POST /wp-admin/admin-ajax.php HTTP/1.1" 200 24 "https://suporte.komforthouse.com.br/?wpsc-section=ticket-list&ticket-id=816" "Mozilla/5.0 (Windows NT 10.0; Win64; x64) AppleWebKit/537.36 (KHTML, like Gecko) Chrome/139.0.0.0 Safari/537.36"
190.8.173.156 - - [15/Aug/2025:17:05:24 -0300] "POST /wp-admin/admin-ajax.php HTTP/1.1" 200 24 "https://suporte.komforthouse.com.br/?wpsc-section=ticket-list" "Mozilla/5.0 (Windows NT 10.0; Win64; x64) AppleWebKit/537.36 (KHTML, like Gecko) Chrome/139.0.0.0 Safari/537.36"
190.8.173.156 - - [15/Aug/2025:17:05:24 -0300] "POST /wp-admin/admin-ajax.php HTTP/1.1" 200 24 "https://suporte.komforthouse.com.br/?wpsc-section=ticket-list" "Mozilla/5.0 (Windows NT 10.0; Win64; x64) AppleWebKit/537.36 (KHTML, like Gecko) Chrome/139.0.0.0 Safari/537.36"
190.8.173.156 - - [15/Aug/2025:17:06:26 -0300] "POST /wp-admin/admin-ajax.php HTTP/1.1" 200 24 "https://suporte.komforthouse.com.br/?wpsc-section=ticket-list" "Mozilla/5.0 (Windows NT 10.0; Win64; x64) AppleWebKit/537.36 (KHTML, like Gecko) Chrome/139.0.0.0 Safari/537.36"
190.8.173.156 - - [15/Aug/2025:17:06:26 -0300] "POST /wp-admin/admin-ajax.php HTTP/1.1" 200 24 "https://suporte.komforthouse.com.br/?wpsc-section=ticket-list" "Mozilla/5.0 (Windows NT 10.0; Win64; x64) AppleWebKit/537.36 (KHTML, like Gecko) Chrome/139.0.0.0 Safari/537.36"
201.49.181.65 - - [15/Aug/2025:17:06:26 -0300] "POST /wp-admin/admin-ajax.php HTTP/1.1" 200 24 "https://suporte.komforthouse.com.br/?wpsc-section=ticket-list&ticket-id=816" "Mozilla/5.0 (Windows NT 10.0; Win64; x64) AppleWebKit/537.36 (KHTML, like Gecko) Chrome/139.0.0.0 Safari/537.36"
162.214.27.60 - - [15/Aug/2025:17:06:27 -0300] "POST /wp-cron.php?doing_wp_cron=1755288387.9640140533447265625000 HTTP/1.1" 200 - "-" "WordPress/6.8.2; https://suporte.komforthouse.com.br"
162.214.27.60 - - [15/Aug/2025:17:07:10 -0300] "POST /wp-cron.php?doing_wp_cron=1755288430.0415759086608886718750 HTTP/1.1" 200 - "-" "WordPress/6.8.2; https://suporte.komforthouse.com.br"
200.4.115.77 - - [15/Aug/2025:17:07:09 -0300] "POST /wp-admin/admin-ajax.php HTTP/1.1" 400 1 "https://suporte.komforthouse.com.br/?wpsc-section=dashboard" "Mozilla/5.0 (Windows NT 10.0; Win64; x64) AppleWebKit/537.36 (KHTML, like Gecko) Chrome/139.0.0.0 Safari/537.36"
190.8.173.156 - - [15/Aug/2025:17:07:29 -0300] "POST /wp-admin/admin-ajax.php HTTP/1.1" 200 24 "https://suporte.komforthouse.com.br/?wpsc-section=ticket-list" "Mozilla/5.0 (Windows NT 10.0; Win64; x64) AppleWebKit/537.36 (KHTML, like Gecko) Chrome/139.0.0.0 Safari/537.36"
190.8.173.156 - - [15/Aug/2025:17:07:28 -0300] "POST /wp-admin/admin-ajax.php HTTP/1.1" 200 24 "https://suporte.komforthouse.com.br/?wpsc-section=ticket-list" "Mozilla/5.0 (Windows NT 10.0; Win64; x64) AppleWebKit/537.36 (KHTML, like Gecko) Chrome/139.0.0.0 Safari/537.36"
201.49.181.65 - - [15/Aug/2025:17:07:29 -0300] "POST /wp-admin/admin-ajax.php HTTP/1.1" 200 24 "https://suporte.komforthouse.com.br/?wpsc-section=ticket-list&ticket-id=816" "Mozilla/5.0 (Windows NT 10.0; Win64; x64) AppleWebKit/537.36 (KHTML, like Gecko) Chrome/139.0.0.0 Safari/537.36"
190.8.173.156 - - [15/Aug/2025:17:08:31 -0300] "POST /wp-admin/admin-ajax.php HTTP/1.1" 200 24 "https://suporte.komforthouse.com.br/?wpsc-section=ticket-list" "Mozilla/5.0 (Windows NT 10.0; Win64; x64) AppleWebKit/537.36 (KHTML, like Gecko) Chrome/139.0.0.0 Safari/537.36"
190.8.173.156 - - [15/Aug/2025:17:08:31 -0300] "POST /wp-admin/admin-ajax.php HTTP/1.1" 200 24 "https://suporte.komforthouse.com.br/?wpsc-section=ticket-list" "Mozilla/5.0 (Windows NT 10.0; Win64; x64) AppleWebKit/537.36 (KHTML, like Gecko) Chrome/139.0.0.0 Safari/537.36"
201.49.181.65 - - [15/Aug/2025:17:08:31 -0300] "POST /wp-admin/admin-ajax.php HTTP/1.1" 200 24 "https://suporte.komforthouse.com.br/?wpsc-section=ticket-list&ticket-id=816" "Mozilla/5.0 (Windows NT 10.0; Win64; x64) AppleWebKit/537.36 (KHTML, like Gecko) Chrome/139.0.0.0 Safari/537.36"
162.214.27.60 - - [15/Aug/2025:17:08:33 -0300] "POST /wp-cron.php?doing_wp_cron=1755288512.9963359832763671875000 HTTP/1.1" 200 - "-" "WordPress/6.8.2; https://suporte.komforthouse.com.br"
190.8.173.156 - - [15/Aug/2025:17:09:34 -0300] "POST /wp-admin/admin-ajax.php HTTP/1.1" 200 24 "https://suporte.komforthouse.com.br/?wpsc-section=ticket-list" "Mozilla/5.0 (Windows NT 10.0; Win64; x64) AppleWebKit/537.36 (KHTML, like Gecko) Chrome/139.0.0.0 Safari/537.36"
201.49.181.65 - - [15/Aug/2025:17:09:35 -0300] "POST /wp-admin/admin-ajax.php HTTP/1.1" 200 24 "https://suporte.komforthouse.com.br/?wpsc-section=ticket-list&ticket-id=816" "Mozilla/5.0 (Windows NT 10.0; Win64; x64) AppleWebKit/537.36 (KHTML, like Gecko) Chrome/139.0.0.0 Safari/537.36"
162.214.27.60 - - [15/Aug/2025:17:09:36 -0300] "POST /wp-cron.php?doing_wp_cron=1755288575.9943900108337402343750 HTTP/1.1" 200 - "-" "WordPress/6.8.2; https://suporte.komforthouse.com.br"
190.8.173.156 - - [15/Aug/2025:17:09:34 -0300] "POST /wp-admin/admin-ajax.php HTTP/1.1" 200 24 "https://suporte.komforthouse.com.br/?wpsc-section=ticket-list" "Mozilla/5.0 (Windows NT 10.0; Win64; x64) AppleWebKit/537.36 (KHTML, like Gecko) Chrome/139.0.0.0 Safari/537.36"
201.49.181.65 - - [15/Aug/2025:17:10:37 -0300] "POST /wp-admin/admin-ajax.php HTTP/1.1" 200 24 "https://suporte.komforthouse.com.br/?wpsc-section=ticket-list&ticket-id=816" "Mozilla/5.0 (Windows NT 10.0; Win64; x64) AppleWebKit/537.36 (KHTML, like Gecko) Chrome/139.0.0.0 Safari/537.36"
190.8.173.156 - - [15/Aug/2025:17:10:36 -0300] "POST /wp-admin/admin-ajax.php HTTP/1.1" 200 24 "https://suporte.komforthouse.com.br/?wpsc-section=ticket-list" "Mozilla/5.0 (Windows NT 10.0; Win64; x64) AppleWebKit/537.36 (KHTML, like Gecko) Chrome/139.0.0.0 Safari/537.36"
162.214.27.60 - - [15/Aug/2025:17:10:37 -0300] "POST /wp-cron.php?doing_wp_cron=1755288637.8382940292358398437500 HTTP/1.1" 200 - "-" "WordPress/6.8.2; https://suporte.komforthouse.com.br"
190.8.173.156 - - [15/Aug/2025:17:10:37 -0300] "POST /wp-admin/admin-ajax.php HTTP/1.1" 200 24 "https://suporte.komforthouse.com.br/?wpsc-section=ticket-list" "Mozilla/5.0 (Windows NT 10.0; Win64; x64) AppleWebKit/537.36 (KHTML, like Gecko) Chrome/139.0.0.0 Safari/537.36"
201.49.181.65 - - [15/Aug/2025:17:11:39 -0300] "POST /wp-admin/admin-ajax.php HTTP/1.1" 200 24 "https://suporte.komforthouse.com.br/?wpsc-section=ticket-list&ticket-id=816" "Mozilla/5.0 (Windows NT 10.0; Win64; x64) AppleWebKit/537.36 (KHTML, like Gecko) Chrome/139.0.0.0 Safari/537.36"
190.8.173.156 - - [15/Aug/2025:17:11:39 -0300] "POST /wp-admin/admin-ajax.php HTTP/1.1" 200 24 "https://suporte.komforthouse.com.br/?wpsc-section=ticket-list" "Mozilla/5.0 (Windows NT 10.0; Win64; x64) AppleWebKit/537.36 (KHTML, like Gecko) Chrome/139.0.0.0 Safari/537.36"
190.8.173.156 - - [15/Aug/2025:17:11:39 -0300] "POST /wp-admin/admin-ajax.php HTTP/1.1" 200 24 "https://suporte.komforthouse.com.br/?wpsc-section=ticket-list" "Mozilla/5.0 (Windows NT 10.0; Win64; x64) AppleWebKit/537.36 (KHTML, like Gecko) Chrome/139.0.0.0 Safari/537.36"
216.73.216.37 - - [15/Aug/2025:17:11:39 -0300] "GET /robots.txt HTTP/1.1" 200 145 "-" "Mozilla/5.0 AppleWebKit/537.36 (KHTML, like Gecko; compatible; ClaudeBot/1.0; +claudebot@anthropic.com)"
216.73.216.37 - - [15/Aug/2025:17:11:41 -0300] "GET /wp-content/plugins/supportcandy/asset/libs/jquery-circle-progress/circle-progress.min.js HTTP/1.1" 200 4445 "-" "Mozilla/5.0 AppleWebKit/537.36 (KHTML, like Gecko; compatible; ClaudeBot/1.0; +claudebot@anthropic.com)"
162.214.27.60 - - [15/Aug/2025:17:11:40 -0300] "POST /wp-cron.php?doing_wp_cron=1755288700.6390070915222167968750 HTTP/1.1" 200 - "-" "WordPress/6.8.2; https://suporte.komforthouse.com.br"
216.73.216.37 - - [15/Aug/2025:17:11:42 -0300] "GET /wp-includes/js/jquery/jquery-migrate.min.js HTTP/1.1" 200 13577 "-" "Mozilla/5.0 AppleWebKit/537.36 (KHTML, like Gecko; compatible; ClaudeBot/1.0; +claudebot@anthropic.com)"
162.214.27.60 - - [15/Aug/2025:17:12:10 -0300] "POST /wp-cron.php?doing_wp_cron=1755288730.3794579505920410156250 HTTP/1.1" 200 - "-" "WordPress/6.8.2; https://suporte.komforthouse.com.br"
200.4.115.77 - - [15/Aug/2025:17:12:09 -0300] "POST /wp-admin/admin-ajax.php HTTP/1.1" 400 1 "https://suporte.komforthouse.com.br/?wpsc-section=dashboard" "Mozilla/5.0 (Windows NT 10.0; Win64; x64) AppleWebKit/537.36 (KHTML, like Gecko) Chrome/139.0.0.0 Safari/537.36"
201.49.181.65 - - [15/Aug/2025:17:12:41 -0300] "POST /wp-admin/admin-ajax.php HTTP/1.1" 200 24 "https://suporte.komforthouse.com.br/?wpsc-section=ticket-list&ticket-id=816" "Mozilla/5.0 (Windows NT 10.0; Win64; x64) AppleWebKit/537.36 (KHTML, like Gecko) Chrome/139.0.0.0 Safari/537.36"
190.8.173.156 - - [15/Aug/2025:17:12:42 -0300] "POST /wp-admin/admin-ajax.php HTTP/1.1" 200 24 "https://suporte.komforthouse.com.br/?wpsc-section=ticket-list" "Mozilla/5.0 (Windows NT 10.0; Win64; x64) AppleWebKit/537.36 (KHTML, like Gecko) Chrome/139.0.0.0 Safari/537.36"
190.8.173.156 - - [15/Aug/2025:17:12:42 -0300] "POST /wp-admin/admin-ajax.php HTTP/1.1" 200 24 "https://suporte.komforthouse.com.br/?wpsc-section=ticket-list" "Mozilla/5.0 (Windows NT 10.0; Win64; x64) AppleWebKit/537.36 (KHTML, like Gecko) Chrome/139.0.0.0 Safari/537.36"
201.49.181.65 - - [15/Aug/2025:17:13:43 -0300] "POST /wp-admin/admin-ajax.php HTTP/1.1" 200 24 "https://suporte.komforthouse.com.br/?wpsc-section=ticket-list&ticket-id=816" "Mozilla/5.0 (Windows NT 10.0; Win64; x64) AppleWebKit/537.36 (KHTML, like Gecko) Chrome/139.0.0.0 Safari/537.36"
162.214.27.60 - - [15/Aug/2025:17:13:45 -0300] "POST /wp-cron.php?doing_wp_cron=1755288825.2255289554595947265625 HTTP/1.1" 200 - "-" "WordPress/6.8.2; https://suporte.komforthouse.com.br"
190.8.173.156 - - [15/Aug/2025:17:13:44 -0300] "POST /wp-admin/admin-ajax.php HTTP/1.1" 200 24 "https://suporte.komforthouse.com.br/?wpsc-section=ticket-list" "Mozilla/5.0 (Windows NT 10.0; Win64; x64) AppleWebKit/537.36 (KHTML, like Gecko) Chrome/139.0.0.0 Safari/537.36"
190.8.173.156 - - [15/Aug/2025:17:13:44 -0300] "POST /wp-admin/admin-ajax.php HTTP/1.1" 200 24 "https://suporte.komforthouse.com.br/?wpsc-section=ticket-list" "Mozilla/5.0 (Windows NT 10.0; Win64; x64) AppleWebKit/537.36 (KHTML, like Gecko) Chrome/139.0.0.0 Safari/537.36"
162.214.27.60 - - [15/Aug/2025:17:13:46 -0300] "POST /wp-cron.php?doing_wp_cron=1755288826.9111518859863281250000 HTTP/1.1" 200 - "-" "WordPress/6.8.2; https://suporte.komforthouse.com.br"
190.8.173.156 - - [15/Aug/2025:17:14:47 -0300] "POST /wp-admin/admin-ajax.php HTTP/1.1" 200 24 "https://suporte.komforthouse.com.br/?wpsc-section=ticket-list" "Mozilla/5.0 (Windows NT 10.0; Win64; x64) AppleWebKit/537.36 (KHTML, like Gecko) Chrome/139.0.0.0 Safari/537.36"
201.49.181.65 - - [15/Aug/2025:17:14:47 -0300] "POST /wp-admin/admin-ajax.php HTTP/1.1" 200 24 "https://suporte.komforthouse.com.br/?wpsc-section=ticket-list&ticket-id=816" "Mozilla/5.0 (Windows NT 10.0; Win64; x64) AppleWebKit/537.36 (KHTML, like Gecko) Chrome/139.0.0.0 Safari/537.36"
162.214.27.60 - - [15/Aug/2025:17:14:49 -0300] "POST /wp-cron.php?doing_wp_cron=1755288889.3495259284973144531250 HTTP/1.1" 200 - "-" "WordPress/6.8.2; https://suporte.komforthouse.com.br"
162.214.27.60 - - [15/Aug/2025:17:14:49 -0300] "POST /wp-cron.php?doing_wp_cron=1755288889.1979470252990722656250 HTTP/1.1" 200 - "-" "WordPress/6.8.2; https://suporte.komforthouse.com.br"
190.8.173.156 - - [15/Aug/2025:17:14:48 -0300] "POST /wp-admin/admin-ajax.php HTTP/1.1" 200 24 "https://suporte.komforthouse.com.br/?wpsc-section=ticket-list" "Mozilla/5.0 (Windows NT 10.0; Win64; x64) AppleWebKit/537.36 (KHTML, like Gecko) Chrome/139.0.0.0 Safari/537.36"
162.214.27.60 - - [15/Aug/2025:17:14:49 -0300] "POST /wp-cron.php?doing_wp_cron=1755288889.7219450473785400390625 HTTP/1.1" 200 - "-" "WordPress/6.8.2; https://suporte.komforthouse.com.br"
190.8.173.156 - - [15/Aug/2025:17:15:51 -0300] "POST /wp-admin/admin-ajax.php HTTP/1.1" 200 24 "https://suporte.komforthouse.com.br/?wpsc-section=ticket-list" "Mozilla/5.0 (Windows NT 10.0; Win64; x64) AppleWebKit/537.36 (KHTML, like Gecko) Chrome/139.0.0.0 Safari/537.36"
201.49.181.65 - - [15/Aug/2025:17:15:51 -0300] "POST /wp-admin/admin-ajax.php HTTP/1.1" 200 24 "https://suporte.komforthouse.com.br/?wpsc-section=ticket-list&ticket-id=816" "Mozilla/5.0 (Windows NT 10.0; Win64; x64) AppleWebKit/537.36 (KHTML, like Gecko) Chrome/139.0.0.0 Safari/537.36"
190.8.173.156 - - [15/Aug/2025:17:15:51 -0300] "POST /wp-admin/admin-ajax.php HTTP/1.1" 200 24 "https://suporte.komforthouse.com.br/?wpsc-section=ticket-list" "Mozilla/5.0 (Windows NT 10.0; Win64; x64) AppleWebKit/537.36 (KHTML, like Gecko) Chrome/139.0.0.0 Safari/537.36"
162.214.27.60 - - [15/Aug/2025:17:15:53 -0300] "POST /wp-cron.php?doing_wp_cron=1755288953.1001939773559570312500 HTTP/1.1" 200 - "-" "WordPress/6.8.2; https://suporte.komforthouse.com.br"
196.251.83.126 - - [15/Aug/2025:17:16:12 -0300] "POST /wp-login.php HTTP/1.1" 200 9793 "-" "Mozilla/5.0"
162.214.27.60 - - [15/Aug/2025:17:16:13 -0300] "POST /wp-cron.php?doing_wp_cron=1755288973.4696080684661865234375 HTTP/1.1" 200 - "-" "WordPress/6.8.2; https://suporte.komforthouse.com.br"
190.8.173.156 - - [15/Aug/2025:17:16:54 -0300] "POST /wp-admin/admin-ajax.php HTTP/1.1" 200 24 "https://suporte.komforthouse.com.br/?wpsc-section=ticket-list" "Mozilla/5.0 (Windows NT 10.0; Win64; x64) AppleWebKit/537.36 (KHTML, like Gecko) Chrome/139.0.0.0 Safari/537.36"
201.49.181.65 - - [15/Aug/2025:17:16:54 -0300] "POST /wp-admin/admin-ajax.php HTTP/1.1" 200 24 "https://suporte.komforthouse.com.br/?wpsc-section=ticket-list&ticket-id=816" "Mozilla/5.0 (Windows NT 10.0; Win64; x64) AppleWebKit/537.36 (KHTML, like Gecko) Chrome/139.0.0.0 Safari/537.36"
190.8.173.156 - - [15/Aug/2025:17:16:54 -0300] "POST /wp-admin/admin-ajax.php HTTP/1.1" 200 24 "https://suporte.komforthouse.com.br/?wpsc-section=ticket-list" "Mozilla/5.0 (Windows NT 10.0; Win64; x64) AppleWebKit/537.36 (KHTML, like Gecko) Chrome/139.0.0.0 Safari/537.36"
172.253.234.234 - - [15/Aug/2025:17:17:50 -0300] "GET /wp-content/uploads/2024/05/Akomfort-house-sofas-colchoes-logo-2024-preto.svg HTTP/1.1" 200 13550 "http://suporte.komforthouse.com.br/" "Mozilla/5.0 (Windows NT 10.0; Win64; x64) AppleWebKit/537.36 (KHTML, like Gecko) Chrome/138.0.0.0 Safari/537.36"
172.253.234.214 - - [15/Aug/2025:17:17:50 -0300] "GET /wp-content/uploads/2024/05/sistemas-icon-1024x1024.png HTTP/1.1" 200 24722 "http://suporte.komforthouse.com.br/" "Mozilla/5.0 (Windows NT 10.0; Win64; x64) AppleWebKit/537.36 (KHTML, like Gecko) Chrome/138.0.0.0 Safari/537.36"
172.253.234.209 - - [15/Aug/2025:17:17:50 -0300] "GET /wp-content/uploads/2024/05/Assinatura_Email_v1-1-1.png HTTP/1.1" 200 100210 "http://suporte.komforthouse.com.br/" "Mozilla/5.0 (Windows NT 10.0; Win64; x64) AppleWebKit/537.36 (KHTML, like Gecko) Chrome/138.0.0.0 Safari/537.36"
172.253.218.51 - - [15/Aug/2025:17:17:51 -0300] "GET /wp-content/uploads/2024/05/Akomfort-house-sofas-colchoes-logo-2024-preto.svg HTTP/1.1" 200 13550 "http://suporte.komforthouse.com.br/" "Mozilla/5.0 (Windows NT 10.0; Win64; x64) AppleWebKit/537.36 (KHTML, like Gecko) Chrome/138.0.0.0 Safari/537.36"
172.253.218.126 - - [15/Aug/2025:17:17:51 -0300] "GET /wp-content/uploads/2024/05/sistemas-icon-1024x1024.png HTTP/1.1" 200 24722 "http://suporte.komforthouse.com.br/" "Mozilla/5.0 (Windows NT 10.0; Win64; x64) AppleWebKit/537.36 (KHTML, like Gecko) Chrome/138.0.0.0 Safari/537.36"
172.253.218.62 - - [15/Aug/2025:17:17:51 -0300] "GET /wp-content/uploads/2024/05/Assinatura_Email_v1-1-1.png HTTP/1.1" 200 100210 "http://suporte.komforthouse.com.br/" "Mozilla/5.0 (Windows NT 10.0; Win64; x64) AppleWebKit/537.36 (KHTML, like Gecko) Chrome/138.0.0.0 Safari/537.36"
50.151.212.5 - - [15/Aug/2025:17:17:49 -0300] "GET / HTTP/1.1" 200 135805 "https://www.google.com/" "Mozilla/5.0 (Windows NT 10.0; Win64; x64) AppleWebKit/537.36 (KHTML, like Gecko) Chrome/138.0.0.0 Safari/537.36"
50.151.212.5 - - [15/Aug/2025:17:17:51 -0300] "GET /wp-includes/css/buttons.min.css?ver=6.8.2 HTTP/1.1" 200 6061 "https://suporte.komforthouse.com.br/" "Mozilla/5.0 (Windows NT 10.0; Win64; x64) AppleWebKit/537.36 (KHTML, like Gecko) Chrome/138.0.0.0 Safari/537.36"
50.151.212.5 - - [15/Aug/2025:17:17:52 -0300] "GET /wp-includes/css/dashicons.min.css?ver=6.8.2 HTTP/1.1" 200 59016 "https://suporte.komforthouse.com.br/" "Mozilla/5.0 (Windows NT 10.0; Win64; x64) AppleWebKit/537.36 (KHTML, like Gecko) Chrome/138.0.0.0 Safari/537.36"
50.151.212.5 - - [15/Aug/2025:17:17:52 -0300] "GET /wp-includes/css/editor.min.css?ver=6.8.2 HTTP/1.1" 200 26851 "https://suporte.komforthouse.com.br/" "Mozilla/5.0 (Windows NT 10.0; Win64; x64) AppleWebKit/537.36 (KHTML, like Gecko) Chrome/138.0.0.0 Safari/537.36"
50.151.212.5 - - [15/Aug/2025:17:17:52 -0300] "GET /wp-content/plugins/supportcandy/framework/style.css?ver=3.3.0 HTTP/1.1" 200 40280 "https://suporte.komforthouse.com.br/" "Mozilla/5.0 (Windows NT 10.0; Win64; x64) AppleWebKit/537.36 (KHTML, like Gecko) Chrome/138.0.0.0 Safari/537.36"
50.151.212.5 - - [15/Aug/2025:17:17:52 -0300] "GET /wp-content/plugins/supportcandy/asset/css/select2.css?ver=3.3.0 HTTP/1.1" 200 15314 "https://suporte.komforthouse.com.br/" "Mozilla/5.0 (Windows NT 10.0; Win64; x64) AppleWebKit/537.36 (KHTML, like Gecko) Chrome/138.0.0.0 Safari/537.36"
50.151.212.5 - - [15/Aug/2025:17:17:52 -0300] "GET /wp-content/plugins/supportcandy/asset/libs/gpopover/jquery.gpopover.css?ver=3.3.0 HTTP/1.1" 200 993 "https://suporte.komforthouse.com.br/" "Mozilla/5.0 (Windows NT 10.0; Win64; x64) AppleWebKit/537.36 (KHTML, like Gecko) Chrome/138.0.0.0 Safari/537.36"
50.151.212.5 - - [15/Aug/2025:17:17:52 -0300] "GET /wp-content/plugins/supportcandy/asset/libs/flatpickr/flatpickr.min.css?ver=3.3.0 HTTP/1.1" 200 15954 "https://suporte.komforthouse.com.br/" "Mozilla/5.0 (Windows NT 10.0; Win64; x64) AppleWebKit/537.36 (KHTML, like Gecko) Chrome/138.0.0.0 Safari/537.36"
50.151.212.5 - - [15/Aug/2025:17:17:52 -0300] "GET /wp-content/themes/hello-elementor/style.min.css?ver=3.2.1 HTTP/1.1" 200 5501 "https://suporte.komforthouse.com.br/" "Mozilla/5.0 (Windows NT 10.0; Win64; x64) AppleWebKit/537.36 (KHTML, like Gecko) Chrome/138.0.0.0 Safari/537.36"
50.151.212.5 - - [15/Aug/2025:17:17:52 -0300] "GET /wp-content/themes/hello-elementor/theme.min.css?ver=3.2.1 HTTP/1.1" 200 5069 "https://suporte.komforthouse.com.br/" "Mozilla/5.0 (Windows NT 10.0; Win64; x64) AppleWebKit/537.36 (KHTML, like Gecko) Chrome/138.0.0.0 Safari/537.36"
50.151.212.5 - - [15/Aug/2025:17:17:52 -0300] "GET /wp-content/themes/hello-elementor/header-footer.min.css?ver=3.2.1 HTTP/1.1" 200 7212 "https://suporte.komforthouse.com.br/" "Mozilla/5.0 (Windows NT 10.0; Win64; x64) AppleWebKit/537.36 (KHTML, like Gecko) Chrome/138.0.0.0 Safari/537.36"
50.151.212.5 - - [15/Aug/2025:17:17:52 -0300] "GET /wp-content/plugins/supportcandy/asset/libs/fullcalendar/lib/main.min.css?ver=3.3.0 HTTP/1.1" 200 25275 "https://suporte.komforthouse.com.br/" "Mozilla/5.0 (Windows NT 10.0; Win64; x64) AppleWebKit/537.36 (KHTML, like Gecko) Chrome/138.0.0.0 Safari/537.36"
50.151.212.5 - - [15/Aug/2025:17:17:52 -0300] "GET /wp-content/plugins/supportcandy/asset/libs/DataTables/datatables.min.css?ver=3.3.0 HTTP/1.1" 200 31159 "https://suporte.komforthouse.com.br/" "Mozilla/5.0 (Windows NT 10.0; Win64; x64) AppleWebKit/537.36 (KHTML, like Gecko) Chrome/138.0.0.0 Safari/537.36"
50.151.212.5 - - [15/Aug/2025:17:17:52 -0300] "GET /wp-content/plugins/elementor/assets/css/frontend.min.css?ver=3.26.4 HTTP/1.1" 200 53257 "https://suporte.komforthouse.com.br/" "Mozilla/5.0 (Windows NT 10.0; Win64; x64) AppleWebKit/537.36 (KHTML, like Gecko) Chrome/138.0.0.0 Safari/537.36"
50.151.212.5 - - [15/Aug/2025:17:17:52 -0300] "GET /wp-content/uploads/elementor/css/post-6.css?ver=1736276062 HTTP/1.1" 200 1614 "https://suporte.komforthouse.com.br/" "Mozilla/5.0 (Windows NT 10.0; Win64; x64) AppleWebKit/537.36 (KHTML, like Gecko) Chrome/138.0.0.0 Safari/537.36"
50.151.212.5 - - [15/Aug/2025:17:17:52 -0300] "GET /wp-content/plugins/elementor/assets/css/widget-image.min.css?ver=3.26.4 HTTP/1.1" 200 254 "https://suporte.komforthouse.com.br/" "Mozilla/5.0 (Windows NT 10.0; Win64; x64) AppleWebKit/537.36 (KHTML, like Gecko) Chrome/138.0.0.0 Safari/537.36"
50.151.212.5 - - [15/Aug/2025:17:17:52 -0300] "GET /wp-content/plugins/elementor/assets/css/widget-social-icons.min.css?ver=3.26.4 HTTP/1.1" 200 5150 "https://suporte.komforthouse.com.br/" "Mozilla/5.0 (Windows NT 10.0; Win64; x64) AppleWebKit/537.36 (KHTML, like Gecko) Chrome/138.0.0.0 Safari/537.36"
50.151.212.5 - - [15/Aug/2025:17:17:52 -0300] "GET /wp-content/plugins/elementor-pro/assets/css/widget-nav-menu.min.css?ver=3.26.3 HTTP/1.1" 200 26859 "https://suporte.komforthouse.com.br/" "Mozilla/5.0 (Windows NT 10.0; Win64; x64) AppleWebKit/537.36 (KHTML, like Gecko) Chrome/138.0.0.0 Safari/537.36"
50.151.212.5 - - [15/Aug/2025:17:17:52 -0300] "GET /wp-content/plugins/elementor/assets/css/conditionals/apple-webkit.min.css?ver=3.26.4 HTTP/1.1" 200 7025 "https://suporte.komforthouse.com.br/" "Mozilla/5.0 (Windows NT 10.0; Win64; x64) AppleWebKit/537.36 (KHTML, like Gecko) Chrome/138.0.0.0 Safari/537.36"
50.151.212.5 - - [15/Aug/2025:17:17:52 -0300] "GET /wp-content/plugins/elementor/assets/css/widget-divider.min.css?ver=3.26.4 HTTP/1.1" 200 4298 "https://suporte.komforthouse.com.br/" "Mozilla/5.0 (Windows NT 10.0; Win64; x64) AppleWebKit/537.36 (KHTML, like Gecko) Chrome/138.0.0.0 Safari/537.36"
50.151.212.5 - - [15/Aug/2025:17:17:52 -0300] "GET /wp-content/plugins/elementor/assets/css/widget-heading.min.css?ver=3.26.4 HTTP/1.1" 200 600 "https://suporte.komforthouse.com.br/" "Mozilla/5.0 (Windows NT 10.0; Win64; x64) AppleWebKit/537.36 (KHTML, like Gecko) Chrome/138.0.0.0 Safari/537.36"
50.151.212.5 - - [15/Aug/2025:17:17:52 -0300] "GET /wp-content/plugins/elementor/assets/css/conditionals/e-swiper.min.css?ver=3.26.4 HTTP/1.1" 200 5486 "https://suporte.komforthouse.com.br/" "Mozilla/5.0 (Windows NT 10.0; Win64; x64) AppleWebKit/537.36 (KHTML, like Gecko) Chrome/138.0.0.0 Safari/537.36"
50.151.212.5 - - [15/Aug/2025:17:17:52 -0300] "GET /wp-content/plugins/elementor-pro/assets/css/widget-loop-common.min.css?ver=3.26.3 HTTP/1.1" 200 208 "https://suporte.komforthouse.com.br/" "Mozilla/5.0 (Windows NT 10.0; Win64; x64) AppleWebKit/537.36 (KHTML, like Gecko) Chrome/138.0.0.0 Safari/537.36"
50.151.212.5 - - [15/Aug/2025:17:17:52 -0300] "GET /wp-content/plugins/elementor/assets/lib/swiper/v8/css/swiper.min.css?ver=8.4.5 HTTP/1.1" 200 16471 "https://suporte.komforthouse.com.br/" "Mozilla/5.0 (Windows NT 10.0; Win64; x64) AppleWebKit/537.36 (KHTML, like Gecko) Chrome/138.0.0.0 Safari/537.36"
50.151.212.5 - - [15/Aug/2025:17:17:52 -0300] "GET /wp-content/plugins/elementor-pro/assets/css/widget-loop-grid.min.css?ver=3.26.3 HTTP/1.1" 200 13191 "https://suporte.komforthouse.com.br/" "Mozilla/5.0 (Windows NT 10.0; Win64; x64) AppleWebKit/537.36 (KHTML, like Gecko) Chrome/138.0.0.0 Safari/537.36"
50.151.212.5 - - [15/Aug/2025:17:17:52 -0300] "GET /wp-content/plugins/elementor-pro/assets/css/widget-loop-carousel.min.css?ver=3.26.3 HTTP/1.1" 200 8391 "https://suporte.komforthouse.com.br/" "Mozilla/5.0 (Windows NT 10.0; Win64; x64) AppleWebKit/537.36 (KHTML, like Gecko) Chrome/138.0.0.0 Safari/537.36"
50.151.212.5 - - [15/Aug/2025:17:17:52 -0300] "GET /wp-content/plugins/elementor/assets/css/widget-icon-box.min.css?ver=3.26.4 HTTP/1.1" 200 10071 "https://suporte.komforthouse.com.br/" "Mozilla/5.0 (Windows NT 10.0; Win64; x64) AppleWebKit/537.36 (KHTML, like Gecko) Chrome/138.0.0.0 Safari/537.36"
50.151.212.5 - - [15/Aug/2025:17:17:52 -0300] "GET /wp-content/uploads/elementor/css/post-9.css?ver=1736276062 HTTP/1.1" 200 2456 "https://suporte.komforthouse.com.br/" "Mozilla/5.0 (Windows NT 10.0; Win64; x64) AppleWebKit/537.36 (KHTML, like Gecko) Chrome/138.0.0.0 Safari/537.36"
50.151.212.5 - - [15/Aug/2025:17:17:52 -0300] "GET /wp-content/uploads/elementor/css/post-98.css?ver=1736276062 HTTP/1.1" 200 16651 "https://suporte.komforthouse.com.br/" "Mozilla/5.0 (Windows NT 10.0; Win64; x64) AppleWebKit/537.36 (KHTML, like Gecko) Chrome/138.0.0.0 Safari/537.36"
50.151.212.5 - - [15/Aug/2025:17:17:52 -0300] "GET /wp-content/uploads/elementor/css/post-128.css?ver=1736276062 HTTP/1.1" 200 12375 "https://suporte.komforthouse.com.br/" "Mozilla/5.0 (Windows NT 10.0; Win64; x64) AppleWebKit/537.36 (KHTML, like Gecko) Chrome/138.0.0.0 Safari/537.36"
50.151.212.5 - - [15/Aug/2025:17:17:52 -0300] "GET /wp-includes/js/jquery/jquery-migrate.min.js?ver=3.4.1 HTTP/1.1" 200 13577 "https://suporte.komforthouse.com.br/" "Mozilla/5.0 (Windows NT 10.0; Win64; x64) AppleWebKit/537.36 (KHTML, like Gecko) Chrome/138.0.0.0 Safari/537.36"
50.151.212.5 - - [15/Aug/2025:17:17:52 -0300] "GET /wp-includes/js/utils.min.js?ver=6.8.2 HTTP/1.1" 200 1864 "https://suporte.komforthouse.com.br/" "Mozilla/5.0 (Windows NT 10.0; Win64; x64) AppleWebKit/537.36 (KHTML, like Gecko) Chrome/138.0.0.0 Safari/537.36"
50.151.212.5 - - [15/Aug/2025:17:17:52 -0300] "GET /wp-content/uploads/2024/05/Akomfort-house-sofas-colchoes-logo-2024-preto.svg HTTP/1.1" 200 13550 "https://suporte.komforthouse.com.br/" "Mozilla/5.0 (Windows NT 10.0; Win64; x64) AppleWebKit/537.36 (KHTML, like Gecko) Chrome/138.0.0.0 Safari/537.36"
50.151.212.5 - - [15/Aug/2025:17:17:52 -0300] "GET /wp-content/uploads/2024/05/sistemas-icon-1024x1024.png HTTP/1.1" 200 24722 "https://suporte.komforthouse.com.br/" "Mozilla/5.0 (Windows NT 10.0; Win64; x64) AppleWebKit/537.36 (KHTML, like Gecko) Chrome/138.0.0.0 Safari/537.36"
50.151.212.5 - - [15/Aug/2025:17:17:52 -0300] "GET /wp-includes/js/jquery/jquery.min.js?ver=3.7.1 HTTP/1.1" 200 87553 "https://suporte.komforthouse.com.br/" "Mozilla/5.0 (Windows NT 10.0; Win64; x64) AppleWebKit/537.36 (KHTML, like Gecko) Chrome/138.0.0.0 Safari/537.36"
50.151.212.5 - - [15/Aug/2025:17:17:52 -0300] "GET /wp-content/uploads/2024/05/Assinatura_Email_v1-1-1.png HTTP/1.1" 200 100210 "https://suporte.komforthouse.com.br/" "Mozilla/5.0 (Windows NT 10.0; Win64; x64) AppleWebKit/537.36 (KHTML, like Gecko) Chrome/138.0.0.0 Safari/537.36"
50.151.212.5 - - [15/Aug/2025:17:17:53 -0300] "GET /wp-content/uploads/2024/05/komfort-house-sofas-colchoes-logo-2024-branco.svg HTTP/1.1" 200 13550 "https://suporte.komforthouse.com.br/" "Mozilla/5.0 (Windows NT 10.0; Win64; x64) AppleWebKit/537.36 (KHTML, like Gecko) Chrome/138.0.0.0 Safari/537.36"
50.151.212.5 - - [15/Aug/2025:17:17:53 -0300] "GET /wp-content/uploads/2024/05/Assinatura_Email_v1-1-1536x430.png HTTP/1.1" 200 255156 "https://suporte.komforthouse.com.br/" "Mozilla/5.0 (Windows NT 10.0; Win64; x64) AppleWebKit/537.36 (KHTML, like Gecko) Chrome/138.0.0.0 Safari/537.36"
172.253.218.62 - - [15/Aug/2025:17:17:53 -0300] "GET /wp-content/uploads/2024/05/komfort-house-sofas-colchao-portal-rh.jpg HTTP/1.1" 200 98751 "http://suporte.komforthouse.com.br/" "Mozilla/5.0 (Windows NT 10.0; Win64; x64) AppleWebKit/537.36 (KHTML, like Gecko) Chrome/138.0.0.0 Safari/537.36"
50.151.212.5 - - [15/Aug/2025:17:17:53 -0300] "GET /wp-content/plugins/elementor/assets/css/widget-video.min.css?ver=3.26.4 HTTP/1.1" 200 1867 "https://suporte.komforthouse.com.br/" "Mozilla/5.0 (Windows NT 10.0; Win64; x64) AppleWebKit/537.36 (KHTML, like Gecko) Chrome/138.0.0.0 Safari/537.36"
50.151.212.5 - - [15/Aug/2025:17:17:53 -0300] "GET /wp-includes/js/jquery/ui/core.min.js?ver=1.13.3 HTTP/1.1" 200 21464 "https://suporte.komforthouse.com.br/" "Mozilla/5.0 (Windows NT 10.0; Win64; x64) AppleWebKit/537.36 (KHTML, like Gecko) Chrome/138.0.0.0 Safari/537.36"
50.151.212.5 - - [15/Aug/2025:17:17:53 -0300] "GET /wp-admin/js/editor.min.js?ver=6.8.2 HTTP/1.1" 200 13066 "https://suporte.komforthouse.com.br/" "Mozilla/5.0 (Windows NT 10.0; Win64; x64) AppleWebKit/537.36 (KHTML, like Gecko) Chrome/138.0.0.0 Safari/537.36"
