172.253.234.211 - - [15/Aug/2025:17:17:52 -0300] "GET /wp-content/plugins/elementor/assets/js/frontend.min.js?ver=3.26.4 HTTP/1.1" 200 45428 "http://suporte.komforthouse.com.br/wp-content/uploads/" "Mozilla/5.0 (Windows NT 10.0; Win64; x64) AppleWebKit/537.36 (KHTML, like Gecko) Chrome/138.0.0.0 Safari/537.36"
172.253.234.229 - - [15/Aug/2025:17:17:53 -0300] "GET /wp-content/plugins/elementor-pro/assets/js/elements-handlers.min.js?ver=3.26.3 HTTP/1.1" 200 44624 "http://suporte.komforthouse.com.br/wp-content/uploads/" "Mozilla/5.0 (Windows NT 10.0; Win64; x64) AppleWebKit/537.36 (KHTML, like Gecko) Chrome/138.0.0.0 Safari/537.36"
172.253.234.211 - - [15/Aug/2025:17:17:53 -0300] "GET /wp-includes/js/tinymce/tinymce.min.js?ver=49110-20250317 HTTP/1.1" 200 365570 "http://suporte.komforthouse.com.br/wp-content/uploads/" "Mozilla/5.0 (Windows NT 10.0; Win64; x64) AppleWebKit/537.36 (KHTML, like Gecko) Chrome/138.0.0.0 Safari/537.36"
172.253.218.127 - - [15/Aug/2025:17:17:53 -0300] "GET /wp-includes/js/wp-emoji-release.min.js?ver=6.8.2 HTTP/1.1" 200 19251 "http://suporte.komforthouse.com.br/wp-content/uploads/2024/" "Mozilla/5.0 (Windows NT 10.0; Win64; x64) AppleWebKit/537.36 (KHTML, like Gecko) Chrome/138.0.0.0 Safari/537.36"
200.159.132.133 - - [15/Aug/2025:17:17:53 -0300] "GET /wp-includes/css/buttons.min.css?ver=6.8.2 HTTP/1.1" 200 6061 "http://suporte.komforthouse.com.br/wp-content/uploads/" "Mozilla/5.0 (Windows NT 10.0; Win64; x64) AppleWebKit/537.36 (KHTML, like Gecko) Chrome/138.0.0.0 Safari/537.36"
172.253.218.63 - - [15/Aug/2025:17:17:53 -0300] "GET /wp-content/plugins/supportcandy/framework/responsive/lg.css?version=3.3.0 HTTP/1.1" 200 411 "http://suporte.komforthouse.com.br/wp-content/uploads/2024/" "Mozilla/5.0 (Windows NT 10.0; Win64; x64) AppleWebKit/537.36 (KHTML, like Gecko) Chrome/138.0.0.0 Safari/537.36"
172.253.218.48 - - [15/Aug/2025:17:17:53 -0300] "GET /wp-includes/js/thickbox/loadingAnimation.gif HTTP/1.1" 200 15238 "http://suporte.komforthouse.com.br/wp-content/uploads/2024/" "Mozilla/5.0 (Windows NT 10.0; Win64; x64) AppleWebKit/537.36 (KHTML, like Gecko) Chrome/138.0.0.0 Safari/537.36"
172.253.234.229 - - [15/Aug/2025:17:17:53 -0300] "GET /wp-includes/js/tinymce/plugins/compat3x/plugin.min.js?ver=49110-20250317 HTTP/1.1" 200 4129 "http://suporte.komforthouse.com.br/wp-content/uploads/" "Mozilla/5.0 (Windows NT 10.0; Win64; x64) AppleWebKit/537.36 (KHTML, like Gecko) Chrome/138.0.0.0 Safari/537.36"
200.159.132.133 - - [15/Aug/2025:17:17:53 -0300] "GET /wp-content/plugins/supportcandy/asset/css/select2.css?ver=3.3.0 HTTP/1.1" 200 15314 "http://suporte.komforthouse.com.br/wp-content/uploads/" "Mozilla/5.0 (Windows NT 10.0; Win64; x64) AppleWebKit/537.36 (KHTML, like Gecko) Chrome/138.0.0.0 Safari/537.36"
200.159.132.133 - - [15/Aug/2025:17:17:53 -0300] "GET /wp-includes/css/editor.min.css?ver=6.8.2 HTTP/1.1" 200 26851 "http://suporte.komforthouse.com.br/wp-content/uploads/" "Mozilla/5.0 (Windows NT 10.0; Win64; x64) AppleWebKit/537.36 (KHTML, like Gecko) Chrome/138.0.0.0 Safari/537.36"
200.159.132.133 - - [15/Aug/2025:17:17:53 -0300] "GET /wp-content/plugins/supportcandy/framework/style.css?ver=3.3.0 HTTP/1.1" 200 40280 "http://suporte.komforthouse.com.br/wp-content/uploads/" "Mozilla/5.0 (Windows NT 10.0; Win64; x64) AppleWebKit/537.36 (KHTML, like Gecko) Chrome/138.0.0.0 Safari/537.36"
200.159.132.133 - - [15/Aug/2025:17:17:53 -0300] "GET /wp-content/plugins/supportcandy/asset/libs/gpopover/jquery.gpopover.css?ver=3.3.0 HTTP/1.1" 200 993 "http://suporte.komforthouse.com.br/wp-content/uploads/" "Mozilla/5.0 (Windows NT 10.0; Win64; x64) AppleWebKit/537.36 (KHTML, like Gecko) Chrome/138.0.0.0 Safari/537.36"
172.253.218.48 - - [15/Aug/2025:17:17:53 -0300] "GET /wp-content/plugins/elementor-pro/assets/js/nav-menu.a23fbd67486c5bedf26c.bundle.min.js HTTP/1.1" 200 5282 "http://suporte.komforthouse.com.br/wp-content/uploads/2024/" "Mozilla/5.0 (Windows NT 10.0; Win64; x64) AppleWebKit/537.36 (KHTML, like Gecko) Chrome/138.0.0.0 Safari/537.36"
172.253.218.127 - - [15/Aug/2025:17:17:53 -0300] "GET /wp-content/plugins/elementor-pro/assets/js/ajax-pagination.2090b5f4906bcda1dcc2.bundle.min.js HTTP/1.1" 200 2814 "http://suporte.komforthouse.com.br/wp-content/uploads/2024/" "Mozilla/5.0 (Windows NT 10.0; Win64; x64) AppleWebKit/537.36 (KHTML, like Gecko) Chrome/138.0.0.0 Safari/537.36"
172.253.218.63 - - [15/Aug/2025:17:17:53 -0300] "GET /wp-content/plugins/elementor-pro/assets/js/loop.4a16d82b8b5e3e00f25e.bundle.min.js HTTP/1.1" 200 9365 "http://suporte.komforthouse.com.br/wp-content/uploads/2024/" "Mozilla/5.0 (Windows NT 10.0; Win64; x64) AppleWebKit/537.36 (KHTML, like Gecko) Chrome/138.0.0.0 Safari/537.36"
172.253.218.127 - - [15/Aug/2025:17:17:53 -0300] "GET /wp-content/plugins/elementor-pro/assets/js/loop-carousel.f8067ec0c24b628c786e.bundle.min.js HTTP/1.1" 200 1357 "http://suporte.komforthouse.com.br/wp-content/uploads/2024/" "Mozilla/5.0 (Windows NT 10.0; Win64; x64) AppleWebKit/537.36 (KHTML, like Gecko) Chrome/138.0.0.0 Safari/537.36"
172.253.218.61 - - [15/Aug/2025:17:17:53 -0300] "GET /wp-content/plugins/elementor-pro/assets/js/load-more.8b46f464e573feab5dd7.bundle.min.js HTTP/1.1" 200 5346 "http://suporte.komforthouse.com.br/wp-content/uploads/2024/" "Mozilla/5.0 (Windows NT 10.0; Win64; x64) AppleWebKit/537.36 (KHTML, like Gecko) Chrome/138.0.0.0 Safari/537.36"
200.159.132.133 - - [15/Aug/2025:17:17:53 -0300] "GET /wp-content/plugins/supportcandy/asset/libs/flatpickr/flatpickr.min.css?ver=3.3.0 HTTP/1.1" 200 15954 "http://suporte.komforthouse.com.br/wp-content/uploads/" "Mozilla/5.0 (Windows NT 10.0; Win64; x64) AppleWebKit/537.36 (KHTML, like Gecko) Chrome/138.0.0.0 Safari/537.36"
200.159.132.133 - - [15/Aug/2025:17:17:53 -0300] "GET /wp-includes/css/dashicons.min.css?ver=6.8.2 HTTP/1.1" 200 59016 "http://suporte.komforthouse.com.br/wp-content/uploads/" "Mozilla/5.0 (Windows NT 10.0; Win64; x64) AppleWebKit/537.36 (KHTML, like Gecko) Chrome/138.0.0.0 Safari/537.36"
200.159.132.133 - - [15/Aug/2025:17:17:53 -0300] "GET /wp-content/plugins/supportcandy/asset/libs/fullcalendar/lib/main.min.css?ver=3.3.0 HTTP/1.1" 200 25275 "http://suporte.komforthouse.com.br/wp-content/uploads/" "Mozilla/5.0 (Windows NT 10.0; Win64; x64) AppleWebKit/537.36 (KHTML, like Gecko) Chrome/138.0.0.0 Safari/537.36"
200.159.132.133 - - [15/Aug/2025:17:17:53 -0300] "GET /wp-content/plugins/supportcandy/asset/libs/DataTables/datatables.min.css?ver=3.3.0 HTTP/1.1" 200 31159 "http://suporte.komforthouse.com.br/wp-content/uploads/" "Mozilla/5.0 (Windows NT 10.0; Win64; x64) AppleWebKit/537.36 (KHTML, like Gecko) Chrome/138.0.0.0 Safari/537.36"
200.159.132.133 - - [15/Aug/2025:17:17:53 -0300] "GET /wp-content/themes/hello-elementor/style.min.css?ver=3.2.1 HTTP/1.1" 200 5501 "http://suporte.komforthouse.com.br/wp-content/uploads/" "Mozilla/5.0 (Windows NT 10.0; Win64; x64) AppleWebKit/537.36 (KHTML, like Gecko) Chrome/138.0.0.0 Safari/537.36"
200.159.132.133 - - [15/Aug/2025:17:17:53 -0300] "GET /wp-content/themes/hello-elementor/theme.min.css?ver=3.2.1 HTTP/1.1" 200 5069 "http://suporte.komforthouse.com.br/wp-content/uploads/" "Mozilla/5.0 (Windows NT 10.0; Win64; x64) AppleWebKit/537.36 (KHTML, like Gecko) Chrome/138.0.0.0 Safari/537.36"
200.159.132.133 - - [15/Aug/2025:17:17:53 -0300] "GET /wp-content/themes/hello-elementor/header-footer.min.css?ver=3.2.1 HTTP/1.1" 200 7212 "http://suporte.komforthouse.com.br/wp-content/uploads/" "Mozilla/5.0 (Windows NT 10.0; Win64; x64) AppleWebKit/537.36 (KHTML, like Gecko) Chrome/138.0.0.0 Safari/537.36"
200.159.132.133 - - [15/Aug/2025:17:17:53 -0300] "GET /wp-content/plugins/elementor/assets/css/frontend.min.css?ver=3.26.4 HTTP/1.1" 200 53257 "http://suporte.komforthouse.com.br/wp-content/uploads/" "Mozilla/5.0 (Windows NT 10.0; Win64; x64) AppleWebKit/537.36 (KHTML, like Gecko) Chrome/138.0.0.0 Safari/537.36"
200.159.132.133 - - [15/Aug/2025:17:17:53 -0300] "GET /wp-content/uploads/elementor/css/post-6.css?ver=1736276062 HTTP/1.1" 200 1614 "http://suporte.komforthouse.com.br/wp-content/uploads/" "Mozilla/5.0 (Windows NT 10.0; Win64; x64) AppleWebKit/537.36 (KHTML, like Gecko) Chrome/138.0.0.0 Safari/537.36"
200.159.132.133 - - [15/Aug/2025:17:17:54 -0300] "GET /wp-content/plugins/elementor/assets/css/widget-image.min.css?ver=3.26.4 HTTP/1.1" 200 254 "http://suporte.komforthouse.com.br/wp-content/uploads/" "Mozilla/5.0 (Windows NT 10.0; Win64; x64) AppleWebKit/537.36 (KHTML, like Gecko) Chrome/138.0.0.0 Safari/537.36"
200.159.132.133 - - [15/Aug/2025:17:17:54 -0300] "GET /wp-content/plugins/elementor-pro/assets/css/widget-nav-menu.min.css?ver=3.26.3 HTTP/1.1" 200 26859 "http://suporte.komforthouse.com.br/wp-content/uploads/" "Mozilla/5.0 (Windows NT 10.0; Win64; x64) AppleWebKit/537.36 (KHTML, like Gecko) Chrome/138.0.0.0 Safari/537.36"
200.159.132.133 - - [15/Aug/2025:17:17:54 -0300] "GET /wp-content/plugins/elementor/assets/css/widget-social-icons.min.css?ver=3.26.4 HTTP/1.1" 200 5150 "http://suporte.komforthouse.com.br/wp-content/uploads/" "Mozilla/5.0 (Windows NT 10.0; Win64; x64) AppleWebKit/537.36 (KHTML, like Gecko) Chrome/138.0.0.0 Safari/537.36"
103.81.24.6 - - [15/Aug/2025:17:17:53 -0300] "GET /wp-includes/css/dist/block-library/style.min.css?ver=6.8.2 HTTP/1.1" 200 116345 "http://suporte.komforthouse.com.br/wp-content/uploads/2024/" "Mozilla/5.0 (Windows NT 10.0; Win64; x64) AppleWebKit/537.36 (KHTML, like Gecko) Chrome/138.0.0.0 Safari/537.36"
200.159.132.133 - - [15/Aug/2025:17:17:54 -0300] "GET /wp-content/plugins/elementor/assets/css/conditionals/apple-webkit.min.css?ver=3.26.4 HTTP/1.1" 200 7025 "http://suporte.komforthouse.com.br/wp-content/uploads/" "Mozilla/5.0 (Windows NT 10.0; Win64; x64) AppleWebKit/537.36 (KHTML, like Gecko) Chrome/138.0.0.0 Safari/537.36"
200.159.132.133 - - [15/Aug/2025:17:17:54 -0300] "GET /wp-content/plugins/elementor/assets/css/widget-heading.min.css?ver=3.26.4 HTTP/1.1" 200 600 "http://suporte.komforthouse.com.br/wp-content/uploads/" "Mozilla/5.0 (Windows NT 10.0; Win64; x64) AppleWebKit/537.36 (KHTML, like Gecko) Chrome/138.0.0.0 Safari/537.36"
172.253.234.229 - - [15/Aug/2025:17:17:54 -0300] "GET /wp-includes/js/wp-emoji-release.min.js?ver=6.8.2 HTTP/1.1" 200 19251 "http://suporte.komforthouse.com.br/wp-content/uploads/" "Mozilla/5.0 (Windows NT 10.0; Win64; x64) AppleWebKit/537.36 (KHTML, like Gecko) Chrome/138.0.0.0 Safari/537.36"
200.159.132.133 - - [15/Aug/2025:17:17:54 -0300] "GET /wp-content/plugins/elementor/assets/css/widget-divider.min.css?ver=3.26.4 HTTP/1.1" 200 4298 "http://suporte.komforthouse.com.br/wp-content/uploads/" "Mozilla/5.0 (Windows NT 10.0; Win64; x64) AppleWebKit/537.36 (KHTML, like Gecko) Chrome/138.0.0.0 Safari/537.36"
172.253.234.211 - - [15/Aug/2025:17:17:54 -0300] "GET /wp-includes/js/thickbox/loadingAnimation.gif HTTP/1.1" 200 15238 "http://suporte.komforthouse.com.br/wp-content/uploads/" "Mozilla/5.0 (Windows NT 10.0; Win64; x64) AppleWebKit/537.36 (KHTML, like Gecko) Chrome/138.0.0.0 Safari/537.36"
74.125.114.1 - - [15/Aug/2025:17:17:54 -0300] "GET /wp-content/plugins/supportcandy/framework/responsive/lg.css?version=3.3.0 HTTP/1.1" 200 411 "http://suporte.komforthouse.com.br/wp-content/uploads/" "Mozilla/5.0 (Windows NT 10.0; Win64; x64) AppleWebKit/537.36 (KHTML, like Gecko) Chrome/138.0.0.0 Safari/537.36"
200.159.132.133 - - [15/Aug/2025:17:17:54 -0300] "GET /wp-content/plugins/elementor/assets/lib/swiper/v8/css/swiper.min.css?ver=8.4.5 HTTP/1.1" 200 16471 "http://suporte.komforthouse.com.br/wp-content/uploads/" "Mozilla/5.0 (Windows NT 10.0; Win64; x64) AppleWebKit/537.36 (KHTML, like Gecko) Chrome/138.0.0.0 Safari/537.36"
200.159.132.133 - - [15/Aug/2025:17:17:54 -0300] "GET /wp-content/plugins/elementor/assets/css/conditionals/e-swiper.min.css?ver=3.26.4 HTTP/1.1" 200 5486 "http://suporte.komforthouse.com.br/wp-content/uploads/" "Mozilla/5.0 (Windows NT 10.0; Win64; x64) AppleWebKit/537.36 (KHTML, like Gecko) Chrome/138.0.0.0 Safari/537.36"
200.159.132.133 - - [15/Aug/2025:17:17:54 -0300] "GET /wp-content/plugins/elementor-pro/assets/css/widget-loop-common.min.css?ver=3.26.3 HTTP/1.1" 200 208 "http://suporte.komforthouse.com.br/wp-content/uploads/" "Mozilla/5.0 (Windows NT 10.0; Win64; x64) AppleWebKit/537.36 (KHTML, like Gecko) Chrome/138.0.0.0 Safari/537.36"
200.159.132.133 - - [15/Aug/2025:17:17:54 -0300] "GET /wp-content/plugins/elementor-pro/assets/css/widget-loop-carousel.min.css?ver=3.26.3 HTTP/1.1" 200 8391 "http://suporte.komforthouse.com.br/wp-content/uploads/" "Mozilla/5.0 (Windows NT 10.0; Win64; x64) AppleWebKit/537.36 (KHTML, like Gecko) Chrome/138.0.0.0 Safari/537.36"
200.159.132.133 - - [15/Aug/2025:17:17:54 -0300] "GET /wp-content/plugins/elementor-pro/assets/css/widget-loop-grid.min.css?ver=3.26.3 HTTP/1.1" 200 13191 "http://suporte.komforthouse.com.br/wp-content/uploads/" "Mozilla/5.0 (Windows NT 10.0; Win64; x64) AppleWebKit/537.36 (KHTML, like Gecko) Chrome/138.0.0.0 Safari/537.36"
200.159.132.133 - - [15/Aug/2025:17:17:54 -0300] "GET /wp-content/uploads/elementor/css/post-98.css?ver=1736276062 HTTP/1.1" 200 16651 "http://suporte.komforthouse.com.br/wp-content/uploads/" "Mozilla/5.0 (Windows NT 10.0; Win64; x64) AppleWebKit/537.36 (KHTML, like Gecko) Chrome/138.0.0.0 Safari/537.36"
200.159.132.133 - - [15/Aug/2025:17:17:54 -0300] "GET /wp-content/uploads/elementor/css/post-128.css?ver=1736276062 HTTP/1.1" 200 12375 "http://suporte.komforthouse.com.br/wp-content/uploads/" "Mozilla/5.0 (Windows NT 10.0; Win64; x64) AppleWebKit/537.36 (KHTML, like Gecko) Chrome/138.0.0.0 Safari/537.36"
200.159.132.133 - - [15/Aug/2025:17:17:54 -0300] "GET /wp-includes/js/jquery/jquery-migrate.min.js?ver=3.4.1 HTTP/1.1" 200 13577 "http://suporte.komforthouse.com.br/wp-content/uploads/" "Mozilla/5.0 (Windows NT 10.0; Win64; x64) AppleWebKit/537.36 (KHTML, like Gecko) Chrome/138.0.0.0 Safari/537.36"
103.81.24.6 - - [15/Aug/2025:17:17:54 -0300] "GET /wp-includes/css/buttons.min.css?ver=6.8.2 HTTP/1.1" 200 6061 "http://suporte.komforthouse.com.br/wp-content/uploads/2024/" "Mozilla/5.0 (Windows NT 10.0; Win64; x64) AppleWebKit/537.36 (KHTML, like Gecko) Chrome/138.0.0.0 Safari/537.36"
200.159.132.133 - - [15/Aug/2025:17:17:54 -0300] "GET /wp-includes/js/utils.min.js?ver=6.8.2 HTTP/1.1" 200 1864 "http://suporte.komforthouse.com.br/wp-content/uploads/" "Mozilla/5.0 (Windows NT 10.0; Win64; x64) AppleWebKit/537.36 (KHTML, like Gecko) Chrome/138.0.0.0 Safari/537.36"
200.159.132.133 - - [15/Aug/2025:17:17:54 -0300] "GET /wp-includes/js/jquery/jquery.min.js?ver=3.7.1 HTTP/1.1" 200 87553 "http://suporte.komforthouse.com.br/wp-content/uploads/" "Mozilla/5.0 (Windows NT 10.0; Win64; x64) AppleWebKit/537.36 (KHTML, like Gecko) Chrome/138.0.0.0 Safari/537.36"
103.81.24.6 - - [15/Aug/2025:17:17:54 -0300] "GET /wp-content/plugins/supportcandy/asset/css/select2.css?ver=3.3.0 HTTP/1.1" 200 15314 "http://suporte.komforthouse.com.br/wp-content/uploads/2024/" "Mozilla/5.0 (Windows NT 10.0; Win64; x64) AppleWebKit/537.36 (KHTML, like Gecko) Chrome/138.0.0.0 Safari/537.36"
172.253.234.211 - - [15/Aug/2025:17:17:54 -0300] "GET /wp-content/plugins/elementor-pro/assets/js/nav-menu.a23fbd67486c5bedf26c.bundle.min.js HTTP/1.1" 200 5282 "http://suporte.komforthouse.com.br/wp-content/uploads/" "Mozilla/5.0 (Windows NT 10.0; Win64; x64) AppleWebKit/537.36 (KHTML, like Gecko) Chrome/138.0.0.0 Safari/537.36"
172.253.234.233 - - [15/Aug/2025:17:17:54 -0300] "GET /wp-content/plugins/elementor-pro/assets/js/ajax-pagination.2090b5f4906bcda1dcc2.bundle.min.js HTTP/1.1" 200 2814 "http://suporte.komforthouse.com.br/wp-content/uploads/" "Mozilla/5.0 (Windows NT 10.0; Win64; x64) AppleWebKit/537.36 (KHTML, like Gecko) Chrome/138.0.0.0 Safari/537.36"
172.253.234.229 - - [15/Aug/2025:17:17:54 -0300] "GET /wp-content/plugins/elementor-pro/assets/js/loop.4a16d82b8b5e3e00f25e.bundle.min.js HTTP/1.1" 200 9365 "http://suporte.komforthouse.com.br/wp-content/uploads/" "Mozilla/5.0 (Windows NT 10.0; Win64; x64) AppleWebKit/537.36 (KHTML, like Gecko) Chrome/138.0.0.0 Safari/537.36"
74.125.114.2 - - [15/Aug/2025:17:17:54 -0300] "GET /wp-content/plugins/elementor-pro/assets/js/load-more.8b46f464e573feab5dd7.bundle.min.js HTTP/1.1" 200 5346 "http://suporte.komforthouse.com.br/wp-content/uploads/" "Mozilla/5.0 (Windows NT 10.0; Win64; x64) AppleWebKit/537.36 (KHTML, like Gecko) Chrome/138.0.0.0 Safari/537.36"
74.125.114.1 - - [15/Aug/2025:17:17:54 -0300] "GET /wp-content/plugins/elementor-pro/assets/js/loop-carousel.f8067ec0c24b628c786e.bundle.min.js HTTP/1.1" 200 1357 "http://suporte.komforthouse.com.br/wp-content/uploads/" "Mozilla/5.0 (Windows NT 10.0; Win64; x64) AppleWebKit/537.36 (KHTML, like Gecko) Chrome/138.0.0.0 Safari/537.36"
172.253.234.209 - - [15/Aug/2025:17:17:54 -0300] "GET /wp-content/plugins/elementor/assets/js/video.69da75ce0dd084cc3596.bundle.min.js HTTP/1.1" 200 3247 "http://suporte.komforthouse.com.br/wp-content/uploads/" "Mozilla/5.0 (Windows NT 10.0; Win64; x64) AppleWebKit/537.36 (KHTML, like Gecko) Chrome/138.0.0.0 Safari/537.36"
103.81.24.6 - - [15/Aug/2025:17:17:55 -0300] "GET /wp-content/plugins/supportcandy/asset/libs/gpopover/jquery.gpopover.css?ver=3.3.0 HTTP/1.1" 200 993 "http://suporte.komforthouse.com.br/wp-content/uploads/2024/" "Mozilla/5.0 (Windows NT 10.0; Win64; x64) AppleWebKit/537.36 (KHTML, like Gecko) Chrome/138.0.0.0 Safari/537.36"
200.159.132.133 - - [15/Aug/2025:17:17:55 -0300] "GET /wp-content/plugins/elementor/assets/css/widget-video.min.css?ver=3.26.4 HTTP/1.1" 200 1867 "http://suporte.komforthouse.com.br/wp-content/uploads/" "Mozilla/5.0 (Windows NT 10.0; Win64; x64) AppleWebKit/537.36 (KHTML, like Gecko) Chrome/138.0.0.0 Safari/537.36"
200.159.132.133 - - [15/Aug/2025:17:17:55 -0300] "GET /wp-content/plugins/supportcandy/asset/images/loader-white.gif HTTP/1.1" 200 11647 "http://suporte.komforthouse.com.br/wp-content/uploads/" "Mozilla/5.0 (Windows NT 10.0; Win64; x64) AppleWebKit/537.36 (KHTML, like Gecko) Chrome/138.0.0.0 Safari/537.36"
103.81.24.6 - - [15/Aug/2025:17:17:54 -0300] "GET /wp-includes/css/editor.min.css?ver=6.8.2 HTTP/1.1" 200 26851 "http://suporte.komforthouse.com.br/wp-content/uploads/2024/" "Mozilla/5.0 (Windows NT 10.0; Win64; x64) AppleWebKit/537.36 (KHTML, like Gecko) Chrome/138.0.0.0 Safari/537.36"
103.81.24.6 - - [15/Aug/2025:17:17:54 -0300] "GET /wp-content/plugins/supportcandy/framework/style.css?ver=3.3.0 HTTP/1.1" 200 40280 "http://suporte.komforthouse.com.br/wp-content/uploads/2024/" "Mozilla/5.0 (Windows NT 10.0; Win64; x64) AppleWebKit/537.36 (KHTML, like Gecko) Chrome/138.0.0.0 Safari/537.36"
172.253.234.209 - - [15/Aug/2025:17:17:54 -0300] "GET /wp-content/plugins/elementor/assets/lib/swiper/v8/swiper.min.js?ver=8.4.5 HTTP/1.1" 200 143709 "http://suporte.komforthouse.com.br/wp-content/uploads/" "Mozilla/5.0 (Windows NT 10.0; Win64; x64) AppleWebKit/537.36 (KHTML, like Gecko) Chrome/138.0.0.0 Safari/537.36"
200.159.132.133 - - [15/Aug/2025:17:17:55 -0300] "GET /wp-includes/js/jquery/ui/core.min.js?ver=1.13.3 HTTP/1.1" 200 21464 "http://suporte.komforthouse.com.br/wp-content/uploads/" "Mozilla/5.0 (Windows NT 10.0; Win64; x64) AppleWebKit/537.36 (KHTML, like Gecko) Chrome/138.0.0.0 Safari/537.36"
103.81.24.6 - - [15/Aug/2025:17:17:55 -0300] "GET /wp-content/plugins/supportcandy/asset/libs/flatpickr/flatpickr.min.css?ver=3.3.0 HTTP/1.1" 200 15954 "http://suporte.komforthouse.com.br/wp-content/uploads/2024/" "Mozilla/5.0 (Windows NT 10.0; Win64; x64) AppleWebKit/537.36 (KHTML, like Gecko) Chrome/138.0.0.0 Safari/537.36"
200.159.132.133 - - [15/Aug/2025:17:17:55 -0300] "GET /wp-admin/js/editor.min.js?ver=6.8.2 HTTP/1.1" 200 13066 "http://suporte.komforthouse.com.br/wp-content/uploads/" "Mozilla/5.0 (Windows NT 10.0; Win64; x64) AppleWebKit/537.36 (KHTML, like Gecko) Chrome/138.0.0.0 Safari/537.36"
103.81.24.6 - - [15/Aug/2025:17:17:54 -0300] "GET /wp-includes/css/dashicons.min.css?ver=6.8.2 HTTP/1.1" 200 59016 "http://suporte.komforthouse.com.br/wp-content/uploads/2024/" "Mozilla/5.0 (Windows NT 10.0; Win64; x64) AppleWebKit/537.36 (KHTML, like Gecko) Chrome/138.0.0.0 Safari/537.36"
103.81.24.6 - - [15/Aug/2025:17:17:55 -0300] "GET /wp-content/plugins/supportcandy/asset/libs/fullcalendar/lib/main.min.css?ver=3.3.0 HTTP/1.1" 200 25275 "http://suporte.komforthouse.com.br/wp-content/uploads/2024/" "Mozilla/5.0 (Windows NT 10.0; Win64; x64) AppleWebKit/537.36 (KHTML, like Gecko) Chrome/138.0.0.0 Safari/537.36"
200.159.132.133 - - [15/Aug/2025:17:17:55 -0300] "GET /wp-includes/js/quicktags.min.js?ver=6.8.2 HTTP/1.1" 200 11132 "http://suporte.komforthouse.com.br/wp-content/uploads/" "Mozilla/5.0 (Windows NT 10.0; Win64; x64) AppleWebKit/537.36 (KHTML, like Gecko) Chrome/138.0.0.0 Safari/537.36"
103.81.24.6 - - [15/Aug/2025:17:17:55 -0300] "GET /wp-content/plugins/supportcandy/asset/libs/DataTables/datatables.min.css?ver=3.3.0 HTTP/1.1" 200 31159 "http://suporte.komforthouse.com.br/wp-content/uploads/2024/" "Mozilla/5.0 (Windows NT 10.0; Win64; x64) AppleWebKit/537.36 (KHTML, like Gecko) Chrome/138.0.0.0 Safari/537.36"
200.159.132.133 - - [15/Aug/2025:17:17:55 -0300] "GET /wp-includes/js/hoverIntent.min.js?ver=1.10.2 HTTP/1.1" 200 1499 "http://suporte.komforthouse.com.br/wp-content/uploads/" "Mozilla/5.0 (Windows NT 10.0; Win64; x64) AppleWebKit/537.36 (KHTML, like Gecko) Chrome/138.0.0.0 Safari/537.36"
103.81.24.6 - - [15/Aug/2025:17:17:55 -0300] "GET /wp-content/themes/hello-elementor/style.min.css?ver=3.2.1 HTTP/1.1" 200 5501 "http://suporte.komforthouse.com.br/wp-content/uploads/2024/" "Mozilla/5.0 (Windows NT 10.0; Win64; x64) AppleWebKit/537.36 (KHTML, like Gecko) Chrome/138.0.0.0 Safari/537.36"
103.81.24.6 - - [15/Aug/2025:17:17:56 -0300] "GET /wp-content/themes/hello-elementor/theme.min.css?ver=3.2.1 HTTP/1.1" 200 5069 "http://suporte.komforthouse.com.br/wp-content/uploads/2024/" "Mozilla/5.0 (Windows NT 10.0; Win64; x64) AppleWebKit/537.36 (KHTML, like Gecko) Chrome/138.0.0.0 Safari/537.36"
200.159.132.133 - - [15/Aug/2025:17:17:56 -0300] "GET /wp-includes/js/dist/dom-ready.min.js?ver=f77871ff7694fffea381 HTTP/1.1" 200 457 "http://suporte.komforthouse.com.br/wp-content/uploads/" "Mozilla/5.0 (Windows NT 10.0; Win64; x64) AppleWebKit/537.36 (KHTML, like Gecko) Chrome/138.0.0.0 Safari/537.36"
200.159.132.133 - - [15/Aug/2025:17:17:56 -0300] "GET /wp-includes/js/dist/hooks.min.js?ver=4d63a3d491d11ffd8ac6 HTTP/1.1" 200 4776 "http://suporte.komforthouse.com.br/wp-content/uploads/" "Mozilla/5.0 (Windows NT 10.0; Win64; x64) AppleWebKit/537.36 (KHTML, like Gecko) Chrome/138.0.0.0 Safari/537.36"
103.81.24.6 - - [15/Aug/2025:17:17:56 -0300] "GET /wp-content/themes/hello-elementor/header-footer.min.css?ver=3.2.1 HTTP/1.1" 200 7212 "http://suporte.komforthouse.com.br/wp-content/uploads/2024/" "Mozilla/5.0 (Windows NT 10.0; Win64; x64) AppleWebKit/537.36 (KHTML, like Gecko) Chrome/138.0.0.0 Safari/537.36"
200.159.132.133 - - [15/Aug/2025:17:17:56 -0300] "GET /wp-includes/js/dist/i18n.min.js?ver=5e580eb46a90c2b997e6 HTTP/1.1" 200 9141 "http://suporte.komforthouse.com.br/wp-content/uploads/" "Mozilla/5.0 (Windows NT 10.0; Win64; x64) AppleWebKit/537.36 (KHTML, like Gecko) Chrome/138.0.0.0 Safari/537.36"
200.159.132.133 - - [15/Aug/2025:17:17:56 -0300] "GET /wp-includes/js/dist/a11y.min.js?ver=3156534cc54473497e14 HTTP/1.1" 200 2358 "http://suporte.komforthouse.com.br/wp-content/uploads/" "Mozilla/5.0 (Windows NT 10.0; Win64; x64) AppleWebKit/537.36 (KHTML, like Gecko) Chrome/138.0.0.0 Safari/537.36"
103.81.24.6 - - [15/Aug/2025:17:17:56 -0300] "GET /wp-content/uploads/elementor/css/post-6.css?ver=1736276062 HTTP/1.1" 200 1614 "http://suporte.komforthouse.com.br/wp-content/uploads/2024/" "Mozilla/5.0 (Windows NT 10.0; Win64; x64) AppleWebKit/537.36 (KHTML, like Gecko) Chrome/138.0.0.0 Safari/537.36"
103.81.24.6 - - [15/Aug/2025:17:17:56 -0300] "GET /wp-content/plugins/elementor/assets/css/widget-image.min.css?ver=3.26.4 HTTP/1.1" 200 254 "http://suporte.komforthouse.com.br/wp-content/uploads/2024/" "Mozilla/5.0 (Windows NT 10.0; Win64; x64) AppleWebKit/537.36 (KHTML, like Gecko) Chrome/138.0.0.0 Safari/537.36"
103.81.24.6 - - [15/Aug/2025:17:17:56 -0300] "GET /wp-content/plugins/elementor-pro/assets/css/widget-nav-menu.min.css?ver=3.26.3 HTTP/1.1" 200 26859 "http://suporte.komforthouse.com.br/wp-content/uploads/2024/" "Mozilla/5.0 (Windows NT 10.0; Win64; x64) AppleWebKit/537.36 (KHTML, like Gecko) Chrome/138.0.0.0 Safari/537.36"
103.81.24.6 - - [15/Aug/2025:17:17:56 -0300] "GET /wp-content/plugins/elementor/assets/css/widget-social-icons.min.css?ver=3.26.4 HTTP/1.1" 200 5150 "http://suporte.komforthouse.com.br/wp-content/uploads/2024/" "Mozilla/5.0 (Windows NT 10.0; Win64; x64) AppleWebKit/537.36 (KHTML, like Gecko) Chrome/138.0.0.0 Safari/537.36"
200.159.132.133 - - [15/Aug/2025:17:17:56 -0300] "GET /wp-admin/js/common.min.js?ver=6.8.2 HTTP/1.1" 200 23676 "http://suporte.komforthouse.com.br/wp-content/uploads/" "Mozilla/5.0 (Windows NT 10.0; Win64; x64) AppleWebKit/537.36 (KHTML, like Gecko) Chrome/138.0.0.0 Safari/537.36"
200.159.132.133 - - [15/Aug/2025:17:17:56 -0300] "GET /wp-includes/js/wplink.min.js?ver=6.8.2 HTTP/1.1" 200 11317 "http://suporte.komforthouse.com.br/wp-content/uploads/" "Mozilla/5.0 (Windows NT 10.0; Win64; x64) AppleWebKit/537.36 (KHTML, like Gecko) Chrome/138.0.0.0 Safari/537.36"
103.81.24.6 - - [15/Aug/2025:17:17:56 -0300] "GET /wp-content/plugins/elementor/assets/css/frontend.min.css?ver=3.26.4 HTTP/1.1" 200 53257 "http://suporte.komforthouse.com.br/wp-content/uploads/2024/" "Mozilla/5.0 (Windows NT 10.0; Win64; x64) AppleWebKit/537.36 (KHTML, like Gecko) Chrome/138.0.0.0 Safari/537.36"
103.81.24.6 - - [15/Aug/2025:17:17:56 -0300] "GET /wp-content/plugins/elementor/assets/css/conditionals/apple-webkit.min.css?ver=3.26.4 HTTP/1.1" 200 7025 "http://suporte.komforthouse.com.br/wp-content/uploads/2024/" "Mozilla/5.0 (Windows NT 10.0; Win64; x64) AppleWebKit/537.36 (KHTML, like Gecko) Chrome/138.0.0.0 Safari/537.36"
200.159.132.133 - - [15/Aug/2025:17:17:56 -0300] "GET /wp-includes/js/jquery/ui/menu.min.js?ver=1.13.3 HTTP/1.1" 200 10199 "http://suporte.komforthouse.com.br/wp-content/uploads/" "Mozilla/5.0 (Windows NT 10.0; Win64; x64) AppleWebKit/537.36 (KHTML, like Gecko) Chrome/138.0.0.0 Safari/537.36"
200.159.132.133 - - [15/Aug/2025:17:17:57 -0300] "GET /wp-includes/js/jquery/ui/autocomplete.min.js?ver=1.13.3 HTTP/1.1" 200 8536 "http://suporte.komforthouse.com.br/wp-content/uploads/" "Mozilla/5.0 (Windows NT 10.0; Win64; x64) AppleWebKit/537.36 (KHTML, like Gecko) Chrome/138.0.0.0 Safari/537.36"
103.81.24.6 - - [15/Aug/2025:17:17:57 -0300] "GET /wp-content/plugins/elementor/assets/css/widget-heading.min.css?ver=3.26.4 HTTP/1.1" 200 600 "http://suporte.komforthouse.com.br/wp-content/uploads/2024/" "Mozilla/5.0 (Windows NT 10.0; Win64; x64) AppleWebKit/537.36 (KHTML, like Gecko) Chrome/138.0.0.0 Safari/537.36"
103.81.24.6 - - [15/Aug/2025:17:17:57 -0300] "GET /wp-content/plugins/elementor/assets/css/widget-divider.min.css?ver=3.26.4 HTTP/1.1" 200 4298 "http://suporte.komforthouse.com.br/wp-content/uploads/2024/" "Mozilla/5.0 (Windows NT 10.0; Win64; x64) AppleWebKit/537.36 (KHTML, like Gecko) Chrome/138.0.0.0 Safari/537.36"
103.81.24.6 - - [15/Aug/2025:17:17:57 -0300] "GET /wp-content/plugins/elementor/assets/lib/swiper/v8/css/swiper.min.css?ver=8.4.5 HTTP/1.1" 200 16471 "http://suporte.komforthouse.com.br/wp-content/uploads/2024/" "Mozilla/5.0 (Windows NT 10.0; Win64; x64) AppleWebKit/537.36 (KHTML, like Gecko) Chrome/138.0.0.0 Safari/537.36"
200.159.132.133 - - [15/Aug/2025:17:17:57 -0300] "GET /wp-includes/js/thickbox/thickbox.js?ver=3.1-20121105 HTTP/1.1" 200 13332 "http://suporte.komforthouse.com.br/wp-content/uploads/" "Mozilla/5.0 (Windows NT 10.0; Win64; x64) AppleWebKit/537.36 (KHTML, like Gecko) Chrome/138.0.0.0 Safari/537.36"
103.81.24.6 - - [15/Aug/2025:17:17:57 -0300] "GET /wp-content/plugins/elementor/assets/css/conditionals/e-swiper.min.css?ver=3.26.4 HTTP/1.1" 200 5486 "http://suporte.komforthouse.com.br/wp-content/uploads/2024/" "Mozilla/5.0 (Windows NT 10.0; Win64; x64) AppleWebKit/537.36 (KHTML, like Gecko) Chrome/138.0.0.0 Safari/537.36"
200.159.132.133 - - [15/Aug/2025:17:17:57 -0300] "GET /wp-includes/js/underscore.min.js?ver=1.13.7 HTTP/1.1" 200 18905 "http://suporte.komforthouse.com.br/wp-content/uploads/" "Mozilla/5.0 (Windows NT 10.0; Win64; x64) AppleWebKit/537.36 (KHTML, like Gecko) Chrome/138.0.0.0 Safari/537.36"
103.81.24.6 - - [15/Aug/2025:17:17:57 -0300] "GET /wp-content/plugins/elementor-pro/assets/css/widget-loop-common.min.css?ver=3.26.3 HTTP/1.1" 200 208 "http://suporte.komforthouse.com.br/wp-content/uploads/2024/" "Mozilla/5.0 (Windows NT 10.0; Win64; x64) AppleWebKit/537.36 (KHTML, like Gecko) Chrome/138.0.0.0 Safari/537.36"
200.159.132.133 - - [15/Aug/2025:17:17:57 -0300] "GET /wp-includes/js/shortcode.min.js?ver=6.8.2 HTTP/1.1" 200 2643 "http://suporte.komforthouse.com.br/wp-content/uploads/" "Mozilla/5.0 (Windows NT 10.0; Win64; x64) AppleWebKit/537.36 (KHTML, like Gecko) Chrome/138.0.0.0 Safari/537.36"
103.81.24.6 - - [15/Aug/2025:17:17:57 -0300] "GET /wp-content/plugins/elementor-pro/assets/css/widget-loop-carousel.min.css?ver=3.26.3 HTTP/1.1" 200 8391 "http://suporte.komforthouse.com.br/wp-content/uploads/2024/" "Mozilla/5.0 (Windows NT 10.0; Win64; x64) AppleWebKit/537.36 (KHTML, like Gecko) Chrome/138.0.0.0 Safari/537.36"
200.159.132.133 - - [15/Aug/2025:17:17:57 -0300] "GET /wp-admin/js/media-upload.min.js?ver=6.8.2 HTTP/1.1" 200 1152 "http://suporte.komforthouse.com.br/wp-content/uploads/" "Mozilla/5.0 (Windows NT 10.0; Win64; x64) AppleWebKit/537.36 (KHTML, like Gecko) Chrome/138.0.0.0 Safari/537.36"
103.81.24.6 - - [15/Aug/2025:17:17:57 -0300] "GET /wp-content/plugins/elementor-pro/assets/css/widget-loop-grid.min.css?ver=3.26.3 HTTP/1.1" 200 13191 "http://suporte.komforthouse.com.br/wp-content/uploads/2024/" "Mozilla/5.0 (Windows NT 10.0; Win64; x64) AppleWebKit/537.36 (KHTML, like Gecko) Chrome/138.0.0.0 Safari/537.36"
200.159.132.133 - - [15/Aug/2025:17:17:57 -0300] "GET /wp-includes/js/jquery/ui/effect.min.js?ver=1.13.3 HTTP/1.1" 200 10332 "http://suporte.komforthouse.com.br/wp-content/uploads/" "Mozilla/5.0 (Windows NT 10.0; Win64; x64) AppleWebKit/537.36 (KHTML, like Gecko) Chrome/138.0.0.0 Safari/537.36"
103.81.24.6 - - [15/Aug/2025:17:17:57 -0300] "GET /wp-content/uploads/elementor/css/post-98.css?ver=1736276062 HTTP/1.1" 200 16651 "http://suporte.komforthouse.com.br/wp-content/uploads/2024/" "Mozilla/5.0 (Windows NT 10.0; Win64; x64) AppleWebKit/537.36 (KHTML, like Gecko) Chrome/138.0.0.0 Safari/537.36"
103.81.24.6 - - [15/Aug/2025:17:17:58 -0300] "GET /wp-content/uploads/elementor/css/post-128.css?ver=1736276062 HTTP/1.1" 200 12375 "http://suporte.komforthouse.com.br/wp-content/uploads/2024/" "Mozilla/5.0 (Windows NT 10.0; Win64; x64) AppleWebKit/537.36 (KHTML, like Gecko) Chrome/138.0.0.0 Safari/537.36"
200.159.132.133 - - [15/Aug/2025:17:17:58 -0300] "GET /wp-includes/js/jquery/ui/effect-slide.min.js?ver=1.13.3 HTTP/1.1" 200 917 "http://suporte.komforthouse.com.br/wp-content/uploads/" "Mozilla/5.0 (Windows NT 10.0; Win64; x64) AppleWebKit/537.36 (KHTML, like Gecko) Chrome/138.0.0.0 Safari/537.36"
200.159.132.133 - - [15/Aug/2025:17:17:58 -0300] "GET /wp-includes/js/jquery/ui/mouse.min.js?ver=1.13.3 HTTP/1.1" 200 3428 "http://suporte.komforthouse.com.br/wp-content/uploads/" "Mozilla/5.0 (Windows NT 10.0; Win64; x64) AppleWebKit/537.36 (KHTML, like Gecko) Chrome/138.0.0.0 Safari/537.36"
103.81.24.6 - - [15/Aug/2025:17:17:58 -0300] "GET /wp-includes/js/jquery/jquery-migrate.min.js?ver=3.4.1 HTTP/1.1" 200 13577 "http://suporte.komforthouse.com.br/wp-content/uploads/2024/" "Mozilla/5.0 (Windows NT 10.0; Win64; x64) AppleWebKit/537.36 (KHTML, like Gecko) Chrome/138.0.0.0 Safari/537.36"
200.159.132.133 - - [15/Aug/2025:17:17:58 -0300] "GET /wp-includes/js/jquery/ui/sortable.min.js?ver=1.13.3 HTTP/1.1" 200 25504 "http://suporte.komforthouse.com.br/wp-content/uploads/" "Mozilla/5.0 (Windows NT 10.0; Win64; x64) AppleWebKit/537.36 (KHTML, like Gecko) Chrome/138.0.0.0 Safari/537.36"
103.81.24.6 - - [15/Aug/2025:17:17:58 -0300] "GET /wp-includes/js/utils.min.js?ver=6.8.2 HTTP/1.1" 200 1864 "http://suporte.komforthouse.com.br/wp-content/uploads/2024/" "Mozilla/5.0 (Windows NT 10.0; Win64; x64) AppleWebKit/537.36 (KHTML, like Gecko) Chrome/138.0.0.0 Safari/537.36"
103.81.24.6 - - [15/Aug/2025:17:17:58 -0300] "GET /wp-includes/js/jquery/jquery.min.js?ver=3.7.1 HTTP/1.1" 200 87553 "http://suporte.komforthouse.com.br/wp-content/uploads/2024/" "Mozilla/5.0 (Windows NT 10.0; Win64; x64) AppleWebKit/537.36 (KHTML, like Gecko) Chrome/138.0.0.0 Safari/537.36"
200.159.132.133 - - [15/Aug/2025:17:17:58 -0300] "GET /wp-content/plugins/supportcandy/framework/scripts.js?ver=3.3.0 HTTP/1.1" 200 81237 "http://suporte.komforthouse.com.br/wp-content/uploads/" "Mozilla/5.0 (Windows NT 10.0; Win64; x64) AppleWebKit/537.36 (KHTML, like Gecko) Chrome/138.0.0.0 Safari/537.36"
103.81.24.6 - - [15/Aug/2025:17:17:58 -0300] "GET /wp-content/plugins/supportcandy/asset/images/loader-white.gif HTTP/1.1" 200 11647 "http://suporte.komforthouse.com.br/wp-content/uploads/2024/" "Mozilla/5.0 (Windows NT 10.0; Win64; x64) AppleWebKit/537.36 (KHTML, like Gecko) Chrome/138.0.0.0 Safari/537.36"
103.81.24.6 - - [15/Aug/2025:17:17:58 -0300] "GET /wp-includes/js/jquery/ui/core.min.js?ver=1.13.3 HTTP/1.1" 200 21464 "http://suporte.komforthouse.com.br/wp-content/uploads/2024/" "Mozilla/5.0 (Windows NT 10.0; Win64; x64) AppleWebKit/537.36 (KHTML, like Gecko) Chrome/138.0.0.0 Safari/537.36"
200.159.132.133 - - [15/Aug/2025:17:17:58 -0300] "GET /wp-content/plugins/supportcandy/asset/js/selectWoo/selectWoo.full.min.js?ver=3.3.0 HTTP/1.1" 200 77138 "http://suporte.komforthouse.com.br/wp-content/uploads/" "Mozilla/5.0 (Windows NT 10.0; Win64; x64) AppleWebKit/537.36 (KHTML, like Gecko) Chrome/138.0.0.0 Safari/537.36"
200.159.132.133 - - [15/Aug/2025:17:17:59 -0300] "GET /wp-content/plugins/supportcandy/asset/js/selectWoo/i18n/pt_BR.js?ver=3.3.0 HTTP/1.1" 200 853 "http://suporte.komforthouse.com.br/wp-content/uploads/" "Mozilla/5.0 (Windows NT 10.0; Win64; x64) AppleWebKit/537.36 (KHTML, like Gecko) Chrome/138.0.0.0 Safari/537.36"
200.159.132.133 - - [15/Aug/2025:17:17:59 -0300] "GET /wp-content/plugins/supportcandy/asset/libs/gpopover/jquery.gpopover.js?ver=3.3.0 HTTP/1.1" 200 6095 "http://suporte.komforthouse.com.br/wp-content/uploads/" "Mozilla/5.0 (Windows NT 10.0; Win64; x64) AppleWebKit/537.36 (KHTML, like Gecko) Chrome/138.0.0.0 Safari/537.36"
103.81.24.6 - - [15/Aug/2025:17:17:59 -0300] "GET /wp-admin/js/editor.min.js?ver=6.8.2 HTTP/1.1" 200 13066 "http://suporte.komforthouse.com.br/wp-content/uploads/2024/" "Mozilla/5.0 (Windows NT 10.0; Win64; x64) AppleWebKit/537.36 (KHTML, like Gecko) Chrome/138.0.0.0 Safari/537.36"
200.159.132.133 - - [15/Aug/2025:17:17:59 -0300] "GET /wp-content/plugins/supportcandy/asset/libs/jquery-circle-progress/circle-progress.min.js?ver=3.3.0 HTTP/1.1" 200 4445 "http://suporte.komforthouse.com.br/wp-content/uploads/" "Mozilla/5.0 (Windows NT 10.0; Win64; x64) AppleWebKit/537.36 (KHTML, like Gecko) Chrome/138.0.0.0 Safari/537.36"
103.81.24.6 - - [15/Aug/2025:17:17:59 -0300] "GET /wp-includes/js/quicktags.min.js?ver=6.8.2 HTTP/1.1" 200 11132 "http://suporte.komforthouse.com.br/wp-content/uploads/2024/" "Mozilla/5.0 (Windows NT 10.0; Win64; x64) AppleWebKit/537.36 (KHTML, like Gecko) Chrome/138.0.0.0 Safari/537.36"
200.159.132.133 - - [15/Aug/2025:17:17:59 -0300] "GET /wp-content/plugins/supportcandy/asset/libs/flatpickr/flatpickr.js?ver=3.3.0 HTTP/1.1" 200 48518 "http://suporte.komforthouse.com.br/wp-content/uploads/" "Mozilla/5.0 (Windows NT 10.0; Win64; x64) AppleWebKit/537.36 (KHTML, like Gecko) Chrome/138.0.0.0 Safari/537.36"
200.159.132.133 - - [15/Aug/2025:17:17:59 -0300] "GET /wp-content/plugins/supportcandy/asset/libs/flatpickr/l10n/pt.js?ver=3.3.0 HTTP/1.1" 200 1318 "http://suporte.komforthouse.com.br/wp-content/uploads/" "Mozilla/5.0 (Windows NT 10.0; Win64; x64) AppleWebKit/537.36 (KHTML, like Gecko) Chrome/138.0.0.0 Safari/537.36"
103.81.24.6 - - [15/Aug/2025:17:18:00 -0300] "GET /wp-includes/js/hoverIntent.min.js?ver=1.10.2 HTTP/1.1" 200 1499 "http://suporte.komforthouse.com.br/wp-content/uploads/2024/" "Mozilla/5.0 (Windows NT 10.0; Win64; x64) AppleWebKit/537.36 (KHTML, like Gecko) Chrome/138.0.0.0 Safari/537.36"
200.159.132.133 - - [15/Aug/2025:17:18:00 -0300] "GET /wp-content/plugins/supportcandy/asset/libs/fullcalendar/lib/locales-all.min.js?ver=3.3.0 HTTP/1.1" 200 20398 "http://suporte.komforthouse.com.br/wp-content/uploads/" "Mozilla/5.0 (Windows NT 10.0; Win64; x64) AppleWebKit/537.36 (KHTML, like Gecko) Chrome/138.0.0.0 Safari/537.36"
103.81.24.6 - - [15/Aug/2025:17:18:00 -0300] "GET /wp-includes/js/dist/dom-ready.min.js?ver=f77871ff7694fffea381 HTTP/1.1" 200 457 "http://suporte.komforthouse.com.br/wp-content/uploads/2024/" "Mozilla/5.0 (Windows NT 10.0; Win64; x64) AppleWebKit/537.36 (KHTML, like Gecko) Chrome/138.0.0.0 Safari/537.36"
103.81.24.6 - - [15/Aug/2025:17:18:00 -0300] "GET /wp-includes/js/dist/hooks.min.js?ver=4d63a3d491d11ffd8ac6 HTTP/1.1" 200 4776 "http://suporte.komforthouse.com.br/wp-content/uploads/2024/" "Mozilla/5.0 (Windows NT 10.0; Win64; x64) AppleWebKit/537.36 (KHTML, like Gecko) Chrome/138.0.0.0 Safari/537.36"
200.159.132.133 - - [15/Aug/2025:17:18:00 -0300] "GET /wp-content/plugins/supportcandy/asset/libs/fullcalendar/lib/main.min.js?ver=3.3.0 HTTP/1.1" 200 263467 "http://suporte.komforthouse.com.br/wp-content/uploads/" "Mozilla/5.0 (Windows NT 10.0; Win64; x64) AppleWebKit/537.36 (KHTML, like Gecko) Chrome/138.0.0.0 Safari/537.36"
200.159.132.133 - - [15/Aug/2025:17:18:00 -0300] "GET /wp-content/plugins/supportcandy/asset/libs/DataTables/datatables.min.js?ver=3.3.0 HTTP/1.1" 200 114569 "http://suporte.komforthouse.com.br/wp-content/uploads/" "Mozilla/5.0 (Windows NT 10.0; Win64; x64) AppleWebKit/537.36 (KHTML, like Gecko) Chrome/138.0.0.0 Safari/537.36"
103.81.24.6 - - [15/Aug/2025:17:18:00 -0300] "GET /wp-includes/js/dist/i18n.min.js?ver=5e580eb46a90c2b997e6 HTTP/1.1" 200 9141 "http://suporte.komforthouse.com.br/wp-content/uploads/2024/" "Mozilla/5.0 (Windows NT 10.0; Win64; x64) AppleWebKit/537.36 (KHTML, like Gecko) Chrome/138.0.0.0 Safari/537.36"
103.81.24.6 - - [15/Aug/2025:17:18:01 -0300] "GET /wp-includes/js/dist/a11y.min.js?ver=3156534cc54473497e14 HTTP/1.1" 200 2358 "http://suporte.komforthouse.com.br/wp-content/uploads/2024/" "Mozilla/5.0 (Windows NT 10.0; Win64; x64) AppleWebKit/537.36 (KHTML, like Gecko) Chrome/138.0.0.0 Safari/537.36"
200.159.132.133 - - [15/Aug/2025:17:18:01 -0300] "GET /wp-content/plugins/supportcandy/asset/libs/chartjs/dist/chart.min.js?ver=3.3.0 HTTP/1.1" 200 182016 "http://suporte.komforthouse.com.br/wp-content/uploads/" "Mozilla/5.0 (Windows NT 10.0; Win64; x64) AppleWebKit/537.36 (KHTML, like Gecko) Chrome/138.0.0.0 Safari/537.36"
103.81.24.6 - - [15/Aug/2025:17:18:01 -0300] "GET /wp-admin/js/common.min.js?ver=6.8.2 HTTP/1.1" 200 23676 "http://suporte.komforthouse.com.br/wp-content/uploads/2024/" "Mozilla/5.0 (Windows NT 10.0; Win64; x64) AppleWebKit/537.36 (KHTML, like Gecko) Chrome/138.0.0.0 Safari/537.36"
200.159.132.133 - - [15/Aug/2025:17:18:01 -0300] "GET /wp-content/themes/hello-elementor/assets/js/hello-frontend.min.js?ver=3.2.1 HTTP/1.1" 200 1936 "http://suporte.komforthouse.com.br/wp-content/uploads/" "Mozilla/5.0 (Windows NT 10.0; Win64; x64) AppleWebKit/537.36 (KHTML, like Gecko) Chrome/138.0.0.0 Safari/537.36"
103.81.24.6 - - [15/Aug/2025:17:18:01 -0300] "GET /wp-includes/js/wplink.min.js?ver=6.8.2 HTTP/1.1" 200 11317 "http://suporte.komforthouse.com.br/wp-content/uploads/2024/" "Mozilla/5.0 (Windows NT 10.0; Win64; x64) AppleWebKit/537.36 (KHTML, like Gecko) Chrome/138.0.0.0 Safari/537.36"
200.159.132.133 - - [15/Aug/2025:17:18:01 -0300] "GET /wp-content/plugins/elementor-pro/assets/lib/smartmenus/jquery.smartmenus.min.js?ver=1.2.1 HTTP/1.1" 200 24109 "http://suporte.komforthouse.com.br/wp-content/uploads/" "Mozilla/5.0 (Windows NT 10.0; Win64; x64) AppleWebKit/537.36 (KHTML, like Gecko) Chrome/138.0.0.0 Safari/537.36"
200.159.132.133 - - [15/Aug/2025:17:18:01 -0300] "GET /wp-includes/js/imagesloaded.min.js?ver=5.0.0 HTTP/1.1" 200 5520 "http://suporte.komforthouse.com.br/wp-content/uploads/" "Mozilla/5.0 (Windows NT 10.0; Win64; x64) AppleWebKit/537.36 (KHTML, like Gecko) Chrome/138.0.0.0 Safari/537.36"
200.159.132.133 - - [15/Aug/2025:17:18:02 -0300] "GET /wp-content/plugins/elementor-pro/assets/js/webpack-pro.runtime.min.js?ver=3.26.3 HTTP/1.1" 200 6263 "http://suporte.komforthouse.com.br/wp-content/uploads/" "Mozilla/5.0 (Windows NT 10.0; Win64; x64) AppleWebKit/537.36 (KHTML, like Gecko) Chrome/138.0.0.0 Safari/537.36"
200.159.132.133 - - [15/Aug/2025:17:18:02 -0300] "GET /wp-content/plugins/elementor/assets/js/webpack.runtime.min.js?ver=3.26.4 HTTP/1.1" 200 5326 "http://suporte.komforthouse.com.br/wp-content/uploads/" "Mozilla/5.0 (Windows NT 10.0; Win64; x64) AppleWebKit/537.36 (KHTML, like Gecko) Chrome/138.0.0.0 Safari/537.36"
103.81.24.6 - - [15/Aug/2025:17:18:02 -0300] "GET /wp-includes/js/jquery/ui/menu.min.js?ver=1.13.3 HTTP/1.1" 200 10199 "http://suporte.komforthouse.com.br/wp-content/uploads/2024/" "Mozilla/5.0 (Windows NT 10.0; Win64; x64) AppleWebKit/537.36 (KHTML, like Gecko) Chrome/138.0.0.0 Safari/537.36"
200.159.132.133 - - [15/Aug/2025:17:18:02 -0300] "GET /wp-content/plugins/elementor/assets/js/frontend-modules.min.js?ver=3.26.4 HTTP/1.1" 200 52754 "http://suporte.komforthouse.com.br/wp-content/uploads/" "Mozilla/5.0 (Windows NT 10.0; Win64; x64) AppleWebKit/537.36 (KHTML, like Gecko) Chrome/138.0.0.0 Safari/537.36"
200.159.132.133 - - [15/Aug/2025:17:18:02 -0300] "GET /wp-content/plugins/elementor-pro/assets/js/frontend.min.js?ver=3.26.3 HTTP/1.1" 200 24210 "http://suporte.komforthouse.com.br/wp-content/uploads/" "Mozilla/5.0 (Windows NT 10.0; Win64; x64) AppleWebKit/537.36 (KHTML, like Gecko) Chrome/138.0.0.0 Safari/537.36"
103.81.24.6 - - [15/Aug/2025:17:18:02 -0300] "GET /wp-includes/js/jquery/ui/autocomplete.min.js?ver=1.13.3 HTTP/1.1" 200 8536 "http://suporte.komforthouse.com.br/wp-content/uploads/2024/" "Mozilla/5.0 (Windows NT 10.0; Win64; x64) AppleWebKit/537.36 (KHTML, like Gecko) Chrome/138.0.0.0 Safari/537.36"
200.159.132.133 - - [15/Aug/2025:17:18:02 -0300] "GET /wp-content/plugins/elementor/assets/js/frontend.min.js?ver=3.26.4 HTTP/1.1" 200 45428 "http://suporte.komforthouse.com.br/wp-content/uploads/" "Mozilla/5.0 (Windows NT 10.0; Win64; x64) AppleWebKit/537.36 (KHTML, like Gecko) Chrome/138.0.0.0 Safari/537.36"
200.159.132.133 - - [15/Aug/2025:17:18:02 -0300] "GET /wp-content/plugins/elementor-pro/assets/js/elements-handlers.min.js?ver=3.26.3 HTTP/1.1" 200 44624 "http://suporte.komforthouse.com.br/wp-content/uploads/" "Mozilla/5.0 (Windows NT 10.0; Win64; x64) AppleWebKit/537.36 (KHTML, like Gecko) Chrome/138.0.0.0 Safari/537.36"
103.81.24.6 - - [15/Aug/2025:17:18:02 -0300] "GET /wp-includes/js/thickbox/thickbox.js?ver=3.1-20121105 HTTP/1.1" 200 13332 "http://suporte.komforthouse.com.br/wp-content/uploads/2024/" "Mozilla/5.0 (Windows NT 10.0; Win64; x64) AppleWebKit/537.36 (KHTML, like Gecko) Chrome/138.0.0.0 Safari/537.36"
103.81.24.6 - - [15/Aug/2025:17:18:03 -0300] "GET /wp-includes/js/underscore.min.js?ver=1.13.7 HTTP/1.1" 200 18905 "http://suporte.komforthouse.com.br/wp-content/uploads/2024/" "Mozilla/5.0 (Windows NT 10.0; Win64; x64) AppleWebKit/537.36 (KHTML, like Gecko) Chrome/138.0.0.0 Safari/537.36"
200.159.132.133 - - [15/Aug/2025:17:18:03 -0300] "GET /wp-includes/js/tinymce/plugins/compat3x/plugin.min.js?ver=49110-20250317 HTTP/1.1" 200 4129 "http://suporte.komforthouse.com.br/wp-content/uploads/" "Mozilla/5.0 (Windows NT 10.0; Win64; x64) AppleWebKit/537.36 (KHTML, like Gecko) Chrome/138.0.0.0 Safari/537.36"
200.159.132.133 - - [15/Aug/2025:17:18:03 -0300] "GET /wp-includes/js/tinymce/tinymce.min.js?ver=49110-20250317 HTTP/1.1" 200 365570 "http://suporte.komforthouse.com.br/wp-content/uploads/" "Mozilla/5.0 (Windows NT 10.0; Win64; x64) AppleWebKit/537.36 (KHTML, like Gecko) Chrome/138.0.0.0 Safari/537.36"
103.81.24.6 - - [15/Aug/2025:17:18:03 -0300] "GET /wp-includes/js/shortcode.min.js?ver=6.8.2 HTTP/1.1" 200 2643 "http://suporte.komforthouse.com.br/wp-content/uploads/2024/" "Mozilla/5.0 (Windows NT 10.0; Win64; x64) AppleWebKit/537.36 (KHTML, like Gecko) Chrome/138.0.0.0 Safari/537.36"
103.81.24.6 - - [15/Aug/2025:17:18:04 -0300] "GET /wp-admin/js/media-upload.min.js?ver=6.8.2 HTTP/1.1" 200 1152 "http://suporte.komforthouse.com.br/wp-content/uploads/2024/" "Mozilla/5.0 (Windows NT 10.0; Win64; x64) AppleWebKit/537.36 (KHTML, like Gecko) Chrome/138.0.0.0 Safari/537.36"
103.81.24.6 - - [15/Aug/2025:17:18:04 -0300] "GET /wp-includes/js/jquery/ui/effect.min.js?ver=1.13.3 HTTP/1.1" 200 10332 "http://suporte.komforthouse.com.br/wp-content/uploads/2024/" "Mozilla/5.0 (Windows NT 10.0; Win64; x64) AppleWebKit/537.36 (KHTML, like Gecko) Chrome/138.0.0.0 Safari/537.36"
103.81.24.6 - - [15/Aug/2025:17:18:04 -0300] "GET /wp-includes/js/jquery/ui/effect-slide.min.js?ver=1.13.3 HTTP/1.1" 200 917 "http://suporte.komforthouse.com.br/wp-content/uploads/2024/" "Mozilla/5.0 (Windows NT 10.0; Win64; x64) AppleWebKit/537.36 (KHTML, like Gecko) Chrome/138.0.0.0 Safari/537.36"
103.81.24.6 - - [15/Aug/2025:17:18:04 -0300] "GET /wp-includes/js/jquery/ui/mouse.min.js?ver=1.13.3 HTTP/1.1" 200 3428 "http://suporte.komforthouse.com.br/wp-content/uploads/2024/" "Mozilla/5.0 (Windows NT 10.0; Win64; x64) AppleWebKit/537.36 (KHTML, like Gecko) Chrome/138.0.0.0 Safari/537.36"
103.81.24.6 - - [15/Aug/2025:17:18:05 -0300] "GET /wp-includes/js/jquery/ui/sortable.min.js?ver=1.13.3 HTTP/1.1" 200 25504 "http://suporte.komforthouse.com.br/wp-content/uploads/2024/" "Mozilla/5.0 (Windows NT 10.0; Win64; x64) AppleWebKit/537.36 (KHTML, like Gecko) Chrome/138.0.0.0 Safari/537.36"
200.159.132.133 - - [15/Aug/2025:17:18:05 -0300] "GET /wp-includes/js/wp-emoji-release.min.js?ver=6.8.2 HTTP/1.1" 200 19251 "http://suporte.komforthouse.com.br/wp-content/uploads/" "Mozilla/5.0 (Windows NT 10.0; Win64; x64) AppleWebKit/537.36 (KHTML, like Gecko) Chrome/138.0.0.0 Safari/537.36"
200.159.132.133 - - [15/Aug/2025:17:18:05 -0300] "GET /wp-content/plugins/supportcandy/framework/responsive/lg.css?version=3.3.0 HTTP/1.1" 200 411 "http://suporte.komforthouse.com.br/wp-content/uploads/" "Mozilla/5.0 (Windows NT 10.0; Win64; x64) AppleWebKit/537.36 (KHTML, like Gecko) Chrome/138.0.0.0 Safari/537.36"
103.81.24.6 - - [15/Aug/2025:17:18:05 -0300] "GET /wp-content/plugins/supportcandy/framework/scripts.js?ver=3.3.0 HTTP/1.1" 200 81237 "http://suporte.komforthouse.com.br/wp-content/uploads/2024/" "Mozilla/5.0 (Windows NT 10.0; Win64; x64) AppleWebKit/537.36 (KHTML, like Gecko) Chrome/138.0.0.0 Safari/537.36"
200.159.132.133 - - [15/Aug/2025:17:18:06 -0300] "GET /wp-includes/js/thickbox/loadingAnimation.gif HTTP/1.1" 200 15238 "http://suporte.komforthouse.com.br/wp-content/uploads/" "Mozilla/5.0 (Windows NT 10.0; Win64; x64) AppleWebKit/537.36 (KHTML, like Gecko) Chrome/138.0.0.0 Safari/537.36"
103.81.24.6 - - [15/Aug/2025:17:18:07 -0300] "GET /wp-content/plugins/supportcandy/asset/js/selectWoo/i18n/pt_BR.js?ver=3.3.0 HTTP/1.1" 200 853 "http://suporte.komforthouse.com.br/wp-content/uploads/2024/" "Mozilla/5.0 (Windows NT 10.0; Win64; x64) AppleWebKit/537.36 (KHTML, like Gecko) Chrome/138.0.0.0 Safari/537.36"
200.159.132.133 - - [15/Aug/2025:17:18:07 -0300] "GET /wp-content/plugins/elementor-pro/assets/js/nav-menu.a23fbd67486c5bedf26c.bundle.min.js HTTP/1.1" 200 5282 "http://suporte.komforthouse.com.br/wp-content/uploads/" "Mozilla/5.0 (Windows NT 10.0; Win64; x64) AppleWebKit/537.36 (KHTML, like Gecko) Chrome/138.0.0.0 Safari/537.36"
200.159.132.133 - - [15/Aug/2025:17:18:07 -0300] "GET /wp-content/plugins/elementor-pro/assets/js/loop.4a16d82b8b5e3e00f25e.bundle.min.js HTTP/1.1" 200 9365 "http://suporte.komforthouse.com.br/wp-content/uploads/" "Mozilla/5.0 (Windows NT 10.0; Win64; x64) AppleWebKit/537.36 (KHTML, like Gecko) Chrome/138.0.0.0 Safari/537.36"
103.81.24.6 - - [15/Aug/2025:17:18:06 -0300] "GET /wp-content/plugins/supportcandy/asset/js/selectWoo/selectWoo.full.min.js?ver=3.3.0 HTTP/1.1" 200 77138 "http://suporte.komforthouse.com.br/wp-content/uploads/2024/" "Mozilla/5.0 (Windows NT 10.0; Win64; x64) AppleWebKit/537.36 (KHTML, like Gecko) Chrome/138.0.0.0 Safari/537.36"
200.159.132.133 - - [15/Aug/2025:17:18:07 -0300] "GET /wp-content/plugins/elementor-pro/assets/js/loop-carousel.f8067ec0c24b628c786e.bundle.min.js HTTP/1.1" 200 1357 "http://suporte.komforthouse.com.br/wp-content/uploads/" "Mozilla/5.0 (Windows NT 10.0; Win64; x64) AppleWebKit/537.36 (KHTML, like Gecko) Chrome/138.0.0.0 Safari/537.36"
200.159.132.133 - - [15/Aug/2025:17:18:07 -0300] "GET /wp-content/plugins/elementor-pro/assets/js/load-more.8b46f464e573feab5dd7.bundle.min.js HTTP/1.1" 200 5346 "http://suporte.komforthouse.com.br/wp-content/uploads/" "Mozilla/5.0 (Windows NT 10.0; Win64; x64) AppleWebKit/537.36 (KHTML, like Gecko) Chrome/138.0.0.0 Safari/537.36"
103.81.24.6 - - [15/Aug/2025:17:18:07 -0300] "GET /wp-content/plugins/supportcandy/asset/libs/gpopover/jquery.gpopover.js?ver=3.3.0 HTTP/1.1" 200 6095 "http://suporte.komforthouse.com.br/wp-content/uploads/2024/" "Mozilla/5.0 (Windows NT 10.0; Win64; x64) AppleWebKit/537.36 (KHTML, like Gecko) Chrome/138.0.0.0 Safari/537.36"
200.159.132.133 - - [15/Aug/2025:17:18:07 -0300] "GET /wp-content/plugins/elementor-pro/assets/js/ajax-pagination.2090b5f4906bcda1dcc2.bundle.min.js HTTP/1.1" 200 2814 "http://suporte.komforthouse.com.br/wp-content/uploads/" "Mozilla/5.0 (Windows NT 10.0; Win64; x64) AppleWebKit/537.36 (KHTML, like Gecko) Chrome/138.0.0.0 Safari/537.36"
