185.177.72.113 - - [15/Aug/2025:11:13:32 -0300] "GET /settings.bak HTTP/1.1" 404 110920 "-" "Mozilla/5.0 (Windows NT 10.0; Win64; x64) AppleWebKit/537.36 (KHTML, like Gecko) Chrome/91.0.4472.124 Safari/537.36"
185.177.72.113 - - [15/Aug/2025:11:13:34 -0300] "GET /docker/.env HTTP/1.1" 404 110920 "-" "Mozilla/5.0 (Windows NT 10.0; Win64; x64) AppleWebKit/537.36 (KHTML, like Gecko) Chrome/91.0.4472.124 Safari/537.36"
185.177.72.113 - - [15/Aug/2025:11:13:36 -0300] "GET /.aws/credentials HTTP/1.1" 404 110920 "-" "Mozilla/5.0 (Windows NT 10.0; Win64; x64) AppleWebKit/537.36 (KHTML, like Gecko) Chrome/91.0.4472.124 Safari/537.36"
185.177.72.113 - - [15/Aug/2025:11:13:38 -0300] "GET /config.yaml HTTP/1.1" 404 110920 "-" "Mozilla/5.0 (Windows NT 10.0; Win64; x64) AppleWebKit/537.36 (KHTML, like Gecko) Chrome/91.0.4472.124 Safari/537.36"
185.177.72.113 - - [15/Aug/2025:11:13:41 -0300] "GET /settings.yaml HTTP/1.1" 404 110920 "-" "Mozilla/5.0 (Windows NT 10.0; Win64; x64) AppleWebKit/537.36 (KHTML, like Gecko) Chrome/91.0.4472.124 Safari/537.36"
185.177.72.113 - - [15/Aug/2025:11:13:44 -0300] "GET /helm/values.yaml HTTP/1.1" 404 110920 "-" "Mozilla/5.0 (Windows NT 10.0; Win64; x64) AppleWebKit/537.36 (KHTML, like Gecko) Chrome/91.0.4472.124 Safari/537.36"
185.177.72.113 - - [15/Aug/2025:11:13:46 -0300] "GET /main.js HTTP/1.1" 404 110920 "-" "Mozilla/5.0 (Windows NT 10.0; Win64; x64) AppleWebKit/537.36 (KHTML, like Gecko) Chrome/91.0.4472.124 Safari/537.36"
185.177.72.113 - - [15/Aug/2025:11:13:49 -0300] "GET /index.js HTTP/1.1" 404 110920 "-" "Mozilla/5.0 (Windows NT 10.0; Win64; x64) AppleWebKit/537.36 (KHTML, like Gecko) Chrome/91.0.4472.124 Safari/537.36"
185.177.72.113 - - [15/Aug/2025:11:13:51 -0300] "GET /app.js HTTP/1.1" 404 110920 "-" "Mozilla/5.0 (Windows NT 10.0; Win64; x64) AppleWebKit/537.36 (KHTML, like Gecko) Chrome/91.0.4472.124 Safari/537.36"
185.177.72.113 - - [15/Aug/2025:11:13:53 -0300] "GET /bundle.js HTTP/1.1" 404 110920 "-" "Mozilla/5.0 (Windows NT 10.0; Win64; x64) AppleWebKit/537.36 (KHTML, like Gecko) Chrome/91.0.4472.124 Safari/537.36"
185.177.72.113 - - [15/Aug/2025:11:13:56 -0300] "GET /*.map HTTP/1.1" 404 110920 "-" "Mozilla/5.0 (Windows NT 10.0; Win64; x64) AppleWebKit/537.36 (KHTML, like Gecko) Chrome/91.0.4472.124 Safari/537.36"
185.177.72.113 - - [15/Aug/2025:11:13:58 -0300] "GET /pinfo.php HTTP/1.1" 404 110920 "-" "Mozilla/5.0 (Windows NT 10.0; Win64; x64) AppleWebKit/537.36 (KHTML, like Gecko) Chrome/91.0.4472.124 Safari/537.36"
185.177.72.113 - - [15/Aug/2025:11:14:00 -0300] "GET /sysinfo.php HTTP/1.1" 404 110920 "-" "Mozilla/5.0 (Windows NT 10.0; Win64; x64) AppleWebKit/537.36 (KHTML, like Gecko) Chrome/91.0.4472.124 Safari/537.36"
185.177.72.113 - - [15/Aug/2025:11:14:03 -0300] "GET /systeminfo.php HTTP/1.1" 404 110920 "-" "Mozilla/5.0 (Windows NT 10.0; Win64; x64) AppleWebKit/537.36 (KHTML, like Gecko) Chrome/91.0.4472.124 Safari/537.36"
185.177.72.113 - - [15/Aug/2025:11:14:05 -0300] "GET /php-version.php HTTP/1.1" 404 110920 "-" "Mozilla/5.0 (Windows NT 10.0; Win64; x64) AppleWebKit/537.36 (KHTML, like Gecko) Chrome/91.0.4472.124 Safari/537.36"
185.177.72.113 - - [15/Aug/2025:11:14:08 -0300] "GET /serverinfo.php HTTP/1.1" 404 110920 "-" "Mozilla/5.0 (Windows NT 10.0; Win64; x64) AppleWebKit/537.36 (KHTML, like Gecko) Chrome/91.0.4472.124 Safari/537.36"
162.214.27.60 - - [15/Aug/2025:11:14:12 -0300] "POST /wp-cron.php?doing_wp_cron=1755267251.9861450195312500000000 HTTP/1.1" 200 - "-" "WordPress/6.8.2; https://manutencao.komforthouse.com.br"
185.177.72.113 - - [15/Aug/2025:11:14:10 -0300] "GET /phpinf.php HTTP/1.1" 404 110920 "-" "Mozilla/5.0 (Windows NT 10.0; Win64; x64) AppleWebKit/537.36 (KHTML, like Gecko) Chrome/91.0.4472.124 Safari/537.36"
185.177.72.113 - - [15/Aug/2025:11:14:14 -0300] "GET /phpv.php HTTP/1.1" 404 110920 "-" "Mozilla/5.0 (Windows NT 10.0; Win64; x64) AppleWebKit/537.36 (KHTML, like Gecko) Chrome/91.0.4472.124 Safari/537.36"
185.177.72.113 - - [15/Aug/2025:11:14:16 -0300] "GET /next.config.js HTTP/1.1" 404 110920 "-" "Mozilla/5.0 (Windows NT 10.0; Win64; x64) AppleWebKit/537.36 (KHTML, like Gecko) Chrome/91.0.4472.124 Safari/537.36"
185.177.72.113 - - [15/Aug/2025:11:14:18 -0300] "GET /.next/env HTTP/1.1" 404 110920 "-" "Mozilla/5.0 (Windows NT 10.0; Win64; x64) AppleWebKit/537.36 (KHTML, like Gecko) Chrome/91.0.4472.124 Safari/537.36"
185.177.72.113 - - [15/Aug/2025:11:14:20 -0300] "GET /.next/static/development/pages/.env HTTP/1.1" 404 110920 "-" "Mozilla/5.0 (Windows NT 10.0; Win64; x64) AppleWebKit/537.36 (KHTML, like Gecko) Chrome/91.0.4472.124 Safari/537.36"
185.177.72.113 - - [15/Aug/2025:11:14:23 -0300] "GET /.next/static/env.js HTTP/1.1" 404 110920 "-" "Mozilla/5.0 (Windows NT 10.0; Win64; x64) AppleWebKit/537.36 (KHTML, like Gecko) Chrome/91.0.4472.124 Safari/537.36"
185.177.72.113 - - [15/Aug/2025:11:14:25 -0300] "GET /nuxt.config.js HTTP/1.1" 404 110920 "-" "Mozilla/5.0 (Windows NT 10.0; Win64; x64) AppleWebKit/537.36 (KHTML, like Gecko) Chrome/91.0.4472.124 Safari/537.36"
185.177.72.113 - - [15/Aug/2025:11:14:28 -0300] "GET /.output/server/.env HTTP/1.1" 404 110920 "-" "Mozilla/5.0 (Windows NT 10.0; Win64; x64) AppleWebKit/537.36 (KHTML, like Gecko) Chrome/91.0.4472.124 Safari/537.36"
45.174.181.70 - - [15/Aug/2025:11:51:20 -0300] "POST /wp-admin/admin-ajax.php HTTP/1.1" 200 24 "https://manutencao.komforthouse.com.br/?wpsc-section=ticket-list" "Mozilla/5.0 (Windows NT 10.0; Win64; x64) AppleWebKit/537.36 (KHTML, like Gecko) Chrome/139.0.0.0 Safari/537.36 Edg/139.0.0.0"
45.174.181.70 - - [15/Aug/2025:11:51:20 -0300] "POST /wp-admin/admin-ajax.php HTTP/1.1" 200 24 "https://manutencao.komforthouse.com.br/?wpsc-section=ticket-list" "Mozilla/5.0 (Windows NT 10.0; Win64; x64) AppleWebKit/537.36 (KHTML, like Gecko) Chrome/139.0.0.0 Safari/537.36 Edg/139.0.0.0"
45.174.181.70 - - [15/Aug/2025:11:51:20 -0300] "POST /wp-admin/admin-ajax.php HTTP/1.1" 200 24 "https://manutencao.komforthouse.com.br/?wpsc-section=ticket-list" "Mozilla/5.0 (Windows NT 10.0; Win64; x64) AppleWebKit/537.36 (KHTML, like Gecko) Chrome/139.0.0.0 Safari/537.36 Edg/139.0.0.0"
162.214.27.60 - - [15/Aug/2025:11:51:21 -0300] "POST /wp-cron.php?doing_wp_cron=1755269481.1338589191436767578125 HTTP/1.1" 200 - "-" "WordPress/6.8.2; https://manutencao.komforthouse.com.br"
45.174.181.70 - - [15/Aug/2025:11:52:22 -0300] "POST /wp-admin/admin-ajax.php HTTP/1.1" 200 24 "https://manutencao.komforthouse.com.br/?wpsc-section=ticket-list" "Mozilla/5.0 (Windows NT 10.0; Win64; x64) AppleWebKit/537.36 (KHTML, like Gecko) Chrome/139.0.0.0 Safari/537.36 Edg/139.0.0.0"
45.174.181.70 - - [15/Aug/2025:11:52:23 -0300] "POST /wp-admin/admin-ajax.php HTTP/1.1" 200 24 "https://manutencao.komforthouse.com.br/?wpsc-section=ticket-list" "Mozilla/5.0 (Windows NT 10.0; Win64; x64) AppleWebKit/537.36 (KHTML, like Gecko) Chrome/139.0.0.0 Safari/537.36 Edg/139.0.0.0"
162.214.27.60 - - [15/Aug/2025:11:52:23 -0300] "POST /wp-cron.php?doing_wp_cron=1755269543.6274440288543701171875 HTTP/1.1" 200 - "-" "WordPress/6.8.2; https://manutencao.komforthouse.com.br"
45.174.181.70 - - [15/Aug/2025:11:52:22 -0300] "POST /wp-admin/admin-ajax.php HTTP/1.1" 200 24 "https://manutencao.komforthouse.com.br/?wpsc-section=ticket-list" "Mozilla/5.0 (Windows NT 10.0; Win64; x64) AppleWebKit/537.36 (KHTML, like Gecko) Chrome/139.0.0.0 Safari/537.36 Edg/139.0.0.0"
45.174.181.70 - - [15/Aug/2025:11:53:25 -0300] "POST /wp-admin/admin-ajax.php HTTP/1.1" 200 24 "https://manutencao.komforthouse.com.br/?wpsc-section=ticket-list" "Mozilla/5.0 (Windows NT 10.0; Win64; x64) AppleWebKit/537.36 (KHTML, like Gecko) Chrome/139.0.0.0 Safari/537.36 Edg/139.0.0.0"
45.174.181.70 - - [15/Aug/2025:11:53:25 -0300] "POST /wp-admin/admin-ajax.php HTTP/1.1" 200 24 "https://manutencao.komforthouse.com.br/?wpsc-section=ticket-list" "Mozilla/5.0 (Windows NT 10.0; Win64; x64) AppleWebKit/537.36 (KHTML, like Gecko) Chrome/139.0.0.0 Safari/537.36 Edg/139.0.0.0"
45.174.181.70 - - [15/Aug/2025:11:53:24 -0300] "POST /wp-admin/admin-ajax.php HTTP/1.1" 200 24 "https://manutencao.komforthouse.com.br/?wpsc-section=ticket-list" "Mozilla/5.0 (Windows NT 10.0; Win64; x64) AppleWebKit/537.36 (KHTML, like Gecko) Chrome/139.0.0.0 Safari/537.36 Edg/139.0.0.0"
162.214.27.60 - - [15/Aug/2025:11:53:25 -0300] "POST /wp-cron.php?doing_wp_cron=1755269605.5997109413146972656250 HTTP/1.1" 200 - "-" "WordPress/6.8.2; https://manutencao.komforthouse.com.br"
162.214.27.60 - - [15/Aug/2025:12:12:55 -0300] "POST /wp-cron.php?doing_wp_cron=1755270775.6448950767517089843750 HTTP/1.1" 200 - "-" "WordPress/6.8.2; https://manutencao.komforthouse.com.br"
216.73.216.37 - - [15/Aug/2025:12:12:54 -0300] "GET /robots.txt HTTP/1.1" 200 67 "-" "Mozilla/5.0 AppleWebKit/537.36 (KHTML, like Gecko; compatible; ClaudeBot/1.0; +claudebot@anthropic.com)"
216.73.216.37 - - [15/Aug/2025:12:12:56 -0300] "GET /wp-content/plugins/supportcandy/asset/libs/jquery-circle-progress/circle-progress.min.js HTTP/1.1" 200 4445 "-" "Mozilla/5.0 AppleWebKit/537.36 (KHTML, like Gecko; compatible; ClaudeBot/1.0; +claudebot@anthropic.com)"
216.73.216.37 - - [15/Aug/2025:12:12:57 -0300] "GET /wp-includes/js/jquery/jquery-migrate.min.js HTTP/1.1" 200 13577 "-" "Mozilla/5.0 AppleWebKit/537.36 (KHTML, like Gecko; compatible; ClaudeBot/1.0; +claudebot@anthropic.com)"
216.73.216.37 - - [15/Aug/2025:12:16:20 -0300] "GET /wp-includes/js/jquery/ui/menu.min.js HTTP/1.1" 200 10199 "-" "Mozilla/5.0 AppleWebKit/537.36 (KHTML, like Gecko; compatible; ClaudeBot/1.0; +claudebot@anthropic.com)"
216.73.216.37 - - [15/Aug/2025:12:16:24 -0300] "GET /wp-includes/js/jquery/ui/mouse.min.js HTTP/1.1" 200 3428 "-" "Mozilla/5.0 AppleWebKit/537.36 (KHTML, like Gecko; compatible; ClaudeBot/1.0; +claudebot@anthropic.com)"
216.73.216.37 - - [15/Aug/2025:12:18:40 -0300] "GET /wp-content/plugins/supportcandy/asset/libs/flatpickr/flatpickr.js HTTP/1.1" 200 48518 "-" "Mozilla/5.0 AppleWebKit/537.36 (KHTML, like Gecko; compatible; ClaudeBot/1.0; +claudebot@anthropic.com)"
216.73.216.37 - - [15/Aug/2025:12:18:45 -0300] "GET /wp-includes/js/shortcode.min.js HTTP/1.1" 200 2643 "-" "Mozilla/5.0 AppleWebKit/537.36 (KHTML, like Gecko; compatible; ClaudeBot/1.0; +claudebot@anthropic.com)"
216.73.216.37 - - [15/Aug/2025:12:18:50 -0300] "GET /wp-includes/js/utils.min.js HTTP/1.1" 200 1864 "-" "Mozilla/5.0 AppleWebKit/537.36 (KHTML, like Gecko; compatible; ClaudeBot/1.0; +claudebot@anthropic.com)"
162.214.27.60 - - [15/Aug/2025:12:20:52 -0300] "POST /wp-cron.php?doing_wp_cron=1755271252.0448989868164062500000 HTTP/1.1" 200 - "-" "WordPress/6.8.2; https://manutencao.komforthouse.com.br"
40.77.167.243 - - [15/Aug/2025:12:20:51 -0300] "GET /?k=formula-1-car-by-car-1980%E2%80%9389-1980-89-formula-mm-3xX4w5S6 HTTP/1.1" 200 133035 "-" "Mozilla/5.0 AppleWebKit/537.36 (KHTML, like Gecko; compatible; bingbot/2.0; +http://www.bing.com/bingbot.htm) Chrome/116.0.1938.76 Safari/537.36"
216.73.216.37 - - [15/Aug/2025:12:21:11 -0300] "GET /wp-content/plugins/elementor-pro/assets/lib/smartmenus/jquery.smartmenus.min.js HTTP/1.1" 200 24109 "-" "Mozilla/5.0 AppleWebKit/537.36 (KHTML, like Gecko; compatible; ClaudeBot/1.0; +claudebot@anthropic.com)"
216.73.216.37 - - [15/Aug/2025:12:21:15 -0300] "GET /wp-content/plugins/supportcandy/asset/libs/fullcalendar/lib/main.min.js HTTP/1.1" 200 263467 "-" "Mozilla/5.0 AppleWebKit/537.36 (KHTML, like Gecko; compatible; ClaudeBot/1.0; +claudebot@anthropic.com)"
216.73.216.37 - - [15/Aug/2025:12:21:20 -0300] "GET /wp-includes/js/quicktags.min.js HTTP/1.1" 200 11132 "-" "Mozilla/5.0 AppleWebKit/537.36 (KHTML, like Gecko; compatible; ClaudeBot/1.0; +claudebot@anthropic.com)"
216.73.216.37 - - [15/Aug/2025:12:21:25 -0300] "GET /wp-includes/js/underscore.min.js HTTP/1.1" 200 18905 "-" "Mozilla/5.0 AppleWebKit/537.36 (KHTML, like Gecko; compatible; ClaudeBot/1.0; +claudebot@anthropic.com)"
216.73.216.37 - - [15/Aug/2025:12:21:30 -0300] "GET /wp-content/plugins/supportcandy/asset/libs/gpopover/jquery.gpopover.js HTTP/1.1" 200 6095 "-" "Mozilla/5.0 AppleWebKit/537.36 (KHTML, like Gecko; compatible; ClaudeBot/1.0; +claudebot@anthropic.com)"
216.73.216.37 - - [15/Aug/2025:12:21:35 -0300] "GET /wp-includes/js/hoverIntent.min.js HTTP/1.1" 200 1499 "-" "Mozilla/5.0 AppleWebKit/537.36 (KHTML, like Gecko; compatible; ClaudeBot/1.0; +claudebot@anthropic.com)"
216.73.216.37 - - [15/Aug/2025:12:21:40 -0300] "GET /wp-includes/js/dist/hooks.min.js HTTP/1.1" 200 4776 "-" "Mozilla/5.0 AppleWebKit/537.36 (KHTML, like Gecko; compatible; ClaudeBot/1.0; +claudebot@anthropic.com)"
216.73.216.37 - - [15/Aug/2025:12:22:30 -0300] "GET /wp-includes/js/dist/a11y.min.js HTTP/1.1" 200 2358 "-" "Mozilla/5.0 AppleWebKit/537.36 (KHTML, like Gecko; compatible; ClaudeBot/1.0; +claudebot@anthropic.com)"
216.73.216.37 - - [15/Aug/2025:12:22:35 -0300] "GET /wp-content/plugins/elementor-pro/assets/js/elements-handlers.min.js HTTP/1.1" 200 44624 "-" "Mozilla/5.0 AppleWebKit/537.36 (KHTML, like Gecko; compatible; ClaudeBot/1.0; +claudebot@anthropic.com)"
216.73.216.37 - - [15/Aug/2025:12:22:40 -0300] "GET /wp-content/plugins/supportcandy/asset/libs/chartjs/dist/chart.min.js HTTP/1.1" 200 182016 "-" "Mozilla/5.0 AppleWebKit/537.36 (KHTML, like Gecko; compatible; ClaudeBot/1.0; +claudebot@anthropic.com)"
216.73.216.37 - - [15/Aug/2025:12:22:45 -0300] "GET /wp-content/plugins/supportcandy/asset/libs/DataTables/datatables.min.css HTTP/1.1" 200 31159 "-" "Mozilla/5.0 AppleWebKit/537.36 (KHTML, like Gecko; compatible; ClaudeBot/1.0; +claudebot@anthropic.com)"
216.73.216.37 - - [15/Aug/2025:12:22:50 -0300] "GET /wp-content/plugins/elementor-pro/assets/css/widget-loop-grid.min.css HTTP/1.1" 200 13191 "-" "Mozilla/5.0 AppleWebKit/537.36 (KHTML, like Gecko; compatible; ClaudeBot/1.0; +claudebot@anthropic.com)"
216.73.216.37 - - [15/Aug/2025:12:22:55 -0300] "GET /wp-content/plugins/elementor-pro/assets/js/frontend.min.js HTTP/1.1" 200 24210 "-" "Mozilla/5.0 AppleWebKit/537.36 (KHTML, like Gecko; compatible; ClaudeBot/1.0; +claudebot@anthropic.com)"
66.249.69.166 - - [15/Aug/2025:12:48:44 -0300] "GET /robots.txt HTTP/1.1" 200 67 "-" "Mozilla/5.0 (compatible; Googlebot/2.1; +http://www.google.com/bot.html)"
162.214.27.60 - - [15/Aug/2025:12:48:45 -0300] "POST /wp-cron.php?doing_wp_cron=1755272925.2576150894165039062500 HTTP/1.1" 200 - "-" "WordPress/6.8.2; https://manutencao.komforthouse.com.br"
216.73.216.37 - - [15/Aug/2025:13:44:59 -0300] "GET /robots.txt HTTP/1.1" 200 67 "-" "Mozilla/5.0 AppleWebKit/537.36 (KHTML, like Gecko; compatible; ClaudeBot/1.0; +claudebot@anthropic.com)"
216.73.216.37 - - [15/Aug/2025:13:45:01 -0300] "GET /wp-includes/js/jquery/ui/autocomplete.min.js HTTP/1.1" 200 8536 "-" "Mozilla/5.0 AppleWebKit/537.36 (KHTML, like Gecko; compatible; ClaudeBot/1.0; +claudebot@anthropic.com)"
162.214.27.60 - - [15/Aug/2025:13:45:00 -0300] "POST /wp-cron.php?doing_wp_cron=1755276300.4027259349822998046875 HTTP/1.1" 200 - "-" "WordPress/6.8.2; https://manutencao.komforthouse.com.br"
216.73.216.37 - - [15/Aug/2025:13:45:58 -0300] "GET /wp-includes/js/jquery/ui/effect-slide.min.js HTTP/1.1" 200 917 "-" "Mozilla/5.0 AppleWebKit/537.36 (KHTML, like Gecko; compatible; ClaudeBot/1.0; +claudebot@anthropic.com)"
216.73.216.37 - - [15/Aug/2025:13:46:03 -0300] "GET /wp-content/plugins/supportcandy/framework/scripts.js HTTP/1.1" 200 81237 "-" "Mozilla/5.0 AppleWebKit/537.36 (KHTML, like Gecko; compatible; ClaudeBot/1.0; +claudebot@anthropic.com)"
216.73.216.37 - - [15/Aug/2025:13:46:08 -0300] "GET /wp-includes/js/jquery/jquery.min.js HTTP/1.1" 200 87553 "-" "Mozilla/5.0 AppleWebKit/537.36 (KHTML, like Gecko; compatible; ClaudeBot/1.0; +claudebot@anthropic.com)"
216.73.216.37 - - [15/Aug/2025:13:50:17 -0300] "GET /wp-includes/js/jquery/ui/sortable.min.js HTTP/1.1" 200 25504 "-" "Mozilla/5.0 AppleWebKit/537.36 (KHTML, like Gecko; compatible; ClaudeBot/1.0; +claudebot@anthropic.com)"
198.235.24.24 - - [15/Aug/2025:15:13:25 -0300] "GET / HTTP/1.1" 200 119882 "http://162.214.27.60:80/" "-"
216.73.216.37 - - [15/Aug/2025:15:33:14 -0300] "GET /robots.txt HTTP/1.1" 200 67 "-" "Mozilla/5.0 AppleWebKit/537.36 (KHTML, like Gecko; compatible; ClaudeBot/1.0; +claudebot@anthropic.com)"
216.73.216.37 - - [15/Aug/2025:15:33:16 -0300] "GET /wp-includes/js/jquery/ui/effect.min.js HTTP/1.1" 200 10332 "-" "Mozilla/5.0 AppleWebKit/537.36 (KHTML, like Gecko; compatible; ClaudeBot/1.0; +claudebot@anthropic.com)"
162.214.27.60 - - [15/Aug/2025:15:33:15 -0300] "POST /wp-cron.php?doing_wp_cron=1755282795.1891779899597167968750 HTTP/1.1" 200 - "-" "WordPress/6.8.2; https://manutencao.komforthouse.com.br"
216.73.216.37 - - [15/Aug/2025:15:33:21 -0300] "GET /wp-includes/js/jquery/ui/core.min.js HTTP/1.1" 200 21464 "-" "Mozilla/5.0 AppleWebKit/537.36 (KHTML, like Gecko; compatible; ClaudeBot/1.0; +claudebot@anthropic.com)"
216.73.216.37 - - [15/Aug/2025:15:34:46 -0300] "GET /wp-content/plugins/supportcandy/asset/libs/DataTables/datatables.min.js HTTP/1.1" 200 114569 "-" "Mozilla/5.0 AppleWebKit/537.36 (KHTML, like Gecko; compatible; ClaudeBot/1.0; +claudebot@anthropic.com)"
216.73.216.37 - - [15/Aug/2025:15:36:29 -0300] "GET /wp-content/plugins/elementor/assets/js/webpack.runtime.min.js HTTP/1.1" 200 5326 "-" "Mozilla/5.0 AppleWebKit/537.36 (KHTML, like Gecko; compatible; ClaudeBot/1.0; +claudebot@anthropic.com)"
216.73.216.37 - - [15/Aug/2025:15:40:27 -0300] "GET /wp-content/plugins/elementor/assets/css/widget-icon-box.min.css HTTP/1.1" 200 10071 "-" "Mozilla/5.0 AppleWebKit/537.36 (KHTML, like Gecko; compatible; ClaudeBot/1.0; +claudebot@anthropic.com)"
216.73.216.37 - - [15/Aug/2025:15:40:30 -0300] "GET /wp-content/plugins/elementor/assets/css/frontend.min.css HTTP/1.1" 200 53257 "-" "Mozilla/5.0 AppleWebKit/537.36 (KHTML, like Gecko; compatible; ClaudeBot/1.0; +claudebot@anthropic.com)"
216.73.216.37 - - [15/Aug/2025:15:40:35 -0300] "GET /wp-content/plugins/elementor/assets/css/widget-image.min.css HTTP/1.1" 200 254 "-" "Mozilla/5.0 AppleWebKit/537.36 (KHTML, like Gecko; compatible; ClaudeBot/1.0; +claudebot@anthropic.com)"
216.73.216.37 - - [15/Aug/2025:15:40:40 -0300] "GET /wp-content/uploads/2024/05/TECIDOS-FORA-DE-LINHA-Gralha.xlsx HTTP/1.1" 200 10119 "-" "Mozilla/5.0 AppleWebKit/537.36 (KHTML, like Gecko; compatible; ClaudeBot/1.0; +claudebot@anthropic.com)"
216.73.216.37 - - [15/Aug/2025:15:40:45 -0300] "GET /wp-content/plugins/elementor-pro/assets/css/widget-nav-menu.min.css HTTP/1.1" 200 26859 "-" "Mozilla/5.0 AppleWebKit/537.36 (KHTML, like Gecko; compatible; ClaudeBot/1.0; +claudebot@anthropic.com)"
216.73.216.37 - - [15/Aug/2025:15:40:50 -0300] "GET /wp-content/uploads/elementor/css/post-98.css HTTP/1.1" 200 16632 "-" "Mozilla/5.0 AppleWebKit/537.36 (KHTML, like Gecko; compatible; ClaudeBot/1.0; +claudebot@anthropic.com)"
216.73.216.37 - - [15/Aug/2025:15:40:55 -0300] "GET /wp-content/uploads/elementor/css/post-9.css HTTP/1.1" 200 2456 "-" "Mozilla/5.0 AppleWebKit/537.36 (KHTML, like Gecko; compatible; ClaudeBot/1.0; +claudebot@anthropic.com)"
216.73.216.37 - - [15/Aug/2025:15:41:32 -0300] "GET /wp-content/themes/hello-elementor/theme.min.css HTTP/1.1" 200 5069 "-" "Mozilla/5.0 AppleWebKit/537.36 (KHTML, like Gecko; compatible; ClaudeBot/1.0; +claudebot@anthropic.com)"
216.73.216.37 - - [15/Aug/2025:15:41:35 -0300] "GET /wp-content/uploads/2024/05/Asset-2.svg HTTP/1.1" 200 1473 "-" "Mozilla/5.0 AppleWebKit/537.36 (KHTML, like Gecko; compatible; ClaudeBot/1.0; +claudebot@anthropic.com)"
216.73.216.37 - - [15/Aug/2025:15:41:40 -0300] "GET /feed HTTP/1.1" 301 - "-" "Mozilla/5.0 AppleWebKit/537.36 (KHTML, like Gecko; compatible; ClaudeBot/1.0; +claudebot@anthropic.com)"
162.214.27.60 - - [15/Aug/2025:15:41:41 -0300] "POST /wp-cron.php?doing_wp_cron=1755283301.4768619537353515625000 HTTP/1.1" 200 - "-" "WordPress/6.8.2; https://manutencao.komforthouse.com.br"
162.214.27.60 - - [15/Aug/2025:15:41:44 -0300] "POST /wp-cron.php?doing_wp_cron=1755283304.6084060668945312500000 HTTP/1.1" 200 - "-" "WordPress/6.8.2; https://manutencao.komforthouse.com.br"
216.73.216.37 - - [15/Aug/2025:15:41:43 -0300] "GET /feed/ HTTP/1.1" 200 8047 "https://manutencao.komforthouse.com.br/feed" "Mozilla/5.0 AppleWebKit/537.36 (KHTML, like Gecko; compatible; ClaudeBot/1.0; +claudebot@anthropic.com)"
216.73.216.37 - - [15/Aug/2025:15:41:45 -0300] "GET /?p=17 HTTP/1.1" 301 - "-" "Mozilla/5.0 AppleWebKit/537.36 (KHTML, like Gecko; compatible; ClaudeBot/1.0; +claudebot@anthropic.com)"
216.73.216.37 - - [15/Aug/2025:15:41:47 -0300] "GET /pagina-de-ticket/ HTTP/1.1" 200 116481 "https://manutencao.komforthouse.com.br/?p=17" "Mozilla/5.0 AppleWebKit/537.36 (KHTML, like Gecko; compatible; ClaudeBot/1.0; +claudebot@anthropic.com)"
216.73.216.37 - - [15/Aug/2025:15:41:49 -0300] "GET /wp-includes/css/editor.min.css HTTP/1.1" 200 26851 "-" "Mozilla/5.0 AppleWebKit/537.36 (KHTML, like Gecko; compatible; ClaudeBot/1.0; +claudebot@anthropic.com)"
216.73.216.37 - - [15/Aug/2025:15:41:50 -0300] "GET /wp-content/plugins/elementor/assets/css/widget-social-icons.min.css HTTP/1.1" 200 5150 "-" "Mozilla/5.0 AppleWebKit/537.36 (KHTML, like Gecko; compatible; ClaudeBot/1.0; +claudebot@anthropic.com)"
216.73.216.37 - - [15/Aug/2025:15:41:54 -0300] "GET /wp-includes/css/dashicons.min.css HTTP/1.1" 200 59016 "-" "Mozilla/5.0 AppleWebKit/537.36 (KHTML, like Gecko; compatible; ClaudeBot/1.0; +claudebot@anthropic.com)"
86.38.98.54 - - [15/Aug/2025:16:47:35 -0300] "GET / HTTP/1.1" 200 133187 "-" "Mozilla/5.0 (Windows NT 10.0; Win64; x64) AppleWebKit/537.36 (KHTML, like Gecko) Chrome/78.0.3904.108 Safari/537.36"
86.38.98.54 - - [15/Aug/2025:16:47:38 -0300] "GET //wp-includes/wlwmanifest.xml HTTP/1.1" 301 - "-" "Mozilla/5.0 (Windows NT 10.0; Win64; x64) AppleWebKit/537.36 (KHTML, like Gecko) Chrome/78.0.3904.108 Safari/537.36"
86.38.98.54 - - [15/Aug/2025:16:47:40 -0300] "GET //xmlrpc.php?rsd HTTP/1.1" 200 894 "-" "Mozilla/5.0 (Windows NT 10.0; Win64; x64) AppleWebKit/537.36 (KHTML, like Gecko) Chrome/78.0.3904.108 Safari/537.36"
86.38.98.54 - - [15/Aug/2025:16:47:41 -0300] "GET //?author=1 HTTP/1.1" 301 - "-" "Mozilla/5.0 (Windows NT 10.0; Win64; x64) AppleWebKit/537.36 (KHTML, like Gecko) Chrome/78.0.3904.108 Safari/537.36"
86.38.98.54 - - [15/Aug/2025:16:47:44 -0300] "GET //?author=2 HTTP/1.1" 301 - "-" "Mozilla/5.0 (Windows NT 10.0; Win64; x64) AppleWebKit/537.36 (KHTML, like Gecko) Chrome/78.0.3904.108 Safari/537.36"
86.38.98.54 - - [15/Aug/2025:16:47:45 -0300] "GET //wp-json/wp/v2/users/ HTTP/1.1" 200 808 "-" "Mozilla/5.0 (Windows NT 10.0; Win64; x64) AppleWebKit/537.36 (KHTML, like Gecko) Chrome/78.0.3904.108 Safari/537.36"
86.38.98.54 - - [15/Aug/2025:16:47:47 -0300] "POST //xmlrpc.php HTTP/1.1" 200 407 "-" "Mozilla/5.0 (Windows NT 10.0; Win64; x64) AppleWebKit/537.36 (KHTML, like Gecko) Chrome/78.0.3904.108 Safari/537.36"
86.38.98.54 - - [15/Aug/2025:16:47:53 -0300] "POST //xmlrpc.php HTTP/1.1" 200 407 "-" "Mozilla/5.0 (Windows NT 10.0; Win64; x64) AppleWebKit/537.36 (KHTML, like Gecko) Chrome/78.0.3904.108 Safari/537.36"
86.38.98.54 - - [15/Aug/2025:16:47:58 -0300] "POST //xmlrpc.php HTTP/1.1" 200 407 "-" "Mozilla/5.0 (Windows NT 10.0; Win64; x64) AppleWebKit/537.36 (KHTML, like Gecko) Chrome/78.0.3904.108 Safari/537.36"
86.38.98.54 - - [15/Aug/2025:16:48:02 -0300] "POST //xmlrpc.php HTTP/1.1" 200 407 "-" "Mozilla/5.0 (Windows NT 10.0; Win64; x64) AppleWebKit/537.36 (KHTML, like Gecko) Chrome/78.0.3904.108 Safari/537.36"
86.38.98.54 - - [15/Aug/2025:16:48:04 -0300] "POST //xmlrpc.php HTTP/1.1" 200 407 "-" "Mozilla/5.0 (Windows NT 10.0; Win64; x64) AppleWebKit/537.36 (KHTML, like Gecko) Chrome/78.0.3904.108 Safari/537.36"
86.38.98.54 - - [15/Aug/2025:16:48:07 -0300] "POST //xmlrpc.php HTTP/1.1" 200 407 "-" "Mozilla/5.0 (Windows NT 10.0; Win64; x64) AppleWebKit/537.36 (KHTML, like Gecko) Chrome/78.0.3904.108 Safari/537.36"
162.214.27.60 - - [15/Aug/2025:16:48:11 -0300] "POST /wp-cron.php?doing_wp_cron=1755287291.0641939640045166015625 HTTP/1.1" 200 - "-" "WordPress/6.8.2; https://manutencao.komforthouse.com.br"
86.38.98.54 - - [15/Aug/2025:16:48:10 -0300] "POST //xmlrpc.php HTTP/1.1" 200 407 "-" "Mozilla/5.0 (Windows NT 10.0; Win64; x64) AppleWebKit/537.36 (KHTML, like Gecko) Chrome/78.0.3904.108 Safari/537.36"
86.38.98.54 - - [15/Aug/2025:16:48:16 -0300] "POST //xmlrpc.php HTTP/1.1" 200 407 "-" "Mozilla/5.0 (Windows NT 10.0; Win64; x64) AppleWebKit/537.36 (KHTML, like Gecko) Chrome/78.0.3904.108 Safari/537.36"
86.38.98.54 - - [15/Aug/2025:16:48:20 -0300] "POST //xmlrpc.php HTTP/1.1" 200 407 "-" "Mozilla/5.0 (Windows NT 10.0; Win64; x64) AppleWebKit/537.36 (KHTML, like Gecko) Chrome/78.0.3904.108 Safari/537.36"
86.38.98.54 - - [15/Aug/2025:16:48:24 -0300] "POST //xmlrpc.php HTTP/1.1" 200 407 "-" "Mozilla/5.0 (Windows NT 10.0; Win64; x64) AppleWebKit/537.36 (KHTML, like Gecko) Chrome/78.0.3904.108 Safari/537.36"
86.38.98.54 - - [15/Aug/2025:16:48:27 -0300] "POST //xmlrpc.php HTTP/1.1" 200 407 "-" "Mozilla/5.0 (Windows NT 10.0; Win64; x64) AppleWebKit/537.36 (KHTML, like Gecko) Chrome/78.0.3904.108 Safari/537.36"
86.38.98.54 - - [15/Aug/2025:16:48:30 -0300] "POST //xmlrpc.php HTTP/1.1" 200 407 "-" "Mozilla/5.0 (Windows NT 10.0; Win64; x64) AppleWebKit/537.36 (KHTML, like Gecko) Chrome/78.0.3904.108 Safari/537.36"
86.38.98.54 - - [15/Aug/2025:16:48:32 -0300] "POST //xmlrpc.php HTTP/1.1" 200 407 "-" "Mozilla/5.0 (Windows NT 10.0; Win64; x64) AppleWebKit/537.36 (KHTML, like Gecko) Chrome/78.0.3904.108 Safari/537.36"
86.38.98.54 - - [15/Aug/2025:16:48:35 -0300] "POST //xmlrpc.php HTTP/1.1" 200 407 "-" "Mozilla/5.0 (Windows NT 10.0; Win64; x64) AppleWebKit/537.36 (KHTML, like Gecko) Chrome/78.0.3904.108 Safari/537.36"
86.38.98.54 - - [15/Aug/2025:16:48:40 -0300] "POST //xmlrpc.php HTTP/1.1" 200 407 "-" "Mozilla/5.0 (Windows NT 10.0; Win64; x64) AppleWebKit/537.36 (KHTML, like Gecko) Chrome/78.0.3904.108 Safari/537.36"
86.38.98.54 - - [15/Aug/2025:16:48:43 -0300] "POST //xmlrpc.php HTTP/1.1" 200 407 "-" "Mozilla/5.0 (Windows NT 10.0; Win64; x64) AppleWebKit/537.36 (KHTML, like Gecko) Chrome/78.0.3904.108 Safari/537.36"
86.38.98.54 - - [15/Aug/2025:16:48:47 -0300] "POST //xmlrpc.php HTTP/1.1" 200 407 "-" "Mozilla/5.0 (Windows NT 10.0; Win64; x64) AppleWebKit/537.36 (KHTML, like Gecko) Chrome/78.0.3904.108 Safari/537.36"
86.38.98.54 - - [15/Aug/2025:16:48:50 -0300] "POST //xmlrpc.php HTTP/1.1" 200 407 "-" "Mozilla/5.0 (Windows NT 10.0; Win64; x64) AppleWebKit/537.36 (KHTML, like Gecko) Chrome/78.0.3904.108 Safari/537.36"
86.38.98.54 - - [15/Aug/2025:16:48:52 -0300] "POST //xmlrpc.php HTTP/1.1" 200 407 "-" "Mozilla/5.0 (Windows NT 10.0; Win64; x64) AppleWebKit/537.36 (KHTML, like Gecko) Chrome/78.0.3904.108 Safari/537.36"
86.38.98.54 - - [15/Aug/2025:16:48:58 -0300] "POST //xmlrpc.php HTTP/1.1" 200 407 "-" "Mozilla/5.0 (Windows NT 10.0; Win64; x64) AppleWebKit/537.36 (KHTML, like Gecko) Chrome/78.0.3904.108 Safari/537.36"
86.38.98.54 - - [15/Aug/2025:16:49:03 -0300] "POST //xmlrpc.php HTTP/1.1" 200 407 "-" "Mozilla/5.0 (Windows NT 10.0; Win64; x64) AppleWebKit/537.36 (KHTML, like Gecko) Chrome/78.0.3904.108 Safari/537.36"
86.38.98.54 - - [15/Aug/2025:16:49:09 -0300] "POST //xmlrpc.php HTTP/1.1" 200 407 "-" "Mozilla/5.0 (Windows NT 10.0; Win64; x64) AppleWebKit/537.36 (KHTML, like Gecko) Chrome/78.0.3904.108 Safari/537.36"
162.214.27.60 - - [15/Aug/2025:16:49:13 -0300] "POST /wp-cron.php?doing_wp_cron=1755287353.7821750640869140625000 HTTP/1.1" 200 - "-" "WordPress/6.8.2; https://manutencao.komforthouse.com.br"
86.38.98.54 - - [15/Aug/2025:16:49:12 -0300] "POST //xmlrpc.php HTTP/1.1" 200 407 "-" "Mozilla/5.0 (Windows NT 10.0; Win64; x64) AppleWebKit/537.36 (KHTML, like Gecko) Chrome/78.0.3904.108 Safari/537.36"
86.38.98.54 - - [15/Aug/2025:16:49:18 -0300] "POST //xmlrpc.php HTTP/1.1" 200 407 "-" "Mozilla/5.0 (Windows NT 10.0; Win64; x64) AppleWebKit/537.36 (KHTML, like Gecko) Chrome/78.0.3904.108 Safari/537.36"
86.38.98.54 - - [15/Aug/2025:16:49:21 -0300] "POST //xmlrpc.php HTTP/1.1" 200 407 "-" "Mozilla/5.0 (Windows NT 10.0; Win64; x64) AppleWebKit/537.36 (KHTML, like Gecko) Chrome/78.0.3904.108 Safari/537.36"
86.38.98.54 - - [15/Aug/2025:16:49:24 -0300] "POST //xmlrpc.php HTTP/1.1" 200 407 "-" "Mozilla/5.0 (Windows NT 10.0; Win64; x64) AppleWebKit/537.36 (KHTML, like Gecko) Chrome/78.0.3904.108 Safari/537.36"
86.38.98.54 - - [15/Aug/2025:16:49:28 -0300] "POST //xmlrpc.php HTTP/1.1" 200 407 "-" "Mozilla/5.0 (Windows NT 10.0; Win64; x64) AppleWebKit/537.36 (KHTML, like Gecko) Chrome/78.0.3904.108 Safari/537.36"
86.38.98.54 - - [15/Aug/2025:16:49:31 -0300] "POST //xmlrpc.php HTTP/1.1" 200 407 "-" "Mozilla/5.0 (Windows NT 10.0; Win64; x64) AppleWebKit/537.36 (KHTML, like Gecko) Chrome/78.0.3904.108 Safari/537.36"
162.214.27.60 - - [15/Aug/2025:16:49:36 -0300] "POST /wp-cron.php?doing_wp_cron=1755287376.1739420890808105468750 HTTP/1.1" 200 - "-" "WordPress/6.8.2; https://manutencao.komforthouse.com.br"
86.38.98.54 - - [15/Aug/2025:16:49:35 -0300] "POST //xmlrpc.php HTTP/1.1" 200 407 "-" "Mozilla/5.0 (Windows NT 10.0; Win64; x64) AppleWebKit/537.36 (KHTML, like Gecko) Chrome/78.0.3904.108 Safari/537.36"
86.38.98.54 - - [15/Aug/2025:16:49:38 -0300] "POST //xmlrpc.php HTTP/1.1" 200 407 "-" "Mozilla/5.0 (Windows NT 10.0; Win64; x64) AppleWebKit/537.36 (KHTML, like Gecko) Chrome/78.0.3904.108 Safari/537.36"
86.38.98.54 - - [15/Aug/2025:16:49:42 -0300] "POST //xmlrpc.php HTTP/1.1" 200 407 "-" "Mozilla/5.0 (Windows NT 10.0; Win64; x64) AppleWebKit/537.36 (KHTML, like Gecko) Chrome/78.0.3904.108 Safari/537.36"
86.38.98.54 - - [15/Aug/2025:16:49:48 -0300] "POST //xmlrpc.php HTTP/1.1" 200 407 "-" "Mozilla/5.0 (Windows NT 10.0; Win64; x64) AppleWebKit/537.36 (KHTML, like Gecko) Chrome/78.0.3904.108 Safari/537.36"
86.38.98.54 - - [15/Aug/2025:16:49:50 -0300] "POST //xmlrpc.php HTTP/1.1" 200 407 "-" "Mozilla/5.0 (Windows NT 10.0; Win64; x64) AppleWebKit/537.36 (KHTML, like Gecko) Chrome/78.0.3904.108 Safari/537.36"
86.38.98.54 - - [15/Aug/2025:16:49:54 -0300] "POST //xmlrpc.php HTTP/1.1" 200 407 "-" "Mozilla/5.0 (Windows NT 10.0; Win64; x64) AppleWebKit/537.36 (KHTML, like Gecko) Chrome/78.0.3904.108 Safari/537.36"
86.38.98.54 - - [15/Aug/2025:16:49:57 -0300] "POST //xmlrpc.php HTTP/1.1" 200 407 "-" "Mozilla/5.0 (Windows NT 10.0; Win64; x64) AppleWebKit/537.36 (KHTML, like Gecko) Chrome/78.0.3904.108 Safari/537.36"
86.38.98.54 - - [15/Aug/2025:16:49:59 -0300] "POST //xmlrpc.php HTTP/1.1" 200 407 "-" "Mozilla/5.0 (Windows NT 10.0; Win64; x64) AppleWebKit/537.36 (KHTML, like Gecko) Chrome/78.0.3904.108 Safari/537.36"
86.38.98.54 - - [15/Aug/2025:16:50:02 -0300] "POST //xmlrpc.php HTTP/1.1" 200 407 "-" "Mozilla/5.0 (Windows NT 10.0; Win64; x64) AppleWebKit/537.36 (KHTML, like Gecko) Chrome/78.0.3904.108 Safari/537.36"
86.38.98.54 - - [15/Aug/2025:16:50:04 -0300] "POST //xmlrpc.php HTTP/1.1" 200 407 "-" "Mozilla/5.0 (Windows NT 10.0; Win64; x64) AppleWebKit/537.36 (KHTML, like Gecko) Chrome/78.0.3904.108 Safari/537.36"
86.38.98.54 - - [15/Aug/2025:16:50:10 -0300] "POST //xmlrpc.php HTTP/1.1" 200 407 "-" "Mozilla/5.0 (Windows NT 10.0; Win64; x64) AppleWebKit/537.36 (KHTML, like Gecko) Chrome/78.0.3904.108 Safari/537.36"
162.214.27.60 - - [15/Aug/2025:16:50:11 -0300] "POST /wp-cron.php?doing_wp_cron=1755287411.2447609901428222656250 HTTP/1.1" 200 - "-" "WordPress/6.8.2; https://manutencao.komforthouse.com.br"
86.38.98.54 - - [15/Aug/2025:16:50:15 -0300] "POST //xmlrpc.php HTTP/1.1" 200 407 "-" "Mozilla/5.0 (Windows NT 10.0; Win64; x64) AppleWebKit/537.36 (KHTML, like Gecko) Chrome/78.0.3904.108 Safari/537.36"
86.38.98.54 - - [15/Aug/2025:16:50:18 -0300] "POST //xmlrpc.php HTTP/1.1" 200 407 "-" "Mozilla/5.0 (Windows NT 10.0; Win64; x64) AppleWebKit/537.36 (KHTML, like Gecko) Chrome/78.0.3904.108 Safari/537.36"
86.38.98.54 - - [15/Aug/2025:16:50:23 -0300] "POST //xmlrpc.php HTTP/1.1" 200 407 "-" "Mozilla/5.0 (Windows NT 10.0; Win64; x64) AppleWebKit/537.36 (KHTML, like Gecko) Chrome/78.0.3904.108 Safari/537.36"
86.38.98.54 - - [15/Aug/2025:16:50:26 -0300] "POST //xmlrpc.php HTTP/1.1" 200 407 "-" "Mozilla/5.0 (Windows NT 10.0; Win64; x64) AppleWebKit/537.36 (KHTML, like Gecko) Chrome/78.0.3904.108 Safari/537.36"
86.38.98.54 - - [15/Aug/2025:16:50:32 -0300] "POST //xmlrpc.php HTTP/1.1" 200 407 "-" "Mozilla/5.0 (Windows NT 10.0; Win64; x64) AppleWebKit/537.36 (KHTML, like Gecko) Chrome/78.0.3904.108 Safari/537.36"
86.38.98.54 - - [15/Aug/2025:16:50:36 -0300] "POST //xmlrpc.php HTTP/1.1" 200 407 "-" "Mozilla/5.0 (Windows NT 10.0; Win64; x64) AppleWebKit/537.36 (KHTML, like Gecko) Chrome/78.0.3904.108 Safari/537.36"
86.38.98.54 - - [15/Aug/2025:16:50:50 -0300] "POST //xmlrpc.php HTTP/1.1" 200 407 "-" "Mozilla/5.0 (Windows NT 10.0; Win64; x64) AppleWebKit/537.36 (KHTML, like Gecko) Chrome/78.0.3904.108 Safari/537.36"
86.38.98.54 - - [15/Aug/2025:16:50:54 -0300] "POST //xmlrpc.php HTTP/1.1" 200 407 "-" "Mozilla/5.0 (Windows NT 10.0; Win64; x64) AppleWebKit/537.36 (KHTML, like Gecko) Chrome/78.0.3904.108 Safari/537.36"
86.38.98.54 - - [15/Aug/2025:16:50:57 -0300] "POST //xmlrpc.php HTTP/1.1" 200 407 "-" "Mozilla/5.0 (Windows NT 10.0; Win64; x64) AppleWebKit/537.36 (KHTML, like Gecko) Chrome/78.0.3904.108 Safari/537.36"
86.38.98.54 - - [15/Aug/2025:16:50:59 -0300] "POST //xmlrpc.php HTTP/1.1" 200 407 "-" "Mozilla/5.0 (Windows NT 10.0; Win64; x64) AppleWebKit/537.36 (KHTML, like Gecko) Chrome/78.0.3904.108 Safari/537.36"
86.38.98.54 - - [15/Aug/2025:16:51:03 -0300] "POST //xmlrpc.php HTTP/1.1" 200 407 "-" "Mozilla/5.0 (Windows NT 10.0; Win64; x64) AppleWebKit/537.36 (KHTML, like Gecko) Chrome/78.0.3904.108 Safari/537.36"
86.38.98.54 - - [15/Aug/2025:16:51:09 -0300] "POST //xmlrpc.php HTTP/1.1" 200 407 "-" "Mozilla/5.0 (Windows NT 10.0; Win64; x64) AppleWebKit/537.36 (KHTML, like Gecko) Chrome/78.0.3904.108 Safari/537.36"
86.38.98.54 - - [15/Aug/2025:16:51:13 -0300] "POST //xmlrpc.php HTTP/1.1" 200 407 "-" "Mozilla/5.0 (Windows NT 10.0; Win64; x64) AppleWebKit/537.36 (KHTML, like Gecko) Chrome/78.0.3904.108 Safari/537.36"
162.214.27.60 - - [15/Aug/2025:16:51:15 -0300] "POST /wp-cron.php?doing_wp_cron=1755287475.0367319583892822265625 HTTP/1.1" 200 - "-" "WordPress/6.8.2; https://manutencao.komforthouse.com.br"
86.38.98.54 - - [15/Aug/2025:16:51:18 -0300] "POST //xmlrpc.php HTTP/1.1" 200 407 "-" "Mozilla/5.0 (Windows NT 10.0; Win64; x64) AppleWebKit/537.36 (KHTML, like Gecko) Chrome/78.0.3904.108 Safari/537.36"
86.38.98.54 - - [15/Aug/2025:16:51:24 -0300] "POST //xmlrpc.php HTTP/1.1" 200 407 "-" "Mozilla/5.0 (Windows NT 10.0; Win64; x64) AppleWebKit/537.36 (KHTML, like Gecko) Chrome/78.0.3904.108 Safari/537.36"
86.38.98.54 - - [15/Aug/2025:16:51:26 -0300] "POST //xmlrpc.php HTTP/1.1" 200 407 "-" "Mozilla/5.0 (Windows NT 10.0; Win64; x64) AppleWebKit/537.36 (KHTML, like Gecko) Chrome/78.0.3904.108 Safari/537.36"
86.38.98.54 - - [15/Aug/2025:16:51:29 -0300] "POST //xmlrpc.php HTTP/1.1" 200 407 "-" "Mozilla/5.0 (Windows NT 10.0; Win64; x64) AppleWebKit/537.36 (KHTML, like Gecko) Chrome/78.0.3904.108 Safari/537.36"
86.38.98.54 - - [15/Aug/2025:16:51:33 -0300] "POST //xmlrpc.php HTTP/1.1" 200 407 "-" "Mozilla/5.0 (Windows NT 10.0; Win64; x64) AppleWebKit/537.36 (KHTML, like Gecko) Chrome/78.0.3904.108 Safari/537.36"
86.38.98.54 - - [15/Aug/2025:16:51:36 -0300] "POST //xmlrpc.php HTTP/1.1" 200 407 "-" "Mozilla/5.0 (Windows NT 10.0; Win64; x64) AppleWebKit/537.36 (KHTML, like Gecko) Chrome/78.0.3904.108 Safari/537.36"
86.38.98.54 - - [15/Aug/2025:16:51:39 -0300] "POST //xmlrpc.php HTTP/1.1" 200 407 "-" "Mozilla/5.0 (Windows NT 10.0; Win64; x64) AppleWebKit/537.36 (KHTML, like Gecko) Chrome/78.0.3904.108 Safari/537.36"
162.214.27.60 - - [15/Aug/2025:16:51:43 -0300] "POST /wp-cron.php?doing_wp_cron=1755287503.5609788894653320312500 HTTP/1.1" 200 - "-" "WordPress/6.8.2; https://manutencao.komforthouse.com.br"
86.38.98.54 - - [15/Aug/2025:16:51:42 -0300] "POST //xmlrpc.php HTTP/1.1" 200 407 "-" "Mozilla/5.0 (Windows NT 10.0; Win64; x64) AppleWebKit/537.36 (KHTML, like Gecko) Chrome/78.0.3904.108 Safari/537.36"
162.214.27.60 - - [15/Aug/2025:17:23:32 -0300] "POST /wp-cron.php?doing_wp_cron=1755289412.2825770378112792968750 HTTP/1.1" 200 - "-" "WordPress/6.8.2; https://manutencao.komforthouse.com.br"
216.73.216.37 - - [15/Aug/2025:17:23:31 -0300] "GET /robots.txt HTTP/1.1" 200 67 "-" "Mozilla/5.0 AppleWebKit/537.36 (KHTML, like Gecko; compatible; ClaudeBot/1.0; +claudebot@anthropic.com)"
216.73.216.37 - - [15/Aug/2025:17:27:15 -0300] "GET /porta HTTP/1.1" 302 - "-" "Mozilla/5.0 AppleWebKit/537.36 (KHTML, like Gecko; compatible; ClaudeBot/1.0; +claudebot@anthropic.com)"
216.73.216.37 - - [15/Aug/2025:17:27:16 -0300] "GET /porta/ HTTP/1.1" 200 9455 "https://manutencao.komforthouse.com.br/porta" "Mozilla/5.0 AppleWebKit/537.36 (KHTML, like Gecko; compatible; ClaudeBot/1.0; +claudebot@anthropic.com)"
216.73.216.37 - - [15/Aug/2025:17:27:19 -0300] "GET /wp-content/uploads/2024/05/Akomfort-house-sofas-colchoes-logo-2024-preto.svg HTTP/1.1" 200 13550 "-" "Mozilla/5.0 AppleWebKit/537.36 (KHTML, like Gecko; compatible; ClaudeBot/1.0; +claudebot@anthropic.com)"
216.73.216.37 - - [15/Aug/2025:17:27:24 -0300] "GET /wp-content/uploads/2024/05/Assinatura_Email_v1-1.png HTTP/1.1" 200 155662 "-" "Mozilla/5.0 AppleWebKit/537.36 (KHTML, like Gecko; compatible; ClaudeBot/1.0; +claudebot@anthropic.com)"
216.73.216.37 - - [15/Aug/2025:17:27:30 -0300] "GET /wp-content/uploads/2024/05/komfort-house-sofas-colchoes-logo-2024-branco.svg HTTP/1.1" 200 13550 "-" "Mozilla/5.0 AppleWebKit/537.36 (KHTML, like Gecko; compatible; ClaudeBot/1.0; +claudebot@anthropic.com)"
216.73.216.37 - - [15/Aug/2025:17:27:35 -0300] "GET /wp-content/uploads/2024/05/Assinatura_Email_v1-1-1.png HTTP/1.1" 200 100210 "-" "Mozilla/5.0 AppleWebKit/537.36 (KHTML, like Gecko; compatible; ClaudeBot/1.0; +claudebot@anthropic.com)"
216.73.216.37 - - [15/Aug/2025:17:28:36 -0300] "GET /wp-content/uploads/2024/05/cropped-komfort-house-sofas-180x180.png HTTP/1.1" 200 3397 "-" "Mozilla/5.0 AppleWebKit/537.36 (KHTML, like Gecko; compatible; ClaudeBot/1.0; +claudebot@anthropic.com)"
216.73.216.37 - - [15/Aug/2025:17:28:41 -0300] "GET /wp-content/uploads/2024/05/cropped-komfort-house-sofas-192x192.png HTTP/1.1" 200 3711 "-" "Mozilla/5.0 AppleWebKit/537.36 (KHTML, like Gecko; compatible; ClaudeBot/1.0; +claudebot@anthropic.com)"
216.73.216.37 - - [15/Aug/2025:17:28:46 -0300] "GET /wp-content/uploads/2024/05/cropped-komfort-house-sofas-32x32.png HTTP/1.1" 200 640 "-" "Mozilla/5.0 AppleWebKit/537.36 (KHTML, like Gecko; compatible; ClaudeBot/1.0; +claudebot@anthropic.com)"
216.73.216.37 - - [15/Aug/2025:19:28:28 -0300] "GET /robots.txt HTTP/1.1" 200 67 "-" "Mozilla/5.0 AppleWebKit/537.36 (KHTML, like Gecko; compatible; ClaudeBot/1.0; +claudebot@anthropic.com)"
162.214.27.60 - - [15/Aug/2025:19:28:30 -0300] "POST /wp-cron.php?doing_wp_cron=1755296910.4154770374298095703125 HTTP/1.1" 200 - "-" "WordPress/6.8.2; https://manutencao.komforthouse.com.br"
216.73.216.37 - - [15/Aug/2025:19:28:31 -0300] "GET /wp-content/plugins/supportcandy/asset/libs/flatpickr/flatpickr.min.css HTTP/1.1" 200 15954 "-" "Mozilla/5.0 AppleWebKit/537.36 (KHTML, like Gecko; compatible; ClaudeBot/1.0; +claudebot@anthropic.com)"
216.73.216.37 - - [15/Aug/2025:19:28:31 -0300] "GET /wp-content/plugins/supportcandy/asset/libs/fullcalendar/lib/main.min.css HTTP/1.1" 200 25275 "-" "Mozilla/5.0 AppleWebKit/537.36 (KHTML, like Gecko; compatible; ClaudeBot/1.0; +claudebot@anthropic.com)"
216.73.216.37 - - [15/Aug/2025:19:28:31 -0300] "GET /wp-content/plugins/supportcandy/asset/libs/gpopover/jquery.gpopover.css HTTP/1.1" 200 993 "-" "Mozilla/5.0 AppleWebKit/537.36 (KHTML, like Gecko; compatible; ClaudeBot/1.0; +claudebot@anthropic.com)"
216.73.216.37 - - [15/Aug/2025:19:28:31 -0300] "GET /wp-content/plugins/supportcandy/asset/css/select2.css HTTP/1.1" 200 15314 "-" "Mozilla/5.0 AppleWebKit/537.36 (KHTML, like Gecko; compatible; ClaudeBot/1.0; +claudebot@anthropic.com)"
216.73.216.37 - - [15/Aug/2025:19:28:31 -0300] "GET /xmlrpc.php HTTP/1.1" 405 42 "-" "Mozilla/5.0 AppleWebKit/537.36 (KHTML, like Gecko; compatible; ClaudeBot/1.0; +claudebot@anthropic.com)"
216.73.216.37 - - [15/Aug/2025:19:30:28 -0300] "GET /wp-includes/js/dist/i18n.min.js HTTP/1.1" 200 9141 "-" "Mozilla/5.0 AppleWebKit/537.36 (KHTML, like Gecko; compatible; ClaudeBot/1.0; +claudebot@anthropic.com)"
216.73.216.37 - - [15/Aug/2025:19:30:28 -0300] "GET /wp-content/uploads/elementor/css/post-6.css HTTP/1.1" 200 1614 "-" "Mozilla/5.0 AppleWebKit/537.36 (KHTML, like Gecko; compatible; ClaudeBot/1.0; +claudebot@anthropic.com)"
216.73.216.37 - - [15/Aug/2025:19:30:28 -0300] "GET /wp-content/plugins/supportcandy/asset/libs/fullcalendar/lib/locales-all.min.js HTTP/1.1" 200 20398 "-" "Mozilla/5.0 AppleWebKit/537.36 (KHTML, like Gecko; compatible; ClaudeBot/1.0; +claudebot@anthropic.com)"
216.73.216.37 - - [15/Aug/2025:19:30:29 -0300] "GET /wp-content/uploads/elementor/css/post-128.css HTTP/1.1" 200 12375 "-" "Mozilla/5.0 AppleWebKit/537.36 (KHTML, like Gecko; compatible; ClaudeBot/1.0; +claudebot@anthropic.com)"
216.73.216.37 - - [15/Aug/2025:19:30:29 -0300] "GET /wp-includes/js/imagesloaded.min.js HTTP/1.1" 200 5520 "-" "Mozilla/5.0 AppleWebKit/537.36 (KHTML, like Gecko; compatible; ClaudeBot/1.0; +claudebot@anthropic.com)"
216.73.216.37 - - [15/Aug/2025:19:30:30 -0300] "GET /wp-content/plugins/elementor/assets/lib/swiper/v8/css/swiper.min.css HTTP/1.1" 200 16471 "-" "Mozilla/5.0 AppleWebKit/537.36 (KHTML, like Gecko; compatible; ClaudeBot/1.0; +claudebot@anthropic.com)"
216.73.216.37 - - [15/Aug/2025:19:35:03 -0300] "GET /wp-content/plugins/elementor/assets/css/conditionals/apple-webkit.min.css HTTP/1.1" 200 7025 "-" "Mozilla/5.0 AppleWebKit/537.36 (KHTML, like Gecko; compatible; ClaudeBot/1.0; +claudebot@anthropic.com)"
216.73.216.37 - - [15/Aug/2025:19:35:08 -0300] "GET /wp-content/plugins/elementor/assets/css/widget-video.min.css HTTP/1.1" 200 1867 "-" "Mozilla/5.0 AppleWebKit/537.36 (KHTML, like Gecko; compatible; ClaudeBot/1.0; +claudebot@anthropic.com)"
162.214.27.60 - - [15/Aug/2025:19:35:14 -0300] "POST /wp-cron.php?doing_wp_cron=1755297314.5347230434417724609375 HTTP/1.1" 200 - "-" "WordPress/6.8.2; https://manutencao.komforthouse.com.br"
216.73.216.37 - - [15/Aug/2025:19:35:13 -0300] "GET /comments/feed HTTP/1.1" 301 - "-" "Mozilla/5.0 AppleWebKit/537.36 (KHTML, like Gecko; compatible; ClaudeBot/1.0; +claudebot@anthropic.com)"
216.73.216.37 - - [15/Aug/2025:19:35:15 -0300] "GET /comments/feed/ HTTP/1.1" 200 783 "https://manutencao.komforthouse.com.br/comments/feed" "Mozilla/5.0 AppleWebKit/537.36 (KHTML, like Gecko; compatible; ClaudeBot/1.0; +claudebot@anthropic.com)"
216.73.216.37 - - [15/Aug/2025:19:35:18 -0300] "GET /wp-content/plugins/elementor/assets/css/conditionals/e-swiper.min.css HTTP/1.1" 200 5486 "-" "Mozilla/5.0 AppleWebKit/537.36 (KHTML, like Gecko; compatible; ClaudeBot/1.0; +claudebot@anthropic.com)"
216.73.216.37 - - [15/Aug/2025:19:35:23 -0300] "GET /wp-content/plugins/supportcandy/framework/style.css HTTP/1.1" 200 40280 "-" "Mozilla/5.0 AppleWebKit/537.36 (KHTML, like Gecko; compatible; ClaudeBot/1.0; +claudebot@anthropic.com)"
216.73.216.37 - - [15/Aug/2025:19:35:28 -0300] "GET /wp-content/plugins/supportcandy/asset/images/loader-white.gif HTTP/1.1" 200 11647 "-" "Mozilla/5.0 AppleWebKit/537.36 (KHTML, like Gecko; compatible; ClaudeBot/1.0; +claudebot@anthropic.com)"
216.73.216.37 - - [15/Aug/2025:19:35:33 -0300] "GET /wp-content/plugins/elementor/assets/css/widget-divider.min.css HTTP/1.1" 200 4298 "-" "Mozilla/5.0 AppleWebKit/537.36 (KHTML, like Gecko; compatible; ClaudeBot/1.0; +claudebot@anthropic.com)"
216.73.216.37 - - [15/Aug/2025:19:35:38 -0300] "GET /wp-content/plugins/elementor/assets/css/widget-heading.min.css HTTP/1.1" 200 600 "-" "Mozilla/5.0 AppleWebKit/537.36 (KHTML, like Gecko; compatible; ClaudeBot/1.0; +claudebot@anthropic.com)"
162.214.27.60 - - [15/Aug/2025:19:50:36 -0300] "POST /wp-cron.php?doing_wp_cron=1755298236.4379949569702148437500 HTTP/1.1" 200 - "-" "WordPress/6.8.2; https://manutencao.komforthouse.com.br"
93.123.109.225 - - [15/Aug/2025:19:50:35 -0300] "GET /.git/config HTTP/1.1" 404 110920 "-" "Mozilla/5.0 (ZZ; Linux i686; rv:135.0) Gecko/20100101 Firefox/135.0"
162.214.27.60 - - [15/Aug/2025:21:02:15 -0300] "POST /wp-cron.php?doing_wp_cron=1755302535.2817680835723876953125 HTTP/1.1" 200 - "-" "WordPress/6.8.2; https://manutencao.komforthouse.com.br"
216.73.216.37 - - [15/Aug/2025:21:02:14 -0300] "GET /robots.txt HTTP/1.1" 200 67 "-" "Mozilla/5.0 AppleWebKit/537.36 (KHTML, like Gecko; compatible; ClaudeBot/1.0; +claudebot@anthropic.com)"
216.73.216.37 - - [15/Aug/2025:21:02:16 -0300] "GET /wp-content/themes/hello-elementor/header-footer.min.css HTTP/1.1" 200 7212 "-" "Mozilla/5.0 AppleWebKit/537.36 (KHTML, like Gecko; compatible; ClaudeBot/1.0; +claudebot@anthropic.com)"
162.214.27.60 - - [15/Aug/2025:23:56:19 -0300] "POST /wp-cron.php?doing_wp_cron=1755312979.6717059612274169921875 HTTP/1.1" 200 - "-" "WordPress/6.8.2; https://manutencao.komforthouse.com.br"
138.246.253.24 - - [15/Aug/2025:23:56:17 -0300] "GET /robots.txt HTTP/1.1" 200 67 "-" "Mozilla/5.0 (Windows NT 10.0; Win64; x64) AppleWebKit/537.36 (KHTML, like Gecko) Chrome/103.0.5060.134 Safari/537.36"
216.73.216.37 - - [16/Aug/2025:04:46:34 -0300] "GET /robots.txt HTTP/1.1" 200 67 "-" "Mozilla/5.0 AppleWebKit/537.36 (KHTML, like Gecko; compatible; ClaudeBot/1.0; +claudebot@anthropic.com)"
216.73.216.37 - - [16/Aug/2025:04:46:44 -0300] "GET /wp-includes/js/zxcvbn-async.min.js HTTP/1.1" 200 351 "-" "Mozilla/5.0 AppleWebKit/537.36 (KHTML, like Gecko; compatible; ClaudeBot/1.0; +claudebot@anthropic.com)"
164.92.244.132 - - [16/Aug/2025:04:46:56 -0300] "GET / HTTP/1.1" 200 15685 "-" "-"
164.92.244.132 - - [16/Aug/2025:04:46:58 -0300] "GET / HTTP/1.1" 200 130692 "-" "Mozilla/5.0 (Linux; Android 6.0; HTC One M9 Build/MRA944102) AppleWebKit/537.36 (KHTML, like Gecko) Chrome/52.0.2731.98 Mobile Safari/537.3"
164.92.244.132 - - [16/Aug/2025:04:46:59 -0300] "GET /@vite/env HTTP/1.1" 404 97615 "-" "Go-http-client/1.1"
164.92.244.132 - - [16/Aug/2025:04:47:02 -0300] "GET /actuator/env HTTP/1.1" 404 97615 "-" "Go-http-client/1.1"
164.92.244.132 - - [16/Aug/2025:04:47:04 -0300] "GET /server HTTP/1.1" 404 97615 "-" "Go-http-client/1.1"
164.92.244.132 - - [16/Aug/2025:04:47:06 -0300] "GET /.vscode/sftp.json HTTP/1.1" 404 97615 "-" "Go-http-client/1.1"
164.92.244.132 - - [16/Aug/2025:04:47:08 -0300] "GET /about HTTP/1.1" 404 97615 "-" "Go-http-client/1.1"
164.92.244.132 - - [16/Aug/2025:04:47:11 -0300] "GET /debug/default/view?panel=config HTTP/1.1" 404 97615 "-" "Go-http-client/1.1"
164.92.244.132 - - [16/Aug/2025:04:47:13 -0300] "GET /v2/_catalog HTTP/1.1" 404 95740 "-" "Go-http-client/1.1"
164.92.244.132 - - [16/Aug/2025:04:47:16 -0300] "GET /ecp/Current/exporttool/microsoft.exchange.ediscovery.exporttool.application HTTP/1.1" 404 97615 "-" "Go-http-client/1.1"
164.92.244.132 - - [16/Aug/2025:04:47:18 -0300] "GET /server-status HTTP/1.1" 404 97615 "-" "Go-http-client/1.1"
164.92.244.132 - - [16/Aug/2025:04:47:20 -0300] "GET /login.action HTTP/1.1" 404 97615 "-" "Go-http-client/1.1"
164.92.244.132 - - [16/Aug/2025:04:47:22 -0300] "GET /_all_dbs HTTP/1.1" 404 97615 "-" "Mozilla/5.0 (l9scan/2.0.0363e27323e2431323e2236313; +https://leakix.net)"
164.92.244.132 - - [16/Aug/2025:04:47:24 -0300] "GET /.DS_Store HTTP/1.1" 404 97615 "-" "Go-http-client/1.1"
164.92.244.132 - - [16/Aug/2025:04:47:26 -0300] "GET /.env HTTP/1.1" 404 97615 "-" "Go-http-client/1.1"
164.92.244.132 - - [16/Aug/2025:04:47:29 -0300] "GET /.git/config HTTP/1.1" 404 97615 "-" "Go-http-client/1.1"
164.92.244.132 - - [16/Aug/2025:04:47:31 -0300] "GET /s/0363e27323e2431323e2236313/_/;/META-INF/maven/com.atlassian.jira/jira-webapp-dist/pom.properties HTTP/1.1" 404 97615 "-" "Go-http-client/1.1"
164.92.244.132 - - [16/Aug/2025:04:47:33 -0300] "GET /config.json HTTP/1.1" 404 97615 "-" "Go-http-client/1.1"
164.92.244.132 - - [16/Aug/2025:04:47:35 -0300] "GET /telescope/requests HTTP/1.1" 404 97615 "-" "Go-http-client/1.1"
164.92.244.132 - - [16/Aug/2025:04:47:37 -0300] "GET /info.php HTTP/1.1" 404 97615 "-" "Go-http-client/1.1"
164.92.244.132 - - [16/Aug/2025:04:47:39 -0300] "GET /?rest_route=/wp/v2/users/ HTTP/1.1" 200 808 "-" "Go-http-client/1.1"
216.73.216.37 - - [16/Aug/2025:04:48:17 -0300] "GET /wp-includes/js/wp-util.min.js HTTP/1.1" 200 1426 "-" "Mozilla/5.0 AppleWebKit/537.36 (KHTML, like Gecko; compatible; ClaudeBot/1.0; +claudebot@anthropic.com)"
162.214.27.60 - - [16/Aug/2025:04:46:43 -0300] "POST /wp-cron.php?doing_wp_cron=1755330403.4730830192565917968750 HTTP/1.1" 200 - "-" "WordPress/6.8.2; https://manutencao.komforthouse.com.br"
216.73.216.37 - - [16/Aug/2025:04:49:36 -0300] "GET /wp-includes/js/clipboard.min.js HTTP/1.1" 200 9009 "-" "Mozilla/5.0 AppleWebKit/537.36 (KHTML, like Gecko; compatible; ClaudeBot/1.0; +claudebot@anthropic.com)"