%PDF- %PDF-
Direktori : /home/komfo908/access-logs/ |
Current File : /home/komfo908/access-logs/manutencao.komforthouse.com.br-ssl_log |
45.174.181.70 - - [15/Aug/2025:09:10:27 -0300] "POST /wp-admin/admin-ajax.php HTTP/1.1" 200 24 "https://manutencao.komforthouse.com.br/?wpsc-section=ticket-list" "Mozilla/5.0 (Windows NT 10.0; Win64; x64) AppleWebKit/537.36 (KHTML, like Gecko) Chrome/139.0.0.0 Safari/537.36 Edg/139.0.0.0"
45.174.181.70 - - [15/Aug/2025:09:10:27 -0300] "POST /wp-admin/admin-ajax.php HTTP/1.1" 200 24 "https://manutencao.komforthouse.com.br/?wpsc-section=ticket-list" "Mozilla/5.0 (Windows NT 10.0; Win64; x64) AppleWebKit/537.36 (KHTML, like Gecko) Chrome/139.0.0.0 Safari/537.36 Edg/139.0.0.0"
45.174.181.70 - - [15/Aug/2025:09:10:26 -0300] "POST /wp-admin/admin-ajax.php HTTP/1.1" 200 24 "https://manutencao.komforthouse.com.br/?wpsc-section=ticket-list" "Mozilla/5.0 (Windows NT 10.0; Win64; x64) AppleWebKit/537.36 (KHTML, like Gecko) Chrome/139.0.0.0 Safari/537.36 Edg/139.0.0.0"
162.214.27.60 - - [15/Aug/2025:09:10:27 -0300] "POST /wp-cron.php?doing_wp_cron=1755259827.1578381061553955078125 HTTP/1.1" 200 - "-" "WordPress/6.8.2; https://manutencao.komforthouse.com.br"
45.174.181.70 - - [15/Aug/2025:09:11:29 -0300] "POST /wp-admin/admin-ajax.php HTTP/1.1" 200 24 "https://manutencao.komforthouse.com.br/?wpsc-section=ticket-list" "Mozilla/5.0 (Windows NT 10.0; Win64; x64) AppleWebKit/537.36 (KHTML, like Gecko) Chrome/139.0.0.0 Safari/537.36 Edg/139.0.0.0"
45.174.181.70 - - [15/Aug/2025:09:11:29 -0300] "POST /wp-admin/admin-ajax.php HTTP/1.1" 200 24 "https://manutencao.komforthouse.com.br/?wpsc-section=ticket-list" "Mozilla/5.0 (Windows NT 10.0; Win64; x64) AppleWebKit/537.36 (KHTML, like Gecko) Chrome/139.0.0.0 Safari/537.36 Edg/139.0.0.0"
45.174.181.70 - - [15/Aug/2025:09:11:29 -0300] "POST /wp-admin/admin-ajax.php HTTP/1.1" 200 24 "https://manutencao.komforthouse.com.br/?wpsc-section=ticket-list" "Mozilla/5.0 (Windows NT 10.0; Win64; x64) AppleWebKit/537.36 (KHTML, like Gecko) Chrome/139.0.0.0 Safari/537.36 Edg/139.0.0.0"
162.214.27.60 - - [15/Aug/2025:09:11:32 -0300] "POST /wp-cron.php?doing_wp_cron=1755259892.1299130916595458984375 HTTP/1.1" 200 - "-" "WordPress/6.8.2; https://manutencao.komforthouse.com.br"
45.174.181.70 - - [15/Aug/2025:09:12:34 -0300] "POST /wp-admin/admin-ajax.php HTTP/1.1" 200 24 "https://manutencao.komforthouse.com.br/?wpsc-section=ticket-list" "Mozilla/5.0 (Windows NT 10.0; Win64; x64) AppleWebKit/537.36 (KHTML, like Gecko) Chrome/139.0.0.0 Safari/537.36 Edg/139.0.0.0"
45.174.181.70 - - [15/Aug/2025:09:12:33 -0300] "POST /wp-admin/admin-ajax.php HTTP/1.1" 200 24 "https://manutencao.komforthouse.com.br/?wpsc-section=ticket-list" "Mozilla/5.0 (Windows NT 10.0; Win64; x64) AppleWebKit/537.36 (KHTML, like Gecko) Chrome/139.0.0.0 Safari/537.36 Edg/139.0.0.0"
45.174.181.70 - - [15/Aug/2025:09:12:33 -0300] "POST /wp-admin/admin-ajax.php HTTP/1.1" 200 24 "https://manutencao.komforthouse.com.br/?wpsc-section=ticket-list" "Mozilla/5.0 (Windows NT 10.0; Win64; x64) AppleWebKit/537.36 (KHTML, like Gecko) Chrome/139.0.0.0 Safari/537.36 Edg/139.0.0.0"
162.214.27.60 - - [15/Aug/2025:09:12:41 -0300] "POST /wp-cron.php?doing_wp_cron=1755259961.6123011112213134765625 HTTP/1.1" 200 - "-" "WordPress/6.8.2; https://manutencao.komforthouse.com.br"
45.174.181.70 - - [15/Aug/2025:09:13:43 -0300] "POST /wp-admin/admin-ajax.php HTTP/1.1" 200 24 "https://manutencao.komforthouse.com.br/?wpsc-section=ticket-list" "Mozilla/5.0 (Windows NT 10.0; Win64; x64) AppleWebKit/537.36 (KHTML, like Gecko) Chrome/139.0.0.0 Safari/537.36 Edg/139.0.0.0"
45.174.181.70 - - [15/Aug/2025:09:13:44 -0300] "POST /wp-admin/admin-ajax.php HTTP/1.1" 200 24 "https://manutencao.komforthouse.com.br/?wpsc-section=ticket-list" "Mozilla/5.0 (Windows NT 10.0; Win64; x64) AppleWebKit/537.36 (KHTML, like Gecko) Chrome/139.0.0.0 Safari/537.36 Edg/139.0.0.0"
45.174.181.70 - - [15/Aug/2025:09:13:43 -0300] "POST /wp-admin/admin-ajax.php HTTP/1.1" 200 24 "https://manutencao.komforthouse.com.br/?wpsc-section=ticket-list" "Mozilla/5.0 (Windows NT 10.0; Win64; x64) AppleWebKit/537.36 (KHTML, like Gecko) Chrome/139.0.0.0 Safari/537.36 Edg/139.0.0.0"
162.214.27.60 - - [15/Aug/2025:09:13:50 -0300] "POST /wp-cron.php?doing_wp_cron=1755260030.6799330711364746093750 HTTP/1.1" 200 - "-" "WordPress/6.8.2; https://manutencao.komforthouse.com.br"
45.174.181.70 - - [15/Aug/2025:09:14:52 -0300] "POST /wp-admin/admin-ajax.php HTTP/1.1" 200 24 "https://manutencao.komforthouse.com.br/?wpsc-section=ticket-list" "Mozilla/5.0 (Windows NT 10.0; Win64; x64) AppleWebKit/537.36 (KHTML, like Gecko) Chrome/139.0.0.0 Safari/537.36 Edg/139.0.0.0"
162.214.27.60 - - [15/Aug/2025:09:14:52 -0300] "POST /wp-cron.php?doing_wp_cron=1755260092.9525229930877685546875 HTTP/1.1" 200 - "-" "WordPress/6.8.2; https://manutencao.komforthouse.com.br"
45.174.181.70 - - [15/Aug/2025:09:14:52 -0300] "POST /wp-admin/admin-ajax.php HTTP/1.1" 200 24 "https://manutencao.komforthouse.com.br/?wpsc-section=ticket-list" "Mozilla/5.0 (Windows NT 10.0; Win64; x64) AppleWebKit/537.36 (KHTML, like Gecko) Chrome/139.0.0.0 Safari/537.36 Edg/139.0.0.0"
45.174.181.70 - - [15/Aug/2025:09:14:53 -0300] "POST /wp-admin/admin-ajax.php HTTP/1.1" 200 24 "https://manutencao.komforthouse.com.br/?wpsc-section=ticket-list" "Mozilla/5.0 (Windows NT 10.0; Win64; x64) AppleWebKit/537.36 (KHTML, like Gecko) Chrome/139.0.0.0 Safari/537.36 Edg/139.0.0.0"
45.174.181.70 - - [15/Aug/2025:09:15:55 -0300] "POST /wp-admin/admin-ajax.php HTTP/1.1" 200 24 "https://manutencao.komforthouse.com.br/?wpsc-section=ticket-list" "Mozilla/5.0 (Windows NT 10.0; Win64; x64) AppleWebKit/537.36 (KHTML, like Gecko) Chrome/139.0.0.0 Safari/537.36 Edg/139.0.0.0"
45.174.181.70 - - [15/Aug/2025:09:15:55 -0300] "POST /wp-admin/admin-ajax.php HTTP/1.1" 200 24 "https://manutencao.komforthouse.com.br/?wpsc-section=ticket-list" "Mozilla/5.0 (Windows NT 10.0; Win64; x64) AppleWebKit/537.36 (KHTML, like Gecko) Chrome/139.0.0.0 Safari/537.36 Edg/139.0.0.0"
45.174.181.70 - - [15/Aug/2025:09:15:54 -0300] "POST /wp-admin/admin-ajax.php HTTP/1.1" 200 24 "https://manutencao.komforthouse.com.br/?wpsc-section=ticket-list" "Mozilla/5.0 (Windows NT 10.0; Win64; x64) AppleWebKit/537.36 (KHTML, like Gecko) Chrome/139.0.0.0 Safari/537.36 Edg/139.0.0.0"
162.214.27.60 - - [15/Aug/2025:09:15:55 -0300] "POST /wp-cron.php?doing_wp_cron=1755260155.0907239913940429687500 HTTP/1.1" 200 - "-" "WordPress/6.8.2; https://manutencao.komforthouse.com.br"
45.174.181.70 - - [15/Aug/2025:09:16:57 -0300] "POST /wp-admin/admin-ajax.php HTTP/1.1" 200 24 "https://manutencao.komforthouse.com.br/?wpsc-section=ticket-list" "Mozilla/5.0 (Windows NT 10.0; Win64; x64) AppleWebKit/537.36 (KHTML, like Gecko) Chrome/139.0.0.0 Safari/537.36 Edg/139.0.0.0"
45.174.181.70 - - [15/Aug/2025:09:16:57 -0300] "POST /wp-admin/admin-ajax.php HTTP/1.1" 200 24 "https://manutencao.komforthouse.com.br/?wpsc-section=ticket-list" "Mozilla/5.0 (Windows NT 10.0; Win64; x64) AppleWebKit/537.36 (KHTML, like Gecko) Chrome/139.0.0.0 Safari/537.36 Edg/139.0.0.0"
162.214.27.60 - - [15/Aug/2025:09:16:58 -0300] "POST /wp-cron.php?doing_wp_cron=1755260218.0162360668182373046875 HTTP/1.1" 200 - "-" "WordPress/6.8.2; https://manutencao.komforthouse.com.br"
45.174.181.70 - - [15/Aug/2025:09:16:57 -0300] "POST /wp-admin/admin-ajax.php HTTP/1.1" 200 24 "https://manutencao.komforthouse.com.br/?wpsc-section=ticket-list" "Mozilla/5.0 (Windows NT 10.0; Win64; x64) AppleWebKit/537.36 (KHTML, like Gecko) Chrome/139.0.0.0 Safari/537.36 Edg/139.0.0.0"
45.174.181.70 - - [15/Aug/2025:09:17:59 -0300] "POST /wp-admin/admin-ajax.php HTTP/1.1" 200 24 "https://manutencao.komforthouse.com.br/?wpsc-section=ticket-list" "Mozilla/5.0 (Windows NT 10.0; Win64; x64) AppleWebKit/537.36 (KHTML, like Gecko) Chrome/139.0.0.0 Safari/537.36 Edg/139.0.0.0"
162.214.27.60 - - [15/Aug/2025:09:17:59 -0300] "POST /wp-cron.php?doing_wp_cron=1755260279.9852159023284912109375 HTTP/1.1" 200 - "-" "WordPress/6.8.2; https://manutencao.komforthouse.com.br"
45.174.181.70 - - [15/Aug/2025:09:17:59 -0300] "POST /wp-admin/admin-ajax.php HTTP/1.1" 200 24 "https://manutencao.komforthouse.com.br/?wpsc-section=ticket-list" "Mozilla/5.0 (Windows NT 10.0; Win64; x64) AppleWebKit/537.36 (KHTML, like Gecko) Chrome/139.0.0.0 Safari/537.36 Edg/139.0.0.0"
45.174.181.70 - - [15/Aug/2025:09:18:00 -0300] "POST /wp-admin/admin-ajax.php HTTP/1.1" 200 24 "https://manutencao.komforthouse.com.br/?wpsc-section=ticket-list" "Mozilla/5.0 (Windows NT 10.0; Win64; x64) AppleWebKit/537.36 (KHTML, like Gecko) Chrome/139.0.0.0 Safari/537.36 Edg/139.0.0.0"
45.174.181.70 - - [15/Aug/2025:09:19:02 -0300] "POST /wp-admin/admin-ajax.php HTTP/1.1" 200 24 "https://manutencao.komforthouse.com.br/?wpsc-section=ticket-list" "Mozilla/5.0 (Windows NT 10.0; Win64; x64) AppleWebKit/537.36 (KHTML, like Gecko) Chrome/139.0.0.0 Safari/537.36 Edg/139.0.0.0"
45.174.181.70 - - [15/Aug/2025:09:19:02 -0300] "POST /wp-admin/admin-ajax.php HTTP/1.1" 200 24 "https://manutencao.komforthouse.com.br/?wpsc-section=ticket-list" "Mozilla/5.0 (Windows NT 10.0; Win64; x64) AppleWebKit/537.36 (KHTML, like Gecko) Chrome/139.0.0.0 Safari/537.36 Edg/139.0.0.0"
45.174.181.70 - - [15/Aug/2025:09:19:01 -0300] "POST /wp-admin/admin-ajax.php HTTP/1.1" 200 24 "https://manutencao.komforthouse.com.br/?wpsc-section=ticket-list" "Mozilla/5.0 (Windows NT 10.0; Win64; x64) AppleWebKit/537.36 (KHTML, like Gecko) Chrome/139.0.0.0 Safari/537.36 Edg/139.0.0.0"
162.214.27.60 - - [15/Aug/2025:09:19:02 -0300] "POST /wp-cron.php?doing_wp_cron=1755260342.7755830287933349609375 HTTP/1.1" 200 - "-" "WordPress/6.8.2; https://manutencao.komforthouse.com.br"
45.174.181.70 - - [15/Aug/2025:09:20:04 -0300] "POST /wp-admin/admin-ajax.php HTTP/1.1" 200 24 "https://manutencao.komforthouse.com.br/?wpsc-section=ticket-list" "Mozilla/5.0 (Windows NT 10.0; Win64; x64) AppleWebKit/537.36 (KHTML, like Gecko) Chrome/139.0.0.0 Safari/537.36 Edg/139.0.0.0"
45.174.181.70 - - [15/Aug/2025:09:20:05 -0300] "POST /wp-admin/admin-ajax.php HTTP/1.1" 200 24 "https://manutencao.komforthouse.com.br/?wpsc-section=ticket-list" "Mozilla/5.0 (Windows NT 10.0; Win64; x64) AppleWebKit/537.36 (KHTML, like Gecko) Chrome/139.0.0.0 Safari/537.36 Edg/139.0.0.0"
45.174.181.70 - - [15/Aug/2025:09:20:05 -0300] "POST /wp-admin/admin-ajax.php HTTP/1.1" 200 24 "https://manutencao.komforthouse.com.br/?wpsc-section=ticket-list" "Mozilla/5.0 (Windows NT 10.0; Win64; x64) AppleWebKit/537.36 (KHTML, like Gecko) Chrome/139.0.0.0 Safari/537.36 Edg/139.0.0.0"
162.214.27.60 - - [15/Aug/2025:09:20:17 -0300] "POST /wp-cron.php?doing_wp_cron=1755260417.2235269546508789062500 HTTP/1.1" 200 - "-" "WordPress/6.8.2; https://manutencao.komforthouse.com.br"
45.174.181.70 - - [15/Aug/2025:09:21:18 -0300] "POST /wp-admin/admin-ajax.php HTTP/1.1" 200 24 "https://manutencao.komforthouse.com.br/?wpsc-section=ticket-list" "Mozilla/5.0 (Windows NT 10.0; Win64; x64) AppleWebKit/537.36 (KHTML, like Gecko) Chrome/139.0.0.0 Safari/537.36 Edg/139.0.0.0"
45.174.181.70 - - [15/Aug/2025:09:21:18 -0300] "POST /wp-admin/admin-ajax.php HTTP/1.1" 200 24 "https://manutencao.komforthouse.com.br/?wpsc-section=ticket-list" "Mozilla/5.0 (Windows NT 10.0; Win64; x64) AppleWebKit/537.36 (KHTML, like Gecko) Chrome/139.0.0.0 Safari/537.36 Edg/139.0.0.0"
162.214.27.60 - - [15/Aug/2025:09:21:19 -0300] "POST /wp-cron.php?doing_wp_cron=1755260479.0019559860229492187500 HTTP/1.1" 200 - "-" "WordPress/6.8.2; https://manutencao.komforthouse.com.br"
45.174.181.70 - - [15/Aug/2025:09:21:19 -0300] "POST /wp-admin/admin-ajax.php HTTP/1.1" 200 24 "https://manutencao.komforthouse.com.br/?wpsc-section=ticket-list" "Mozilla/5.0 (Windows NT 10.0; Win64; x64) AppleWebKit/537.36 (KHTML, like Gecko) Chrome/139.0.0.0 Safari/537.36 Edg/139.0.0.0"
45.174.181.70 - - [15/Aug/2025:09:22:20 -0300] "POST /wp-admin/admin-ajax.php HTTP/1.1" 200 24 "https://manutencao.komforthouse.com.br/?wpsc-section=ticket-list" "Mozilla/5.0 (Windows NT 10.0; Win64; x64) AppleWebKit/537.36 (KHTML, like Gecko) Chrome/139.0.0.0 Safari/537.36 Edg/139.0.0.0"
162.214.27.60 - - [15/Aug/2025:09:22:20 -0300] "POST /wp-cron.php?doing_wp_cron=1755260540.8899428844451904296875 HTTP/1.1" 200 - "-" "WordPress/6.8.2; https://manutencao.komforthouse.com.br"
45.174.181.70 - - [15/Aug/2025:09:22:21 -0300] "POST /wp-admin/admin-ajax.php HTTP/1.1" 200 24 "https://manutencao.komforthouse.com.br/?wpsc-section=ticket-list" "Mozilla/5.0 (Windows NT 10.0; Win64; x64) AppleWebKit/537.36 (KHTML, like Gecko) Chrome/139.0.0.0 Safari/537.36 Edg/139.0.0.0"
45.174.181.70 - - [15/Aug/2025:09:22:21 -0300] "POST /wp-admin/admin-ajax.php HTTP/1.1" 200 24 "https://manutencao.komforthouse.com.br/?wpsc-section=ticket-list" "Mozilla/5.0 (Windows NT 10.0; Win64; x64) AppleWebKit/537.36 (KHTML, like Gecko) Chrome/139.0.0.0 Safari/537.36 Edg/139.0.0.0"
45.174.181.70 - - [15/Aug/2025:09:23:23 -0300] "POST /wp-admin/admin-ajax.php HTTP/1.1" 200 24 "https://manutencao.komforthouse.com.br/?wpsc-section=ticket-list" "Mozilla/5.0 (Windows NT 10.0; Win64; x64) AppleWebKit/537.36 (KHTML, like Gecko) Chrome/139.0.0.0 Safari/537.36 Edg/139.0.0.0"
162.214.27.60 - - [15/Aug/2025:09:23:24 -0300] "POST /wp-cron.php?doing_wp_cron=1755260603.9869489669799804687500 HTTP/1.1" 200 - "-" "WordPress/6.8.2; https://manutencao.komforthouse.com.br"
45.174.181.70 - - [15/Aug/2025:09:23:23 -0300] "POST /wp-admin/admin-ajax.php HTTP/1.1" 200 24 "https://manutencao.komforthouse.com.br/?wpsc-section=ticket-list" "Mozilla/5.0 (Windows NT 10.0; Win64; x64) AppleWebKit/537.36 (KHTML, like Gecko) Chrome/139.0.0.0 Safari/537.36 Edg/139.0.0.0"
45.174.181.70 - - [15/Aug/2025:09:23:24 -0300] "POST /wp-admin/admin-ajax.php HTTP/1.1" 200 24 "https://manutencao.komforthouse.com.br/?wpsc-section=ticket-list" "Mozilla/5.0 (Windows NT 10.0; Win64; x64) AppleWebKit/537.36 (KHTML, like Gecko) Chrome/139.0.0.0 Safari/537.36 Edg/139.0.0.0"
45.174.181.70 - - [15/Aug/2025:09:24:26 -0300] "POST /wp-admin/admin-ajax.php HTTP/1.1" 200 24 "https://manutencao.komforthouse.com.br/?wpsc-section=ticket-list" "Mozilla/5.0 (Windows NT 10.0; Win64; x64) AppleWebKit/537.36 (KHTML, like Gecko) Chrome/139.0.0.0 Safari/537.36 Edg/139.0.0.0"
45.174.181.70 - - [15/Aug/2025:09:24:27 -0300] "POST /wp-admin/admin-ajax.php HTTP/1.1" 200 24 "https://manutencao.komforthouse.com.br/?wpsc-section=ticket-list" "Mozilla/5.0 (Windows NT 10.0; Win64; x64) AppleWebKit/537.36 (KHTML, like Gecko) Chrome/139.0.0.0 Safari/537.36 Edg/139.0.0.0"
45.174.181.70 - - [15/Aug/2025:09:24:26 -0300] "POST /wp-admin/admin-ajax.php HTTP/1.1" 200 24 "https://manutencao.komforthouse.com.br/?wpsc-section=ticket-list" "Mozilla/5.0 (Windows NT 10.0; Win64; x64) AppleWebKit/537.36 (KHTML, like Gecko) Chrome/139.0.0.0 Safari/537.36 Edg/139.0.0.0"
162.214.27.60 - - [15/Aug/2025:09:24:27 -0300] "POST /wp-cron.php?doing_wp_cron=1755260667.6713819503784179687500 HTTP/1.1" 200 - "-" "WordPress/6.8.2; https://manutencao.komforthouse.com.br"
45.174.181.70 - - [15/Aug/2025:09:25:30 -0300] "POST /wp-admin/admin-ajax.php HTTP/1.1" 200 24 "https://manutencao.komforthouse.com.br/?wpsc-section=ticket-list" "Mozilla/5.0 (Windows NT 10.0; Win64; x64) AppleWebKit/537.36 (KHTML, like Gecko) Chrome/139.0.0.0 Safari/537.36 Edg/139.0.0.0"
45.174.181.70 - - [15/Aug/2025:09:25:30 -0300] "POST /wp-admin/admin-ajax.php HTTP/1.1" 200 24 "https://manutencao.komforthouse.com.br/?wpsc-section=ticket-list" "Mozilla/5.0 (Windows NT 10.0; Win64; x64) AppleWebKit/537.36 (KHTML, like Gecko) Chrome/139.0.0.0 Safari/537.36 Edg/139.0.0.0"
45.174.181.70 - - [15/Aug/2025:09:25:30 -0300] "POST /wp-admin/admin-ajax.php HTTP/1.1" 200 24 "https://manutencao.komforthouse.com.br/?wpsc-section=ticket-list" "Mozilla/5.0 (Windows NT 10.0; Win64; x64) AppleWebKit/537.36 (KHTML, like Gecko) Chrome/139.0.0.0 Safari/537.36 Edg/139.0.0.0"
162.214.27.60 - - [15/Aug/2025:09:25:31 -0300] "POST /wp-cron.php?doing_wp_cron=1755260731.1031479835510253906250 HTTP/1.1" 200 - "-" "WordPress/6.8.2; https://manutencao.komforthouse.com.br"
45.174.181.70 - - [15/Aug/2025:09:26:33 -0300] "POST /wp-admin/admin-ajax.php HTTP/1.1" 200 24 "https://manutencao.komforthouse.com.br/?wpsc-section=ticket-list" "Mozilla/5.0 (Windows NT 10.0; Win64; x64) AppleWebKit/537.36 (KHTML, like Gecko) Chrome/139.0.0.0 Safari/537.36 Edg/139.0.0.0"
162.214.27.60 - - [15/Aug/2025:09:26:33 -0300] "POST /wp-cron.php?doing_wp_cron=1755260793.2666699886322021484375 HTTP/1.1" 200 - "-" "WordPress/6.8.2; https://manutencao.komforthouse.com.br"
45.174.181.70 - - [15/Aug/2025:09:26:33 -0300] "POST /wp-admin/admin-ajax.php HTTP/1.1" 200 24 "https://manutencao.komforthouse.com.br/?wpsc-section=ticket-list" "Mozilla/5.0 (Windows NT 10.0; Win64; x64) AppleWebKit/537.36 (KHTML, like Gecko) Chrome/139.0.0.0 Safari/537.36 Edg/139.0.0.0"
45.174.181.70 - - [15/Aug/2025:09:26:32 -0300] "POST /wp-admin/admin-ajax.php HTTP/1.1" 200 24 "https://manutencao.komforthouse.com.br/?wpsc-section=ticket-list" "Mozilla/5.0 (Windows NT 10.0; Win64; x64) AppleWebKit/537.36 (KHTML, like Gecko) Chrome/139.0.0.0 Safari/537.36 Edg/139.0.0.0"
45.174.181.70 - - [15/Aug/2025:09:27:35 -0300] "POST /wp-admin/admin-ajax.php HTTP/1.1" 200 24 "https://manutencao.komforthouse.com.br/?wpsc-section=ticket-list" "Mozilla/5.0 (Windows NT 10.0; Win64; x64) AppleWebKit/537.36 (KHTML, like Gecko) Chrome/139.0.0.0 Safari/537.36 Edg/139.0.0.0"
45.174.181.70 - - [15/Aug/2025:09:27:35 -0300] "POST /wp-admin/admin-ajax.php HTTP/1.1" 200 24 "https://manutencao.komforthouse.com.br/?wpsc-section=ticket-list" "Mozilla/5.0 (Windows NT 10.0; Win64; x64) AppleWebKit/537.36 (KHTML, like Gecko) Chrome/139.0.0.0 Safari/537.36 Edg/139.0.0.0"
45.174.181.70 - - [15/Aug/2025:09:27:35 -0300] "POST /wp-admin/admin-ajax.php HTTP/1.1" 200 24 "https://manutencao.komforthouse.com.br/?wpsc-section=ticket-list" "Mozilla/5.0 (Windows NT 10.0; Win64; x64) AppleWebKit/537.36 (KHTML, like Gecko) Chrome/139.0.0.0 Safari/537.36 Edg/139.0.0.0"
162.214.27.60 - - [15/Aug/2025:09:27:36 -0300] "POST /wp-cron.php?doing_wp_cron=1755260856.1476399898529052734375 HTTP/1.1" 200 - "-" "WordPress/6.8.2; https://manutencao.komforthouse.com.br"
45.174.181.70 - - [15/Aug/2025:09:28:38 -0300] "POST /wp-admin/admin-ajax.php HTTP/1.1" 200 24 "https://manutencao.komforthouse.com.br/?wpsc-section=ticket-list" "Mozilla/5.0 (Windows NT 10.0; Win64; x64) AppleWebKit/537.36 (KHTML, like Gecko) Chrome/139.0.0.0 Safari/537.36 Edg/139.0.0.0"
45.174.181.70 - - [15/Aug/2025:09:28:38 -0300] "POST /wp-admin/admin-ajax.php HTTP/1.1" 200 24 "https://manutencao.komforthouse.com.br/?wpsc-section=ticket-list" "Mozilla/5.0 (Windows NT 10.0; Win64; x64) AppleWebKit/537.36 (KHTML, like Gecko) Chrome/139.0.0.0 Safari/537.36 Edg/139.0.0.0"
45.174.181.70 - - [15/Aug/2025:09:28:38 -0300] "POST /wp-admin/admin-ajax.php HTTP/1.1" 200 24 "https://manutencao.komforthouse.com.br/?wpsc-section=ticket-list" "Mozilla/5.0 (Windows NT 10.0; Win64; x64) AppleWebKit/537.36 (KHTML, like Gecko) Chrome/139.0.0.0 Safari/537.36 Edg/139.0.0.0"
162.214.27.60 - - [15/Aug/2025:09:28:39 -0300] "POST /wp-cron.php?doing_wp_cron=1755260919.1279358863830566406250 HTTP/1.1" 200 - "-" "WordPress/6.8.2; https://manutencao.komforthouse.com.br"
162.214.27.60 - - [15/Aug/2025:09:29:41 -0300] "POST /wp-cron.php?doing_wp_cron=1755260981.1188850402832031250000 HTTP/1.1" 200 - "-" "WordPress/6.8.2; https://manutencao.komforthouse.com.br"
45.174.181.70 - - [15/Aug/2025:09:29:40 -0300] "POST /wp-admin/admin-ajax.php HTTP/1.1" 200 24 "https://manutencao.komforthouse.com.br/?wpsc-section=ticket-list" "Mozilla/5.0 (Windows NT 10.0; Win64; x64) AppleWebKit/537.36 (KHTML, like Gecko) Chrome/139.0.0.0 Safari/537.36 Edg/139.0.0.0"
45.174.181.70 - - [15/Aug/2025:09:29:41 -0300] "POST /wp-admin/admin-ajax.php HTTP/1.1" 200 24 "https://manutencao.komforthouse.com.br/?wpsc-section=ticket-list" "Mozilla/5.0 (Windows NT 10.0; Win64; x64) AppleWebKit/537.36 (KHTML, like Gecko) Chrome/139.0.0.0 Safari/537.36 Edg/139.0.0.0"
45.174.181.70 - - [15/Aug/2025:09:29:41 -0300] "POST /wp-admin/admin-ajax.php HTTP/1.1" 200 24 "https://manutencao.komforthouse.com.br/?wpsc-section=ticket-list" "Mozilla/5.0 (Windows NT 10.0; Win64; x64) AppleWebKit/537.36 (KHTML, like Gecko) Chrome/139.0.0.0 Safari/537.36 Edg/139.0.0.0"
45.174.181.70 - - [15/Aug/2025:09:30:43 -0300] "POST /wp-admin/admin-ajax.php HTTP/1.1" 200 24 "https://manutencao.komforthouse.com.br/?wpsc-section=ticket-list" "Mozilla/5.0 (Windows NT 10.0; Win64; x64) AppleWebKit/537.36 (KHTML, like Gecko) Chrome/139.0.0.0 Safari/537.36 Edg/139.0.0.0"
162.214.27.60 - - [15/Aug/2025:09:30:44 -0300] "POST /wp-cron.php?doing_wp_cron=1755261044.1180961132049560546875 HTTP/1.1" 200 - "-" "WordPress/6.8.2; https://manutencao.komforthouse.com.br"
45.174.181.70 - - [15/Aug/2025:09:30:43 -0300] "POST /wp-admin/admin-ajax.php HTTP/1.1" 200 24 "https://manutencao.komforthouse.com.br/?wpsc-section=ticket-list" "Mozilla/5.0 (Windows NT 10.0; Win64; x64) AppleWebKit/537.36 (KHTML, like Gecko) Chrome/139.0.0.0 Safari/537.36 Edg/139.0.0.0"
45.174.181.70 - - [15/Aug/2025:09:30:44 -0300] "POST /wp-admin/admin-ajax.php HTTP/1.1" 200 24 "https://manutencao.komforthouse.com.br/?wpsc-section=ticket-list" "Mozilla/5.0 (Windows NT 10.0; Win64; x64) AppleWebKit/537.36 (KHTML, like Gecko) Chrome/139.0.0.0 Safari/537.36 Edg/139.0.0.0"
45.174.181.70 - - [15/Aug/2025:09:31:46 -0300] "POST /wp-admin/admin-ajax.php HTTP/1.1" 200 24 "https://manutencao.komforthouse.com.br/?wpsc-section=ticket-list" "Mozilla/5.0 (Windows NT 10.0; Win64; x64) AppleWebKit/537.36 (KHTML, like Gecko) Chrome/139.0.0.0 Safari/537.36 Edg/139.0.0.0"
45.174.181.70 - - [15/Aug/2025:09:31:45 -0300] "POST /wp-admin/admin-ajax.php HTTP/1.1" 200 24 "https://manutencao.komforthouse.com.br/?wpsc-section=ticket-list" "Mozilla/5.0 (Windows NT 10.0; Win64; x64) AppleWebKit/537.36 (KHTML, like Gecko) Chrome/139.0.0.0 Safari/537.36 Edg/139.0.0.0"
45.174.181.70 - - [15/Aug/2025:09:31:46 -0300] "POST /wp-admin/admin-ajax.php HTTP/1.1" 200 24 "https://manutencao.komforthouse.com.br/?wpsc-section=ticket-list" "Mozilla/5.0 (Windows NT 10.0; Win64; x64) AppleWebKit/537.36 (KHTML, like Gecko) Chrome/139.0.0.0 Safari/537.36 Edg/139.0.0.0"
162.214.27.60 - - [15/Aug/2025:09:31:46 -0300] "POST /wp-cron.php?doing_wp_cron=1755261106.1473760604858398437500 HTTP/1.1" 200 - "-" "WordPress/6.8.2; https://manutencao.komforthouse.com.br"
45.174.181.70 - - [15/Aug/2025:09:32:48 -0300] "POST /wp-admin/admin-ajax.php HTTP/1.1" 200 24 "https://manutencao.komforthouse.com.br/?wpsc-section=ticket-list" "Mozilla/5.0 (Windows NT 10.0; Win64; x64) AppleWebKit/537.36 (KHTML, like Gecko) Chrome/139.0.0.0 Safari/537.36 Edg/139.0.0.0"
45.174.181.70 - - [15/Aug/2025:09:32:48 -0300] "POST /wp-admin/admin-ajax.php HTTP/1.1" 200 24 "https://manutencao.komforthouse.com.br/?wpsc-section=ticket-list" "Mozilla/5.0 (Windows NT 10.0; Win64; x64) AppleWebKit/537.36 (KHTML, like Gecko) Chrome/139.0.0.0 Safari/537.36 Edg/139.0.0.0"
162.214.27.60 - - [15/Aug/2025:09:32:49 -0300] "POST /wp-cron.php?doing_wp_cron=1755261169.2504589557647705078125 HTTP/1.1" 200 - "-" "WordPress/6.8.2; https://manutencao.komforthouse.com.br"
45.174.181.70 - - [15/Aug/2025:09:32:48 -0300] "POST /wp-admin/admin-ajax.php HTTP/1.1" 200 24 "https://manutencao.komforthouse.com.br/?wpsc-section=ticket-list" "Mozilla/5.0 (Windows NT 10.0; Win64; x64) AppleWebKit/537.36 (KHTML, like Gecko) Chrome/139.0.0.0 Safari/537.36 Edg/139.0.0.0"
45.174.181.70 - - [15/Aug/2025:09:33:51 -0300] "POST /wp-admin/admin-ajax.php HTTP/1.1" 200 24 "https://manutencao.komforthouse.com.br/?wpsc-section=ticket-list" "Mozilla/5.0 (Windows NT 10.0; Win64; x64) AppleWebKit/537.36 (KHTML, like Gecko) Chrome/139.0.0.0 Safari/537.36 Edg/139.0.0.0"
45.174.181.70 - - [15/Aug/2025:09:33:51 -0300] "POST /wp-admin/admin-ajax.php HTTP/1.1" 200 24 "https://manutencao.komforthouse.com.br/?wpsc-section=ticket-list" "Mozilla/5.0 (Windows NT 10.0; Win64; x64) AppleWebKit/537.36 (KHTML, like Gecko) Chrome/139.0.0.0 Safari/537.36 Edg/139.0.0.0"
162.214.27.60 - - [15/Aug/2025:09:33:52 -0300] "POST /wp-cron.php?doing_wp_cron=1755261232.1180329322814941406250 HTTP/1.1" 200 - "-" "WordPress/6.8.2; https://manutencao.komforthouse.com.br"
45.174.181.70 - - [15/Aug/2025:09:33:51 -0300] "POST /wp-admin/admin-ajax.php HTTP/1.1" 200 24 "https://manutencao.komforthouse.com.br/?wpsc-section=ticket-list" "Mozilla/5.0 (Windows NT 10.0; Win64; x64) AppleWebKit/537.36 (KHTML, like Gecko) Chrome/139.0.0.0 Safari/537.36 Edg/139.0.0.0"
45.174.181.70 - - [15/Aug/2025:09:34:54 -0300] "POST /wp-admin/admin-ajax.php HTTP/1.1" 200 24 "https://manutencao.komforthouse.com.br/?wpsc-section=ticket-list" "Mozilla/5.0 (Windows NT 10.0; Win64; x64) AppleWebKit/537.36 (KHTML, like Gecko) Chrome/139.0.0.0 Safari/537.36 Edg/139.0.0.0"
162.214.27.60 - - [15/Aug/2025:09:34:54 -0300] "POST /wp-cron.php?doing_wp_cron=1755261294.0379519462585449218750 HTTP/1.1" 200 - "-" "WordPress/6.8.2; https://manutencao.komforthouse.com.br"
45.174.181.70 - - [15/Aug/2025:09:34:53 -0300] "POST /wp-admin/admin-ajax.php HTTP/1.1" 200 24 "https://manutencao.komforthouse.com.br/?wpsc-section=ticket-list" "Mozilla/5.0 (Windows NT 10.0; Win64; x64) AppleWebKit/537.36 (KHTML, like Gecko) Chrome/139.0.0.0 Safari/537.36 Edg/139.0.0.0"
45.174.181.70 - - [15/Aug/2025:09:34:54 -0300] "POST /wp-admin/admin-ajax.php HTTP/1.1" 200 24 "https://manutencao.komforthouse.com.br/?wpsc-section=ticket-list" "Mozilla/5.0 (Windows NT 10.0; Win64; x64) AppleWebKit/537.36 (KHTML, like Gecko) Chrome/139.0.0.0 Safari/537.36 Edg/139.0.0.0"
45.174.181.70 - - [15/Aug/2025:09:35:56 -0300] "POST /wp-admin/admin-ajax.php HTTP/1.1" 200 24 "https://manutencao.komforthouse.com.br/?wpsc-section=ticket-list" "Mozilla/5.0 (Windows NT 10.0; Win64; x64) AppleWebKit/537.36 (KHTML, like Gecko) Chrome/139.0.0.0 Safari/537.36 Edg/139.0.0.0"
45.174.181.70 - - [15/Aug/2025:09:35:56 -0300] "POST /wp-admin/admin-ajax.php HTTP/1.1" 200 24 "https://manutencao.komforthouse.com.br/?wpsc-section=ticket-list" "Mozilla/5.0 (Windows NT 10.0; Win64; x64) AppleWebKit/537.36 (KHTML, like Gecko) Chrome/139.0.0.0 Safari/537.36 Edg/139.0.0.0"
162.214.27.60 - - [15/Aug/2025:09:35:57 -0300] "POST /wp-cron.php?doing_wp_cron=1755261357.1735029220581054687500 HTTP/1.1" 200 - "-" "WordPress/6.8.2; https://manutencao.komforthouse.com.br"
45.174.181.70 - - [15/Aug/2025:09:35:56 -0300] "POST /wp-admin/admin-ajax.php HTTP/1.1" 200 24 "https://manutencao.komforthouse.com.br/?wpsc-section=ticket-list" "Mozilla/5.0 (Windows NT 10.0; Win64; x64) AppleWebKit/537.36 (KHTML, like Gecko) Chrome/139.0.0.0 Safari/537.36 Edg/139.0.0.0"
162.214.27.60 - - [15/Aug/2025:09:36:58 -0300] "POST /wp-cron.php?doing_wp_cron=1755261418.8785789012908935546875 HTTP/1.1" 200 - "-" "WordPress/6.8.2; https://manutencao.komforthouse.com.br"
45.174.181.70 - - [15/Aug/2025:09:36:58 -0300] "POST /wp-admin/admin-ajax.php HTTP/1.1" 200 24 "https://manutencao.komforthouse.com.br/?wpsc-section=ticket-list" "Mozilla/5.0 (Windows NT 10.0; Win64; x64) AppleWebKit/537.36 (KHTML, like Gecko) Chrome/139.0.0.0 Safari/537.36 Edg/139.0.0.0"
45.174.181.70 - - [15/Aug/2025:09:36:59 -0300] "POST /wp-admin/admin-ajax.php HTTP/1.1" 200 24 "https://manutencao.komforthouse.com.br/?wpsc-section=ticket-list" "Mozilla/5.0 (Windows NT 10.0; Win64; x64) AppleWebKit/537.36 (KHTML, like Gecko) Chrome/139.0.0.0 Safari/537.36 Edg/139.0.0.0"
45.174.181.70 - - [15/Aug/2025:09:36:59 -0300] "POST /wp-admin/admin-ajax.php HTTP/1.1" 200 24 "https://manutencao.komforthouse.com.br/?wpsc-section=ticket-list" "Mozilla/5.0 (Windows NT 10.0; Win64; x64) AppleWebKit/537.36 (KHTML, like Gecko) Chrome/139.0.0.0 Safari/537.36 Edg/139.0.0.0"
45.174.181.70 - - [15/Aug/2025:09:38:01 -0300] "POST /wp-admin/admin-ajax.php HTTP/1.1" 200 24 "https://manutencao.komforthouse.com.br/?wpsc-section=ticket-list" "Mozilla/5.0 (Windows NT 10.0; Win64; x64) AppleWebKit/537.36 (KHTML, like Gecko) Chrome/139.0.0.0 Safari/537.36 Edg/139.0.0.0"
45.174.181.70 - - [15/Aug/2025:09:38:01 -0300] "POST /wp-admin/admin-ajax.php HTTP/1.1" 200 24 "https://manutencao.komforthouse.com.br/?wpsc-section=ticket-list" "Mozilla/5.0 (Windows NT 10.0; Win64; x64) AppleWebKit/537.36 (KHTML, like Gecko) Chrome/139.0.0.0 Safari/537.36 Edg/139.0.0.0"
162.214.27.60 - - [15/Aug/2025:09:38:01 -0300] "POST /wp-cron.php?doing_wp_cron=1755261481.8689959049224853515625 HTTP/1.1" 200 - "-" "WordPress/6.8.2; https://manutencao.komforthouse.com.br"
45.174.181.70 - - [15/Aug/2025:09:38:01 -0300] "POST /wp-admin/admin-ajax.php HTTP/1.1" 200 24 "https://manutencao.komforthouse.com.br/?wpsc-section=ticket-list" "Mozilla/5.0 (Windows NT 10.0; Win64; x64) AppleWebKit/537.36 (KHTML, like Gecko) Chrome/139.0.0.0 Safari/537.36 Edg/139.0.0.0"
45.174.181.70 - - [15/Aug/2025:09:39:03 -0300] "POST /wp-admin/admin-ajax.php HTTP/1.1" 200 24 "https://manutencao.komforthouse.com.br/?wpsc-section=ticket-list" "Mozilla/5.0 (Windows NT 10.0; Win64; x64) AppleWebKit/537.36 (KHTML, like Gecko) Chrome/139.0.0.0 Safari/537.36 Edg/139.0.0.0"
45.174.181.70 - - [15/Aug/2025:09:39:03 -0300] "POST /wp-admin/admin-ajax.php HTTP/1.1" 200 24 "https://manutencao.komforthouse.com.br/?wpsc-section=ticket-list" "Mozilla/5.0 (Windows NT 10.0; Win64; x64) AppleWebKit/537.36 (KHTML, like Gecko) Chrome/139.0.0.0 Safari/537.36 Edg/139.0.0.0"
45.174.181.70 - - [15/Aug/2025:09:39:04 -0300] "POST /wp-admin/admin-ajax.php HTTP/1.1" 200 24 "https://manutencao.komforthouse.com.br/?wpsc-section=ticket-list" "Mozilla/5.0 (Windows NT 10.0; Win64; x64) AppleWebKit/537.36 (KHTML, like Gecko) Chrome/139.0.0.0 Safari/537.36 Edg/139.0.0.0"
162.214.27.60 - - [15/Aug/2025:09:39:04 -0300] "POST /wp-cron.php?doing_wp_cron=1755261544.1599140167236328125000 HTTP/1.1" 200 - "-" "WordPress/6.8.2; https://manutencao.komforthouse.com.br"
162.214.27.60 - - [15/Aug/2025:09:40:05 -0300] "POST /wp-cron.php?doing_wp_cron=1755261605.9722740650177001953125 HTTP/1.1" 200 - "-" "WordPress/6.8.2; https://manutencao.komforthouse.com.br"
45.174.181.70 - - [15/Aug/2025:09:40:05 -0300] "POST /wp-admin/admin-ajax.php HTTP/1.1" 200 24 "https://manutencao.komforthouse.com.br/?wpsc-section=ticket-list" "Mozilla/5.0 (Windows NT 10.0; Win64; x64) AppleWebKit/537.36 (KHTML, like Gecko) Chrome/139.0.0.0 Safari/537.36 Edg/139.0.0.0"
45.174.181.70 - - [15/Aug/2025:09:40:06 -0300] "POST /wp-admin/admin-ajax.php HTTP/1.1" 200 24 "https://manutencao.komforthouse.com.br/?wpsc-section=ticket-list" "Mozilla/5.0 (Windows NT 10.0; Win64; x64) AppleWebKit/537.36 (KHTML, like Gecko) Chrome/139.0.0.0 Safari/537.36 Edg/139.0.0.0"
45.174.181.70 - - [15/Aug/2025:09:40:06 -0300] "POST /wp-admin/admin-ajax.php HTTP/1.1" 200 24 "https://manutencao.komforthouse.com.br/?wpsc-section=ticket-list" "Mozilla/5.0 (Windows NT 10.0; Win64; x64) AppleWebKit/537.36 (KHTML, like Gecko) Chrome/139.0.0.0 Safari/537.36 Edg/139.0.0.0"
45.174.181.70 - - [15/Aug/2025:09:41:08 -0300] "POST /wp-admin/admin-ajax.php HTTP/1.1" 200 24 "https://manutencao.komforthouse.com.br/?wpsc-section=ticket-list" "Mozilla/5.0 (Windows NT 10.0; Win64; x64) AppleWebKit/537.36 (KHTML, like Gecko) Chrome/139.0.0.0 Safari/537.36 Edg/139.0.0.0"
45.174.181.70 - - [15/Aug/2025:09:41:08 -0300] "POST /wp-admin/admin-ajax.php HTTP/1.1" 200 24 "https://manutencao.komforthouse.com.br/?wpsc-section=ticket-list" "Mozilla/5.0 (Windows NT 10.0; Win64; x64) AppleWebKit/537.36 (KHTML, like Gecko) Chrome/139.0.0.0 Safari/537.36 Edg/139.0.0.0"
162.214.27.60 - - [15/Aug/2025:09:41:09 -0300] "POST /wp-cron.php?doing_wp_cron=1755261669.0945289134979248046875 HTTP/1.1" 200 - "-" "WordPress/6.8.2; https://manutencao.komforthouse.com.br"
45.174.181.70 - - [15/Aug/2025:09:41:08 -0300] "POST /wp-admin/admin-ajax.php HTTP/1.1" 200 24 "https://manutencao.komforthouse.com.br/?wpsc-section=ticket-list" "Mozilla/5.0 (Windows NT 10.0; Win64; x64) AppleWebKit/537.36 (KHTML, like Gecko) Chrome/139.0.0.0 Safari/537.36 Edg/139.0.0.0"
45.174.181.70 - - [15/Aug/2025:10:11:22 -0300] "POST /wp-admin/admin-ajax.php HTTP/1.1" 200 24 "https://manutencao.komforthouse.com.br/?wpsc-section=ticket-list" "Mozilla/5.0 (Windows NT 10.0; Win64; x64) AppleWebKit/537.36 (KHTML, like Gecko) Chrome/139.0.0.0 Safari/537.36 Edg/139.0.0.0"
45.174.181.70 - - [15/Aug/2025:10:11:22 -0300] "POST /wp-admin/admin-ajax.php HTTP/1.1" 200 24 "https://manutencao.komforthouse.com.br/?wpsc-section=ticket-list" "Mozilla/5.0 (Windows NT 10.0; Win64; x64) AppleWebKit/537.36 (KHTML, like Gecko) Chrome/139.0.0.0 Safari/537.36 Edg/139.0.0.0"
45.174.181.70 - - [15/Aug/2025:10:11:22 -0300] "POST /wp-admin/admin-ajax.php HTTP/1.1" 200 24 "https://manutencao.komforthouse.com.br/?wpsc-section=ticket-list" "Mozilla/5.0 (Windows NT 10.0; Win64; x64) AppleWebKit/537.36 (KHTML, like Gecko) Chrome/139.0.0.0 Safari/537.36 Edg/139.0.0.0"
162.214.27.60 - - [15/Aug/2025:10:11:23 -0300] "POST /wp-cron.php?doing_wp_cron=1755263483.5474081039428710937500 HTTP/1.1" 200 - "-" "WordPress/6.8.2; https://manutencao.komforthouse.com.br"
45.174.181.70 - - [15/Aug/2025:10:16:51 -0300] "POST /wp-admin/admin-ajax.php HTTP/1.1" 200 24 "https://manutencao.komforthouse.com.br/?wpsc-section=ticket-list" "Mozilla/5.0 (Windows NT 10.0; Win64; x64) AppleWebKit/537.36 (KHTML, like Gecko) Chrome/139.0.0.0 Safari/537.36 Edg/139.0.0.0"
45.174.181.70 - - [15/Aug/2025:10:16:51 -0300] "POST /wp-admin/admin-ajax.php HTTP/1.1" 200 24 "https://manutencao.komforthouse.com.br/?wpsc-section=ticket-list" "Mozilla/5.0 (Windows NT 10.0; Win64; x64) AppleWebKit/537.36 (KHTML, like Gecko) Chrome/139.0.0.0 Safari/537.36 Edg/139.0.0.0"
45.174.181.70 - - [15/Aug/2025:10:16:51 -0300] "POST /wp-admin/admin-ajax.php HTTP/1.1" 200 24 "https://manutencao.komforthouse.com.br/?wpsc-section=ticket-list" "Mozilla/5.0 (Windows NT 10.0; Win64; x64) AppleWebKit/537.36 (KHTML, like Gecko) Chrome/139.0.0.0 Safari/537.36 Edg/139.0.0.0"
162.214.27.60 - - [15/Aug/2025:10:16:52 -0300] "POST /wp-cron.php?doing_wp_cron=1755263812.9014220237731933593750 HTTP/1.1" 200 - "-" "WordPress/6.8.2; https://manutencao.komforthouse.com.br"
45.174.181.70 - - [15/Aug/2025:10:18:45 -0300] "POST /wp-admin/admin-ajax.php HTTP/1.1" 200 24 "https://manutencao.komforthouse.com.br/?wpsc-section=ticket-list" "Mozilla/5.0 (Windows NT 10.0; Win64; x64) AppleWebKit/537.36 (KHTML, like Gecko) Chrome/139.0.0.0 Safari/537.36 Edg/139.0.0.0"
45.174.181.70 - - [15/Aug/2025:10:18:45 -0300] "POST /wp-admin/admin-ajax.php HTTP/1.1" 200 24 "https://manutencao.komforthouse.com.br/?wpsc-section=ticket-list" "Mozilla/5.0 (Windows NT 10.0; Win64; x64) AppleWebKit/537.36 (KHTML, like Gecko) Chrome/139.0.0.0 Safari/537.36 Edg/139.0.0.0"
45.174.181.70 - - [15/Aug/2025:10:18:45 -0300] "POST /wp-admin/admin-ajax.php HTTP/1.1" 200 24 "https://manutencao.komforthouse.com.br/?wpsc-section=ticket-list" "Mozilla/5.0 (Windows NT 10.0; Win64; x64) AppleWebKit/537.36 (KHTML, like Gecko) Chrome/139.0.0.0 Safari/537.36 Edg/139.0.0.0"
162.214.27.60 - - [15/Aug/2025:10:18:46 -0300] "POST /wp-cron.php?doing_wp_cron=1755263926.5262949466705322265625 HTTP/1.1" 200 - "-" "WordPress/6.8.2; https://manutencao.komforthouse.com.br"
45.174.181.70 - - [15/Aug/2025:10:19:51 -0300] "POST /wp-admin/admin-ajax.php HTTP/1.1" 200 24 "https://manutencao.komforthouse.com.br/?wpsc-section=ticket-list" "Mozilla/5.0 (Windows NT 10.0; Win64; x64) AppleWebKit/537.36 (KHTML, like Gecko) Chrome/139.0.0.0 Safari/537.36 Edg/139.0.0.0"
45.174.181.70 - - [15/Aug/2025:10:19:51 -0300] "POST /wp-admin/admin-ajax.php HTTP/1.1" 200 24 "https://manutencao.komforthouse.com.br/?wpsc-section=ticket-list" "Mozilla/5.0 (Windows NT 10.0; Win64; x64) AppleWebKit/537.36 (KHTML, like Gecko) Chrome/139.0.0.0 Safari/537.36 Edg/139.0.0.0"
45.174.181.70 - - [15/Aug/2025:10:19:51 -0300] "POST /wp-admin/admin-ajax.php HTTP/1.1" 200 24 "https://manutencao.komforthouse.com.br/?wpsc-section=ticket-list" "Mozilla/5.0 (Windows NT 10.0; Win64; x64) AppleWebKit/537.36 (KHTML, like Gecko) Chrome/139.0.0.0 Safari/537.36 Edg/139.0.0.0"
162.214.27.60 - - [15/Aug/2025:10:19:53 -0300] "POST /wp-cron.php?doing_wp_cron=1755263992.8510580062866210937500 HTTP/1.1" 200 - "-" "WordPress/6.8.2; https://manutencao.komforthouse.com.br"
45.174.181.70 - - [15/Aug/2025:10:27:35 -0300] "POST /wp-admin/admin-ajax.php HTTP/1.1" 200 24 "https://manutencao.komforthouse.com.br/?wpsc-section=ticket-list" "Mozilla/5.0 (Windows NT 10.0; Win64; x64) AppleWebKit/537.36 (KHTML, like Gecko) Chrome/139.0.0.0 Safari/537.36 Edg/139.0.0.0"
45.174.181.70 - - [15/Aug/2025:10:27:35 -0300] "POST /wp-admin/admin-ajax.php HTTP/1.1" 200 24 "https://manutencao.komforthouse.com.br/?wpsc-section=ticket-list" "Mozilla/5.0 (Windows NT 10.0; Win64; x64) AppleWebKit/537.36 (KHTML, like Gecko) Chrome/139.0.0.0 Safari/537.36 Edg/139.0.0.0"
45.174.181.70 - - [15/Aug/2025:10:27:35 -0300] "POST /wp-admin/admin-ajax.php HTTP/1.1" 200 24 "https://manutencao.komforthouse.com.br/?wpsc-section=ticket-list" "Mozilla/5.0 (Windows NT 10.0; Win64; x64) AppleWebKit/537.36 (KHTML, like Gecko) Chrome/139.0.0.0 Safari/537.36 Edg/139.0.0.0"
162.214.27.60 - - [15/Aug/2025:10:27:36 -0300] "POST /wp-cron.php?doing_wp_cron=1755264456.1623430252075195312500 HTTP/1.1" 200 - "-" "WordPress/6.8.2; https://manutencao.komforthouse.com.br"
45.174.181.70 - - [15/Aug/2025:10:28:58 -0300] "POST /wp-admin/admin-ajax.php HTTP/1.1" 200 24 "https://manutencao.komforthouse.com.br/?wpsc-section=ticket-list" "Mozilla/5.0 (Windows NT 10.0; Win64; x64) AppleWebKit/537.36 (KHTML, like Gecko) Chrome/139.0.0.0 Safari/537.36 Edg/139.0.0.0"
45.174.181.70 - - [15/Aug/2025:10:28:58 -0300] "POST /wp-admin/admin-ajax.php HTTP/1.1" 200 24 "https://manutencao.komforthouse.com.br/?wpsc-section=ticket-list" "Mozilla/5.0 (Windows NT 10.0; Win64; x64) AppleWebKit/537.36 (KHTML, like Gecko) Chrome/139.0.0.0 Safari/537.36 Edg/139.0.0.0"
162.214.27.60 - - [15/Aug/2025:10:28:59 -0300] "POST /wp-cron.php?doing_wp_cron=1755264539.9022269248962402343750 HTTP/1.1" 200 - "-" "WordPress/6.8.2; https://manutencao.komforthouse.com.br"
45.174.181.70 - - [15/Aug/2025:10:28:58 -0300] "POST /wp-admin/admin-ajax.php HTTP/1.1" 200 24 "https://manutencao.komforthouse.com.br/?wpsc-section=ticket-list" "Mozilla/5.0 (Windows NT 10.0; Win64; x64) AppleWebKit/537.36 (KHTML, like Gecko) Chrome/139.0.0.0 Safari/537.36 Edg/139.0.0.0"
45.174.181.70 - - [15/Aug/2025:10:34:40 -0300] "POST /wp-admin/admin-ajax.php HTTP/1.1" 200 24 "https://manutencao.komforthouse.com.br/?wpsc-section=ticket-list" "Mozilla/5.0 (Windows NT 10.0; Win64; x64) AppleWebKit/537.36 (KHTML, like Gecko) Chrome/139.0.0.0 Safari/537.36 Edg/139.0.0.0"
45.174.181.70 - - [15/Aug/2025:10:34:40 -0300] "POST /wp-admin/admin-ajax.php HTTP/1.1" 200 24 "https://manutencao.komforthouse.com.br/?wpsc-section=ticket-list" "Mozilla/5.0 (Windows NT 10.0; Win64; x64) AppleWebKit/537.36 (KHTML, like Gecko) Chrome/139.0.0.0 Safari/537.36 Edg/139.0.0.0"
45.174.181.70 - - [15/Aug/2025:10:34:40 -0300] "POST /wp-admin/admin-ajax.php HTTP/1.1" 200 24 "https://manutencao.komforthouse.com.br/?wpsc-section=ticket-list" "Mozilla/5.0 (Windows NT 10.0; Win64; x64) AppleWebKit/537.36 (KHTML, like Gecko) Chrome/139.0.0.0 Safari/537.36 Edg/139.0.0.0"
162.214.27.60 - - [15/Aug/2025:10:34:41 -0300] "POST /wp-cron.php?doing_wp_cron=1755264881.3407170772552490234375 HTTP/1.1" 200 - "-" "WordPress/6.8.2; https://manutencao.komforthouse.com.br"
45.174.181.70 - - [15/Aug/2025:10:35:48 -0300] "POST /wp-admin/admin-ajax.php HTTP/1.1" 200 24 "https://manutencao.komforthouse.com.br/?wpsc-section=ticket-list" "Mozilla/5.0 (Windows NT 10.0; Win64; x64) AppleWebKit/537.36 (KHTML, like Gecko) Chrome/139.0.0.0 Safari/537.36 Edg/139.0.0.0"
45.174.181.70 - - [15/Aug/2025:10:35:48 -0300] "POST /wp-admin/admin-ajax.php HTTP/1.1" 200 24 "https://manutencao.komforthouse.com.br/?wpsc-section=ticket-list" "Mozilla/5.0 (Windows NT 10.0; Win64; x64) AppleWebKit/537.36 (KHTML, like Gecko) Chrome/139.0.0.0 Safari/537.36 Edg/139.0.0.0"
162.214.27.60 - - [15/Aug/2025:10:35:49 -0300] "POST /wp-cron.php?doing_wp_cron=1755264949.5369319915771484375000 HTTP/1.1" 200 - "-" "WordPress/6.8.2; https://manutencao.komforthouse.com.br"
45.174.181.70 - - [15/Aug/2025:10:35:48 -0300] "POST /wp-admin/admin-ajax.php HTTP/1.1" 200 24 "https://manutencao.komforthouse.com.br/?wpsc-section=ticket-list" "Mozilla/5.0 (Windows NT 10.0; Win64; x64) AppleWebKit/537.36 (KHTML, like Gecko) Chrome/139.0.0.0 Safari/537.36 Edg/139.0.0.0"
45.174.181.70 - - [15/Aug/2025:10:37:06 -0300] "POST /wp-admin/admin-ajax.php HTTP/1.1" 200 24 "https://manutencao.komforthouse.com.br/?wpsc-section=ticket-list" "Mozilla/5.0 (Windows NT 10.0; Win64; x64) AppleWebKit/537.36 (KHTML, like Gecko) Chrome/139.0.0.0 Safari/537.36 Edg/139.0.0.0"
45.174.181.70 - - [15/Aug/2025:10:37:06 -0300] "POST /wp-admin/admin-ajax.php HTTP/1.1" 200 24 "https://manutencao.komforthouse.com.br/?wpsc-section=ticket-list" "Mozilla/5.0 (Windows NT 10.0; Win64; x64) AppleWebKit/537.36 (KHTML, like Gecko) Chrome/139.0.0.0 Safari/537.36 Edg/139.0.0.0"
45.174.181.70 - - [15/Aug/2025:10:37:06 -0300] "POST /wp-admin/admin-ajax.php HTTP/1.1" 200 24 "https://manutencao.komforthouse.com.br/?wpsc-section=ticket-list" "Mozilla/5.0 (Windows NT 10.0; Win64; x64) AppleWebKit/537.36 (KHTML, like Gecko) Chrome/139.0.0.0 Safari/537.36 Edg/139.0.0.0"
162.214.27.60 - - [15/Aug/2025:10:37:07 -0300] "POST /wp-cron.php?doing_wp_cron=1755265027.1123681068420410156250 HTTP/1.1" 200 - "-" "WordPress/6.8.2; https://manutencao.komforthouse.com.br"
216.73.216.37 - - [15/Aug/2025:10:38:47 -0300] "GET /robots.txt HTTP/1.1" 200 67 "-" "Mozilla/5.0 AppleWebKit/537.36 (KHTML, like Gecko; compatible; ClaudeBot/1.0; +claudebot@anthropic.com)"
216.73.216.37 - - [15/Aug/2025:10:38:49 -0300] "GET /wp-includes/js/wplink.min.js HTTP/1.1" 200 11317 "-" "Mozilla/5.0 AppleWebKit/537.36 (KHTML, like Gecko; compatible; ClaudeBot/1.0; +claudebot@anthropic.com)"
162.214.27.60 - - [15/Aug/2025:10:38:48 -0300] "POST /wp-cron.php?doing_wp_cron=1755265128.2464950084686279296875 HTTP/1.1" 200 - "-" "WordPress/6.8.2; https://manutencao.komforthouse.com.br"
216.73.216.37 - - [15/Aug/2025:10:38:54 -0300] "GET /wp-includes/js/tinymce/plugins/compat3x/plugin.min.js HTTP/1.1" 200 4129 "-" "Mozilla/5.0 AppleWebKit/537.36 (KHTML, like Gecko; compatible; ClaudeBot/1.0; +claudebot@anthropic.com)"
216.73.216.37 - - [15/Aug/2025:10:38:59 -0300] "GET /wp-content/plugins/elementor/assets/js/frontend.min.js HTTP/1.1" 200 45428 "-" "Mozilla/5.0 AppleWebKit/537.36 (KHTML, like Gecko; compatible; ClaudeBot/1.0; +claudebot@anthropic.com)"
216.73.216.37 - - [15/Aug/2025:10:39:04 -0300] "GET /wp-content/themes/hello-elementor/assets/js/hello-frontend.min.js HTTP/1.1" 200 1936 "-" "Mozilla/5.0 AppleWebKit/537.36 (KHTML, like Gecko; compatible; ClaudeBot/1.0; +claudebot@anthropic.com)"
216.73.216.37 - - [15/Aug/2025:10:39:08 -0300] "GET /wp-includes/js/thickbox/thickbox.js HTTP/1.1" 200 13332 "-" "Mozilla/5.0 AppleWebKit/537.36 (KHTML, like Gecko; compatible; ClaudeBot/1.0; +claudebot@anthropic.com)"
216.73.216.37 - - [15/Aug/2025:10:39:09 -0300] "GET /wp-content/plugins/supportcandy/asset/js/selectWoo/selectWoo.full.min.js HTTP/1.1" 200 77138 "-" "Mozilla/5.0 AppleWebKit/537.36 (KHTML, like Gecko; compatible; ClaudeBot/1.0; +claudebot@anthropic.com)"
216.73.216.37 - - [15/Aug/2025:10:39:12 -0300] "GET /wp-content/plugins/elementor/assets/js/frontend-modules.min.js HTTP/1.1" 200 52754 "-" "Mozilla/5.0 AppleWebKit/537.36 (KHTML, like Gecko; compatible; ClaudeBot/1.0; +claudebot@anthropic.com)"
216.73.216.37 - - [15/Aug/2025:10:40:22 -0300] "GET /wp-includes/js/dist/dom-ready.min.js HTTP/1.1" 200 457 "-" "Mozilla/5.0 AppleWebKit/537.36 (KHTML, like Gecko; compatible; ClaudeBot/1.0; +claudebot@anthropic.com)"
216.73.216.37 - - [15/Aug/2025:10:40:27 -0300] "GET /wp-content/plugins/supportcandy/asset/libs/flatpickr/l10n/pt.js HTTP/1.1" 200 1318 "-" "Mozilla/5.0 AppleWebKit/537.36 (KHTML, like Gecko; compatible; ClaudeBot/1.0; +claudebot@anthropic.com)"
216.73.216.37 - - [15/Aug/2025:10:40:32 -0300] "GET /wp-includes/js/tinymce/tinymce.min.js HTTP/1.1" 200 365570 "-" "Mozilla/5.0 AppleWebKit/537.36 (KHTML, like Gecko; compatible; ClaudeBot/1.0; +claudebot@anthropic.com)"
216.73.216.37 - - [15/Aug/2025:10:40:37 -0300] "GET /wp-content/plugins/supportcandy/asset/js/selectWoo/i18n/pt_BR.js HTTP/1.1" 200 853 "-" "Mozilla/5.0 AppleWebKit/537.36 (KHTML, like Gecko; compatible; ClaudeBot/1.0; +claudebot@anthropic.com)"
216.73.216.37 - - [15/Aug/2025:10:40:42 -0300] "GET /wp-content/plugins/elementor-pro/assets/css/widget-loop-carousel.min.css HTTP/1.1" 200 8391 "-" "Mozilla/5.0 AppleWebKit/537.36 (KHTML, like Gecko; compatible; ClaudeBot/1.0; +claudebot@anthropic.com)"
216.73.216.37 - - [15/Aug/2025:10:40:47 -0300] "GET /wp-content/plugins/elementor-pro/assets/js/webpack-pro.runtime.min.js HTTP/1.1" 200 6263 "-" "Mozilla/5.0 AppleWebKit/537.36 (KHTML, like Gecko; compatible; ClaudeBot/1.0; +claudebot@anthropic.com)"
216.73.216.37 - - [15/Aug/2025:10:40:52 -0300] "GET /wp-content/plugins/elementor-pro/assets/css/widget-loop-common.min.css HTTP/1.1" 200 208 "-" "Mozilla/5.0 AppleWebKit/537.36 (KHTML, like Gecko; compatible; ClaudeBot/1.0; +claudebot@anthropic.com)"
216.73.216.37 - - [15/Aug/2025:10:43:44 -0300] "GET /wp-includes/css/buttons.min.css HTTP/1.1" 200 6061 "-" "Mozilla/5.0 AppleWebKit/537.36 (KHTML, like Gecko; compatible; ClaudeBot/1.0; +claudebot@anthropic.com)"
216.73.216.37 - - [15/Aug/2025:10:43:49 -0300] "GET /wp-content/themes/hello-elementor/style.min.css HTTP/1.1" 200 5501 "-" "Mozilla/5.0 AppleWebKit/537.36 (KHTML, like Gecko; compatible; ClaudeBot/1.0; +claudebot@anthropic.com)"
216.73.216.37 - - [15/Aug/2025:10:46:24 -0300] "GET /pagina-de-ticket HTTP/1.1" 301 - "-" "Mozilla/5.0 AppleWebKit/537.36 (KHTML, like Gecko; compatible; ClaudeBot/1.0; +claudebot@anthropic.com)"
162.214.27.60 - - [15/Aug/2025:10:46:25 -0300] "POST /wp-cron.php?doing_wp_cron=1755265585.5588419437408447265625 HTTP/1.1" 200 - "-" "WordPress/6.8.2; https://manutencao.komforthouse.com.br"
216.73.216.37 - - [15/Aug/2025:10:46:26 -0300] "GET /pagina-de-ticket/ HTTP/1.1" 200 116481 "https://manutencao.komforthouse.com.br/pagina-de-ticket" "Mozilla/5.0 AppleWebKit/537.36 (KHTML, like Gecko; compatible; ClaudeBot/1.0; +claudebot@anthropic.com)"
216.73.216.37 - - [15/Aug/2025:10:46:32 -0300] "GET /porta/?action=lostpassword HTTP/1.1" 200 4004 "-" "Mozilla/5.0 AppleWebKit/537.36 (KHTML, like Gecko; compatible; ClaudeBot/1.0; +claudebot@anthropic.com)"
185.177.72.113 - - [15/Aug/2025:11:12:54 -0300] "GET / HTTP/1.1" 200 133187 "-" "Mozilla/5.0 (Windows NT 10.0; Win64; x64) AppleWebKit/537.36 (KHTML, like Gecko) Chrome/91.0.4472.124 Safari/537.36"
185.177.72.113 - - [15/Aug/2025:11:12:56 -0300] "GET /config.json HTTP/1.1" 404 110920 "-" "Mozilla/5.0 (Windows NT 10.0; Win64; x64) AppleWebKit/537.36 (KHTML, like Gecko) Chrome/91.0.4472.124 Safari/537.36"
185.177.72.113 - - [15/Aug/2025:11:12:59 -0300] "GET /settings.json HTTP/1.1" 404 110920 "-" "Mozilla/5.0 (Windows NT 10.0; Win64; x64) AppleWebKit/537.36 (KHTML, like Gecko) Chrome/91.0.4472.124 Safari/537.36"
185.177.72.113 - - [15/Aug/2025:11:13:02 -0300] "GET /secrets.json HTTP/1.1" 404 110920 "-" "Mozilla/5.0 (Windows NT 10.0; Win64; x64) AppleWebKit/537.36 (KHTML, like Gecko) Chrome/91.0.4472.124 Safari/537.36"
185.177.72.113 - - [15/Aug/2025:11:13:04 -0300] "GET /secure-config.json HTTP/1.1" 404 110920 "-" "Mozilla/5.0 (Windows NT 10.0; Win64; x64) AppleWebKit/537.36 (KHTML, like Gecko) Chrome/91.0.4472.124 Safari/537.36"
185.177.72.113 - - [15/Aug/2025:11:13:07 -0300] "GET /config/production.json HTTP/1.1" 404 110920 "-" "Mozilla/5.0 (Windows NT 10.0; Win64; x64) AppleWebKit/537.36 (KHTML, like Gecko) Chrome/91.0.4472.124 Safari/537.36"
185.177.72.113 - - [15/Aug/2025:11:13:09 -0300] "GET /config/dev.json HTTP/1.1" 404 110920 "-" "Mozilla/5.0 (Windows NT 10.0; Win64; x64) AppleWebKit/537.36 (KHTML, like Gecko) Chrome/91.0.4472.124 Safari/537.36"
162.214.27.60 - - [15/Aug/2025:11:13:13 -0300] "POST /wp-cron.php?doing_wp_cron=1755267193.5908260345458984375000 HTTP/1.1" 200 - "-" "WordPress/6.8.2; https://manutencao.komforthouse.com.br"
185.177.72.113 - - [15/Aug/2025:11:13:12 -0300] "GET /config/default.json HTTP/1.1" 404 110920 "-" "Mozilla/5.0 (Windows NT 10.0; Win64; x64) AppleWebKit/537.36 (KHTML, like Gecko) Chrome/91.0.4472.124 Safari/537.36"
185.177.72.113 - - [15/Aug/2025:11:13:16 -0300] "GET /application.yml HTTP/1.1" 404 110920 "-" "Mozilla/5.0 (Windows NT 10.0; Win64; x64) AppleWebKit/537.36 (KHTML, like Gecko) Chrome/91.0.4472.124 Safari/537.36"
185.177.72.113 - - [15/Aug/2025:11:13:18 -0300] "GET /application.properties HTTP/1.1" 404 110920 "-" "Mozilla/5.0 (Windows NT 10.0; Win64; x64) AppleWebKit/537.36 (KHTML, like Gecko) Chrome/91.0.4472.124 Safari/537.36"
185.177.72.113 - - [15/Aug/2025:11:13:21 -0300] "GET /src/main/resources/application.yml HTTP/1.1" 404 110920 "-" "Mozilla/5.0 (Windows NT 10.0; Win64; x64) AppleWebKit/537.36 (KHTML, like Gecko) Chrome/91.0.4472.124 Safari/537.36"
185.177.72.113 - - [15/Aug/2025:11:13:24 -0300] "GET /.env.bak HTTP/1.1" 404 110920 "-" "Mozilla/5.0 (Windows NT 10.0; Win64; x64) AppleWebKit/537.36 (KHTML, like Gecko) Chrome/91.0.4472.124 Safari/537.36"
185.177.72.113 - - [15/Aug/2025:11:13:26 -0300] "GET /.env_backup.txt HTTP/1.1" 404 110920 "-" "Mozilla/5.0 (Windows NT 10.0; Win64; x64) AppleWebKit/537.36 (KHTML, like Gecko) Chrome/91.0.4472.124 Safari/537.36"
185.177.72.113 - - [15/Aug/2025:11:13:28 -0300] "GET /config.old.php HTTP/1.1" 404 110920 "-" "Mozilla/5.0 (Windows NT 10.0; Win64; x64) AppleWebKit/537.36 (KHTML, like Gecko) Chrome/91.0.4472.124 Safari/537.36"
185.177.72.113 - - [15/Aug/2025:11:13:30 -0300] "GET /database_old.json HTTP/1.1" 404 110920 "-" "Mozilla/5.0 (Windows NT 10.0; Win64; x64) AppleWebKit/537.36 (KHTML, like Gecko) Chrome/91.0.4472.124 Safari/537.36"
