216.73.216.37 - - [15/Aug/2025:15:32:33 -0300] "GET /wp-includes/widgets/class-wp-widget-rss.php HTTP/1.1" 500 - "-" "Mozilla/5.0 AppleWebKit/537.36 (KHTML, like Gecko; compatible; ClaudeBot/1.0; +claudebot@anthropic.com)"
201.46.24.156 - - [15/Aug/2025:15:32:34 -0300] "POST /wp-admin/admin-ajax.php HTTP/1.1" 200 24 "https://compras.komforthouse.com.br/?wpsc-section=ticket-list" "Mozilla/5.0 (Windows NT 10.0; Win64; x64) AppleWebKit/537.36 (KHTML, like Gecko) Chrome/139.0.0.0 Safari/537.36"
162.214.27.60 - - [15/Aug/2025:15:32:36 -0300] "POST /wp-cron.php?doing_wp_cron=1755282756.0569229125976562500000 HTTP/1.1" 200 - "-" "WordPress/6.8.2; https://compras.komforthouse.com.br"
216.73.216.37 - - [15/Aug/2025:15:33:26 -0300] "GET /wp-includes/js/dist/development/?filesrc=%2Fhome%2Fkomfo908%2Fcompras.komforthouse.com.br%2Fwp-includes%2Fjs%2Fplupload%2Fwp-plupload.js&path=%2Fhome%2Fkomfo908%2Fcompras.komforthouse.com.br%2Fwp-includes%2Fjs%2Fplupload HTTP/1.1" 200 19133 "-" "Mozilla/5.0 AppleWebKit/537.36 (KHTML, like Gecko; compatible; ClaudeBot/1.0; +claudebot@anthropic.com)"
216.73.216.37 - - [15/Aug/2025:15:33:31 -0300] "GET /wp-includes/js/dist/development/?filesrc=%2Fhome%2Fkomfo908%2Fcompras.komforthouse.com.br%2Fwp-includes%2Fclass-wp-http-requests-hooks.php&path=%2Fhome%2Fkomfo908%2Fcompras.komforthouse.com.br%2Fwp-includes HTTP/1.1" 200 4108 "-" "Mozilla/5.0 AppleWebKit/537.36 (KHTML, like Gecko; compatible; ClaudeBot/1.0; +claudebot@anthropic.com)"
216.73.216.37 - - [15/Aug/2025:15:33:39 -0300] "GET /wp-includes/js/dist/development/?filesrc=%2Fhome%2Fkomfo908%2Fcompras.komforthouse.com.br%2Fwp-includes%2Fclass.wp-dependencies.php&path=%2Fhome%2Fkomfo908%2Fcompras.komforthouse.com.br%2Fwp-includes HTTP/1.1" 200 2420 "-" "Mozilla/5.0 AppleWebKit/537.36 (KHTML, like Gecko; compatible; ClaudeBot/1.0; +claudebot@anthropic.com)"
162.214.27.60 - - [15/Aug/2025:15:33:39 -0300] "POST /wp-cron.php?doing_wp_cron=1755282819.1771750450134277343750 HTTP/1.1" 200 - "-" "WordPress/6.8.2; https://compras.komforthouse.com.br"
201.46.24.156 - - [15/Aug/2025:15:33:37 -0300] "POST /wp-admin/admin-ajax.php HTTP/1.1" 200 24 "https://compras.komforthouse.com.br/?wpsc-section=ticket-list" "Mozilla/5.0 (Windows NT 10.0; Win64; x64) AppleWebKit/537.36 (KHTML, like Gecko) Chrome/139.0.0.0 Safari/537.36"
216.73.216.37 - - [15/Aug/2025:15:33:42 -0300] "GET /wp-includes/js/dist/development/?filesrc=%2Fhome%2Fkomfo908%2Fcompras.komforthouse.com.br%2Fwp-includes%2Fjs%2Fclipboard.min.js&path=%2Fhome%2Fkomfo908%2Fcompras.komforthouse.com.br%2Fwp-includes%2Fjs HTTP/1.1" 200 12660 "-" "Mozilla/5.0 AppleWebKit/537.36 (KHTML, like Gecko; compatible; ClaudeBot/1.0; +claudebot@anthropic.com)"
216.73.216.37 - - [15/Aug/2025:15:33:47 -0300] "GET /wp-includes/js/dist/development/?filesrc=%2Fhome%2Fkomfo908%2Fcompras.komforthouse.com.br%2Fwp-includes%2Fjs%2Fdist%2Fpreferences.js&path=%2Fhome%2Fkomfo908%2Fcompras.komforthouse.com.br%2Fwp-includes%2Fjs%2Fdist HTTP/1.1" 200 28829 "-" "Mozilla/5.0 AppleWebKit/537.36 (KHTML, like Gecko; compatible; ClaudeBot/1.0; +claudebot@anthropic.com)"
216.73.216.37 - - [15/Aug/2025:15:33:52 -0300] "GET /wp-includes/js/dist/development/?filesrc=%2Fhome%2Fkomfo908%2Fcompras.komforthouse.com.br%2Fwp-includes%2Fjs%2Fdist%2Fis-shallow-equal.js&path=%2Fhome%2Fkomfo908%2Fcompras.komforthouse.com.br%2Fwp-includes%2Fjs%2Fdist HTTP/1.1" 200 6612 "-" "Mozilla/5.0 AppleWebKit/537.36 (KHTML, like Gecko; compatible; ClaudeBot/1.0; +claudebot@anthropic.com)"
201.46.24.156 - - [15/Aug/2025:15:34:40 -0300] "POST /wp-admin/admin-ajax.php HTTP/1.1" 200 24 "https://compras.komforthouse.com.br/?wpsc-section=ticket-list" "Mozilla/5.0 (Windows NT 10.0; Win64; x64) AppleWebKit/537.36 (KHTML, like Gecko) Chrome/139.0.0.0 Safari/537.36"
162.214.27.60 - - [15/Aug/2025:15:34:42 -0300] "POST /wp-cron.php?doing_wp_cron=1755282882.2056589126586914062500 HTTP/1.1" 200 - "-" "WordPress/6.8.2; https://compras.komforthouse.com.br"
216.73.216.37 - - [15/Aug/2025:15:34:48 -0300] "GET /wp-includes/js/dist/development/?filesrc=%2Fhome%2Fkomfo908%2Fcompras.komforthouse.com.br%2Fwp-includes%2Fjs%2Fdist%2Fi18n.min.js&path=%2Fhome%2Fkomfo908%2Fcompras.komforthouse.com.br%2Fwp-includes%2Fjs%2Fdist HTTP/1.1" 200 13064 "-" "Mozilla/5.0 AppleWebKit/537.36 (KHTML, like Gecko; compatible; ClaudeBot/1.0; +claudebot@anthropic.com)"
216.73.216.37 - - [15/Aug/2025:15:34:52 -0300] "GET /wp-includes/js/dist/development/?filesrc=%2Fhome%2Fkomfo908%2Fcompras.komforthouse.com.br%2Fwp-includes%2Fclass-wp-widget-factory.php&path=%2Fhome%2Fkomfo908%2Fcompras.komforthouse.com.br%2Fwp-includes HTTP/1.1" 200 5441 "-" "Mozilla/5.0 AppleWebKit/537.36 (KHTML, like Gecko; compatible; ClaudeBot/1.0; +claudebot@anthropic.com)"
216.73.216.37 - - [15/Aug/2025:15:34:57 -0300] "GET /wp-includes/js/dist/development/?filesrc=%2Fhome%2Fkomfo908%2Fcompras.komforthouse.com.br%2Fwp-includes%2Fclass-wp-session-tokens.php&path=%2Fhome%2Fkomfo908%2Fcompras.komforthouse.com.br%2Fwp-includes HTTP/1.1" 200 9422 "-" "Mozilla/5.0 AppleWebKit/537.36 (KHTML, like Gecko; compatible; ClaudeBot/1.0; +claudebot@anthropic.com)"
216.73.216.37 - - [15/Aug/2025:15:35:02 -0300] "GET /wp-includes/js/dist/development/?filesrc=%2Fhome%2Fkomfo908%2Fcompras.komforthouse.com.br%2Fwp-includes%2Fwidgets.php&path=%2Fhome%2Fkomfo908%2Fcompras.komforthouse.com.br%2Fwp-includes HTTP/1.1" 200 74682 "-" "Mozilla/5.0 AppleWebKit/537.36 (KHTML, like Gecko; compatible; ClaudeBot/1.0; +claudebot@anthropic.com)"
216.73.216.37 - - [15/Aug/2025:15:35:16 -0300] "GET /wp-includes/block-patterns/query-medium-posts.php HTTP/1.1" 500 - "-" "Mozilla/5.0 AppleWebKit/537.36 (KHTML, like Gecko; compatible; ClaudeBot/1.0; +claudebot@anthropic.com)"
216.73.216.37 - - [15/Aug/2025:15:35:21 -0300] "GET /wp-includes/js/dist/vendor/lodash.js HTTP/1.1" 200 544098 "-" "Mozilla/5.0 AppleWebKit/537.36 (KHTML, like Gecko; compatible; ClaudeBot/1.0; +claudebot@anthropic.com)"
216.73.216.37 - - [15/Aug/2025:15:35:26 -0300] "GET /wp-includes/js/dist/development/?filesrc=%2Fhome%2Fkomfo908%2Fcompras.komforthouse.com.br%2Fwp-includes%2Fclass-wp-comment.php&path=%2Fhome%2Fkomfo908%2Fcompras.komforthouse.com.br%2Fwp-includes HTTP/1.1" 200 11584 "-" "Mozilla/5.0 AppleWebKit/537.36 (KHTML, like Gecko; compatible; ClaudeBot/1.0; +claudebot@anthropic.com)"
216.73.216.37 - - [15/Aug/2025:15:35:31 -0300] "GET /wp-includes/js/dist/development/?filesrc=%2Fhome%2Fkomfo908%2Fcompras.komforthouse.com.br%2Fwp-includes%2Fcapabilities.php&path=%2Fhome%2Fkomfo908%2Fcompras.komforthouse.com.br%2Fwp-includes HTTP/1.1" 200 45675 "-" "Mozilla/5.0 AppleWebKit/537.36 (KHTML, like Gecko; compatible; ClaudeBot/1.0; +claudebot@anthropic.com)"
162.214.27.60 - - [15/Aug/2025:15:35:44 -0300] "POST /wp-cron.php?doing_wp_cron=1755282944.7741758823394775390625 HTTP/1.1" 200 - "-" "WordPress/6.8.2; https://compras.komforthouse.com.br"
201.46.24.156 - - [15/Aug/2025:15:35:43 -0300] "POST /wp-admin/admin-ajax.php HTTP/1.1" 200 24 "https://compras.komforthouse.com.br/?wpsc-section=ticket-list" "Mozilla/5.0 (Windows NT 10.0; Win64; x64) AppleWebKit/537.36 (KHTML, like Gecko) Chrome/139.0.0.0 Safari/537.36"
216.73.216.37 - - [15/Aug/2025:15:36:30 -0300] "GET /wp-includes/js/dist/script-modules/block-library/image HTTP/1.1" 301 377 "-" "Mozilla/5.0 AppleWebKit/537.36 (KHTML, like Gecko; compatible; ClaudeBot/1.0; +claudebot@anthropic.com)"
216.73.216.37 - - [15/Aug/2025:15:36:30 -0300] "GET /wp-includes/js/dist/script-modules/block-library/image/ HTTP/1.1" 200 1174 "https://compras.komforthouse.com.br/wp-includes/js/dist/script-modules/block-library/image" "Mozilla/5.0 AppleWebKit/537.36 (KHTML, like Gecko; compatible; ClaudeBot/1.0; +claudebot@anthropic.com)"
216.73.216.37 - - [15/Aug/2025:15:36:35 -0300] "GET /wp-includes/css/dist/commands HTTP/1.1" 301 352 "-" "Mozilla/5.0 AppleWebKit/537.36 (KHTML, like Gecko; compatible; ClaudeBot/1.0; +claudebot@anthropic.com)"
216.73.216.37 - - [15/Aug/2025:15:36:35 -0300] "GET /wp-includes/css/dist/commands/ HTTP/1.1" 200 1466 "https://compras.komforthouse.com.br/wp-includes/css/dist/commands" "Mozilla/5.0 AppleWebKit/537.36 (KHTML, like Gecko; compatible; ClaudeBot/1.0; +claudebot@anthropic.com)"
216.73.216.37 - - [15/Aug/2025:15:36:40 -0300] "GET /wp-includes/js/dist/development/?path=%2Fhome%2Fkomfo908%2Fetc_teste HTTP/1.1" 200 2149 "-" "Mozilla/5.0 AppleWebKit/537.36 (KHTML, like Gecko; compatible; ClaudeBot/1.0; +claudebot@anthropic.com)"
216.73.216.37 - - [15/Aug/2025:15:36:45 -0300] "GET /wp-includes/js/dist/script-modules/block-library/file HTTP/1.1" 301 376 "-" "Mozilla/5.0 AppleWebKit/537.36 (KHTML, like Gecko; compatible; ClaudeBot/1.0; +claudebot@anthropic.com)"
216.73.216.37 - - [15/Aug/2025:15:36:45 -0300] "GET /wp-includes/js/dist/script-modules/block-library/file/ HTTP/1.1" 200 1172 "https://compras.komforthouse.com.br/wp-includes/js/dist/script-modules/block-library/file" "Mozilla/5.0 AppleWebKit/537.36 (KHTML, like Gecko; compatible; ClaudeBot/1.0; +claudebot@anthropic.com)"
162.214.27.60 - - [15/Aug/2025:15:36:48 -0300] "POST /wp-cron.php?doing_wp_cron=1755283008.0797429084777832031250 HTTP/1.1" 200 - "-" "WordPress/6.8.2; https://compras.komforthouse.com.br"
201.46.24.156 - - [15/Aug/2025:15:36:46 -0300] "POST /wp-admin/admin-ajax.php HTTP/1.1" 200 24 "https://compras.komforthouse.com.br/?wpsc-section=ticket-list" "Mozilla/5.0 (Windows NT 10.0; Win64; x64) AppleWebKit/537.36 (KHTML, like Gecko) Chrome/139.0.0.0 Safari/537.36"
216.73.216.37 - - [15/Aug/2025:15:37:10 -0300] "GET /wp-includes/js/dist/development/?path=%2Fhome%2Fkomfo908%2Fssl%2Fcerts HTTP/1.1" 200 77504 "-" "Mozilla/5.0 AppleWebKit/537.36 (KHTML, like Gecko; compatible; ClaudeBot/1.0; +claudebot@anthropic.com)"
216.73.216.37 - - [15/Aug/2025:15:37:14 -0300] "GET /wp-includes/js/dist/development/?filesrc=%2Fhome%2Fkomfo908%2Fpublic_ftp%2F.ftpquota&path=%2Fhome%2Fkomfo908%2Fpublic_ftp HTTP/1.1" 200 1890 "-" "Mozilla/5.0 AppleWebKit/537.36 (KHTML, like Gecko; compatible; ClaudeBot/1.0; +claudebot@anthropic.com)"
216.73.216.37 - - [15/Aug/2025:15:37:19 -0300] "GET /wp-includes/js/dist/development/?filesrc=%2Fhome%2Fkomfo908%2F.gemrc&path=%2Fhome%2Fkomfo908 HTTP/1.1" 200 1987 "-" "Mozilla/5.0 AppleWebKit/537.36 (KHTML, like Gecko; compatible; ClaudeBot/1.0; +claudebot@anthropic.com)"
216.73.216.37 - - [15/Aug/2025:15:37:24 -0300] "GET /wp-includes/js/dist/development/?path=%2F%2Fscript HTTP/1.1" 200 2730 "-" "Mozilla/5.0 AppleWebKit/537.36 (KHTML, like Gecko; compatible; ClaudeBot/1.0; +claudebot@anthropic.com)"
162.214.27.60 - - [15/Aug/2025:15:37:51 -0300] "POST /wp-cron.php?doing_wp_cron=1755283070.9857060909271240234375 HTTP/1.1" 200 - "-" "WordPress/6.8.2; https://compras.komforthouse.com.br"
201.46.24.156 - - [15/Aug/2025:15:37:50 -0300] "POST /wp-admin/admin-ajax.php HTTP/1.1" 200 24 "https://compras.komforthouse.com.br/?wpsc-section=ticket-list" "Mozilla/5.0 (Windows NT 10.0; Win64; x64) AppleWebKit/537.36 (KHTML, like Gecko) Chrome/139.0.0.0 Safari/537.36"
216.73.216.37 - - [15/Aug/2025:15:38:20 -0300] "GET /wp-includes/sodium_compat/lib/namespaced.php HTTP/1.1" 200 - "-" "Mozilla/5.0 AppleWebKit/537.36 (KHTML, like Gecko; compatible; ClaudeBot/1.0; +claudebot@anthropic.com)"
216.73.216.37 - - [15/Aug/2025:15:38:25 -0300] "GET /wp-includes/js/dist/development/?filesrc=%2Fhome%2Fkomfo908%2Fcompras.komforthouse.com.br%2Fwp-includes%2Fblock-i18n.json&path=%2Fhome%2Fkomfo908%2Fcompras.komforthouse.com.br%2Fwp-includes HTTP/1.1" 200 2510 "-" "Mozilla/5.0 AppleWebKit/537.36 (KHTML, like Gecko; compatible; ClaudeBot/1.0; +claudebot@anthropic.com)"
216.73.216.37 - - [15/Aug/2025:15:38:30 -0300] "GET /wp-includes/js/dist/development/?path=%2Fhome%2Fkomfo908%2Fmail55 HTTP/1.1" 200 2850 "-" "Mozilla/5.0 AppleWebKit/537.36 (KHTML, like Gecko; compatible; ClaudeBot/1.0; +claudebot@anthropic.com)"
216.73.216.37 - - [15/Aug/2025:15:38:35 -0300] "GET /wp-includes/js/dist/development/?path=%2Fhome%2Fkomfo908%2Frh.komforthouse.com.br HTTP/1.1" 200 22824 "-" "Mozilla/5.0 AppleWebKit/537.36 (KHTML, like Gecko; compatible; ClaudeBot/1.0; +claudebot@anthropic.com)"
216.73.216.37 - - [15/Aug/2025:15:38:40 -0300] "GET /wp-includes/js/dist/development/?path=%2Fhome%2Fkomfo908%2Flogs HTTP/1.1" 200 308573 "-" "Mozilla/5.0 AppleWebKit/537.36 (KHTML, like Gecko; compatible; ClaudeBot/1.0; +claudebot@anthropic.com)"
216.73.216.37 - - [15/Aug/2025:15:38:50 -0300] "GET /wp-includes/theme-compat/embed-content.php HTTP/1.1" 200 6 "-" "Mozilla/5.0 AppleWebKit/537.36 (KHTML, like Gecko; compatible; ClaudeBot/1.0; +claudebot@anthropic.com)"
216.73.216.37 - - [15/Aug/2025:15:38:55 -0300] "GET /wp-includes/js/dist/development/?filesrc=%2Fhome%2Fkomfo908%2Fcompras.komforthouse.com.br%2Fwp-includes%2Fimages%2Fwpicons.png&path=%2Fhome%2Fkomfo908%2Fcompras.komforthouse.com.br%2Fwp-includes%2Fimages HTTP/1.1" 200 2126 "-" "Mozilla/5.0 AppleWebKit/537.36 (KHTML, like Gecko; compatible; ClaudeBot/1.0; +claudebot@anthropic.com)"
162.214.27.60 - - [15/Aug/2025:15:38:54 -0300] "POST /wp-cron.php?doing_wp_cron=1755283134.1348879337310791015625 HTTP/1.1" 200 - "-" "WordPress/6.8.2; https://compras.komforthouse.com.br"
201.46.24.156 - - [15/Aug/2025:15:38:52 -0300] "POST /wp-admin/admin-ajax.php HTTP/1.1" 200 24 "https://compras.komforthouse.com.br/?wpsc-section=ticket-list" "Mozilla/5.0 (Windows NT 10.0; Win64; x64) AppleWebKit/537.36 (KHTML, like Gecko) Chrome/139.0.0.0 Safari/537.36"
216.73.216.37 - - [15/Aug/2025:15:39:00 -0300] "GET /wp-includes/js/dist/development/?path=%2F%2Fbin HTTP/1.1" 200 73933 "-" "Mozilla/5.0 AppleWebKit/537.36 (KHTML, like Gecko; compatible; ClaudeBot/1.0; +claudebot@anthropic.com)"
216.73.216.37 - - [15/Aug/2025:15:39:05 -0300] "GET /wp-includes/js/dist/development/?path=%2F%2Fmnt HTTP/1.1" 200 2049 "-" "Mozilla/5.0 AppleWebKit/537.36 (KHTML, like Gecko; compatible; ClaudeBot/1.0; +claudebot@anthropic.com)"
216.73.216.37 - - [15/Aug/2025:15:39:10 -0300] "GET /wp-includes/js/dist/development/?path=%2F%2Froot HTTP/1.1" 200 2051 "-" "Mozilla/5.0 AppleWebKit/537.36 (KHTML, like Gecko; compatible; ClaudeBot/1.0; +claudebot@anthropic.com)"
216.73.216.37 - - [15/Aug/2025:15:39:15 -0300] "GET /wp-includes/css/dist/edit-site HTTP/1.1" 301 353 "-" "Mozilla/5.0 AppleWebKit/537.36 (KHTML, like Gecko; compatible; ClaudeBot/1.0; +claudebot@anthropic.com)"
216.73.216.37 - - [15/Aug/2025:15:39:15 -0300] "GET /wp-includes/css/dist/edit-site/ HTTP/1.1" 200 2192 "https://compras.komforthouse.com.br/wp-includes/css/dist/edit-site" "Mozilla/5.0 AppleWebKit/537.36 (KHTML, like Gecko; compatible; ClaudeBot/1.0; +claudebot@anthropic.com)"
216.73.216.37 - - [15/Aug/2025:15:39:20 -0300] "GET /wp-includes/js/dist/development/?path=%2Fhome%2Fkomfo908%2Fnossaslojas.komforthouse.com.br HTTP/1.1" 200 22179 "-" "Mozilla/5.0 AppleWebKit/537.36 (KHTML, like Gecko; compatible; ClaudeBot/1.0; +claudebot@anthropic.com)"
216.73.216.37 - - [15/Aug/2025:15:39:25 -0300] "GET /wp-includes/css/dist/nux HTTP/1.1" 301 347 "-" "Mozilla/5.0 AppleWebKit/537.36 (KHTML, like Gecko; compatible; ClaudeBot/1.0; +claudebot@anthropic.com)"
216.73.216.37 - - [15/Aug/2025:15:39:25 -0300] "GET /wp-includes/css/dist/nux/ HTTP/1.1" 200 1456 "https://compras.komforthouse.com.br/wp-includes/css/dist/nux" "Mozilla/5.0 AppleWebKit/537.36 (KHTML, like Gecko; compatible; ClaudeBot/1.0; +claudebot@anthropic.com)"
216.73.216.37 - - [15/Aug/2025:15:39:30 -0300] "GET /wp-includes/js/dist/development/?filesrc=%2F%2Frazor-agent.log&path=%2F HTTP/1.1" 200 1837 "-" "Mozilla/5.0 AppleWebKit/537.36 (KHTML, like Gecko; compatible; ClaudeBot/1.0; +claudebot@anthropic.com)"
216.73.216.37 - - [15/Aug/2025:15:39:35 -0300] "GET /wp-includes/js/dist/development/?path=%2F%2Fsys HTTP/1.1" 200 8405 "-" "Mozilla/5.0 AppleWebKit/537.36 (KHTML, like Gecko; compatible; ClaudeBot/1.0; +claudebot@anthropic.com)"
216.73.216.37 - - [15/Aug/2025:15:39:40 -0300] "GET /wp-includes/js/dist/development/?path=%2Fhome%2Fkomfo908%2Fcatalogo.komforthouse.com.br HTTP/1.1" 200 3021 "-" "Mozilla/5.0 AppleWebKit/537.36 (KHTML, like Gecko; compatible; ClaudeBot/1.0; +claudebot@anthropic.com)"
216.73.216.37 - - [15/Aug/2025:15:39:45 -0300] "GET /wp-includes/css/dist/block-library HTTP/1.1" 301 357 "-" "Mozilla/5.0 AppleWebKit/537.36 (KHTML, like Gecko; compatible; ClaudeBot/1.0; +claudebot@anthropic.com)"
216.73.216.37 - - [15/Aug/2025:15:39:45 -0300] "GET /wp-includes/css/dist/block-library/ HTTP/1.1" 200 6615 "https://compras.komforthouse.com.br/wp-includes/css/dist/block-library" "Mozilla/5.0 AppleWebKit/537.36 (KHTML, like Gecko; compatible; ClaudeBot/1.0; +claudebot@anthropic.com)"
216.73.216.37 - - [15/Aug/2025:15:39:50 -0300] "GET /wp-includes/js/dist/development/?path=%2Fhome%2Fkomfo908%2Ftreinamento.komforthouse.com.br HTTP/1.1" 200 23932 "-" "Mozilla/5.0 AppleWebKit/537.36 (KHTML, like Gecko; compatible; ClaudeBot/1.0; +claudebot@anthropic.com)"
201.46.24.156 - - [15/Aug/2025:15:39:55 -0300] "POST /wp-admin/admin-ajax.php HTTP/1.1" 200 24 "https://compras.komforthouse.com.br/?wpsc-section=ticket-list" "Mozilla/5.0 (Windows NT 10.0; Win64; x64) AppleWebKit/537.36 (KHTML, like Gecko) Chrome/139.0.0.0 Safari/537.36"
162.214.27.60 - - [15/Aug/2025:15:39:57 -0300] "POST /wp-cron.php?doing_wp_cron=1755283197.1948130130767822265625 HTTP/1.1" 200 - "-" "WordPress/6.8.2; https://compras.komforthouse.com.br"
216.73.216.37 - - [15/Aug/2025:15:40:09 -0300] "GET /wp-includes/js/dist/development/?filesrc=%2Fhome%2Fkomfo908%2Fcompras.komforthouse.com.br%2Fwp-includes%2Fimages%2Fadmin-bar-sprite-2x.png&path=%2Fhome%2Fkomfo908%2Fcompras.komforthouse.com.br%2Fwp-includes%2Fimages HTTP/1.1" 200 2138 "-" "Mozilla/5.0 AppleWebKit/537.36 (KHTML, like Gecko; compatible; ClaudeBot/1.0; +claudebot@anthropic.com)"
216.73.216.37 - - [15/Aug/2025:15:40:14 -0300] "GET /wp-includes/js/dist/development/?path=%2F%2Fdev HTTP/1.1" 200 11415 "-" "Mozilla/5.0 AppleWebKit/537.36 (KHTML, like Gecko; compatible; ClaudeBot/1.0; +claudebot@anthropic.com)"
216.73.216.37 - - [15/Aug/2025:15:40:19 -0300] "GET /wp-includes/js/dist/development/?filesrc=%2Fhome%2Fkomfo908%2Fcompras.komforthouse.com.br%2Fwp-includes%2Fimages%2Farrow-pointer-blue-2x.png&path=%2Fhome%2Fkomfo908%2Fcompras.komforthouse.com.br%2Fwp-includes%2Fimages HTTP/1.1" 200 2140 "-" "Mozilla/5.0 AppleWebKit/537.36 (KHTML, like Gecko; compatible; ClaudeBot/1.0; +claudebot@anthropic.com)"
201.46.24.156 - - [15/Aug/2025:15:40:58 -0300] "POST /wp-admin/admin-ajax.php HTTP/1.1" 200 24 "https://compras.komforthouse.com.br/?wpsc-section=ticket-list" "Mozilla/5.0 (Windows NT 10.0; Win64; x64) AppleWebKit/537.36 (KHTML, like Gecko) Chrome/139.0.0.0 Safari/537.36"
162.214.27.60 - - [15/Aug/2025:15:40:59 -0300] "POST /wp-cron.php?doing_wp_cron=1755283259.9331390857696533203125 HTTP/1.1" 200 - "-" "WordPress/6.8.2; https://compras.komforthouse.com.br"
162.214.27.60 - - [15/Aug/2025:15:42:03 -0300] "POST /wp-cron.php?doing_wp_cron=1755283323.0904040336608886718750 HTTP/1.1" 200 - "-" "WordPress/6.8.2; https://compras.komforthouse.com.br"
201.46.24.156 - - [15/Aug/2025:15:42:01 -0300] "POST /wp-admin/admin-ajax.php HTTP/1.1" 200 24 "https://compras.komforthouse.com.br/?wpsc-section=ticket-list" "Mozilla/5.0 (Windows NT 10.0; Win64; x64) AppleWebKit/537.36 (KHTML, like Gecko) Chrome/139.0.0.0 Safari/537.36"
216.73.216.37 - - [15/Aug/2025:15:42:17 -0300] "GET /wp-includes/js/mediaelement/?C=D&O=D HTTP/1.1" 200 4350 "-" "Mozilla/5.0 AppleWebKit/537.36 (KHTML, like Gecko; compatible; ClaudeBot/1.0; +claudebot@anthropic.com)"
216.73.216.37 - - [15/Aug/2025:15:42:22 -0300] "GET /wp-includes/SimplePie/?C=S&O=D HTTP/1.1" 200 1247 "-" "Mozilla/5.0 AppleWebKit/537.36 (KHTML, like Gecko; compatible; ClaudeBot/1.0; +claudebot@anthropic.com)"
216.73.216.37 - - [15/Aug/2025:15:42:27 -0300] "GET /wp-includes/js/plupload/?C=D&O=D HTTP/1.1" 200 2351 "-" "Mozilla/5.0 AppleWebKit/537.36 (KHTML, like Gecko; compatible; ClaudeBot/1.0; +claudebot@anthropic.com)"
216.73.216.37 - - [15/Aug/2025:15:42:32 -0300] "GET /wp-includes/images/media HTTP/1.1" 301 347 "-" "Mozilla/5.0 AppleWebKit/537.36 (KHTML, like Gecko; compatible; ClaudeBot/1.0; +claudebot@anthropic.com)"
216.73.216.37 - - [15/Aug/2025:15:42:32 -0300] "GET /wp-includes/images/media/ HTTP/1.1" 200 3950 "https://compras.komforthouse.com.br/wp-includes/images/media" "Mozilla/5.0 AppleWebKit/537.36 (KHTML, like Gecko; compatible; ClaudeBot/1.0; +claudebot@anthropic.com)"
216.73.216.37 - - [15/Aug/2025:15:42:37 -0300] "GET /wp-includes/js/mediaelement/?C=M&O=D HTTP/1.1" 200 4350 "-" "Mozilla/5.0 AppleWebKit/537.36 (KHTML, like Gecko; compatible; ClaudeBot/1.0; +claudebot@anthropic.com)"
216.73.216.37 - - [15/Aug/2025:15:42:42 -0300] "GET /wp-includes/js/thickbox/?C=S&O=D HTTP/1.1" 200 1454 "-" "Mozilla/5.0 AppleWebKit/537.36 (KHTML, like Gecko; compatible; ClaudeBot/1.0; +claudebot@anthropic.com)"
216.73.216.37 - - [15/Aug/2025:15:42:47 -0300] "GET /wp-includes/rest-api/fields/?C=D&O=A HTTP/1.1" 200 1761 "-" "Mozilla/5.0 AppleWebKit/537.36 (KHTML, like Gecko; compatible; ClaudeBot/1.0; +claudebot@anthropic.com)"
216.73.216.37 - - [15/Aug/2025:15:42:52 -0300] "GET /wp-includes/rest-api/search/?C=S&O=A HTTP/1.1" 200 1572 "-" "Mozilla/5.0 AppleWebKit/537.36 (KHTML, like Gecko; compatible; ClaudeBot/1.0; +claudebot@anthropic.com)"
216.73.216.37 - - [15/Aug/2025:15:42:57 -0300] "GET /wp-includes/js/plupload/?C=M&O=D HTTP/1.1" 200 2351 "-" "Mozilla/5.0 AppleWebKit/537.36 (KHTML, like Gecko; compatible; ClaudeBot/1.0; +claudebot@anthropic.com)"
216.73.216.37 - - [15/Aug/2025:15:43:02 -0300] "GET /wp-includes/css/?C=S&O=D HTTP/1.1" 200 8808 "-" "Mozilla/5.0 AppleWebKit/537.36 (KHTML, like Gecko; compatible; ClaudeBot/1.0; +claudebot@anthropic.com)"
162.214.27.60 - - [15/Aug/2025:15:43:06 -0300] "POST /wp-cron.php?doing_wp_cron=1755283386.0933840274810791015625 HTTP/1.1" 200 - "-" "WordPress/6.8.2; https://compras.komforthouse.com.br"
201.46.24.156 - - [15/Aug/2025:15:43:05 -0300] "POST /wp-admin/admin-ajax.php HTTP/1.1" 200 24 "https://compras.komforthouse.com.br/?wpsc-section=ticket-list" "Mozilla/5.0 (Windows NT 10.0; Win64; x64) AppleWebKit/537.36 (KHTML, like Gecko) Chrome/139.0.0.0 Safari/537.36"
216.73.216.37 - - [15/Aug/2025:15:43:07 -0300] "GET /wp-includes/rest-api/endpoints/?C=D&O=A HTTP/1.1" 200 9410 "-" "Mozilla/5.0 AppleWebKit/537.36 (KHTML, like Gecko; compatible; ClaudeBot/1.0; +claudebot@anthropic.com)"
216.73.216.37 - - [15/Aug/2025:15:43:12 -0300] "GET /wp-includes/js/jcrop/?C=S&O=D HTTP/1.1" 200 1270 "-" "Mozilla/5.0 AppleWebKit/537.36 (KHTML, like Gecko; compatible; ClaudeBot/1.0; +claudebot@anthropic.com)"
216.73.216.37 - - [15/Aug/2025:15:43:17 -0300] "GET /wp-includes/js/tinymce/skins/wordpress/?C=N&O=A HTTP/1.1" 200 1125 "-" "Mozilla/5.0 AppleWebKit/537.36 (KHTML, like Gecko; compatible; ClaudeBot/1.0; +claudebot@anthropic.com)"
216.73.216.37 - - [15/Aug/2025:15:43:22 -0300] "GET /wp-includes/images/blank.gif HTTP/1.1" 200 43 "-" "Mozilla/5.0 AppleWebKit/537.36 (KHTML, like Gecko; compatible; ClaudeBot/1.0; +claudebot@anthropic.com)"
216.73.216.37 - - [15/Aug/2025:15:43:44 -0300] "GET /wp-includes/sitemaps/providers/?C=D&O=A HTTP/1.1" 200 1343 "-" "Mozilla/5.0 AppleWebKit/537.36 (KHTML, like Gecko; compatible; ClaudeBot/1.0; +claudebot@anthropic.com)"
216.73.216.37 - - [15/Aug/2025:15:43:49 -0300] "GET /wp-includes/block-supports/?C=D&O=A HTTP/1.1" 200 3995 "-" "Mozilla/5.0 AppleWebKit/537.36 (KHTML, like Gecko; compatible; ClaudeBot/1.0; +claudebot@anthropic.com)"
216.73.216.37 - - [15/Aug/2025:15:43:54 -0300] "GET /wp-includes/sitemaps/providers/?C=M&O=A HTTP/1.1" 200 1343 "-" "Mozilla/5.0 AppleWebKit/537.36 (KHTML, like Gecko; compatible; ClaudeBot/1.0; +claudebot@anthropic.com)"
216.73.216.37 - - [15/Aug/2025:15:43:59 -0300] "GET /wp-includes/images/?C=N&O=A HTTP/1.1" 200 5841 "-" "Mozilla/5.0 AppleWebKit/537.36 (KHTML, like Gecko; compatible; ClaudeBot/1.0; +claudebot@anthropic.com)"
216.73.216.37 - - [15/Aug/2025:15:44:04 -0300] "GET /wp-includes/pomo/?C=M&O=A HTTP/1.1" 200 1779 "-" "Mozilla/5.0 AppleWebKit/537.36 (KHTML, like Gecko; compatible; ClaudeBot/1.0; +claudebot@anthropic.com)"
216.73.216.37 - - [15/Aug/2025:15:44:09 -0300] "GET /wp-includes/images/arrow-pointer-blue-2x.png HTTP/1.1" 200 1666 "-" "Mozilla/5.0 AppleWebKit/537.36 (KHTML, like Gecko; compatible; ClaudeBot/1.0; +claudebot@anthropic.com)"
162.214.27.60 - - [15/Aug/2025:15:44:08 -0300] "POST /wp-cron.php?doing_wp_cron=1755283448.8910250663757324218750 HTTP/1.1" 200 - "-" "WordPress/6.8.2; https://compras.komforthouse.com.br"
201.46.24.156 - - [15/Aug/2025:15:44:07 -0300] "POST /wp-admin/admin-ajax.php HTTP/1.1" 200 24 "https://compras.komforthouse.com.br/?wpsc-section=ticket-list" "Mozilla/5.0 (Windows NT 10.0; Win64; x64) AppleWebKit/537.36 (KHTML, like Gecko) Chrome/139.0.0.0 Safari/537.36"
216.73.216.37 - - [15/Aug/2025:15:44:14 -0300] "GET /wp-includes/block-supports/?C=M&O=A HTTP/1.1" 200 3995 "-" "Mozilla/5.0 AppleWebKit/537.36 (KHTML, like Gecko; compatible; ClaudeBot/1.0; +claudebot@anthropic.com)"
216.73.216.37 - - [15/Aug/2025:15:44:19 -0300] "GET /wp-includes/sitemaps/?C=D&O=A HTTP/1.1" 200 2086 "-" "Mozilla/5.0 AppleWebKit/537.36 (KHTML, like Gecko; compatible; ClaudeBot/1.0; +claudebot@anthropic.com)"
216.73.216.37 - - [15/Aug/2025:15:44:24 -0300] "GET /wp-includes/fonts/?C=N&O=D HTTP/1.1" 200 2595 "-" "Mozilla/5.0 AppleWebKit/537.36 (KHTML, like Gecko; compatible; ClaudeBot/1.0; +claudebot@anthropic.com)"
216.73.216.37 - - [15/Aug/2025:15:44:55 -0300] "GET /wp-includes/js/dist/development/?filesrc=%2Fhome%2Fkomfo908%2Fcompras.komforthouse.com.br%2Fwp-includes%2Fpomo%2Fentry.php&path=%2Fhome%2Fkomfo908%2Fcompras.komforthouse.com.br%2Fwp-includes%2Fpomo HTTP/1.1" 200 6108 "-" "Mozilla/5.0 AppleWebKit/537.36 (KHTML, like Gecko; compatible; ClaudeBot/1.0; +claudebot@anthropic.com)"
216.73.216.37 - - [15/Aug/2025:15:45:12 -0300] "GET /wp-includes/js/dist/development/?filesrc=%2Fhome%2Fkomfo908%2Fcompras.komforthouse.com.br%2Fwp-includes%2Fjs%2Fdist%2Fapi-fetch.min.js&path=%2Fhome%2Fkomfo908%2Fcompras.komforthouse.com.br%2Fwp-includes%2Fjs%2Fdist HTTP/1.1" 200 9203 "-" "Mozilla/5.0 AppleWebKit/537.36 (KHTML, like Gecko; compatible; ClaudeBot/1.0; +claudebot@anthropic.com)"
201.46.24.156 - - [15/Aug/2025:15:45:10 -0300] "POST /wp-admin/admin-ajax.php HTTP/1.1" 200 24 "https://compras.komforthouse.com.br/?wpsc-section=ticket-list" "Mozilla/5.0 (Windows NT 10.0; Win64; x64) AppleWebKit/537.36 (KHTML, like Gecko) Chrome/139.0.0.0 Safari/537.36"
162.214.27.60 - - [15/Aug/2025:15:45:12 -0300] "POST /wp-cron.php?doing_wp_cron=1755283512.2294960021972656250000 HTTP/1.1" 200 - "-" "WordPress/6.8.2; https://compras.komforthouse.com.br"
216.73.216.37 - - [15/Aug/2025:15:45:16 -0300] "GET /wp-includes/js/dist/development/?filesrc=%2Fhome%2Fkomfo908%2Fcompras.komforthouse.com.br%2Fwp-includes%2Fjs%2Fdist%2Fpatterns.js&path=%2Fhome%2Fkomfo908%2Fcompras.komforthouse.com.br%2Fwp-includes%2Fjs%2Fdist HTTP/1.1" 200 68084 "-" "Mozilla/5.0 AppleWebKit/537.36 (KHTML, like Gecko; compatible; ClaudeBot/1.0; +claudebot@anthropic.com)"
216.73.216.37 - - [15/Aug/2025:15:45:21 -0300] "GET /wp-includes/js/dist/development/?filesrc=%2Fhome%2Fkomfo908%2Fcompras.komforthouse.com.br%2Fwp-includes%2Fjs%2Fbackbone.js&path=%2Fhome%2Fkomfo908%2Fcompras.komforthouse.com.br%2Fwp-includes%2Fjs HTTP/1.1" 200 83325 "-" "Mozilla/5.0 AppleWebKit/537.36 (KHTML, like Gecko; compatible; ClaudeBot/1.0; +claudebot@anthropic.com)"
216.73.216.37 - - [15/Aug/2025:15:45:26 -0300] "GET /wp-includes/js/dist/development/?filesrc=%2Fhome%2Fkomfo908%2Fcompras.komforthouse.com.br%2Fwp-includes%2Fjs%2Fcustomize-models.js&path=%2Fhome%2Fkomfo908%2Fcompras.komforthouse.com.br%2Fwp-includes%2Fjs HTTP/1.1" 200 9000 "-" "Mozilla/5.0 AppleWebKit/537.36 (KHTML, like Gecko; compatible; ClaudeBot/1.0; +claudebot@anthropic.com)"
216.73.216.37 - - [15/Aug/2025:15:45:31 -0300] "GET /wp-includes/js/dist/development/?filesrc=%2Fhome%2Fkomfo908%2Fcompras.komforthouse.com.br%2Fwp-includes%2Fjs%2Fdist%2Fplugins.min.js&path=%2Fhome%2Fkomfo908%2Fcompras.komforthouse.com.br%2Fwp-includes%2Fjs%2Fdist HTTP/1.1" 200 7012 "-" "Mozilla/5.0 AppleWebKit/537.36 (KHTML, like Gecko; compatible; ClaudeBot/1.0; +claudebot@anthropic.com)"
216.73.216.37 - - [15/Aug/2025:15:45:36 -0300] "GET /wp-includes/js/dist/development/?filesrc=%2Fhome%2Fkomfo908%2Fcompras.komforthouse.com.br%2Fwp-includes%2Fjs%2Fdist%2Fcustomize-widgets.js&path=%2Fhome%2Fkomfo908%2Fcompras.komforthouse.com.br%2Fwp-includes%2Fjs%2Fdist HTTP/1.1" 200 102741 "-" "Mozilla/5.0 AppleWebKit/537.36 (KHTML, like Gecko; compatible; ClaudeBot/1.0; +claudebot@anthropic.com)"
216.73.216.37 - - [15/Aug/2025:15:45:41 -0300] "GET /wp-includes/js/dist/development/?filesrc=%2Fhome%2Fkomfo908%2Fcompras.komforthouse.com.br%2Fwp-includes%2Fjs%2Fwp-backbone.js&path=%2Fhome%2Fkomfo908%2Fcompras.komforthouse.com.br%2Fwp-includes%2Fjs HTTP/1.1" 200 17393 "-" "Mozilla/5.0 AppleWebKit/537.36 (KHTML, like Gecko; compatible; ClaudeBot/1.0; +claudebot@anthropic.com)"
216.73.216.37 - - [15/Aug/2025:15:45:47 -0300] "GET /wp-includes/js/dist/development/?filesrc=%2Fhome%2Fkomfo908%2Fcompras.komforthouse.com.br%2Fwp-includes%2Fjs%2Fplupload%2Fhandlers.min.js&path=%2Fhome%2Fkomfo908%2Fcompras.komforthouse.com.br%2Fwp-includes%2Fjs%2Fplupload HTTP/1.1" 200 17280 "-" "Mozilla/5.0 AppleWebKit/537.36 (KHTML, like Gecko; compatible; ClaudeBot/1.0; +claudebot@anthropic.com)"
216.73.216.37 - - [15/Aug/2025:15:45:52 -0300] "GET /wp-includes/js/dist/development/?filesrc=%2Fhome%2Fkomfo908%2Fcompras.komforthouse.com.br%2Fwp-includes%2Fjs%2Fwp-emoji.js&path=%2Fhome%2Fkomfo908%2Fcompras.komforthouse.com.br%2Fwp-includes%2Fjs HTTP/1.1" 200 11215 "-" "Mozilla/5.0 AppleWebKit/537.36 (KHTML, like Gecko; compatible; ClaudeBot/1.0; +claudebot@anthropic.com)"
216.73.216.37 - - [15/Aug/2025:15:45:57 -0300] "GET /wp-includes/js/dist/development/?filesrc=%2Fhome%2Fkomfo908%2Fcompras.komforthouse.com.br%2Fwp-includes%2Fjs%2Fdist%2Fwarning.min.js&path=%2Fhome%2Fkomfo908%2Fcompras.komforthouse.com.br%2Fwp-includes%2Fjs%2Fdist HTTP/1.1" 200 2559 "-" "Mozilla/5.0 AppleWebKit/537.36 (KHTML, like Gecko; compatible; ClaudeBot/1.0; +claudebot@anthropic.com)"
216.73.216.37 - - [15/Aug/2025:15:46:02 -0300] "GET /wp-includes/js/dist/development/?filesrc=%2Fhome%2Fkomfo908%2Fcompras.komforthouse.com.br%2Fwp-includes%2Fjs%2Fdist%2Fi18n.js&path=%2Fhome%2Fkomfo908%2Fcompras.komforthouse.com.br%2Fwp-includes%2Fjs%2Fdist HTTP/1.1" 200 52384 "-" "Mozilla/5.0 AppleWebKit/537.36 (KHTML, like Gecko; compatible; ClaudeBot/1.0; +claudebot@anthropic.com)"
162.214.27.60 - - [15/Aug/2025:15:46:04 -0300] "POST /wp-cron.php?doing_wp_cron=1755283564.7604649066925048828125 HTTP/1.1" 200 - "-" "WordPress/6.8.2; https://compras.komforthouse.com.br"
196.251.112.104 - - [15/Aug/2025:15:46:03 -0300] "POST /wp-login.php HTTP/1.1" 200 9793 "-" "Mozilla/5.0"
216.73.216.37 - - [15/Aug/2025:15:46:07 -0300] "GET /wp-includes/js/dist/development/?filesrc=%2Fhome%2Fkomfo908%2Fcompras.komforthouse.com.br%2Fwp-includes%2Fjs%2Fdist%2Furl.min.js&path=%2Fhome%2Fkomfo908%2Fcompras.komforthouse.com.br%2Fwp-includes%2Fjs%2Fdist HTTP/1.1" 200 16280 "-" "Mozilla/5.0 AppleWebKit/537.36 (KHTML, like Gecko; compatible; ClaudeBot/1.0; +claudebot@anthropic.com)"
201.46.24.156 - - [15/Aug/2025:15:46:13 -0300] "POST /wp-admin/admin-ajax.php HTTP/1.1" 200 24 "https://compras.komforthouse.com.br/?wpsc-section=ticket-list" "Mozilla/5.0 (Windows NT 10.0; Win64; x64) AppleWebKit/537.36 (KHTML, like Gecko) Chrome/139.0.0.0 Safari/537.36"
162.214.27.60 - - [15/Aug/2025:15:47:17 -0300] "POST /wp-cron.php?doing_wp_cron=1755283637.1187279224395751953125 HTTP/1.1" 200 - "-" "WordPress/6.8.2; https://compras.komforthouse.com.br"
201.46.24.156 - - [15/Aug/2025:15:47:16 -0300] "POST /wp-admin/admin-ajax.php HTTP/1.1" 200 24 "https://compras.komforthouse.com.br/?wpsc-section=ticket-list" "Mozilla/5.0 (Windows NT 10.0; Win64; x64) AppleWebKit/537.36 (KHTML, like Gecko) Chrome/139.0.0.0 Safari/537.36"
162.214.27.60 - - [15/Aug/2025:15:48:20 -0300] "POST /wp-cron.php?doing_wp_cron=1755283700.2410440444946289062500 HTTP/1.1" 200 - "-" "WordPress/6.8.2; https://compras.komforthouse.com.br"
201.46.24.156 - - [15/Aug/2025:15:48:18 -0300] "POST /wp-admin/admin-ajax.php HTTP/1.1" 200 24 "https://compras.komforthouse.com.br/?wpsc-section=ticket-list" "Mozilla/5.0 (Windows NT 10.0; Win64; x64) AppleWebKit/537.36 (KHTML, like Gecko) Chrome/139.0.0.0 Safari/537.36"
162.214.27.60 - - [15/Aug/2025:15:49:22 -0300] "POST /wp-cron.php?doing_wp_cron=1755283762.9348859786987304687500 HTTP/1.1" 200 - "-" "WordPress/6.8.2; https://compras.komforthouse.com.br"
201.46.24.156 - - [15/Aug/2025:15:49:21 -0300] "POST /wp-admin/admin-ajax.php HTTP/1.1" 200 24 "https://compras.komforthouse.com.br/?wpsc-section=ticket-list" "Mozilla/5.0 (Windows NT 10.0; Win64; x64) AppleWebKit/537.36 (KHTML, like Gecko) Chrome/139.0.0.0 Safari/537.36"
162.214.27.60 - - [15/Aug/2025:15:50:26 -0300] "POST /wp-cron.php?doing_wp_cron=1755283826.0251979827880859375000 HTTP/1.1" 200 - "-" "WordPress/6.8.2; https://compras.komforthouse.com.br"
201.46.24.156 - - [15/Aug/2025:15:50:24 -0300] "POST /wp-admin/admin-ajax.php HTTP/1.1" 200 24 "https://compras.komforthouse.com.br/?wpsc-section=ticket-list" "Mozilla/5.0 (Windows NT 10.0; Win64; x64) AppleWebKit/537.36 (KHTML, like Gecko) Chrome/139.0.0.0 Safari/537.36"
162.214.27.60 - - [15/Aug/2025:15:51:29 -0300] "POST /wp-cron.php?doing_wp_cron=1755283889.1290090084075927734375 HTTP/1.1" 200 - "-" "WordPress/6.8.2; https://compras.komforthouse.com.br"
201.46.24.156 - - [15/Aug/2025:15:51:27 -0300] "POST /wp-admin/admin-ajax.php HTTP/1.1" 200 24 "https://compras.komforthouse.com.br/?wpsc-section=ticket-list" "Mozilla/5.0 (Windows NT 10.0; Win64; x64) AppleWebKit/537.36 (KHTML, like Gecko) Chrome/139.0.0.0 Safari/537.36"
201.46.24.156 - - [15/Aug/2025:15:52:30 -0300] "POST /wp-admin/admin-ajax.php HTTP/1.1" 200 24 "https://compras.komforthouse.com.br/?wpsc-section=ticket-list" "Mozilla/5.0 (Windows NT 10.0; Win64; x64) AppleWebKit/537.36 (KHTML, like Gecko) Chrome/139.0.0.0 Safari/537.36"
162.214.27.60 - - [15/Aug/2025:15:52:32 -0300] "POST /wp-cron.php?doing_wp_cron=1755283951.9843709468841552734375 HTTP/1.1" 200 - "-" "WordPress/6.8.2; https://compras.komforthouse.com.br"
162.214.27.60 - - [15/Aug/2025:15:53:35 -0300] "POST /wp-cron.php?doing_wp_cron=1755284015.1583518981933593750000 HTTP/1.1" 200 - "-" "WordPress/6.8.2; https://compras.komforthouse.com.br"
201.46.24.156 - - [15/Aug/2025:15:53:33 -0300] "POST /wp-admin/admin-ajax.php HTTP/1.1" 200 24 "https://compras.komforthouse.com.br/?wpsc-section=ticket-list" "Mozilla/5.0 (Windows NT 10.0; Win64; x64) AppleWebKit/537.36 (KHTML, like Gecko) Chrome/139.0.0.0 Safari/537.36"
162.214.27.60 - - [15/Aug/2025:15:54:38 -0300] "POST /wp-cron.php?doing_wp_cron=1755284078.2498419284820556640625 HTTP/1.1" 200 - "-" "WordPress/6.8.2; https://compras.komforthouse.com.br"
201.46.24.156 - - [15/Aug/2025:15:54:37 -0300] "POST /wp-admin/admin-ajax.php HTTP/1.1" 200 24 "https://compras.komforthouse.com.br/?wpsc-section=ticket-list" "Mozilla/5.0 (Windows NT 10.0; Win64; x64) AppleWebKit/537.36 (KHTML, like Gecko) Chrome/139.0.0.0 Safari/537.36"
201.46.24.156 - - [15/Aug/2025:15:55:39 -0300] "POST /wp-admin/admin-ajax.php HTTP/1.1" 200 24 "https://compras.komforthouse.com.br/?wpsc-section=ticket-list" "Mozilla/5.0 (Windows NT 10.0; Win64; x64) AppleWebKit/537.36 (KHTML, like Gecko) Chrome/139.0.0.0 Safari/537.36"
162.214.27.60 - - [15/Aug/2025:15:55:41 -0300] "POST /wp-cron.php?doing_wp_cron=1755284141.1260030269622802734375 HTTP/1.1" 200 - "-" "WordPress/6.8.2; https://compras.komforthouse.com.br"
162.214.27.60 - - [15/Aug/2025:15:56:43 -0300] "POST /wp-cron.php?doing_wp_cron=1755284203.8436040878295898437500 HTTP/1.1" 200 - "-" "WordPress/6.8.2; https://compras.komforthouse.com.br"
201.46.24.156 - - [15/Aug/2025:15:56:43 -0300] "POST /wp-admin/admin-ajax.php HTTP/1.1" 200 24 "https://compras.komforthouse.com.br/?wpsc-section=ticket-list" "Mozilla/5.0 (Windows NT 10.0; Win64; x64) AppleWebKit/537.36 (KHTML, like Gecko) Chrome/139.0.0.0 Safari/537.36"
162.214.27.60 - - [15/Aug/2025:15:57:46 -0300] "POST /wp-cron.php?doing_wp_cron=1755284266.8752610683441162109375 HTTP/1.1" 200 - "-" "WordPress/6.8.2; https://compras.komforthouse.com.br"
201.46.24.156 - - [15/Aug/2025:15:57:45 -0300] "POST /wp-admin/admin-ajax.php HTTP/1.1" 200 24 "https://compras.komforthouse.com.br/?wpsc-section=ticket-list" "Mozilla/5.0 (Windows NT 10.0; Win64; x64) AppleWebKit/537.36 (KHTML, like Gecko) Chrome/139.0.0.0 Safari/537.36"
201.46.24.156 - - [15/Aug/2025:15:58:49 -0300] "POST /wp-admin/admin-ajax.php HTTP/1.1" 200 24 "https://compras.komforthouse.com.br/?wpsc-section=ticket-list" "Mozilla/5.0 (Windows NT 10.0; Win64; x64) AppleWebKit/537.36 (KHTML, like Gecko) Chrome/139.0.0.0 Safari/537.36"
162.214.27.60 - - [15/Aug/2025:15:58:50 -0300] "POST /wp-cron.php?doing_wp_cron=1755284330.2968258857727050781250 HTTP/1.1" 200 - "-" "WordPress/6.8.2; https://compras.komforthouse.com.br"
162.214.27.60 - - [15/Aug/2025:15:59:53 -0300] "POST /wp-cron.php?doing_wp_cron=1755284393.9806690216064453125000 HTTP/1.1" 200 - "-" "WordPress/6.8.2; https://compras.komforthouse.com.br"
201.46.24.156 - - [15/Aug/2025:15:59:52 -0300] "POST /wp-admin/admin-ajax.php HTTP/1.1" 200 24 "https://compras.komforthouse.com.br/?wpsc-section=ticket-list" "Mozilla/5.0 (Windows NT 10.0; Win64; x64) AppleWebKit/537.36 (KHTML, like Gecko) Chrome/139.0.0.0 Safari/537.36"
162.214.27.60 - - [15/Aug/2025:16:00:57 -0300] "POST /wp-cron.php?doing_wp_cron=1755284457.5087049007415771484375 HTTP/1.1" 200 - "-" "WordPress/6.8.2; https://compras.komforthouse.com.br"
201.46.24.156 - - [15/Aug/2025:16:00:56 -0300] "POST /wp-admin/admin-ajax.php HTTP/1.1" 200 24 "https://compras.komforthouse.com.br/?wpsc-section=ticket-list" "Mozilla/5.0 (Windows NT 10.0; Win64; x64) AppleWebKit/537.36 (KHTML, like Gecko) Chrome/139.0.0.0 Safari/537.36"
162.214.27.60 - - [15/Aug/2025:16:02:49 -0300] "POST /wp-cron.php?doing_wp_cron=1755284569.3785951137542724609375 HTTP/1.1" 200 - "-" "WordPress/6.8.2; https://compras.komforthouse.com.br"
196.251.112.104 - - [15/Aug/2025:16:02:48 -0300] "POST /wp-login.php HTTP/1.1" 200 9793 "-" "Mozilla/5.0"
162.214.27.60 - - [15/Aug/2025:16:11:58 -0300] "POST /wp-cron.php?doing_wp_cron=1755285118.4050519466400146484375 HTTP/1.1" 200 - "-" "WordPress/6.8.2; https://compras.komforthouse.com.br"
201.46.24.142 - - [15/Aug/2025:16:11:57 -0300] "GET /?wpsc-section=ticket-list HTTP/1.1" 200 164820 "https://compras.komforthouse.com.br/?wpsc-section=ticket-list&ticket-id=1694" "Mozilla/5.0 (Windows NT 10.0; Win64; x64) AppleWebKit/537.36 (KHTML, like Gecko) Chrome/139.0.0.0 Safari/537.36"
201.46.24.142 - - [15/Aug/2025:16:12:01 -0300] "POST /wp-admin/admin-ajax.php HTTP/1.1" 200 31569 "https://compras.komforthouse.com.br/?wpsc-section=ticket-list" "Mozilla/5.0 (Windows NT 10.0; Win64; x64) AppleWebKit/537.36 (KHTML, like Gecko) Chrome/139.0.0.0 Safari/537.36"
201.46.24.142 - - [15/Aug/2025:16:12:03 -0300] "POST /wp-admin/admin-ajax.php HTTP/1.1" 200 24 "https://compras.komforthouse.com.br/?wpsc-section=ticket-list" "Mozilla/5.0 (Windows NT 10.0; Win64; x64) AppleWebKit/537.36 (KHTML, like Gecko) Chrome/139.0.0.0 Safari/537.36"
162.214.27.60 - - [15/Aug/2025:16:13:06 -0300] "POST /wp-cron.php?doing_wp_cron=1755285186.7093338966369628906250 HTTP/1.1" 200 - "-" "WordPress/6.8.2; https://compras.komforthouse.com.br"
201.46.24.142 - - [15/Aug/2025:16:13:05 -0300] "POST /wp-admin/admin-ajax.php HTTP/1.1" 200 24 "https://compras.komforthouse.com.br/?wpsc-section=ticket-list" "Mozilla/5.0 (Windows NT 10.0; Win64; x64) AppleWebKit/537.36 (KHTML, like Gecko) Chrome/139.0.0.0 Safari/537.36"
162.214.27.60 - - [15/Aug/2025:16:14:10 -0300] "POST /wp-cron.php?doing_wp_cron=1755285250.5168631076812744140625 HTTP/1.1" 200 - "-" "WordPress/6.8.2; https://compras.komforthouse.com.br"
201.46.24.142 - - [15/Aug/2025:16:14:09 -0300] "POST /wp-admin/admin-ajax.php HTTP/1.1" 200 24 "https://compras.komforthouse.com.br/?wpsc-section=ticket-list" "Mozilla/5.0 (Windows NT 10.0; Win64; x64) AppleWebKit/537.36 (KHTML, like Gecko) Chrome/139.0.0.0 Safari/537.36"
162.214.27.60 - - [15/Aug/2025:16:15:13 -0300] "POST /wp-cron.php?doing_wp_cron=1755285313.1319940090179443359375 HTTP/1.1" 200 - "-" "WordPress/6.8.2; https://compras.komforthouse.com.br"
201.46.24.142 - - [15/Aug/2025:16:15:12 -0300] "POST /wp-admin/admin-ajax.php HTTP/1.1" 200 24 "https://compras.komforthouse.com.br/?wpsc-section=ticket-list" "Mozilla/5.0 (Windows NT 10.0; Win64; x64) AppleWebKit/537.36 (KHTML, like Gecko) Chrome/139.0.0.0 Safari/537.36"
201.46.24.142 - - [15/Aug/2025:16:16:15 -0300] "POST /wp-admin/admin-ajax.php HTTP/1.1" 200 24 "https://compras.komforthouse.com.br/?wpsc-section=ticket-list" "Mozilla/5.0 (Windows NT 10.0; Win64; x64) AppleWebKit/537.36 (KHTML, like Gecko) Chrome/139.0.0.0 Safari/537.36"
162.214.27.60 - - [15/Aug/2025:16:16:16 -0300] "POST /wp-cron.php?doing_wp_cron=1755285376.3092989921569824218750 HTTP/1.1" 200 - "-" "WordPress/6.8.2; https://compras.komforthouse.com.br"
162.214.27.60 - - [15/Aug/2025:16:17:19 -0300] "POST /wp-cron.php?doing_wp_cron=1755285439.5302040576934814453125 HTTP/1.1" 200 - "-" "WordPress/6.8.2; https://compras.komforthouse.com.br"
201.46.24.142 - - [15/Aug/2025:16:17:18 -0300] "POST /wp-admin/admin-ajax.php HTTP/1.1" 200 24 "https://compras.komforthouse.com.br/?wpsc-section=ticket-list" "Mozilla/5.0 (Windows NT 10.0; Win64; x64) AppleWebKit/537.36 (KHTML, like Gecko) Chrome/139.0.0.0 Safari/537.36"
162.214.27.60 - - [15/Aug/2025:16:18:22 -0300] "POST /wp-cron.php?doing_wp_cron=1755285502.5444281101226806640625 HTTP/1.1" 200 - "-" "WordPress/6.8.2; https://compras.komforthouse.com.br"
201.46.24.142 - - [15/Aug/2025:16:18:21 -0300] "POST /wp-admin/admin-ajax.php HTTP/1.1" 200 24 "https://compras.komforthouse.com.br/?wpsc-section=ticket-list" "Mozilla/5.0 (Windows NT 10.0; Win64; x64) AppleWebKit/537.36 (KHTML, like Gecko) Chrome/139.0.0.0 Safari/537.36"
162.214.27.60 - - [15/Aug/2025:16:19:25 -0300] "POST /wp-cron.php?doing_wp_cron=1755285565.3423600196838378906250 HTTP/1.1" 200 - "-" "WordPress/6.8.2; https://compras.komforthouse.com.br"
201.46.24.142 - - [15/Aug/2025:16:19:24 -0300] "POST /wp-admin/admin-ajax.php HTTP/1.1" 200 24 "https://compras.komforthouse.com.br/?wpsc-section=ticket-list" "Mozilla/5.0 (Windows NT 10.0; Win64; x64) AppleWebKit/537.36 (KHTML, like Gecko) Chrome/139.0.0.0 Safari/537.36"
196.251.112.104 - - [15/Aug/2025:16:19:41 -0300] "POST /wp-login.php HTTP/1.1" 200 9793 "-" "Mozilla/5.0"
162.214.27.60 - - [15/Aug/2025:16:20:28 -0300] "POST /wp-cron.php?doing_wp_cron=1755285628.5421779155731201171875 HTTP/1.1" 200 - "-" "WordPress/6.8.2; https://compras.komforthouse.com.br"
201.46.24.142 - - [15/Aug/2025:16:20:27 -0300] "POST /wp-admin/admin-ajax.php HTTP/1.1" 200 24 "https://compras.komforthouse.com.br/?wpsc-section=ticket-list" "Mozilla/5.0 (Windows NT 10.0; Win64; x64) AppleWebKit/537.36 (KHTML, like Gecko) Chrome/139.0.0.0 Safari/537.36"
162.214.27.60 - - [15/Aug/2025:16:21:31 -0300] "POST /wp-cron.php?doing_wp_cron=1755285691.3481070995330810546875 HTTP/1.1" 200 - "-" "WordPress/6.8.2; https://compras.komforthouse.com.br"
201.46.24.142 - - [15/Aug/2025:16:21:30 -0300] "POST /wp-admin/admin-ajax.php HTTP/1.1" 200 24 "https://compras.komforthouse.com.br/?wpsc-section=ticket-list" "Mozilla/5.0 (Windows NT 10.0; Win64; x64) AppleWebKit/537.36 (KHTML, like Gecko) Chrome/139.0.0.0 Safari/537.36"
162.214.27.60 - - [15/Aug/2025:16:22:34 -0300] "POST /wp-cron.php?doing_wp_cron=1755285754.3288700580596923828125 HTTP/1.1" 200 - "-" "WordPress/6.8.2; https://compras.komforthouse.com.br"
201.46.24.142 - - [15/Aug/2025:16:22:33 -0300] "POST /wp-admin/admin-ajax.php HTTP/1.1" 200 24 "https://compras.komforthouse.com.br/?wpsc-section=ticket-list" "Mozilla/5.0 (Windows NT 10.0; Win64; x64) AppleWebKit/537.36 (KHTML, like Gecko) Chrome/139.0.0.0 Safari/537.36"
201.46.24.142 - - [15/Aug/2025:16:23:36 -0300] "POST /wp-admin/admin-ajax.php HTTP/1.1" 200 24 "https://compras.komforthouse.com.br/?wpsc-section=ticket-list" "Mozilla/5.0 (Windows NT 10.0; Win64; x64) AppleWebKit/537.36 (KHTML, like Gecko) Chrome/139.0.0.0 Safari/537.36"
162.214.27.60 - - [15/Aug/2025:16:23:37 -0300] "POST /wp-cron.php?doing_wp_cron=1755285817.6349709033966064453125 HTTP/1.1" 200 - "-" "WordPress/6.8.2; https://compras.komforthouse.com.br"
162.214.27.60 - - [15/Aug/2025:16:24:40 -0300] "POST /wp-cron.php?doing_wp_cron=1755285880.5980389118194580078125 HTTP/1.1" 200 - "-" "WordPress/6.8.2; https://compras.komforthouse.com.br"
201.46.24.142 - - [15/Aug/2025:16:24:39 -0300] "POST /wp-admin/admin-ajax.php HTTP/1.1" 200 24 "https://compras.komforthouse.com.br/?wpsc-section=ticket-list" "Mozilla/5.0 (Windows NT 10.0; Win64; x64) AppleWebKit/537.36 (KHTML, like Gecko) Chrome/139.0.0.0 Safari/537.36"
162.214.27.60 - - [15/Aug/2025:16:36:27 -0300] "POST /wp-cron.php?doing_wp_cron=1755286587.5861380100250244140625 HTTP/1.1" 200 - "-" "WordPress/6.8.2; https://compras.komforthouse.com.br"
196.251.112.104 - - [15/Aug/2025:16:36:26 -0300] "POST /wp-login.php HTTP/1.1" 200 9793 "-" "Mozilla/5.0"
162.214.27.60 - - [15/Aug/2025:16:53:12 -0300] "POST /wp-cron.php?doing_wp_cron=1755287592.4330101013183593750000 HTTP/1.1" 200 - "-" "WordPress/6.8.2; https://compras.komforthouse.com.br"
196.251.112.104 - - [15/Aug/2025:16:53:11 -0300] "POST /wp-login.php HTTP/1.1" 200 9793 "-" "Mozilla/5.0"
162.214.27.60 - - [15/Aug/2025:17:09:50 -0300] "POST /wp-cron.php?doing_wp_cron=1755288590.8349719047546386718750 HTTP/1.1" 200 - "-" "WordPress/6.8.2; https://compras.komforthouse.com.br"
196.251.112.104 - - [15/Aug/2025:17:09:50 -0300] "POST /wp-login.php HTTP/1.1" 200 9793 "-" "Mozilla/5.0"
216.73.216.37 - - [15/Aug/2025:17:11:42 -0300] "GET /robots.txt HTTP/1.1" 200 67 "-" "Mozilla/5.0 AppleWebKit/537.36 (KHTML, like Gecko; compatible; ClaudeBot/1.0; +claudebot@anthropic.com)"
162.214.27.60 - - [15/Aug/2025:17:11:43 -0300] "POST /wp-cron.php?doing_wp_cron=1755288703.4348840713500976562500 HTTP/1.1" 200 - "-" "WordPress/6.8.2; https://compras.komforthouse.com.br"
216.73.216.37 - - [15/Aug/2025:17:11:44 -0300] "GET /wp-includes/rest-api/search/class-wp-rest-post-format-search-handler.php HTTP/1.1" 500 - "-" "Mozilla/5.0 AppleWebKit/537.36 (KHTML, like Gecko; compatible; ClaudeBot/1.0; +claudebot@anthropic.com)"
216.73.216.37 - - [15/Aug/2025:17:11:45 -0300] "GET /wp-includes/js/dist/development/?filesrc=%2Fhome%2Fkomfo908%2Fcompras.komforthouse.com.br%2Fwp-includes%2Fjs%2Fdist%2Fpriority-queue.min.js&path=%2Fhome%2Fkomfo908%2Fcompras.komforthouse.com.br%2Fwp-includes%2Fjs%2Fdist HTTP/1.1" 200 6076 "-" "Mozilla/5.0 AppleWebKit/537.36 (KHTML, like Gecko; compatible; ClaudeBot/1.0; +claudebot@anthropic.com)"
216.73.216.37 - - [15/Aug/2025:17:11:45 -0300] "GET /wp-includes/js/dist/development/?filesrc=%2Fhome%2Fkomfo908%2Fcompras.komforthouse.com.br%2Fwp-includes%2Fjs%2Fwplink.js&path=%2Fhome%2Fkomfo908%2Fcompras.komforthouse.com.br%2Fwp-includes%2Fjs HTTP/1.1" 200 23818 "-" "Mozilla/5.0 AppleWebKit/537.36 (KHTML, like Gecko; compatible; ClaudeBot/1.0; +claudebot@anthropic.com)"
216.73.216.37 - - [15/Aug/2025:17:11:46 -0300] "GET /wp-includes/js/dist/development/?filesrc=%2Fhome%2Fkomfo908%2Fcompras.komforthouse.com.br%2Fwp-includes%2Fjs%2Fdist%2Fblob.min.js&path=%2Fhome%2Fkomfo908%2Fcompras.komforthouse.com.br%2Fwp-includes%2Fjs%2Fdist HTTP/1.1" 200 3483 "-" "Mozilla/5.0 AppleWebKit/537.36 (KHTML, like Gecko; compatible; ClaudeBot/1.0; +claudebot@anthropic.com)"
216.73.216.37 - - [15/Aug/2025:17:11:46 -0300] "GET /wp-includes/js/dist/development/?filesrc=%2Fhome%2Fkomfo908%2Fcompras.komforthouse.com.br%2Fwp-includes%2Fjs%2Fwp-util.min.js&path=%2Fhome%2Fkomfo908%2Fcompras.komforthouse.com.br%2Fwp-includes%2Fjs HTTP/1.1" 200 3743 "-" "Mozilla/5.0 AppleWebKit/537.36 (KHTML, like Gecko; compatible; ClaudeBot/1.0; +claudebot@anthropic.com)"
216.73.216.37 - - [15/Aug/2025:17:11:47 -0300] "GET /wp-includes/js/dist/development/?filesrc=%2Fhome%2Fkomfo908%2Fcompras.komforthouse.com.br%2Fwp-includes%2Fjs%2Fcustomize-preview-widgets.min.js&path=%2Fhome%2Fkomfo908%2Fcompras.komforthouse.com.br%2Fwp-includes%2Fjs HTTP/1.1" 200 10892 "-" "Mozilla/5.0 AppleWebKit/537.36 (KHTML, like Gecko; compatible; ClaudeBot/1.0; +claudebot@anthropic.com)"
216.73.216.37 - - [15/Aug/2025:17:11:47 -0300] "GET /wp-includes/js/dist/development/?filesrc=%2Fhome%2Fkomfo908%2Fcompras.komforthouse.com.br%2Fwp-includes%2Fjs%2Fzxcvbn-async.min.js&path=%2Fhome%2Fkomfo908%2Fcompras.komforthouse.com.br%2Fwp-includes%2Fjs HTTP/1.1" 200 2523 "-" "Mozilla/5.0 AppleWebKit/537.36 (KHTML, like Gecko; compatible; ClaudeBot/1.0; +claudebot@anthropic.com)"
216.73.216.37 - - [15/Aug/2025:17:11:48 -0300] "GET /wp-includes/js/dist/development/?filesrc=%2Fhome%2Fkomfo908%2Fcompras.komforthouse.com.br%2Fwp-includes%2Fjs%2Fwp-embed.min.js&path=%2Fhome%2Fkomfo908%2Fcompras.komforthouse.com.br%2Fwp-includes%2Fjs HTTP/1.1" 200 3654 "-" "Mozilla/5.0 AppleWebKit/537.36 (KHTML, like Gecko; compatible; ClaudeBot/1.0; +claudebot@anthropic.com)"
216.73.216.37 - - [15/Aug/2025:17:11:48 -0300] "GET /wp-includes/js/dist/development/?filesrc=%2Fhome%2Fkomfo908%2Fcompras.komforthouse.com.br%2Fwp-includes%2Fblock-patterns%2Fquery-grid-posts.php&path=%2Fhome%2Fkomfo908%2Fcompras.komforthouse.com.br%2Fwp-includes%2Fblock-patterns HTTP/1.1" 200 3614 "-" "Mozilla/5.0 AppleWebKit/537.36 (KHTML, like Gecko; compatible; ClaudeBot/1.0; +claudebot@anthropic.com)"
