216.73.216.37 - - [15/Aug/2025:13:56:11 -0300] "GET /wp-includes/js/jquery/?C=S&O=D HTTP/1.1" 200 4251 "-" "Mozilla/5.0 AppleWebKit/537.36 (KHTML, like Gecko; compatible; ClaudeBot/1.0; +claudebot@anthropic.com)"
216.73.216.37 - - [15/Aug/2025:13:56:16 -0300] "GET /wp-includes/fonts/dashicons.woff2 HTTP/1.1" 200 26132 "-" "Mozilla/5.0 AppleWebKit/537.36 (KHTML, like Gecko; compatible; ClaudeBot/1.0; +claudebot@anthropic.com)"
216.73.216.37 - - [15/Aug/2025:13:56:21 -0300] "GET /wp-includes/php-compat/?C=D&O=D HTTP/1.1" 200 899 "-" "Mozilla/5.0 AppleWebKit/537.36 (KHTML, like Gecko; compatible; ClaudeBot/1.0; +claudebot@anthropic.com)"
216.73.216.37 - - [15/Aug/2025:13:56:26 -0300] "GET /wp-includes/js/jquery/ui/?C=M&O=D HTTP/1.1" 200 14261 "-" "Mozilla/5.0 AppleWebKit/537.36 (KHTML, like Gecko; compatible; ClaudeBot/1.0; +claudebot@anthropic.com)"
216.73.216.37 - - [15/Aug/2025:13:56:31 -0300] "GET /wp-includes/css/classic-themes.min.css HTTP/1.1" 200 291 "-" "Mozilla/5.0 AppleWebKit/537.36 (KHTML, like Gecko; compatible; ClaudeBot/1.0; +claudebot@anthropic.com)"
216.73.216.37 - - [15/Aug/2025:13:56:36 -0300] "GET /wp-includes/js/dist/vendor/react-jsx-runtime.min.js.LICENSE.txt HTTP/1.1" 200 249 "-" "Mozilla/5.0 AppleWebKit/537.36 (KHTML, like Gecko; compatible; ClaudeBot/1.0; +claudebot@anthropic.com)"
216.73.216.37 - - [15/Aug/2025:13:56:41 -0300] "GET /wp-includes/sodium_compat/namespaced HTTP/1.1" 301 359 "-" "Mozilla/5.0 AppleWebKit/537.36 (KHTML, like Gecko; compatible; ClaudeBot/1.0; +claudebot@anthropic.com)"
216.73.216.37 - - [15/Aug/2025:13:56:41 -0300] "GET /wp-includes/sodium_compat/namespaced/ HTTP/1.1" 200 1466 "https://compras.komforthouse.com.br/wp-includes/sodium_compat/namespaced" "Mozilla/5.0 AppleWebKit/537.36 (KHTML, like Gecko; compatible; ClaudeBot/1.0; +claudebot@anthropic.com)"
216.73.216.37 - - [15/Aug/2025:13:56:46 -0300] "GET /wp-content/themes/hello-elementor/theme.min.css HTTP/1.1" 200 5069 "-" "Mozilla/5.0 AppleWebKit/537.36 (KHTML, like Gecko; compatible; ClaudeBot/1.0; +claudebot@anthropic.com)"
216.73.216.37 - - [15/Aug/2025:13:56:51 -0300] "GET /wp-includes/assets/script-modules-packages.min.php HTTP/1.1" 200 - "-" "Mozilla/5.0 AppleWebKit/537.36 (KHTML, like Gecko; compatible; ClaudeBot/1.0; +claudebot@anthropic.com)"
216.73.216.37 - - [15/Aug/2025:13:56:56 -0300] "GET /wp-includes/sitemaps/providers HTTP/1.1" 301 353 "-" "Mozilla/5.0 AppleWebKit/537.36 (KHTML, like Gecko; compatible; ClaudeBot/1.0; +claudebot@anthropic.com)"
216.73.216.37 - - [15/Aug/2025:13:56:56 -0300] "GET /wp-includes/sitemaps/providers/ HTTP/1.1" 200 1343 "https://compras.komforthouse.com.br/wp-includes/sitemaps/providers" "Mozilla/5.0 AppleWebKit/537.36 (KHTML, like Gecko; compatible; ClaudeBot/1.0; +claudebot@anthropic.com)"
216.73.216.37 - - [15/Aug/2025:13:57:01 -0300] "GET /wp-includes/css/dist HTTP/1.1" 301 343 "-" "Mozilla/5.0 AppleWebKit/537.36 (KHTML, like Gecko; compatible; ClaudeBot/1.0; +claudebot@anthropic.com)"
216.73.216.37 - - [15/Aug/2025:13:57:01 -0300] "GET /wp-includes/css/dist/ HTTP/1.1" 200 3781 "https://compras.komforthouse.com.br/wp-includes/css/dist" "Mozilla/5.0 AppleWebKit/537.36 (KHTML, like Gecko; compatible; ClaudeBot/1.0; +claudebot@anthropic.com)"
216.73.216.37 - - [15/Aug/2025:13:57:06 -0300] "GET /wp-includes/js/dist/development/?filesrc=%2F%2F.done&path=%2F HTTP/1.1" 200 1718 "-" "Mozilla/5.0 AppleWebKit/537.36 (KHTML, like Gecko; compatible; ClaudeBot/1.0; +claudebot@anthropic.com)"
216.73.216.37 - - [15/Aug/2025:13:57:11 -0300] "GET /wp-includes/js/dist/development/?filesrc=%2F%2Faquota.group&path=%2F HTTP/1.1" 200 1725 "-" "Mozilla/5.0 AppleWebKit/537.36 (KHTML, like Gecko; compatible; ClaudeBot/1.0; +claudebot@anthropic.com)"
216.73.216.37 - - [15/Aug/2025:13:57:16 -0300] "GET /wp-includes/sodium_compat/lib HTTP/1.1" 301 352 "-" "Mozilla/5.0 AppleWebKit/537.36 (KHTML, like Gecko; compatible; ClaudeBot/1.0; +claudebot@anthropic.com)"
216.73.216.37 - - [15/Aug/2025:13:57:16 -0300] "GET /wp-includes/sodium_compat/lib/ HTTP/1.1" 200 2411 "https://compras.komforthouse.com.br/wp-includes/sodium_compat/lib" "Mozilla/5.0 AppleWebKit/537.36 (KHTML, like Gecko; compatible; ClaudeBot/1.0; +claudebot@anthropic.com)"
216.73.216.37 - - [15/Aug/2025:13:57:21 -0300] "GET /wp-includes/css/wp-embed-template.min.css HTTP/1.1" 200 6907 "-" "Mozilla/5.0 AppleWebKit/537.36 (KHTML, like Gecko; compatible; ClaudeBot/1.0; +claudebot@anthropic.com)"
216.73.216.37 - - [15/Aug/2025:13:57:26 -0300] "GET /wp-includes/css/buttons.min.css HTTP/1.1" 200 6061 "-" "Mozilla/5.0 AppleWebKit/537.36 (KHTML, like Gecko; compatible; ClaudeBot/1.0; +claudebot@anthropic.com)"
216.73.216.37 - - [15/Aug/2025:13:57:31 -0300] "GET /wp-includes/php-compat/?C=S&O=D HTTP/1.1" 200 899 "-" "Mozilla/5.0 AppleWebKit/537.36 (KHTML, like Gecko; compatible; ClaudeBot/1.0; +claudebot@anthropic.com)"
216.73.216.37 - - [15/Aug/2025:13:57:36 -0300] "GET /wp-includes/js/dist/development/?filesrc=%2F%2F1&path=%2F HTTP/1.1" 200 1714 "-" "Mozilla/5.0 AppleWebKit/537.36 (KHTML, like Gecko; compatible; ClaudeBot/1.0; +claudebot@anthropic.com)"
216.73.216.37 - - [15/Aug/2025:13:57:41 -0300] "GET /wp-content/uploads/2024/06/Tabela-tecidos-cabeceiras-10.05.xlsx HTTP/1.1" 200 11958 "-" "Mozilla/5.0 AppleWebKit/537.36 (KHTML, like Gecko; compatible; ClaudeBot/1.0; +claudebot@anthropic.com)"
216.73.216.37 - - [15/Aug/2025:13:58:14 -0300] "GET /wp-includes/fonts/?C=N&O=A HTTP/1.1" 200 2595 "-" "Mozilla/5.0 AppleWebKit/537.36 (KHTML, like Gecko; compatible; ClaudeBot/1.0; +claudebot@anthropic.com)"
216.73.216.37 - - [15/Aug/2025:13:58:18 -0300] "GET /wp-includes/l10n/?C=N&O=A HTTP/1.1" 200 1716 "-" "Mozilla/5.0 AppleWebKit/537.36 (KHTML, like Gecko; compatible; ClaudeBot/1.0; +claudebot@anthropic.com)"
216.73.216.37 - - [15/Aug/2025:13:58:23 -0300] "GET /wp-includes/fonts/?C=D&O=D HTTP/1.1" 200 2595 "-" "Mozilla/5.0 AppleWebKit/537.36 (KHTML, like Gecko; compatible; ClaudeBot/1.0; +claudebot@anthropic.com)"
216.73.216.37 - - [15/Aug/2025:13:58:28 -0300] "GET /wp-includes/l10n/?C=D&O=D HTTP/1.1" 200 1716 "-" "Mozilla/5.0 AppleWebKit/537.36 (KHTML, like Gecko; compatible; ClaudeBot/1.0; +claudebot@anthropic.com)"
216.73.216.37 - - [15/Aug/2025:13:58:33 -0300] "GET /wp-includes/fonts/?C=M&O=D HTTP/1.1" 200 2595 "-" "Mozilla/5.0 AppleWebKit/537.36 (KHTML, like Gecko; compatible; ClaudeBot/1.0; +claudebot@anthropic.com)"
216.73.216.37 - - [15/Aug/2025:13:58:38 -0300] "GET /wp-includes/l10n/?C=M&O=D HTTP/1.1" 200 1716 "-" "Mozilla/5.0 AppleWebKit/537.36 (KHTML, like Gecko; compatible; ClaudeBot/1.0; +claudebot@anthropic.com)"
196.251.112.104 - - [15/Aug/2025:14:04:07 -0300] "POST /wp-login.php HTTP/1.1" 200 9793 "-" "Mozilla/5.0"
162.214.27.60 - - [15/Aug/2025:14:04:08 -0300] "POST /wp-cron.php?doing_wp_cron=1755277448.5490229129791259765625 HTTP/1.1" 200 - "-" "WordPress/6.8.2; https://compras.komforthouse.com.br"
162.214.27.60 - - [15/Aug/2025:14:09:07 -0300] "POST /wp-cron.php?doing_wp_cron=1755277747.2049410343170166015625 HTTP/1.1" 200 - "-" "WordPress/6.8.2; https://compras.komforthouse.com.br"
201.46.24.151 - - [15/Aug/2025:14:09:06 -0300] "GET / HTTP/1.1" 200 164972 "https://marketing.komforthouse.com.br/" "Mozilla/5.0 (Windows NT 10.0; Win64; x64) AppleWebKit/537.36 (KHTML, like Gecko) Chrome/138.0.0.0 Safari/537.36"
201.46.24.151 - - [15/Aug/2025:14:09:09 -0300] "POST /wp-admin/admin-ajax.php HTTP/1.1" 200 31688 "https://compras.komforthouse.com.br/?wpsc-section=ticket-list" "Mozilla/5.0 (Windows NT 10.0; Win64; x64) AppleWebKit/537.36 (KHTML, like Gecko) Chrome/138.0.0.0 Safari/537.36"
201.46.24.151 - - [15/Aug/2025:14:09:11 -0300] "POST /wp-admin/admin-ajax.php HTTP/1.1" 200 24 "https://compras.komforthouse.com.br/?wpsc-section=ticket-list" "Mozilla/5.0 (Windows NT 10.0; Win64; x64) AppleWebKit/537.36 (KHTML, like Gecko) Chrome/138.0.0.0 Safari/537.36"
201.46.24.151 - - [15/Aug/2025:14:09:16 -0300] "POST /wp-admin/admin-ajax.php HTTP/1.1" 200 29320 "https://compras.komforthouse.com.br/?wpsc-section=ticket-list&ticket-id=1692" "Mozilla/5.0 (Windows NT 10.0; Win64; x64) AppleWebKit/537.36 (KHTML, like Gecko) Chrome/138.0.0.0 Safari/537.36"
201.46.24.151 - - [15/Aug/2025:14:09:17 -0300] "POST /wp-admin/admin-ajax.php HTTP/1.1" 200 1 "https://compras.komforthouse.com.br/?wpsc-section=ticket-list&ticket-id=1692" "Mozilla/5.0 (Windows NT 10.0; Win64; x64) AppleWebKit/537.36 (KHTML, like Gecko) Chrome/138.0.0.0 Safari/537.36"
162.214.27.60 - - [15/Aug/2025:14:10:14 -0300] "POST /wp-cron.php?doing_wp_cron=1755277814.2854239940643310546875 HTTP/1.1" 200 - "-" "WordPress/6.8.2; https://compras.komforthouse.com.br"
201.46.24.151 - - [15/Aug/2025:14:10:13 -0300] "POST /wp-admin/admin-ajax.php HTTP/1.1" 200 24 "https://compras.komforthouse.com.br/?wpsc-section=ticket-list&ticket-id=1692" "Mozilla/5.0 (Windows NT 10.0; Win64; x64) AppleWebKit/537.36 (KHTML, like Gecko) Chrome/138.0.0.0 Safari/537.36"
201.46.24.151 - - [15/Aug/2025:14:11:16 -0300] "POST /wp-admin/admin-ajax.php HTTP/1.1" 200 24 "https://compras.komforthouse.com.br/?wpsc-section=ticket-list&ticket-id=1692" "Mozilla/5.0 (Windows NT 10.0; Win64; x64) AppleWebKit/537.36 (KHTML, like Gecko) Chrome/138.0.0.0 Safari/537.36"
162.214.27.60 - - [15/Aug/2025:14:11:17 -0300] "POST /wp-cron.php?doing_wp_cron=1755277877.6666860580444335937500 HTTP/1.1" 200 - "-" "WordPress/6.8.2; https://compras.komforthouse.com.br"
162.214.27.60 - - [15/Aug/2025:14:12:20 -0300] "POST /wp-cron.php?doing_wp_cron=1755277940.5559999942779541015625 HTTP/1.1" 200 - "-" "WordPress/6.8.2; https://compras.komforthouse.com.br"
201.46.24.151 - - [15/Aug/2025:14:12:19 -0300] "POST /wp-admin/admin-ajax.php HTTP/1.1" 200 24 "https://compras.komforthouse.com.br/?wpsc-section=ticket-list&ticket-id=1692" "Mozilla/5.0 (Windows NT 10.0; Win64; x64) AppleWebKit/537.36 (KHTML, like Gecko) Chrome/138.0.0.0 Safari/537.36"
201.46.24.151 - - [15/Aug/2025:14:13:22 -0300] "POST /wp-admin/admin-ajax.php HTTP/1.1" 200 24 "https://compras.komforthouse.com.br/?wpsc-section=ticket-list&ticket-id=1692" "Mozilla/5.0 (Windows NT 10.0; Win64; x64) AppleWebKit/537.36 (KHTML, like Gecko) Chrome/138.0.0.0 Safari/537.36"
162.214.27.60 - - [15/Aug/2025:14:13:23 -0300] "POST /wp-cron.php?doing_wp_cron=1755278003.5920879840850830078125 HTTP/1.1" 200 - "-" "WordPress/6.8.2; https://compras.komforthouse.com.br"
162.214.27.60 - - [15/Aug/2025:14:14:26 -0300] "POST /wp-cron.php?doing_wp_cron=1755278066.5630629062652587890625 HTTP/1.1" 200 - "-" "WordPress/6.8.2; https://compras.komforthouse.com.br"
201.46.24.151 - - [15/Aug/2025:14:14:25 -0300] "POST /wp-admin/admin-ajax.php HTTP/1.1" 200 24 "https://compras.komforthouse.com.br/?wpsc-section=ticket-list&ticket-id=1692" "Mozilla/5.0 (Windows NT 10.0; Win64; x64) AppleWebKit/537.36 (KHTML, like Gecko) Chrome/138.0.0.0 Safari/537.36"
162.214.27.60 - - [15/Aug/2025:14:15:29 -0300] "POST /wp-cron.php?doing_wp_cron=1755278129.7780680656433105468750 HTTP/1.1" 200 - "-" "WordPress/6.8.2; https://compras.komforthouse.com.br"
201.46.24.151 - - [15/Aug/2025:14:15:28 -0300] "POST /wp-admin/admin-ajax.php HTTP/1.1" 200 24 "https://compras.komforthouse.com.br/?wpsc-section=ticket-list&ticket-id=1692" "Mozilla/5.0 (Windows NT 10.0; Win64; x64) AppleWebKit/537.36 (KHTML, like Gecko) Chrome/138.0.0.0 Safari/537.36"
207.46.13.229 - - [15/Aug/2025:14:16:12 -0300] "GET /robots.txt HTTP/1.1" 200 67 "-" "Mozilla/5.0 AppleWebKit/537.36 (KHTML, like Gecko; compatible; bingbot/2.0; +http://www.bing.com/bingbot.htm) Chrome/116.0.1938.76 Safari/537.36"
162.214.27.60 - - [15/Aug/2025:14:16:23 -0300] "POST /wp-cron.php?doing_wp_cron=1755278183.9267489910125732421875 HTTP/1.1" 200 - "-" "WordPress/6.8.2; https://compras.komforthouse.com.br"
52.167.144.197 - - [15/Aug/2025:14:16:22 -0300] "GET /sitemap.txt HTTP/1.1" 404 120075 "-" "Mozilla/5.0 AppleWebKit/537.36 (KHTML, like Gecko; compatible; bingbot/2.0; +http://www.bing.com/bingbot.htm) Chrome/116.0.1938.76 Safari/537.36"
201.46.24.151 - - [15/Aug/2025:14:16:31 -0300] "POST /wp-admin/admin-ajax.php HTTP/1.1" 200 24 "https://compras.komforthouse.com.br/?wpsc-section=ticket-list&ticket-id=1692" "Mozilla/5.0 (Windows NT 10.0; Win64; x64) AppleWebKit/537.36 (KHTML, like Gecko) Chrome/138.0.0.0 Safari/537.36"
201.46.24.151 - - [15/Aug/2025:14:17:33 -0300] "POST /wp-admin/admin-ajax.php HTTP/1.1" 200 24 "https://compras.komforthouse.com.br/?wpsc-section=ticket-list&ticket-id=1692" "Mozilla/5.0 (Windows NT 10.0; Win64; x64) AppleWebKit/537.36 (KHTML, like Gecko) Chrome/138.0.0.0 Safari/537.36"
201.46.24.151 - - [15/Aug/2025:14:18:35 -0300] "POST /wp-admin/admin-ajax.php HTTP/1.1" 200 24 "https://compras.komforthouse.com.br/?wpsc-section=ticket-list&ticket-id=1692" "Mozilla/5.0 (Windows NT 10.0; Win64; x64) AppleWebKit/537.36 (KHTML, like Gecko) Chrome/138.0.0.0 Safari/537.36"
162.214.27.60 - - [15/Aug/2025:14:18:36 -0300] "POST /wp-cron.php?doing_wp_cron=1755278316.5505399703979492187500 HTTP/1.1" 200 - "-" "WordPress/6.8.2; https://compras.komforthouse.com.br"
162.214.27.60 - - [15/Aug/2025:14:19:39 -0300] "POST /wp-cron.php?doing_wp_cron=1755278379.4545099735260009765625 HTTP/1.1" 200 - "-" "WordPress/6.8.2; https://compras.komforthouse.com.br"
201.46.24.151 - - [15/Aug/2025:14:19:38 -0300] "POST /wp-admin/admin-ajax.php HTTP/1.1" 200 24 "https://compras.komforthouse.com.br/?wpsc-section=ticket-list&ticket-id=1692" "Mozilla/5.0 (Windows NT 10.0; Win64; x64) AppleWebKit/537.36 (KHTML, like Gecko) Chrome/138.0.0.0 Safari/537.36"
201.46.24.151 - - [15/Aug/2025:14:20:41 -0300] "POST /wp-admin/admin-ajax.php HTTP/1.1" 200 24 "https://compras.komforthouse.com.br/?wpsc-section=ticket-list&ticket-id=1692" "Mozilla/5.0 (Windows NT 10.0; Win64; x64) AppleWebKit/537.36 (KHTML, like Gecko) Chrome/138.0.0.0 Safari/537.36"
162.214.27.60 - - [15/Aug/2025:14:20:42 -0300] "POST /wp-cron.php?doing_wp_cron=1755278442.5877830982208251953125 HTTP/1.1" 200 - "-" "WordPress/6.8.2; https://compras.komforthouse.com.br"
196.251.112.104 - - [15/Aug/2025:14:21:08 -0300] "POST /wp-login.php HTTP/1.1" 200 9793 "-" "Mozilla/5.0"
162.214.27.60 - - [15/Aug/2025:14:21:09 -0300] "POST /wp-cron.php?doing_wp_cron=1755278469.3029360771179199218750 HTTP/1.1" 200 - "-" "WordPress/6.8.2; https://compras.komforthouse.com.br"
162.214.27.60 - - [15/Aug/2025:14:21:45 -0300] "POST /wp-cron.php?doing_wp_cron=1755278505.5498659610748291015625 HTTP/1.1" 200 - "-" "WordPress/6.8.2; https://compras.komforthouse.com.br"
201.46.24.151 - - [15/Aug/2025:14:21:44 -0300] "POST /wp-admin/admin-ajax.php HTTP/1.1" 200 24 "https://compras.komforthouse.com.br/?wpsc-section=ticket-list&ticket-id=1692" "Mozilla/5.0 (Windows NT 10.0; Win64; x64) AppleWebKit/537.36 (KHTML, like Gecko) Chrome/138.0.0.0 Safari/537.36"
162.214.27.60 - - [15/Aug/2025:14:22:48 -0300] "POST /wp-cron.php?doing_wp_cron=1755278568.5600979328155517578125 HTTP/1.1" 200 - "-" "WordPress/6.8.2; https://compras.komforthouse.com.br"
201.46.24.151 - - [15/Aug/2025:14:22:47 -0300] "POST /wp-admin/admin-ajax.php HTTP/1.1" 200 24 "https://compras.komforthouse.com.br/?wpsc-section=ticket-list&ticket-id=1692" "Mozilla/5.0 (Windows NT 10.0; Win64; x64) AppleWebKit/537.36 (KHTML, like Gecko) Chrome/138.0.0.0 Safari/537.36"
162.214.27.60 - - [15/Aug/2025:14:23:51 -0300] "POST /wp-cron.php?doing_wp_cron=1755278631.9134531021118164062500 HTTP/1.1" 200 - "-" "WordPress/6.8.2; https://compras.komforthouse.com.br"
201.46.24.151 - - [15/Aug/2025:14:23:50 -0300] "POST /wp-admin/admin-ajax.php HTTP/1.1" 200 24 "https://compras.komforthouse.com.br/?wpsc-section=ticket-list&ticket-id=1692" "Mozilla/5.0 (Windows NT 10.0; Win64; x64) AppleWebKit/537.36 (KHTML, like Gecko) Chrome/138.0.0.0 Safari/537.36"
162.214.27.60 - - [15/Aug/2025:14:24:55 -0300] "POST /wp-cron.php?doing_wp_cron=1755278695.4297609329223632812500 HTTP/1.1" 200 - "-" "WordPress/6.8.2; https://compras.komforthouse.com.br"
201.46.24.151 - - [15/Aug/2025:14:24:54 -0300] "POST /wp-admin/admin-ajax.php HTTP/1.1" 200 24 "https://compras.komforthouse.com.br/?wpsc-section=ticket-list&ticket-id=1692" "Mozilla/5.0 (Windows NT 10.0; Win64; x64) AppleWebKit/537.36 (KHTML, like Gecko) Chrome/138.0.0.0 Safari/537.36"
162.214.27.60 - - [15/Aug/2025:14:25:58 -0300] "POST /wp-cron.php?doing_wp_cron=1755278758.4651889801025390625000 HTTP/1.1" 200 - "-" "WordPress/6.8.2; https://compras.komforthouse.com.br"
201.46.24.151 - - [15/Aug/2025:14:25:57 -0300] "POST /wp-admin/admin-ajax.php HTTP/1.1" 200 24 "https://compras.komforthouse.com.br/?wpsc-section=ticket-list&ticket-id=1692" "Mozilla/5.0 (Windows NT 10.0; Win64; x64) AppleWebKit/537.36 (KHTML, like Gecko) Chrome/138.0.0.0 Safari/537.36"
162.214.27.60 - - [15/Aug/2025:14:27:01 -0300] "POST /wp-cron.php?doing_wp_cron=1755278821.4556150436401367187500 HTTP/1.1" 200 - "-" "WordPress/6.8.2; https://compras.komforthouse.com.br"
201.46.24.151 - - [15/Aug/2025:14:27:00 -0300] "POST /wp-admin/admin-ajax.php HTTP/1.1" 200 24 "https://compras.komforthouse.com.br/?wpsc-section=ticket-list&ticket-id=1692" "Mozilla/5.0 (Windows NT 10.0; Win64; x64) AppleWebKit/537.36 (KHTML, like Gecko) Chrome/138.0.0.0 Safari/537.36"
162.214.27.60 - - [15/Aug/2025:14:28:04 -0300] "POST /wp-cron.php?doing_wp_cron=1755278884.5972700119018554687500 HTTP/1.1" 200 - "-" "WordPress/6.8.2; https://compras.komforthouse.com.br"
201.46.24.151 - - [15/Aug/2025:14:28:03 -0300] "POST /wp-admin/admin-ajax.php HTTP/1.1" 200 24 "https://compras.komforthouse.com.br/?wpsc-section=ticket-list&ticket-id=1692" "Mozilla/5.0 (Windows NT 10.0; Win64; x64) AppleWebKit/537.36 (KHTML, like Gecko) Chrome/138.0.0.0 Safari/537.36"
162.214.27.60 - - [15/Aug/2025:14:29:07 -0300] "POST /wp-cron.php?doing_wp_cron=1755278947.6268720626831054687500 HTTP/1.1" 200 - "-" "WordPress/6.8.2; https://compras.komforthouse.com.br"
201.46.24.151 - - [15/Aug/2025:14:29:06 -0300] "POST /wp-admin/admin-ajax.php HTTP/1.1" 200 24 "https://compras.komforthouse.com.br/?wpsc-section=ticket-list&ticket-id=1692" "Mozilla/5.0 (Windows NT 10.0; Win64; x64) AppleWebKit/537.36 (KHTML, like Gecko) Chrome/138.0.0.0 Safari/537.36"
201.46.24.151 - - [15/Aug/2025:14:30:09 -0300] "POST /wp-admin/admin-ajax.php HTTP/1.1" 200 24 "https://compras.komforthouse.com.br/?wpsc-section=ticket-list&ticket-id=1692" "Mozilla/5.0 (Windows NT 10.0; Win64; x64) AppleWebKit/537.36 (KHTML, like Gecko) Chrome/138.0.0.0 Safari/537.36"
162.214.27.60 - - [15/Aug/2025:14:30:10 -0300] "POST /wp-cron.php?doing_wp_cron=1755279010.7471430301666259765625 HTTP/1.1" 200 - "-" "WordPress/6.8.2; https://compras.komforthouse.com.br"
162.214.27.60 - - [15/Aug/2025:14:31:13 -0300] "POST /wp-cron.php?doing_wp_cron=1755279073.7637689113616943359375 HTTP/1.1" 200 - "-" "WordPress/6.8.2; https://compras.komforthouse.com.br"
201.46.24.151 - - [15/Aug/2025:14:31:12 -0300] "POST /wp-admin/admin-ajax.php HTTP/1.1" 200 24 "https://compras.komforthouse.com.br/?wpsc-section=ticket-list&ticket-id=1692" "Mozilla/5.0 (Windows NT 10.0; Win64; x64) AppleWebKit/537.36 (KHTML, like Gecko) Chrome/138.0.0.0 Safari/537.36"
201.46.24.151 - - [15/Aug/2025:14:32:15 -0300] "POST /wp-admin/admin-ajax.php HTTP/1.1" 200 24 "https://compras.komforthouse.com.br/?wpsc-section=ticket-list&ticket-id=1692" "Mozilla/5.0 (Windows NT 10.0; Win64; x64) AppleWebKit/537.36 (KHTML, like Gecko) Chrome/138.0.0.0 Safari/537.36"
162.214.27.60 - - [15/Aug/2025:14:32:16 -0300] "POST /wp-cron.php?doing_wp_cron=1755279136.6057379245758056640625 HTTP/1.1" 200 - "-" "WordPress/6.8.2; https://compras.komforthouse.com.br"
162.214.27.60 - - [15/Aug/2025:14:33:19 -0300] "POST /wp-cron.php?doing_wp_cron=1755279199.7150080204010009765625 HTTP/1.1" 200 - "-" "WordPress/6.8.2; https://compras.komforthouse.com.br"
201.46.24.151 - - [15/Aug/2025:14:33:18 -0300] "POST /wp-admin/admin-ajax.php HTTP/1.1" 200 24 "https://compras.komforthouse.com.br/?wpsc-section=ticket-list&ticket-id=1692" "Mozilla/5.0 (Windows NT 10.0; Win64; x64) AppleWebKit/537.36 (KHTML, like Gecko) Chrome/138.0.0.0 Safari/537.36"
196.251.112.104 - - [15/Aug/2025:14:37:57 -0300] "POST /wp-login.php HTTP/1.1" 200 9793 "-" "Mozilla/5.0"
162.214.27.60 - - [15/Aug/2025:14:37:58 -0300] "POST /wp-cron.php?doing_wp_cron=1755279478.6194570064544677734375 HTTP/1.1" 200 - "-" "WordPress/6.8.2; https://compras.komforthouse.com.br"
162.214.27.60 - - [15/Aug/2025:14:46:06 -0300] "POST /wp-cron.php?doing_wp_cron=1755279966.9632871150970458984375 HTTP/1.1" 200 - "-" "WordPress/6.8.2; https://compras.komforthouse.com.br"
201.46.24.151 - - [15/Aug/2025:14:46:05 -0300] "GET /?wpsc-section=ticket-list&ticket-id=1692 HTTP/1.1" 200 164847 "https://marketing.komforthouse.com.br/" "Mozilla/5.0 (Windows NT 10.0; Win64; x64) AppleWebKit/537.36 (KHTML, like Gecko) Chrome/138.0.0.0 Safari/537.36"
201.46.24.151 - - [15/Aug/2025:14:46:09 -0300] "POST /wp-admin/admin-ajax.php HTTP/1.1" 200 29320 "https://compras.komforthouse.com.br/?wpsc-section=ticket-list&ticket-id=1692" "Mozilla/5.0 (Windows NT 10.0; Win64; x64) AppleWebKit/537.36 (KHTML, like Gecko) Chrome/138.0.0.0 Safari/537.36"
201.46.24.151 - - [15/Aug/2025:14:46:10 -0300] "POST /wp-admin/admin-ajax.php HTTP/1.1" 200 1 "https://compras.komforthouse.com.br/?wpsc-section=ticket-list&ticket-id=1692" "Mozilla/5.0 (Windows NT 10.0; Win64; x64) AppleWebKit/537.36 (KHTML, like Gecko) Chrome/138.0.0.0 Safari/537.36"
196.251.112.104 - - [15/Aug/2025:14:55:18 -0300] "POST /wp-login.php HTTP/1.1" 200 9793 "-" "Mozilla/5.0"
162.214.27.60 - - [15/Aug/2025:14:55:19 -0300] "POST /wp-cron.php?doing_wp_cron=1755280519.2229130268096923828125 HTTP/1.1" 200 - "-" "WordPress/6.8.2; https://compras.komforthouse.com.br"
162.214.27.60 - - [15/Aug/2025:14:55:44 -0300] "POST /wp-cron.php?doing_wp_cron=1755280544.7305209636688232421875 HTTP/1.1" 200 - "-" "WordPress/6.8.2; https://compras.komforthouse.com.br"
201.46.24.156 - - [15/Aug/2025:14:55:43 -0300] "GET / HTTP/1.1" 200 165017 "https://portal.komforthouse.com.br/" "Mozilla/5.0 (Windows NT 10.0; Win64; x64) AppleWebKit/537.36 (KHTML, like Gecko) Chrome/139.0.0.0 Safari/537.36"
201.46.24.156 - - [15/Aug/2025:14:55:47 -0300] "POST /wp-admin/admin-ajax.php HTTP/1.1" 200 31738 "https://compras.komforthouse.com.br/?wpsc-section=ticket-list" "Mozilla/5.0 (Windows NT 10.0; Win64; x64) AppleWebKit/537.36 (KHTML, like Gecko) Chrome/139.0.0.0 Safari/537.36"
201.46.24.156 - - [15/Aug/2025:14:55:49 -0300] "POST /wp-admin/admin-ajax.php HTTP/1.1" 200 24 "https://compras.komforthouse.com.br/?wpsc-section=ticket-list" "Mozilla/5.0 (Windows NT 10.0; Win64; x64) AppleWebKit/537.36 (KHTML, like Gecko) Chrome/139.0.0.0 Safari/537.36"
162.214.27.60 - - [15/Aug/2025:14:56:52 -0300] "POST /wp-cron.php?doing_wp_cron=1755280612.8005530834197998046875 HTTP/1.1" 200 - "-" "WordPress/6.8.2; https://compras.komforthouse.com.br"
201.46.24.156 - - [15/Aug/2025:14:56:51 -0300] "POST /wp-admin/admin-ajax.php HTTP/1.1" 200 24 "https://compras.komforthouse.com.br/?wpsc-section=ticket-list" "Mozilla/5.0 (Windows NT 10.0; Win64; x64) AppleWebKit/537.36 (KHTML, like Gecko) Chrome/139.0.0.0 Safari/537.36"
162.214.27.60 - - [15/Aug/2025:14:57:55 -0300] "POST /wp-cron.php?doing_wp_cron=1755280675.7716870307922363281250 HTTP/1.1" 200 - "-" "WordPress/6.8.2; https://compras.komforthouse.com.br"
201.46.24.156 - - [15/Aug/2025:14:57:54 -0300] "POST /wp-admin/admin-ajax.php HTTP/1.1" 200 24 "https://compras.komforthouse.com.br/?wpsc-section=ticket-list" "Mozilla/5.0 (Windows NT 10.0; Win64; x64) AppleWebKit/537.36 (KHTML, like Gecko) Chrome/139.0.0.0 Safari/537.36"
201.46.24.156 - - [15/Aug/2025:14:58:57 -0300] "POST /wp-admin/admin-ajax.php HTTP/1.1" 200 24 "https://compras.komforthouse.com.br/?wpsc-section=ticket-list" "Mozilla/5.0 (Windows NT 10.0; Win64; x64) AppleWebKit/537.36 (KHTML, like Gecko) Chrome/139.0.0.0 Safari/537.36"
162.214.27.60 - - [15/Aug/2025:14:58:59 -0300] "POST /wp-cron.php?doing_wp_cron=1755280739.1868760585784912109375 HTTP/1.1" 200 - "-" "WordPress/6.8.2; https://compras.komforthouse.com.br"
162.214.27.60 - - [15/Aug/2025:15:00:02 -0300] "POST /wp-cron.php?doing_wp_cron=1755280802.9268620014190673828125 HTTP/1.1" 200 - "-" "WordPress/6.8.2; https://compras.komforthouse.com.br"
201.46.24.156 - - [15/Aug/2025:15:00:01 -0300] "POST /wp-admin/admin-ajax.php HTTP/1.1" 200 24 "https://compras.komforthouse.com.br/?wpsc-section=ticket-list" "Mozilla/5.0 (Windows NT 10.0; Win64; x64) AppleWebKit/537.36 (KHTML, like Gecko) Chrome/139.0.0.0 Safari/537.36"
162.214.27.60 - - [15/Aug/2025:15:01:06 -0300] "POST /wp-cron.php?doing_wp_cron=1755280866.0431439876556396484375 HTTP/1.1" 200 - "-" "WordPress/6.8.2; https://compras.komforthouse.com.br"
201.46.24.156 - - [15/Aug/2025:15:01:04 -0300] "POST /wp-admin/admin-ajax.php HTTP/1.1" 200 24 "https://compras.komforthouse.com.br/?wpsc-section=ticket-list" "Mozilla/5.0 (Windows NT 10.0; Win64; x64) AppleWebKit/537.36 (KHTML, like Gecko) Chrome/139.0.0.0 Safari/537.36"
201.46.24.156 - - [15/Aug/2025:15:02:07 -0300] "POST /wp-admin/admin-ajax.php HTTP/1.1" 200 24 "https://compras.komforthouse.com.br/?wpsc-section=ticket-list" "Mozilla/5.0 (Windows NT 10.0; Win64; x64) AppleWebKit/537.36 (KHTML, like Gecko) Chrome/139.0.0.0 Safari/537.36"
162.214.27.60 - - [15/Aug/2025:15:02:08 -0300] "POST /wp-cron.php?doing_wp_cron=1755280928.8522019386291503906250 HTTP/1.1" 200 - "-" "WordPress/6.8.2; https://compras.komforthouse.com.br"
201.46.24.156 - - [15/Aug/2025:15:03:10 -0300] "POST /wp-admin/admin-ajax.php HTTP/1.1" 200 24 "https://compras.komforthouse.com.br/?wpsc-section=ticket-list" "Mozilla/5.0 (Windows NT 10.0; Win64; x64) AppleWebKit/537.36 (KHTML, like Gecko) Chrome/139.0.0.0 Safari/537.36"
162.214.27.60 - - [15/Aug/2025:15:03:11 -0300] "POST /wp-cron.php?doing_wp_cron=1755280991.9492530822753906250000 HTTP/1.1" 200 - "-" "WordPress/6.8.2; https://compras.komforthouse.com.br"
162.214.27.60 - - [15/Aug/2025:15:04:14 -0300] "POST /wp-cron.php?doing_wp_cron=1755281054.7485170364379882812500 HTTP/1.1" 200 - "-" "WordPress/6.8.2; https://compras.komforthouse.com.br"
201.46.24.156 - - [15/Aug/2025:15:04:13 -0300] "POST /wp-admin/admin-ajax.php HTTP/1.1" 200 24 "https://compras.komforthouse.com.br/?wpsc-section=ticket-list" "Mozilla/5.0 (Windows NT 10.0; Win64; x64) AppleWebKit/537.36 (KHTML, like Gecko) Chrome/139.0.0.0 Safari/537.36"
201.46.24.156 - - [15/Aug/2025:15:05:16 -0300] "POST /wp-admin/admin-ajax.php HTTP/1.1" 200 24 "https://compras.komforthouse.com.br/?wpsc-section=ticket-list" "Mozilla/5.0 (Windows NT 10.0; Win64; x64) AppleWebKit/537.36 (KHTML, like Gecko) Chrome/139.0.0.0 Safari/537.36"
162.214.27.60 - - [15/Aug/2025:15:05:18 -0300] "POST /wp-cron.php?doing_wp_cron=1755281118.2096259593963623046875 HTTP/1.1" 200 - "-" "WordPress/6.8.2; https://compras.komforthouse.com.br"
162.214.27.60 - - [15/Aug/2025:15:06:21 -0300] "POST /wp-cron.php?doing_wp_cron=1755281181.1380589008331298828125 HTTP/1.1" 200 - "-" "WordPress/6.8.2; https://compras.komforthouse.com.br"
201.46.24.156 - - [15/Aug/2025:15:06:19 -0300] "POST /wp-admin/admin-ajax.php HTTP/1.1" 200 24 "https://compras.komforthouse.com.br/?wpsc-section=ticket-list" "Mozilla/5.0 (Windows NT 10.0; Win64; x64) AppleWebKit/537.36 (KHTML, like Gecko) Chrome/139.0.0.0 Safari/537.36"
162.214.27.60 - - [15/Aug/2025:15:07:24 -0300] "POST /wp-cron.php?doing_wp_cron=1755281244.0620870590209960937500 HTTP/1.1" 200 - "-" "WordPress/6.8.2; https://compras.komforthouse.com.br"
201.46.24.156 - - [15/Aug/2025:15:07:22 -0300] "POST /wp-admin/admin-ajax.php HTTP/1.1" 200 24 "https://compras.komforthouse.com.br/?wpsc-section=ticket-list" "Mozilla/5.0 (Windows NT 10.0; Win64; x64) AppleWebKit/537.36 (KHTML, like Gecko) Chrome/139.0.0.0 Safari/537.36"
162.214.27.60 - - [15/Aug/2025:15:08:26 -0300] "POST /wp-cron.php?doing_wp_cron=1755281306.7580320835113525390625 HTTP/1.1" 200 - "-" "WordPress/6.8.2; https://compras.komforthouse.com.br"
201.46.24.156 - - [15/Aug/2025:15:08:25 -0300] "POST /wp-admin/admin-ajax.php HTTP/1.1" 200 24 "https://compras.komforthouse.com.br/?wpsc-section=ticket-list" "Mozilla/5.0 (Windows NT 10.0; Win64; x64) AppleWebKit/537.36 (KHTML, like Gecko) Chrome/139.0.0.0 Safari/537.36"
162.214.27.60 - - [15/Aug/2025:15:09:29 -0300] "POST /wp-cron.php?doing_wp_cron=1755281369.7277050018310546875000 HTTP/1.1" 200 - "-" "WordPress/6.8.2; https://compras.komforthouse.com.br"
201.46.24.156 - - [15/Aug/2025:15:09:28 -0300] "POST /wp-admin/admin-ajax.php HTTP/1.1" 200 24 "https://compras.komforthouse.com.br/?wpsc-section=ticket-list" "Mozilla/5.0 (Windows NT 10.0; Win64; x64) AppleWebKit/537.36 (KHTML, like Gecko) Chrome/139.0.0.0 Safari/537.36"
162.214.27.60 - - [15/Aug/2025:15:10:32 -0300] "POST /wp-cron.php?doing_wp_cron=1755281432.7871959209442138671875 HTTP/1.1" 200 - "-" "WordPress/6.8.2; https://compras.komforthouse.com.br"
201.46.24.156 - - [15/Aug/2025:15:10:31 -0300] "POST /wp-admin/admin-ajax.php HTTP/1.1" 200 24 "https://compras.komforthouse.com.br/?wpsc-section=ticket-list" "Mozilla/5.0 (Windows NT 10.0; Win64; x64) AppleWebKit/537.36 (KHTML, like Gecko) Chrome/139.0.0.0 Safari/537.36"
162.214.27.60 - - [15/Aug/2025:15:11:36 -0300] "POST /wp-cron.php?doing_wp_cron=1755281495.9923079013824462890625 HTTP/1.1" 200 - "-" "WordPress/6.8.2; https://compras.komforthouse.com.br"
201.46.24.156 - - [15/Aug/2025:15:11:34 -0300] "POST /wp-admin/admin-ajax.php HTTP/1.1" 200 24 "https://compras.komforthouse.com.br/?wpsc-section=ticket-list" "Mozilla/5.0 (Windows NT 10.0; Win64; x64) AppleWebKit/537.36 (KHTML, like Gecko) Chrome/139.0.0.0 Safari/537.36"
196.251.112.104 - - [15/Aug/2025:15:12:31 -0300] "POST /wp-login.php HTTP/1.1" 200 9793 "-" "Mozilla/5.0"
162.214.27.60 - - [15/Aug/2025:15:12:32 -0300] "POST /wp-cron.php?doing_wp_cron=1755281552.7600040435791015625000 HTTP/1.1" 200 - "-" "WordPress/6.8.2; https://compras.komforthouse.com.br"
162.214.27.60 - - [15/Aug/2025:15:12:38 -0300] "POST /wp-cron.php?doing_wp_cron=1755281558.8993630409240722656250 HTTP/1.1" 200 - "-" "WordPress/6.8.2; https://compras.komforthouse.com.br"
201.46.24.156 - - [15/Aug/2025:15:12:37 -0300] "POST /wp-admin/admin-ajax.php HTTP/1.1" 200 24 "https://compras.komforthouse.com.br/?wpsc-section=ticket-list" "Mozilla/5.0 (Windows NT 10.0; Win64; x64) AppleWebKit/537.36 (KHTML, like Gecko) Chrome/139.0.0.0 Safari/537.36"
194.141.86.36 - - [15/Aug/2025:15:13:14 -0300] "GET /wp-remote-api HTTP/1.1" 301 - "-" "Mozilla/5.0 (Windows NT 10.0; Win64; x64) AppleWebKit/537.36 (KHTML, like Gecko) Chrome/127.0.0.0 Safari/537.36"
194.141.86.36 - - [15/Aug/2025:15:13:16 -0300] "GET /wp-remote-api HTTP/1.1" 404 120075 "-" "Mozilla/5.0 (Windows NT 10.0; Win64; x64) AppleWebKit/537.36 (KHTML, like Gecko) Chrome/127.0.0.0 Safari/537.36"
201.46.24.156 - - [15/Aug/2025:15:13:41 -0300] "POST /wp-admin/admin-ajax.php HTTP/1.1" 200 24 "https://compras.komforthouse.com.br/?wpsc-section=ticket-list" "Mozilla/5.0 (Windows NT 10.0; Win64; x64) AppleWebKit/537.36 (KHTML, like Gecko) Chrome/139.0.0.0 Safari/537.36"
162.214.27.60 - - [15/Aug/2025:15:13:42 -0300] "POST /wp-cron.php?doing_wp_cron=1755281622.2449901103973388671875 HTTP/1.1" 200 - "-" "WordPress/6.8.2; https://compras.komforthouse.com.br"
162.214.27.60 - - [15/Aug/2025:15:14:44 -0300] "POST /wp-cron.php?doing_wp_cron=1755281684.7383139133453369140625 HTTP/1.1" 200 - "-" "WordPress/6.8.2; https://compras.komforthouse.com.br"
201.46.24.156 - - [15/Aug/2025:15:14:43 -0300] "POST /wp-admin/admin-ajax.php HTTP/1.1" 200 24 "https://compras.komforthouse.com.br/?wpsc-section=ticket-list" "Mozilla/5.0 (Windows NT 10.0; Win64; x64) AppleWebKit/537.36 (KHTML, like Gecko) Chrome/139.0.0.0 Safari/537.36"
162.214.27.60 - - [15/Aug/2025:15:15:48 -0300] "POST /wp-cron.php?doing_wp_cron=1755281748.0189080238342285156250 HTTP/1.1" 200 - "-" "WordPress/6.8.2; https://compras.komforthouse.com.br"
201.46.24.156 - - [15/Aug/2025:15:15:46 -0300] "POST /wp-admin/admin-ajax.php HTTP/1.1" 200 24 "https://compras.komforthouse.com.br/?wpsc-section=ticket-list" "Mozilla/5.0 (Windows NT 10.0; Win64; x64) AppleWebKit/537.36 (KHTML, like Gecko) Chrome/139.0.0.0 Safari/537.36"
201.46.24.156 - - [15/Aug/2025:15:16:50 -0300] "POST /wp-admin/admin-ajax.php HTTP/1.1" 200 24 "https://compras.komforthouse.com.br/?wpsc-section=ticket-list" "Mozilla/5.0 (Windows NT 10.0; Win64; x64) AppleWebKit/537.36 (KHTML, like Gecko) Chrome/139.0.0.0 Safari/537.36"
162.214.27.60 - - [15/Aug/2025:15:16:51 -0300] "POST /wp-cron.php?doing_wp_cron=1755281811.3480780124664306640625 HTTP/1.1" 200 - "-" "WordPress/6.8.2; https://compras.komforthouse.com.br"
162.214.27.60 - - [15/Aug/2025:15:17:55 -0300] "POST /wp-cron.php?doing_wp_cron=1755281875.0207870006561279296875 HTTP/1.1" 200 - "-" "WordPress/6.8.2; https://compras.komforthouse.com.br"
201.46.24.156 - - [15/Aug/2025:15:17:53 -0300] "POST /wp-admin/admin-ajax.php HTTP/1.1" 200 24 "https://compras.komforthouse.com.br/?wpsc-section=ticket-list" "Mozilla/5.0 (Windows NT 10.0; Win64; x64) AppleWebKit/537.36 (KHTML, like Gecko) Chrome/139.0.0.0 Safari/537.36"
162.214.27.60 - - [15/Aug/2025:15:18:58 -0300] "POST /wp-cron.php?doing_wp_cron=1755281938.0009720325469970703125 HTTP/1.1" 200 - "-" "WordPress/6.8.2; https://compras.komforthouse.com.br"
201.46.24.156 - - [15/Aug/2025:15:18:56 -0300] "POST /wp-admin/admin-ajax.php HTTP/1.1" 200 24 "https://compras.komforthouse.com.br/?wpsc-section=ticket-list" "Mozilla/5.0 (Windows NT 10.0; Win64; x64) AppleWebKit/537.36 (KHTML, like Gecko) Chrome/139.0.0.0 Safari/537.36"
162.214.27.60 - - [15/Aug/2025:15:19:49 -0300] "POST /wp-cron.php?doing_wp_cron=1755281989.2820029258728027343750 HTTP/1.1" 200 - "-" "WordPress/6.8.2; https://compras.komforthouse.com.br"
52.167.144.174 - - [15/Aug/2025:15:19:48 -0300] "GET /sitemap.txt HTTP/1.1" 404 120075 "-" "Mozilla/5.0 AppleWebKit/537.36 (KHTML, like Gecko; compatible; bingbot/2.0; +http://www.bing.com/bingbot.htm) Chrome/116.0.1938.76 Safari/537.36"
201.46.24.156 - - [15/Aug/2025:15:19:59 -0300] "POST /wp-admin/admin-ajax.php HTTP/1.1" 200 24 "https://compras.komforthouse.com.br/?wpsc-section=ticket-list" "Mozilla/5.0 (Windows NT 10.0; Win64; x64) AppleWebKit/537.36 (KHTML, like Gecko) Chrome/139.0.0.0 Safari/537.36"
162.214.27.60 - - [15/Aug/2025:15:20:01 -0300] "POST /wp-cron.php?doing_wp_cron=1755282001.0032470226287841796875 HTTP/1.1" 200 - "-" "WordPress/6.8.2; https://compras.komforthouse.com.br"
162.214.27.60 - - [15/Aug/2025:15:20:53 -0300] "POST /wp-cron.php?doing_wp_cron=1755282053.5474240779876708984375 HTTP/1.1" 200 - "-" "WordPress/6.8.2; https://compras.komforthouse.com.br"
216.73.216.37 - - [15/Aug/2025:15:20:52 -0300] "GET /robots.txt HTTP/1.1" 200 67 "-" "Mozilla/5.0 AppleWebKit/537.36 (KHTML, like Gecko; compatible; ClaudeBot/1.0; +claudebot@anthropic.com)"
216.73.216.37 - - [15/Aug/2025:15:20:54 -0300] "GET /wp-includes/rest-api/endpoints/class-wp-rest-block-renderer-controller.php HTTP/1.1" 500 - "-" "Mozilla/5.0 AppleWebKit/537.36 (KHTML, like Gecko; compatible; ClaudeBot/1.0; +claudebot@anthropic.com)"
216.73.216.37 - - [15/Aug/2025:15:20:55 -0300] "GET /wp-includes/rest-api/endpoints/class-wp-rest-block-pattern-categories-controller.php HTTP/1.1" 500 - "-" "Mozilla/5.0 AppleWebKit/537.36 (KHTML, like Gecko; compatible; ClaudeBot/1.0; +claudebot@anthropic.com)"
216.73.216.37 - - [15/Aug/2025:15:20:55 -0300] "GET /wp-includes/rest-api/endpoints/class-wp-rest-block-patterns-controller.php HTTP/1.1" 500 - "-" "Mozilla/5.0 AppleWebKit/537.36 (KHTML, like Gecko; compatible; ClaudeBot/1.0; +claudebot@anthropic.com)"
216.73.216.37 - - [15/Aug/2025:15:20:56 -0300] "GET /wp-includes/customize/class-wp-customize-custom-css-setting.php HTTP/1.1" 500 - "-" "Mozilla/5.0 AppleWebKit/537.36 (KHTML, like Gecko; compatible; ClaudeBot/1.0; +claudebot@anthropic.com)"
201.46.24.156 - - [15/Aug/2025:15:21:02 -0300] "POST /wp-admin/admin-ajax.php HTTP/1.1" 200 24 "https://compras.komforthouse.com.br/?wpsc-section=ticket-list" "Mozilla/5.0 (Windows NT 10.0; Win64; x64) AppleWebKit/537.36 (KHTML, like Gecko) Chrome/139.0.0.0 Safari/537.36"
216.73.216.37 - - [15/Aug/2025:15:21:43 -0300] "GET /wp-includes/rest-api/endpoints/class-wp-rest-widget-types-controller.php HTTP/1.1" 500 - "-" "Mozilla/5.0 AppleWebKit/537.36 (KHTML, like Gecko; compatible; ClaudeBot/1.0; +claudebot@anthropic.com)"
216.73.216.37 - - [15/Aug/2025:15:21:44 -0300] "GET /wp-includes/rest-api/endpoints/class-wp-rest-block-types-controller.php HTTP/1.1" 500 - "-" "Mozilla/5.0 AppleWebKit/537.36 (KHTML, like Gecko; compatible; ClaudeBot/1.0; +claudebot@anthropic.com)"
216.73.216.37 - - [15/Aug/2025:15:21:45 -0300] "GET /wp-includes/rest-api/endpoints/class-wp-rest-pattern-directory-controller.php HTTP/1.1" 500 - "-" "Mozilla/5.0 AppleWebKit/537.36 (KHTML, like Gecko; compatible; ClaudeBot/1.0; +claudebot@anthropic.com)"
216.73.216.37 - - [15/Aug/2025:15:21:46 -0300] "GET /wp-includes/rest-api/endpoints/class-wp-rest-block-directory-controller.php HTTP/1.1" 500 - "-" "Mozilla/5.0 AppleWebKit/537.36 (KHTML, like Gecko; compatible; ClaudeBot/1.0; +claudebot@anthropic.com)"
162.214.27.60 - - [15/Aug/2025:15:22:05 -0300] "POST /wp-cron.php?doing_wp_cron=1755282125.9721729755401611328125 HTTP/1.1" 200 - "-" "WordPress/6.8.2; https://compras.komforthouse.com.br"
201.46.24.156 - - [15/Aug/2025:15:22:04 -0300] "POST /wp-admin/admin-ajax.php HTTP/1.1" 200 24 "https://compras.komforthouse.com.br/?wpsc-section=ticket-list" "Mozilla/5.0 (Windows NT 10.0; Win64; x64) AppleWebKit/537.36 (KHTML, like Gecko) Chrome/139.0.0.0 Safari/537.36"
216.73.216.37 - - [15/Aug/2025:15:22:47 -0300] "GET /wp-includes/customize/class-wp-customize-code-editor-control.php HTTP/1.1" 500 - "-" "Mozilla/5.0 AppleWebKit/537.36 (KHTML, like Gecko; compatible; ClaudeBot/1.0; +claudebot@anthropic.com)"
216.73.216.37 - - [15/Aug/2025:15:22:47 -0300] "GET /wp-includes/rest-api/endpoints/class-wp-rest-users-controller.php HTTP/1.1" 500 - "-" "Mozilla/5.0 AppleWebKit/537.36 (KHTML, like Gecko; compatible; ClaudeBot/1.0; +claudebot@anthropic.com)"
216.73.216.37 - - [15/Aug/2025:15:22:48 -0300] "GET /wp-includes/rest-api/fields/class-wp-rest-user-meta-fields.php HTTP/1.1" 500 - "-" "Mozilla/5.0 AppleWebKit/537.36 (KHTML, like Gecko; compatible; ClaudeBot/1.0; +claudebot@anthropic.com)"
216.73.216.37 - - [15/Aug/2025:15:22:48 -0300] "GET /wp-content/plugins/supportcandy/framework/scripts.js HTTP/1.1" 200 81237 "-" "Mozilla/5.0 AppleWebKit/537.36 (KHTML, like Gecko; compatible; ClaudeBot/1.0; +claudebot@anthropic.com)"
162.214.27.60 - - [15/Aug/2025:15:23:08 -0300] "POST /wp-cron.php?doing_wp_cron=1755282188.9040679931640625000000 HTTP/1.1" 200 - "-" "WordPress/6.8.2; https://compras.komforthouse.com.br"
201.46.24.156 - - [15/Aug/2025:15:23:07 -0300] "POST /wp-admin/admin-ajax.php HTTP/1.1" 200 24 "https://compras.komforthouse.com.br/?wpsc-section=ticket-list" "Mozilla/5.0 (Windows NT 10.0; Win64; x64) AppleWebKit/537.36 (KHTML, like Gecko) Chrome/139.0.0.0 Safari/537.36"
216.73.216.37 - - [15/Aug/2025:15:23:19 -0300] "GET /wp-includes/rest-api/endpoints/class-wp-rest-application-passwords-controller.php HTTP/1.1" 500 - "-" "Mozilla/5.0 AppleWebKit/537.36 (KHTML, like Gecko; compatible; ClaudeBot/1.0; +claudebot@anthropic.com)"
216.73.216.37 - - [15/Aug/2025:15:23:20 -0300] "GET /wp-includes/sodium_compat/autoload.php HTTP/1.1" 200 - "-" "Mozilla/5.0 AppleWebKit/537.36 (KHTML, like Gecko; compatible; ClaudeBot/1.0; +claudebot@anthropic.com)"
216.73.216.37 - - [15/Aug/2025:15:23:25 -0300] "GET /wp-includes/rest-api/endpoints/class-wp-rest-blocks-controller.php HTTP/1.1" 500 - "-" "Mozilla/5.0 AppleWebKit/537.36 (KHTML, like Gecko; compatible; ClaudeBot/1.0; +claudebot@anthropic.com)"
162.214.27.60 - - [15/Aug/2025:15:24:12 -0300] "POST /wp-cron.php?doing_wp_cron=1755282252.1447188854217529296875 HTTP/1.1" 200 - "-" "WordPress/6.8.2; https://compras.komforthouse.com.br"
201.46.24.156 - - [15/Aug/2025:15:24:10 -0300] "POST /wp-admin/admin-ajax.php HTTP/1.1" 200 24 "https://compras.komforthouse.com.br/?wpsc-section=ticket-list" "Mozilla/5.0 (Windows NT 10.0; Win64; x64) AppleWebKit/537.36 (KHTML, like Gecko) Chrome/139.0.0.0 Safari/537.36"
216.73.216.37 - - [15/Aug/2025:15:24:21 -0300] "GET /wp-content/plugins/supportcandy/asset/libs/jquery-circle-progress/circle-progress.min.js HTTP/1.1" 200 4445 "-" "Mozilla/5.0 AppleWebKit/537.36 (KHTML, like Gecko; compatible; ClaudeBot/1.0; +claudebot@anthropic.com)"
216.73.216.37 - - [15/Aug/2025:15:24:26 -0300] "GET /wp-includes/style-engine/class-wp-style-engine-css-declarations.php HTTP/1.1" 200 - "-" "Mozilla/5.0 AppleWebKit/537.36 (KHTML, like Gecko; compatible; ClaudeBot/1.0; +claudebot@anthropic.com)"
216.73.216.37 - - [15/Aug/2025:15:24:31 -0300] "GET /wp-includes/rest-api/endpoints/class-wp-rest-navigation-fallback-controller.php HTTP/1.1" 500 - "-" "Mozilla/5.0 AppleWebKit/537.36 (KHTML, like Gecko; compatible; ClaudeBot/1.0; +claudebot@anthropic.com)"
162.214.27.60 - - [15/Aug/2025:15:25:15 -0300] "POST /wp-cron.php?doing_wp_cron=1755282315.0613679885864257812500 HTTP/1.1" 200 - "-" "WordPress/6.8.2; https://compras.komforthouse.com.br"
201.46.24.156 - - [15/Aug/2025:15:25:13 -0300] "POST /wp-admin/admin-ajax.php HTTP/1.1" 200 24 "https://compras.komforthouse.com.br/?wpsc-section=ticket-list" "Mozilla/5.0 (Windows NT 10.0; Win64; x64) AppleWebKit/537.36 (KHTML, like Gecko) Chrome/139.0.0.0 Safari/537.36"
216.73.216.37 - - [15/Aug/2025:15:25:27 -0300] "GET /wp-includes/rest-api/endpoints/class-wp-rest-widgets-controller.php HTTP/1.1" 500 - "-" "Mozilla/5.0 AppleWebKit/537.36 (KHTML, like Gecko; compatible; ClaudeBot/1.0; +claudebot@anthropic.com)"
216.73.216.37 - - [15/Aug/2025:15:25:32 -0300] "GET /wp-includes/customize/class-wp-customize-header-image-setting.php HTTP/1.1" 500 - "-" "Mozilla/5.0 AppleWebKit/537.36 (KHTML, like Gecko; compatible; ClaudeBot/1.0; +claudebot@anthropic.com)"
216.73.216.37 - - [15/Aug/2025:15:25:37 -0300] "GET /wp-includes/rest-api/endpoints/class-wp-rest-plugins-controller.php HTTP/1.1" 500 - "-" "Mozilla/5.0 AppleWebKit/537.36 (KHTML, like Gecko; compatible; ClaudeBot/1.0; +claudebot@anthropic.com)"
162.214.27.60 - - [15/Aug/2025:15:26:17 -0300] "POST /wp-cron.php?doing_wp_cron=1755282377.9405610561370849609375 HTTP/1.1" 200 - "-" "WordPress/6.8.2; https://compras.komforthouse.com.br"
201.46.24.156 - - [15/Aug/2025:15:26:16 -0300] "POST /wp-admin/admin-ajax.php HTTP/1.1" 200 24 "https://compras.komforthouse.com.br/?wpsc-section=ticket-list" "Mozilla/5.0 (Windows NT 10.0; Win64; x64) AppleWebKit/537.36 (KHTML, like Gecko) Chrome/139.0.0.0 Safari/537.36"
216.73.216.37 - - [15/Aug/2025:15:26:26 -0300] "GET /wp-includes/rest-api/endpoints/class-wp-rest-comments-controller.php HTTP/1.1" 500 - "-" "Mozilla/5.0 AppleWebKit/537.36 (KHTML, like Gecko; compatible; ClaudeBot/1.0; +claudebot@anthropic.com)"
216.73.216.37 - - [15/Aug/2025:15:26:31 -0300] "GET /wp-includes/rest-api/endpoints/class-wp-rest-posts-controller.php HTTP/1.1" 500 - "-" "Mozilla/5.0 AppleWebKit/537.36 (KHTML, like Gecko; compatible; ClaudeBot/1.0; +claudebot@anthropic.com)"
216.73.216.37 - - [15/Aug/2025:15:26:36 -0300] "GET /wp-includes/rest-api/endpoints/class-wp-rest-url-details-controller.php HTTP/1.1" 500 - "-" "Mozilla/5.0 AppleWebKit/537.36 (KHTML, like Gecko; compatible; ClaudeBot/1.0; +claudebot@anthropic.com)"
201.46.24.156 - - [15/Aug/2025:15:27:19 -0300] "POST /wp-admin/admin-ajax.php HTTP/1.1" 200 24 "https://compras.komforthouse.com.br/?wpsc-section=ticket-list" "Mozilla/5.0 (Windows NT 10.0; Win64; x64) AppleWebKit/537.36 (KHTML, like Gecko) Chrome/139.0.0.0 Safari/537.36"
162.214.27.60 - - [15/Aug/2025:15:27:21 -0300] "POST /wp-cron.php?doing_wp_cron=1755282441.0660638809204101562500 HTTP/1.1" 200 - "-" "WordPress/6.8.2; https://compras.komforthouse.com.br"
216.73.216.37 - - [15/Aug/2025:15:27:46 -0300] "GET /wp-includes/rest-api/endpoints/class-wp-rest-menu-items-controller.php HTTP/1.1" 500 - "-" "Mozilla/5.0 AppleWebKit/537.36 (KHTML, like Gecko; compatible; ClaudeBot/1.0; +claudebot@anthropic.com)"
216.73.216.37 - - [15/Aug/2025:15:27:51 -0300] "GET /wp-includes/rest-api/endpoints/class-wp-rest-font-collections-controller.php HTTP/1.1" 500 - "-" "Mozilla/5.0 AppleWebKit/537.36 (KHTML, like Gecko; compatible; ClaudeBot/1.0; +claudebot@anthropic.com)"
216.73.216.37 - - [15/Aug/2025:15:27:56 -0300] "GET /wp-includes/customize/class-wp-customize-header-image-control.php HTTP/1.1" 500 - "-" "Mozilla/5.0 AppleWebKit/537.36 (KHTML, like Gecko; compatible; ClaudeBot/1.0; +claudebot@anthropic.com)"
162.214.27.60 - - [15/Aug/2025:15:28:24 -0300] "POST /wp-cron.php?doing_wp_cron=1755282504.0910079479217529296875 HTTP/1.1" 200 - "-" "WordPress/6.8.2; https://compras.komforthouse.com.br"
201.46.24.156 - - [15/Aug/2025:15:28:22 -0300] "POST /wp-admin/admin-ajax.php HTTP/1.1" 200 24 "https://compras.komforthouse.com.br/?wpsc-section=ticket-list" "Mozilla/5.0 (Windows NT 10.0; Win64; x64) AppleWebKit/537.36 (KHTML, like Gecko) Chrome/139.0.0.0 Safari/537.36"
216.73.216.37 - - [15/Aug/2025:15:28:48 -0300] "GET /wp-includes/style-engine/class-wp-style-engine-css-rule.php HTTP/1.1" 200 - "-" "Mozilla/5.0 AppleWebKit/537.36 (KHTML, like Gecko; compatible; ClaudeBot/1.0; +claudebot@anthropic.com)"
216.73.216.37 - - [15/Aug/2025:15:28:52 -0300] "GET /wp-includes/widgets/class-wp-widget-custom-html.php HTTP/1.1" 500 - "-" "Mozilla/5.0 AppleWebKit/537.36 (KHTML, like Gecko; compatible; ClaudeBot/1.0; +claudebot@anthropic.com)"
216.73.216.37 - - [15/Aug/2025:15:28:58 -0300] "GET /wp-includes/customize/class-wp-customize-upload-control.php HTTP/1.1" 500 - "-" "Mozilla/5.0 AppleWebKit/537.36 (KHTML, like Gecko; compatible; ClaudeBot/1.0; +claudebot@anthropic.com)"
216.73.216.37 - - [15/Aug/2025:15:29:07 -0300] "GET /wp-includes/rest-api/endpoints/class-wp-rest-settings-controller.php HTTP/1.1" 500 - "-" "Mozilla/5.0 AppleWebKit/537.36 (KHTML, like Gecko; compatible; ClaudeBot/1.0; +claudebot@anthropic.com)"
216.73.216.37 - - [15/Aug/2025:15:29:12 -0300] "GET /wp-includes/rest-api/endpoints/class-wp-rest-controller.php HTTP/1.1" 200 - "-" "Mozilla/5.0 AppleWebKit/537.36 (KHTML, like Gecko; compatible; ClaudeBot/1.0; +claudebot@anthropic.com)"
196.251.112.104 - - [15/Aug/2025:15:29:15 -0300] "POST /wp-login.php HTTP/1.1" 200 9793 "-" "Mozilla/5.0"
216.73.216.37 - - [15/Aug/2025:15:29:17 -0300] "GET /wp-includes/customize/class-wp-widget-form-customize-control.php HTTP/1.1" 500 - "-" "Mozilla/5.0 AppleWebKit/537.36 (KHTML, like Gecko; compatible; ClaudeBot/1.0; +claudebot@anthropic.com)"
162.214.27.60 - - [15/Aug/2025:15:29:26 -0300] "POST /wp-cron.php?doing_wp_cron=1755282566.9777529239654541015625 HTTP/1.1" 200 - "-" "WordPress/6.8.2; https://compras.komforthouse.com.br"
201.46.24.156 - - [15/Aug/2025:15:29:25 -0300] "POST /wp-admin/admin-ajax.php HTTP/1.1" 200 24 "https://compras.komforthouse.com.br/?wpsc-section=ticket-list" "Mozilla/5.0 (Windows NT 10.0; Win64; x64) AppleWebKit/537.36 (KHTML, like Gecko) Chrome/139.0.0.0 Safari/537.36"
216.73.216.37 - - [15/Aug/2025:15:30:17 -0300] "GET /wp-includes/rest-api/endpoints/class-wp-rest-post-statuses-controller.php HTTP/1.1" 500 - "-" "Mozilla/5.0 AppleWebKit/537.36 (KHTML, like Gecko; compatible; ClaudeBot/1.0; +claudebot@anthropic.com)"
216.73.216.37 - - [15/Aug/2025:15:30:22 -0300] "GET /wp-includes/rest-api/endpoints/class-wp-rest-menus-controller.php HTTP/1.1" 500 - "-" "Mozilla/5.0 AppleWebKit/537.36 (KHTML, like Gecko; compatible; ClaudeBot/1.0; +claudebot@anthropic.com)"
216.73.216.37 - - [15/Aug/2025:15:30:27 -0300] "GET /wp-includes/rest-api/fields/class-wp-rest-meta-fields.php HTTP/1.1" 200 - "-" "Mozilla/5.0 AppleWebKit/537.36 (KHTML, like Gecko; compatible; ClaudeBot/1.0; +claudebot@anthropic.com)"
162.214.27.60 - - [15/Aug/2025:15:30:29 -0300] "POST /wp-cron.php?doing_wp_cron=1755282629.8204119205474853515625 HTTP/1.1" 200 - "-" "WordPress/6.8.2; https://compras.komforthouse.com.br"
201.46.24.156 - - [15/Aug/2025:15:30:28 -0300] "POST /wp-admin/admin-ajax.php HTTP/1.1" 200 24 "https://compras.komforthouse.com.br/?wpsc-section=ticket-list" "Mozilla/5.0 (Windows NT 10.0; Win64; x64) AppleWebKit/537.36 (KHTML, like Gecko) Chrome/139.0.0.0 Safari/537.36"
216.73.216.37 - - [15/Aug/2025:15:30:52 -0300] "GET /wp-includes/assets/script-loader-react-refresh-runtime.php HTTP/1.1" 200 - "-" "Mozilla/5.0 AppleWebKit/537.36 (KHTML, like Gecko; compatible; ClaudeBot/1.0; +claudebot@anthropic.com)"
216.73.216.37 - - [15/Aug/2025:15:30:57 -0300] "GET /wp-includes/rest-api/fields/class-wp-rest-comment-meta-fields.php HTTP/1.1" 500 - "-" "Mozilla/5.0 AppleWebKit/537.36 (KHTML, like Gecko; compatible; ClaudeBot/1.0; +claudebot@anthropic.com)"
216.73.216.37 - - [15/Aug/2025:15:31:02 -0300] "GET /wp-includes/customize/class-wp-customize-nav-menu-name-control.php HTTP/1.1" 500 - "-" "Mozilla/5.0 AppleWebKit/537.36 (KHTML, like Gecko; compatible; ClaudeBot/1.0; +claudebot@anthropic.com)"
162.214.27.60 - - [15/Aug/2025:15:31:32 -0300] "POST /wp-cron.php?doing_wp_cron=1755282692.9773499965667724609375 HTTP/1.1" 200 - "-" "WordPress/6.8.2; https://compras.komforthouse.com.br"
201.46.24.156 - - [15/Aug/2025:15:31:31 -0300] "POST /wp-admin/admin-ajax.php HTTP/1.1" 200 24 "https://compras.komforthouse.com.br/?wpsc-section=ticket-list" "Mozilla/5.0 (Windows NT 10.0; Win64; x64) AppleWebKit/537.36 (KHTML, like Gecko) Chrome/139.0.0.0 Safari/537.36"
216.73.216.37 - - [15/Aug/2025:15:32:23 -0300] "GET /wp-includes/customize/class-wp-sidebar-block-editor-control.php HTTP/1.1" 500 - "-" "Mozilla/5.0 AppleWebKit/537.36 (KHTML, like Gecko; compatible; ClaudeBot/1.0; +claudebot@anthropic.com)"
216.73.216.37 - - [15/Aug/2025:15:32:28 -0300] "GET /wp-includes/rest-api/endpoints/class-wp-rest-sidebars-controller.php HTTP/1.1" 500 - "-" "Mozilla/5.0 AppleWebKit/537.36 (KHTML, like Gecko; compatible; ClaudeBot/1.0; +claudebot@anthropic.com)"
