216.73.216.37 - - [15/Aug/2025:19:43:44 -0300] "GET /wp-includes/js/imgareaselect/?C=S&O=D HTTP/1.1" 200 1678 "-" "Mozilla/5.0 AppleWebKit/537.36 (KHTML, like Gecko; compatible; ClaudeBot/1.0; +claudebot@anthropic.com)"
201.46.24.65 - - [15/Aug/2025:19:43:44 -0300] "GET /wp-includes/js/wplink.min.js?ver=6.8.2 HTTP/1.1" 200 11317 "https://compras.komforthouse.com.br/" "Mozilla/5.0 (Windows NT 10.0; Win64; x64) AppleWebKit/537.36 (KHTML, like Gecko) Chrome/139.0.0.0 Safari/537.36"
201.46.24.65 - - [15/Aug/2025:19:43:43 -0300] "GET /wp-content/uploads/2024/05/Assinatura_Email_v1-1-1536x430.png HTTP/1.1" 200 255156 "https://compras.komforthouse.com.br/" "Mozilla/5.0 (Windows NT 10.0; Win64; x64) AppleWebKit/537.36 (KHTML, like Gecko) Chrome/139.0.0.0 Safari/537.36"
201.46.24.65 - - [15/Aug/2025:19:43:44 -0300] "GET /wp-includes/js/jquery/ui/menu.min.js?ver=1.13.3 HTTP/1.1" 200 10199 "https://compras.komforthouse.com.br/" "Mozilla/5.0 (Windows NT 10.0; Win64; x64) AppleWebKit/537.36 (KHTML, like Gecko) Chrome/139.0.0.0 Safari/537.36"
201.46.24.65 - - [15/Aug/2025:19:43:44 -0300] "GET /wp-includes/js/jquery/ui/autocomplete.min.js?ver=1.13.3 HTTP/1.1" 200 8536 "https://compras.komforthouse.com.br/" "Mozilla/5.0 (Windows NT 10.0; Win64; x64) AppleWebKit/537.36 (KHTML, like Gecko) Chrome/139.0.0.0 Safari/537.36"
201.46.24.65 - - [15/Aug/2025:19:43:44 -0300] "GET /wp-includes/js/thickbox/thickbox.js?ver=3.1-20121105 HTTP/1.1" 200 13332 "https://compras.komforthouse.com.br/" "Mozilla/5.0 (Windows NT 10.0; Win64; x64) AppleWebKit/537.36 (KHTML, like Gecko) Chrome/139.0.0.0 Safari/537.36"
201.46.24.65 - - [15/Aug/2025:19:43:44 -0300] "GET /wp-includes/js/underscore.min.js?ver=1.13.7 HTTP/1.1" 200 18905 "https://compras.komforthouse.com.br/" "Mozilla/5.0 (Windows NT 10.0; Win64; x64) AppleWebKit/537.36 (KHTML, like Gecko) Chrome/139.0.0.0 Safari/537.36"
201.46.24.65 - - [15/Aug/2025:19:43:44 -0300] "GET /wp-includes/js/shortcode.min.js?ver=6.8.2 HTTP/1.1" 200 2643 "https://compras.komforthouse.com.br/" "Mozilla/5.0 (Windows NT 10.0; Win64; x64) AppleWebKit/537.36 (KHTML, like Gecko) Chrome/139.0.0.0 Safari/537.36"
201.46.24.65 - - [15/Aug/2025:19:43:44 -0300] "GET /wp-admin/js/media-upload.min.js?ver=6.8.2 HTTP/1.1" 200 1152 "https://compras.komforthouse.com.br/" "Mozilla/5.0 (Windows NT 10.0; Win64; x64) AppleWebKit/537.36 (KHTML, like Gecko) Chrome/139.0.0.0 Safari/537.36"
201.46.24.65 - - [15/Aug/2025:19:43:44 -0300] "GET /wp-includes/js/jquery/ui/effect.min.js?ver=1.13.3 HTTP/1.1" 200 10332 "https://compras.komforthouse.com.br/" "Mozilla/5.0 (Windows NT 10.0; Win64; x64) AppleWebKit/537.36 (KHTML, like Gecko) Chrome/139.0.0.0 Safari/537.36"
201.46.24.65 - - [15/Aug/2025:19:43:44 -0300] "GET /wp-includes/js/jquery/ui/effect-slide.min.js?ver=1.13.3 HTTP/1.1" 200 917 "https://compras.komforthouse.com.br/" "Mozilla/5.0 (Windows NT 10.0; Win64; x64) AppleWebKit/537.36 (KHTML, like Gecko) Chrome/139.0.0.0 Safari/537.36"
201.46.24.65 - - [15/Aug/2025:19:43:44 -0300] "GET /wp-includes/js/jquery/ui/mouse.min.js?ver=1.13.3 HTTP/1.1" 200 3428 "https://compras.komforthouse.com.br/" "Mozilla/5.0 (Windows NT 10.0; Win64; x64) AppleWebKit/537.36 (KHTML, like Gecko) Chrome/139.0.0.0 Safari/537.36"
201.46.24.65 - - [15/Aug/2025:19:43:44 -0300] "GET /wp-includes/js/jquery/ui/sortable.min.js?ver=1.13.3 HTTP/1.1" 200 25504 "https://compras.komforthouse.com.br/" "Mozilla/5.0 (Windows NT 10.0; Win64; x64) AppleWebKit/537.36 (KHTML, like Gecko) Chrome/139.0.0.0 Safari/537.36"
201.46.24.65 - - [15/Aug/2025:19:43:44 -0300] "GET /wp-content/plugins/supportcandy/framework/scripts.js?ver=3.3.0 HTTP/1.1" 200 81237 "https://compras.komforthouse.com.br/" "Mozilla/5.0 (Windows NT 10.0; Win64; x64) AppleWebKit/537.36 (KHTML, like Gecko) Chrome/139.0.0.0 Safari/537.36"
201.46.24.65 - - [15/Aug/2025:19:43:44 -0300] "GET /wp-content/plugins/supportcandy/asset/js/selectWoo/selectWoo.full.min.js?ver=3.3.0 HTTP/1.1" 200 77138 "https://compras.komforthouse.com.br/" "Mozilla/5.0 (Windows NT 10.0; Win64; x64) AppleWebKit/537.36 (KHTML, like Gecko) Chrome/139.0.0.0 Safari/537.36"
201.46.24.65 - - [15/Aug/2025:19:43:44 -0300] "GET /wp-content/plugins/supportcandy/asset/js/selectWoo/i18n/pt_BR.js?ver=3.3.0 HTTP/1.1" 200 853 "https://compras.komforthouse.com.br/" "Mozilla/5.0 (Windows NT 10.0; Win64; x64) AppleWebKit/537.36 (KHTML, like Gecko) Chrome/139.0.0.0 Safari/537.36"
201.46.24.65 - - [15/Aug/2025:19:43:44 -0300] "GET /wp-content/plugins/supportcandy/asset/libs/gpopover/jquery.gpopover.js?ver=3.3.0 HTTP/1.1" 200 6095 "https://compras.komforthouse.com.br/" "Mozilla/5.0 (Windows NT 10.0; Win64; x64) AppleWebKit/537.36 (KHTML, like Gecko) Chrome/139.0.0.0 Safari/537.36"
201.46.24.65 - - [15/Aug/2025:19:43:44 -0300] "GET /wp-content/plugins/supportcandy/asset/libs/jquery-circle-progress/circle-progress.min.js?ver=3.3.0 HTTP/1.1" 200 4445 "https://compras.komforthouse.com.br/" "Mozilla/5.0 (Windows NT 10.0; Win64; x64) AppleWebKit/537.36 (KHTML, like Gecko) Chrome/139.0.0.0 Safari/537.36"
201.46.24.65 - - [15/Aug/2025:19:43:44 -0300] "GET /wp-content/plugins/supportcandy/asset/libs/flatpickr/flatpickr.js?ver=3.3.0 HTTP/1.1" 200 48518 "https://compras.komforthouse.com.br/" "Mozilla/5.0 (Windows NT 10.0; Win64; x64) AppleWebKit/537.36 (KHTML, like Gecko) Chrome/139.0.0.0 Safari/537.36"
201.46.24.65 - - [15/Aug/2025:19:43:45 -0300] "GET /wp-content/plugins/supportcandy/asset/libs/flatpickr/l10n/pt.js?ver=3.3.0 HTTP/1.1" 200 1318 "https://compras.komforthouse.com.br/" "Mozilla/5.0 (Windows NT 10.0; Win64; x64) AppleWebKit/537.36 (KHTML, like Gecko) Chrome/139.0.0.0 Safari/537.36"
201.46.24.65 - - [15/Aug/2025:19:43:45 -0300] "GET /wp-content/plugins/supportcandy/asset/libs/fullcalendar/lib/locales-all.min.js?ver=3.3.0 HTTP/1.1" 200 20398 "https://compras.komforthouse.com.br/" "Mozilla/5.0 (Windows NT 10.0; Win64; x64) AppleWebKit/537.36 (KHTML, like Gecko) Chrome/139.0.0.0 Safari/537.36"
201.46.24.65 - - [15/Aug/2025:19:43:45 -0300] "GET /wp-content/plugins/supportcandy/asset/libs/chartjs/dist/chart.min.js?ver=3.3.0 HTTP/1.1" 200 182016 "https://compras.komforthouse.com.br/" "Mozilla/5.0 (Windows NT 10.0; Win64; x64) AppleWebKit/537.36 (KHTML, like Gecko) Chrome/139.0.0.0 Safari/537.36"
201.46.24.65 - - [15/Aug/2025:19:43:45 -0300] "GET /wp-content/themes/hello-elementor/assets/js/hello-frontend.min.js?ver=3.2.1 HTTP/1.1" 200 1936 "https://compras.komforthouse.com.br/" "Mozilla/5.0 (Windows NT 10.0; Win64; x64) AppleWebKit/537.36 (KHTML, like Gecko) Chrome/139.0.0.0 Safari/537.36"
201.46.24.65 - - [15/Aug/2025:19:43:45 -0300] "GET /wp-content/plugins/elementor-pro/assets/lib/smartmenus/jquery.smartmenus.min.js?ver=1.2.1 HTTP/1.1" 200 24109 "https://compras.komforthouse.com.br/" "Mozilla/5.0 (Windows NT 10.0; Win64; x64) AppleWebKit/537.36 (KHTML, like Gecko) Chrome/139.0.0.0 Safari/537.36"
201.46.24.65 - - [15/Aug/2025:19:43:45 -0300] "GET /wp-includes/js/imagesloaded.min.js?ver=5.0.0 HTTP/1.1" 200 5520 "https://compras.komforthouse.com.br/" "Mozilla/5.0 (Windows NT 10.0; Win64; x64) AppleWebKit/537.36 (KHTML, like Gecko) Chrome/139.0.0.0 Safari/537.36"
201.46.24.65 - - [15/Aug/2025:19:43:45 -0300] "GET /wp-content/plugins/elementor-pro/assets/js/webpack-pro.runtime.min.js?ver=3.26.3 HTTP/1.1" 200 6263 "https://compras.komforthouse.com.br/" "Mozilla/5.0 (Windows NT 10.0; Win64; x64) AppleWebKit/537.36 (KHTML, like Gecko) Chrome/139.0.0.0 Safari/537.36"
201.46.24.65 - - [15/Aug/2025:19:43:45 -0300] "GET /wp-content/plugins/elementor/assets/js/webpack.runtime.min.js?ver=3.26.4 HTTP/1.1" 200 5326 "https://compras.komforthouse.com.br/" "Mozilla/5.0 (Windows NT 10.0; Win64; x64) AppleWebKit/537.36 (KHTML, like Gecko) Chrome/139.0.0.0 Safari/537.36"
201.46.24.65 - - [15/Aug/2025:19:43:45 -0300] "GET /wp-content/plugins/supportcandy/asset/libs/DataTables/datatables.min.js?ver=3.3.0 HTTP/1.1" 200 114569 "https://compras.komforthouse.com.br/" "Mozilla/5.0 (Windows NT 10.0; Win64; x64) AppleWebKit/537.36 (KHTML, like Gecko) Chrome/139.0.0.0 Safari/537.36"
201.46.24.65 - - [15/Aug/2025:19:43:45 -0300] "GET /wp-content/plugins/elementor/assets/js/frontend-modules.min.js?ver=3.26.4 HTTP/1.1" 200 52754 "https://compras.komforthouse.com.br/" "Mozilla/5.0 (Windows NT 10.0; Win64; x64) AppleWebKit/537.36 (KHTML, like Gecko) Chrome/139.0.0.0 Safari/537.36"
201.46.24.65 - - [15/Aug/2025:19:43:45 -0300] "GET /wp-content/plugins/elementor-pro/assets/js/frontend.min.js?ver=3.26.3 HTTP/1.1" 200 24210 "https://compras.komforthouse.com.br/" "Mozilla/5.0 (Windows NT 10.0; Win64; x64) AppleWebKit/537.36 (KHTML, like Gecko) Chrome/139.0.0.0 Safari/537.36"
201.46.24.65 - - [15/Aug/2025:19:43:45 -0300] "GET /wp-content/plugins/supportcandy/asset/libs/fullcalendar/lib/main.min.js?ver=3.3.0 HTTP/1.1" 200 263467 "https://compras.komforthouse.com.br/" "Mozilla/5.0 (Windows NT 10.0; Win64; x64) AppleWebKit/537.36 (KHTML, like Gecko) Chrome/139.0.0.0 Safari/537.36"
201.46.24.65 - - [15/Aug/2025:19:43:45 -0300] "GET /wp-content/plugins/elementor/assets/js/frontend.min.js?ver=3.26.4 HTTP/1.1" 200 45428 "https://compras.komforthouse.com.br/" "Mozilla/5.0 (Windows NT 10.0; Win64; x64) AppleWebKit/537.36 (KHTML, like Gecko) Chrome/139.0.0.0 Safari/537.36"
201.46.24.65 - - [15/Aug/2025:19:43:45 -0300] "GET /wp-content/plugins/supportcandy/asset/images/loader-white.gif HTTP/1.1" 200 11647 "https://compras.komforthouse.com.br/" "Mozilla/5.0 (Windows NT 10.0; Win64; x64) AppleWebKit/537.36 (KHTML, like Gecko) Chrome/139.0.0.0 Safari/537.36"
201.46.24.65 - - [15/Aug/2025:19:43:45 -0300] "GET /wp-content/plugins/elementor-pro/assets/js/elements-handlers.min.js?ver=3.26.3 HTTP/1.1" 200 44624 "https://compras.komforthouse.com.br/" "Mozilla/5.0 (Windows NT 10.0; Win64; x64) AppleWebKit/537.36 (KHTML, like Gecko) Chrome/139.0.0.0 Safari/537.36"
201.46.24.65 - - [15/Aug/2025:19:43:45 -0300] "GET /wp-includes/js/wp-emoji-release.min.js?ver=6.8.2 HTTP/1.1" 200 19251 "https://compras.komforthouse.com.br/" "Mozilla/5.0 (Windows NT 10.0; Win64; x64) AppleWebKit/537.36 (KHTML, like Gecko) Chrome/139.0.0.0 Safari/537.36"
201.46.24.65 - - [15/Aug/2025:19:43:45 -0300] "GET /wp-includes/js/thickbox/loadingAnimation.gif HTTP/1.1" 200 15238 "https://compras.komforthouse.com.br/" "Mozilla/5.0 (Windows NT 10.0; Win64; x64) AppleWebKit/537.36 (KHTML, like Gecko) Chrome/139.0.0.0 Safari/537.36"
201.46.24.65 - - [15/Aug/2025:19:43:46 -0300] "GET /wp-content/plugins/supportcandy/framework/responsive/lg.css?version=3.3.0 HTTP/1.1" 200 411 "https://compras.komforthouse.com.br/" "Mozilla/5.0 (Windows NT 10.0; Win64; x64) AppleWebKit/537.36 (KHTML, like Gecko) Chrome/139.0.0.0 Safari/537.36"
201.46.24.65 - - [15/Aug/2025:19:43:46 -0300] "GET /wp-content/plugins/elementor-pro/assets/js/nav-menu.a23fbd67486c5bedf26c.bundle.min.js HTTP/1.1" 200 5282 "https://compras.komforthouse.com.br/" "Mozilla/5.0 (Windows NT 10.0; Win64; x64) AppleWebKit/537.36 (KHTML, like Gecko) Chrome/139.0.0.0 Safari/537.36"
201.46.24.65 - - [15/Aug/2025:19:43:46 -0300] "GET /wp-content/plugins/elementor-pro/assets/js/loop.4a16d82b8b5e3e00f25e.bundle.min.js HTTP/1.1" 200 9365 "https://compras.komforthouse.com.br/" "Mozilla/5.0 (Windows NT 10.0; Win64; x64) AppleWebKit/537.36 (KHTML, like Gecko) Chrome/139.0.0.0 Safari/537.36"
201.46.24.65 - - [15/Aug/2025:19:43:46 -0300] "GET /wp-content/plugins/elementor-pro/assets/js/loop-carousel.f8067ec0c24b628c786e.bundle.min.js HTTP/1.1" 200 1357 "https://compras.komforthouse.com.br/" "Mozilla/5.0 (Windows NT 10.0; Win64; x64) AppleWebKit/537.36 (KHTML, like Gecko) Chrome/139.0.0.0 Safari/537.36"
201.46.24.65 - - [15/Aug/2025:19:43:46 -0300] "GET /wp-content/plugins/elementor-pro/assets/js/load-more.8b46f464e573feab5dd7.bundle.min.js HTTP/1.1" 200 5346 "https://compras.komforthouse.com.br/" "Mozilla/5.0 (Windows NT 10.0; Win64; x64) AppleWebKit/537.36 (KHTML, like Gecko) Chrome/139.0.0.0 Safari/537.36"
201.46.24.65 - - [15/Aug/2025:19:43:46 -0300] "GET /wp-content/plugins/elementor-pro/assets/js/ajax-pagination.2090b5f4906bcda1dcc2.bundle.min.js HTTP/1.1" 200 2814 "https://compras.komforthouse.com.br/" "Mozilla/5.0 (Windows NT 10.0; Win64; x64) AppleWebKit/537.36 (KHTML, like Gecko) Chrome/139.0.0.0 Safari/537.36"
201.46.24.65 - - [15/Aug/2025:19:43:46 -0300] "GET /wp-content/plugins/elementor/assets/js/video.69da75ce0dd084cc3596.bundle.min.js HTTP/1.1" 200 3247 "https://compras.komforthouse.com.br/" "Mozilla/5.0 (Windows NT 10.0; Win64; x64) AppleWebKit/537.36 (KHTML, like Gecko) Chrome/139.0.0.0 Safari/537.36"
201.46.24.65 - - [15/Aug/2025:19:43:46 -0300] "GET /wp-content/plugins/elementor/assets/lib/swiper/v8/swiper.min.js?ver=8.4.5 HTTP/1.1" 200 143709 "https://compras.komforthouse.com.br/" "Mozilla/5.0 (Windows NT 10.0; Win64; x64) AppleWebKit/537.36 (KHTML, like Gecko) Chrome/139.0.0.0 Safari/537.36"
201.46.24.65 - - [15/Aug/2025:19:43:46 -0300] "GET /wp-content/uploads/2024/05/cropped-komfort-house-sofas-32x32.png HTTP/1.1" 200 640 "https://compras.komforthouse.com.br/" "Mozilla/5.0 (Windows NT 10.0; Win64; x64) AppleWebKit/537.36 (KHTML, like Gecko) Chrome/139.0.0.0 Safari/537.36"
216.73.216.37 - - [15/Aug/2025:19:43:47 -0300] "GET /wp-includes/block-supports/?C=S&O=D HTTP/1.1" 200 3995 "-" "Mozilla/5.0 AppleWebKit/537.36 (KHTML, like Gecko; compatible; ClaudeBot/1.0; +claudebot@anthropic.com)"
216.73.216.37 - - [15/Aug/2025:19:43:52 -0300] "GET /wp-includes/block-bindings/?C=N&O=D HTTP/1.1" 200 1097 "-" "Mozilla/5.0 AppleWebKit/537.36 (KHTML, like Gecko; compatible; ClaudeBot/1.0; +claudebot@anthropic.com)"
216.73.216.37 - - [15/Aug/2025:19:43:57 -0300] "GET /wp-includes/css/dist/?C=N&O=D HTTP/1.1" 200 3781 "-" "Mozilla/5.0 AppleWebKit/537.36 (KHTML, like Gecko; compatible; ClaudeBot/1.0; +claudebot@anthropic.com)"
216.73.216.37 - - [15/Aug/2025:19:44:02 -0300] "GET /wp-includes/customize/?C=S&O=A HTTP/1.1" 200 8343 "-" "Mozilla/5.0 AppleWebKit/537.36 (KHTML, like Gecko; compatible; ClaudeBot/1.0; +claudebot@anthropic.com)"
216.73.216.37 - - [15/Aug/2025:19:44:07 -0300] "GET /wp-includes/SimplePie/library/?C=D&O=A HTTP/1.1" 200 1102 "-" "Mozilla/5.0 AppleWebKit/537.36 (KHTML, like Gecko; compatible; ClaudeBot/1.0; +claudebot@anthropic.com)"
162.214.27.60 - - [15/Aug/2025:19:44:11 -0300] "POST /wp-cron.php?doing_wp_cron=1755297851.4435050487518310546875 HTTP/1.1" 200 - "-" "WordPress/6.8.2; https://compras.komforthouse.com.br"
216.73.216.37 - - [15/Aug/2025:19:44:12 -0300] "GET /wp-includes/Requests/?C=N&O=A HTTP/1.1" 200 1063 "-" "Mozilla/5.0 AppleWebKit/537.36 (KHTML, like Gecko; compatible; ClaudeBot/1.0; +claudebot@anthropic.com)"
201.46.24.65 - - [15/Aug/2025:19:44:10 -0300] "POST /wp-admin/admin-ajax.php HTTP/1.1" 200 13 "https://compras.komforthouse.com.br/" "Mozilla/5.0 (Windows NT 10.0; Win64; x64) AppleWebKit/537.36 (KHTML, like Gecko) Chrome/139.0.0.0 Safari/537.36"
201.46.24.65 - - [15/Aug/2025:19:44:15 -0300] "GET /wp-includes/css/admin-bar.min.css?ver=6.8.2 HTTP/1.1" 200 20128 "https://compras.komforthouse.com.br/" "Mozilla/5.0 (Windows NT 10.0; Win64; x64) AppleWebKit/537.36 (KHTML, like Gecko) Chrome/139.0.0.0 Safari/537.36"
201.46.24.65 - - [15/Aug/2025:19:44:15 -0300] "GET /wp-content/plugins/elementor/assets/css/admin-bar.min.css?ver=3.26.4 HTTP/1.1" 200 659 "https://compras.komforthouse.com.br/" "Mozilla/5.0 (Windows NT 10.0; Win64; x64) AppleWebKit/537.36 (KHTML, like Gecko) Chrome/139.0.0.0 Safari/537.36"
201.46.24.65 - - [15/Aug/2025:19:44:12 -0300] "GET / HTTP/1.1" 200 164970 "https://compras.komforthouse.com.br/" "Mozilla/5.0 (Windows NT 10.0; Win64; x64) AppleWebKit/537.36 (KHTML, like Gecko) Chrome/139.0.0.0 Safari/537.36"
201.46.24.65 - - [15/Aug/2025:19:44:15 -0300] "GET /wp-includes/js/hoverintent-js.min.js?ver=2.2.1 HTTP/1.1" 200 1718 "https://compras.komforthouse.com.br/" "Mozilla/5.0 (Windows NT 10.0; Win64; x64) AppleWebKit/537.36 (KHTML, like Gecko) Chrome/139.0.0.0 Safari/537.36"
201.46.24.65 - - [15/Aug/2025:19:44:15 -0300] "GET /wp-includes/js/admin-bar.min.js?ver=6.8.2 HTTP/1.1" 200 3487 "https://compras.komforthouse.com.br/" "Mozilla/5.0 (Windows NT 10.0; Win64; x64) AppleWebKit/537.36 (KHTML, like Gecko) Chrome/139.0.0.0 Safari/537.36"
201.46.24.65 - - [15/Aug/2025:19:44:15 -0300] "GET /wp-includes/js/tinymce/plugins/compat3x/plugin.min.js?ver=49110-20250317 HTTP/1.1" 200 4129 "https://compras.komforthouse.com.br/" "Mozilla/5.0 (Windows NT 10.0; Win64; x64) AppleWebKit/537.36 (KHTML, like Gecko) Chrome/139.0.0.0 Safari/537.36"
201.46.24.65 - - [15/Aug/2025:19:44:15 -0300] "GET /wp-includes/js/tinymce/tinymce.min.js?ver=49110-20250317 HTTP/1.1" 200 365570 "https://compras.komforthouse.com.br/" "Mozilla/5.0 (Windows NT 10.0; Win64; x64) AppleWebKit/537.36 (KHTML, like Gecko) Chrome/139.0.0.0 Safari/537.36"
201.46.24.65 - - [15/Aug/2025:19:44:16 -0300] "GET /wp-content/plugins/supportcandy/asset/images/loader.gif HTTP/1.1" 200 15356 "https://compras.komforthouse.com.br/?wpsc-section=ticket-list" "Mozilla/5.0 (Windows NT 10.0; Win64; x64) AppleWebKit/537.36 (KHTML, like Gecko) Chrome/139.0.0.0 Safari/537.36"
201.46.24.65 - - [15/Aug/2025:19:44:16 -0300] "POST /wp-admin/admin-ajax.php HTTP/1.1" 200 31484 "https://compras.komforthouse.com.br/?wpsc-section=ticket-list" "Mozilla/5.0 (Windows NT 10.0; Win64; x64) AppleWebKit/537.36 (KHTML, like Gecko) Chrome/139.0.0.0 Safari/537.36"
216.73.216.37 - - [15/Aug/2025:19:44:17 -0300] "GET /wp-includes/images/down_arrow.gif HTTP/1.1" 200 59 "-" "Mozilla/5.0 AppleWebKit/537.36 (KHTML, like Gecko; compatible; ClaudeBot/1.0; +claudebot@anthropic.com)"
104.237.189.4 - - [15/Aug/2025:19:44:17 -0300] "GET / HTTP/1.1" 200 129175 "https://www.google.com/" "Mozilla/5.0 (Windows NT 10.0; Win64; x64) AppleWebKit/537.36 (KHTML, like Gecko) Chrome/138.0.0.0 Safari/537.36"
104.237.189.4 - - [15/Aug/2025:19:44:18 -0300] "GET /wp-includes/css/buttons.min.css?ver=6.8.2 HTTP/1.1" 200 6061 "https://compras.komforthouse.com.br/" "Mozilla/5.0 (Windows NT 10.0; Win64; x64) AppleWebKit/537.36 (KHTML, like Gecko) Chrome/138.0.0.0 Safari/537.36"
104.237.189.4 - - [15/Aug/2025:19:44:19 -0300] "GET /wp-includes/css/dashicons.min.css?ver=6.8.2 HTTP/1.1" 200 59016 "https://compras.komforthouse.com.br/" "Mozilla/5.0 (Windows NT 10.0; Win64; x64) AppleWebKit/537.36 (KHTML, like Gecko) Chrome/138.0.0.0 Safari/537.36"
201.46.24.65 - - [15/Aug/2025:19:44:17 -0300] "POST /wp-admin/admin-ajax.php HTTP/1.1" 200 24 "https://compras.komforthouse.com.br/?wpsc-section=ticket-list" "Mozilla/5.0 (Windows NT 10.0; Win64; x64) AppleWebKit/537.36 (KHTML, like Gecko) Chrome/139.0.0.0 Safari/537.36"
104.237.189.4 - - [15/Aug/2025:19:44:19 -0300] "GET /wp-includes/css/editor.min.css?ver=6.8.2 HTTP/1.1" 200 26851 "https://compras.komforthouse.com.br/" "Mozilla/5.0 (Windows NT 10.0; Win64; x64) AppleWebKit/537.36 (KHTML, like Gecko) Chrome/138.0.0.0 Safari/537.36"
104.237.189.4 - - [15/Aug/2025:19:44:19 -0300] "GET /wp-content/plugins/supportcandy/asset/libs/DataTables/datatables.min.css?ver=3.3.0 HTTP/1.1" 200 31159 "https://compras.komforthouse.com.br/" "Mozilla/5.0 (Windows NT 10.0; Win64; x64) AppleWebKit/537.36 (KHTML, like Gecko) Chrome/138.0.0.0 Safari/537.36"
104.237.189.4 - - [15/Aug/2025:19:44:19 -0300] "GET /wp-content/plugins/supportcandy/asset/css/select2.css?ver=3.3.0 HTTP/1.1" 200 15314 "https://compras.komforthouse.com.br/" "Mozilla/5.0 (Windows NT 10.0; Win64; x64) AppleWebKit/537.36 (KHTML, like Gecko) Chrome/138.0.0.0 Safari/537.36"
104.237.189.4 - - [15/Aug/2025:19:44:19 -0300] "GET /wp-content/plugins/supportcandy/asset/libs/gpopover/jquery.gpopover.css?ver=3.3.0 HTTP/1.1" 200 993 "https://compras.komforthouse.com.br/" "Mozilla/5.0 (Windows NT 10.0; Win64; x64) AppleWebKit/537.36 (KHTML, like Gecko) Chrome/138.0.0.0 Safari/537.36"
104.237.189.4 - - [15/Aug/2025:19:44:19 -0300] "GET /wp-content/plugins/supportcandy/framework/style.css?ver=3.3.0 HTTP/1.1" 200 40280 "https://compras.komforthouse.com.br/" "Mozilla/5.0 (Windows NT 10.0; Win64; x64) AppleWebKit/537.36 (KHTML, like Gecko) Chrome/138.0.0.0 Safari/537.36"
104.237.189.4 - - [15/Aug/2025:19:44:19 -0300] "GET /wp-content/plugins/supportcandy/asset/libs/flatpickr/flatpickr.min.css?ver=3.3.0 HTTP/1.1" 200 15954 "https://compras.komforthouse.com.br/" "Mozilla/5.0 (Windows NT 10.0; Win64; x64) AppleWebKit/537.36 (KHTML, like Gecko) Chrome/138.0.0.0 Safari/537.36"
104.237.189.4 - - [15/Aug/2025:19:44:19 -0300] "GET /wp-content/plugins/supportcandy/asset/libs/fullcalendar/lib/main.min.css?ver=3.3.0 HTTP/1.1" 200 25275 "https://compras.komforthouse.com.br/" "Mozilla/5.0 (Windows NT 10.0; Win64; x64) AppleWebKit/537.36 (KHTML, like Gecko) Chrome/138.0.0.0 Safari/537.36"
104.237.189.4 - - [15/Aug/2025:19:44:20 -0300] "GET /wp-content/themes/hello-elementor/style.min.css?ver=3.2.1 HTTP/1.1" 200 5501 "https://compras.komforthouse.com.br/" "Mozilla/5.0 (Windows NT 10.0; Win64; x64) AppleWebKit/537.36 (KHTML, like Gecko) Chrome/138.0.0.0 Safari/537.36"
104.237.189.4 - - [15/Aug/2025:19:44:20 -0300] "GET /wp-content/themes/hello-elementor/theme.min.css?ver=3.2.1 HTTP/1.1" 200 5069 "https://compras.komforthouse.com.br/" "Mozilla/5.0 (Windows NT 10.0; Win64; x64) AppleWebKit/537.36 (KHTML, like Gecko) Chrome/138.0.0.0 Safari/537.36"
104.237.189.4 - - [15/Aug/2025:19:44:20 -0300] "GET /wp-content/themes/hello-elementor/header-footer.min.css?ver=3.2.1 HTTP/1.1" 200 7212 "https://compras.komforthouse.com.br/" "Mozilla/5.0 (Windows NT 10.0; Win64; x64) AppleWebKit/537.36 (KHTML, like Gecko) Chrome/138.0.0.0 Safari/537.36"
104.237.189.4 - - [15/Aug/2025:19:44:20 -0300] "GET /wp-content/uploads/elementor/css/post-6.css?ver=1736275063 HTTP/1.1" 200 1614 "https://compras.komforthouse.com.br/" "Mozilla/5.0 (Windows NT 10.0; Win64; x64) AppleWebKit/537.36 (KHTML, like Gecko) Chrome/138.0.0.0 Safari/537.36"
104.237.189.4 - - [15/Aug/2025:19:44:20 -0300] "GET /wp-content/plugins/elementor/assets/css/widget-image.min.css?ver=3.26.4 HTTP/1.1" 200 254 "https://compras.komforthouse.com.br/" "Mozilla/5.0 (Windows NT 10.0; Win64; x64) AppleWebKit/537.36 (KHTML, like Gecko) Chrome/138.0.0.0 Safari/537.36"
104.237.189.4 - - [15/Aug/2025:19:44:20 -0300] "GET /wp-content/plugins/elementor-pro/assets/css/widget-nav-menu.min.css?ver=3.26.3 HTTP/1.1" 200 26859 "https://compras.komforthouse.com.br/" "Mozilla/5.0 (Windows NT 10.0; Win64; x64) AppleWebKit/537.36 (KHTML, like Gecko) Chrome/138.0.0.0 Safari/537.36"
104.237.189.4 - - [15/Aug/2025:19:44:20 -0300] "GET /wp-content/plugins/elementor/assets/css/widget-social-icons.min.css?ver=3.26.4 HTTP/1.1" 200 5150 "https://compras.komforthouse.com.br/" "Mozilla/5.0 (Windows NT 10.0; Win64; x64) AppleWebKit/537.36 (KHTML, like Gecko) Chrome/138.0.0.0 Safari/537.36"
104.237.189.4 - - [15/Aug/2025:19:44:20 -0300] "GET /wp-content/plugins/elementor/assets/css/frontend.min.css?ver=3.26.4 HTTP/1.1" 200 53257 "https://compras.komforthouse.com.br/" "Mozilla/5.0 (Windows NT 10.0; Win64; x64) AppleWebKit/537.36 (KHTML, like Gecko) Chrome/138.0.0.0 Safari/537.36"
104.237.189.4 - - [15/Aug/2025:19:44:20 -0300] "GET /wp-content/plugins/elementor/assets/css/conditionals/apple-webkit.min.css?ver=3.26.4 HTTP/1.1" 200 7025 "https://compras.komforthouse.com.br/" "Mozilla/5.0 (Windows NT 10.0; Win64; x64) AppleWebKit/537.36 (KHTML, like Gecko) Chrome/138.0.0.0 Safari/537.36"
104.237.189.4 - - [15/Aug/2025:19:44:20 -0300] "GET /wp-content/plugins/elementor/assets/css/widget-heading.min.css?ver=3.26.4 HTTP/1.1" 200 600 "https://compras.komforthouse.com.br/" "Mozilla/5.0 (Windows NT 10.0; Win64; x64) AppleWebKit/537.36 (KHTML, like Gecko) Chrome/138.0.0.0 Safari/537.36"
104.237.189.4 - - [15/Aug/2025:19:44:20 -0300] "GET /wp-content/plugins/elementor/assets/css/widget-divider.min.css?ver=3.26.4 HTTP/1.1" 200 4298 "https://compras.komforthouse.com.br/" "Mozilla/5.0 (Windows NT 10.0; Win64; x64) AppleWebKit/537.36 (KHTML, like Gecko) Chrome/138.0.0.0 Safari/537.36"
104.237.189.4 - - [15/Aug/2025:19:44:20 -0300] "GET /wp-content/plugins/elementor/assets/lib/swiper/v8/css/swiper.min.css?ver=8.4.5 HTTP/1.1" 200 16471 "https://compras.komforthouse.com.br/" "Mozilla/5.0 (Windows NT 10.0; Win64; x64) AppleWebKit/537.36 (KHTML, like Gecko) Chrome/138.0.0.0 Safari/537.36"
104.237.189.4 - - [15/Aug/2025:19:44:20 -0300] "GET /wp-content/plugins/elementor/assets/css/conditionals/e-swiper.min.css?ver=3.26.4 HTTP/1.1" 200 5486 "https://compras.komforthouse.com.br/" "Mozilla/5.0 (Windows NT 10.0; Win64; x64) AppleWebKit/537.36 (KHTML, like Gecko) Chrome/138.0.0.0 Safari/537.36"
104.237.189.4 - - [15/Aug/2025:19:44:20 -0300] "GET /wp-content/plugins/elementor-pro/assets/css/widget-loop-common.min.css?ver=3.26.3 HTTP/1.1" 200 208 "https://compras.komforthouse.com.br/" "Mozilla/5.0 (Windows NT 10.0; Win64; x64) AppleWebKit/537.36 (KHTML, like Gecko) Chrome/138.0.0.0 Safari/537.36"
104.237.189.4 - - [15/Aug/2025:19:44:20 -0300] "GET /wp-content/plugins/elementor-pro/assets/css/widget-loop-carousel.min.css?ver=3.26.3 HTTP/1.1" 200 8391 "https://compras.komforthouse.com.br/" "Mozilla/5.0 (Windows NT 10.0; Win64; x64) AppleWebKit/537.36 (KHTML, like Gecko) Chrome/138.0.0.0 Safari/537.36"
104.237.189.4 - - [15/Aug/2025:19:44:20 -0300] "GET /wp-content/plugins/elementor-pro/assets/css/widget-loop-grid.min.css?ver=3.26.3 HTTP/1.1" 200 13191 "https://compras.komforthouse.com.br/" "Mozilla/5.0 (Windows NT 10.0; Win64; x64) AppleWebKit/537.36 (KHTML, like Gecko) Chrome/138.0.0.0 Safari/537.36"
104.237.189.4 - - [15/Aug/2025:19:44:20 -0300] "GET /wp-content/plugins/elementor/assets/css/widget-icon-box.min.css?ver=3.26.4 HTTP/1.1" 200 10071 "https://compras.komforthouse.com.br/" "Mozilla/5.0 (Windows NT 10.0; Win64; x64) AppleWebKit/537.36 (KHTML, like Gecko) Chrome/138.0.0.0 Safari/537.36"
104.237.189.4 - - [15/Aug/2025:19:44:20 -0300] "GET /wp-content/uploads/elementor/css/post-9.css?ver=1736275063 HTTP/1.1" 200 2456 "https://compras.komforthouse.com.br/" "Mozilla/5.0 (Windows NT 10.0; Win64; x64) AppleWebKit/537.36 (KHTML, like Gecko) Chrome/138.0.0.0 Safari/537.36"
104.237.189.4 - - [15/Aug/2025:19:44:20 -0300] "GET /wp-content/uploads/elementor/css/post-128.css?ver=1736275064 HTTP/1.1" 200 12375 "https://compras.komforthouse.com.br/" "Mozilla/5.0 (Windows NT 10.0; Win64; x64) AppleWebKit/537.36 (KHTML, like Gecko) Chrome/138.0.0.0 Safari/537.36"
104.237.189.4 - - [15/Aug/2025:19:44:20 -0300] "GET /wp-content/uploads/elementor/css/post-98.css?ver=1736275064 HTTP/1.1" 200 16672 "https://compras.komforthouse.com.br/" "Mozilla/5.0 (Windows NT 10.0; Win64; x64) AppleWebKit/537.36 (KHTML, like Gecko) Chrome/138.0.0.0 Safari/537.36"
104.237.189.4 - - [15/Aug/2025:19:44:21 -0300] "GET /wp-includes/js/jquery/jquery-migrate.min.js?ver=3.4.1 HTTP/1.1" 200 13577 "https://compras.komforthouse.com.br/" "Mozilla/5.0 (Windows NT 10.0; Win64; x64) AppleWebKit/537.36 (KHTML, like Gecko) Chrome/138.0.0.0 Safari/537.36"
104.237.189.4 - - [15/Aug/2025:19:44:21 -0300] "GET /wp-includes/js/utils.min.js?ver=6.8.2 HTTP/1.1" 200 1864 "https://compras.komforthouse.com.br/" "Mozilla/5.0 (Windows NT 10.0; Win64; x64) AppleWebKit/537.36 (KHTML, like Gecko) Chrome/138.0.0.0 Safari/537.36"
104.237.189.4 - - [15/Aug/2025:19:44:21 -0300] "GET /wp-content/uploads/2024/05/Akomfort-house-sofas-colchoes-logo-2024-preto.svg HTTP/1.1" 200 13550 "https://compras.komforthouse.com.br/" "Mozilla/5.0 (Windows NT 10.0; Win64; x64) AppleWebKit/537.36 (KHTML, like Gecko) Chrome/138.0.0.0 Safari/537.36"
104.237.189.4 - - [15/Aug/2025:19:44:21 -0300] "GET /wp-includes/js/jquery/jquery.min.js?ver=3.7.1 HTTP/1.1" 200 87553 "https://compras.komforthouse.com.br/" "Mozilla/5.0 (Windows NT 10.0; Win64; x64) AppleWebKit/537.36 (KHTML, like Gecko) Chrome/138.0.0.0 Safari/537.36"
104.237.189.4 - - [15/Aug/2025:19:44:21 -0300] "GET /wp-content/uploads/2024/05/Artboard-4.svg HTTP/1.1" 200 2472 "https://compras.komforthouse.com.br/" "Mozilla/5.0 (Windows NT 10.0; Win64; x64) AppleWebKit/537.36 (KHTML, like Gecko) Chrome/138.0.0.0 Safari/537.36"
104.237.189.4 - - [15/Aug/2025:19:44:21 -0300] "GET /wp-content/uploads/2024/05/Assinatura_Email_v1-1-1.png HTTP/1.1" 200 100210 "https://compras.komforthouse.com.br/" "Mozilla/5.0 (Windows NT 10.0; Win64; x64) AppleWebKit/537.36 (KHTML, like Gecko) Chrome/138.0.0.0 Safari/537.36"
162.214.27.60 - - [15/Aug/2025:19:44:21 -0300] "POST /wp-cron.php?doing_wp_cron=1755297861.0400879383087158203125 HTTP/1.1" 200 - "-" "WordPress/6.8.2; https://compras.komforthouse.com.br"
201.46.24.65 - - [15/Aug/2025:19:44:20 -0300] "POST /wp-admin/admin-ajax.php HTTP/1.1" 200 25871 "https://compras.komforthouse.com.br/?wpsc-section=new-ticket" "Mozilla/5.0 (Windows NT 10.0; Win64; x64) AppleWebKit/537.36 (KHTML, like Gecko) Chrome/139.0.0.0 Safari/537.36"
104.237.189.4 - - [15/Aug/2025:19:44:22 -0300] "GET /wp-content/uploads/2024/05/komfort-house-sofas-colchoes-logo-2024-branco.svg HTTP/1.1" 200 13550 "https://compras.komforthouse.com.br/" "Mozilla/5.0 (Windows NT 10.0; Win64; x64) AppleWebKit/537.36 (KHTML, like Gecko) Chrome/138.0.0.0 Safari/537.36"
104.237.189.4 - - [15/Aug/2025:19:44:21 -0300] "GET /wp-content/uploads/2024/05/Assinatura_Email_v1-1-1536x430.png HTTP/1.1" 200 255156 "https://compras.komforthouse.com.br/" "Mozilla/5.0 (Windows NT 10.0; Win64; x64) AppleWebKit/537.36 (KHTML, like Gecko) Chrome/138.0.0.0 Safari/537.36"
104.237.189.4 - - [15/Aug/2025:19:44:22 -0300] "GET /wp-content/plugins/elementor/assets/css/widget-video.min.css?ver=3.26.4 HTTP/1.1" 200 1867 "https://compras.komforthouse.com.br/" "Mozilla/5.0 (Windows NT 10.0; Win64; x64) AppleWebKit/537.36 (KHTML, like Gecko) Chrome/138.0.0.0 Safari/537.36"
201.46.24.65 - - [15/Aug/2025:19:44:22 -0300] "GET /wp-includes/js/tinymce/themes/modern/theme.min.js HTTP/1.1" 200 130746 "https://compras.komforthouse.com.br/?wpsc-section=new-ticket" "Mozilla/5.0 (Windows NT 10.0; Win64; x64) AppleWebKit/537.36 (KHTML, like Gecko) Chrome/139.0.0.0 Safari/537.36"
104.237.189.4 - - [15/Aug/2025:19:44:22 -0300] "GET /wp-includes/js/jquery/ui/core.min.js?ver=1.13.3 HTTP/1.1" 200 21464 "https://compras.komforthouse.com.br/" "Mozilla/5.0 (Windows NT 10.0; Win64; x64) AppleWebKit/537.36 (KHTML, like Gecko) Chrome/138.0.0.0 Safari/537.36"
104.237.189.4 - - [15/Aug/2025:19:44:22 -0300] "GET /wp-admin/js/editor.min.js?ver=6.8.2 HTTP/1.1" 200 13066 "https://compras.komforthouse.com.br/" "Mozilla/5.0 (Windows NT 10.0; Win64; x64) AppleWebKit/537.36 (KHTML, like Gecko) Chrome/138.0.0.0 Safari/537.36"
216.73.216.37 - - [15/Aug/2025:19:44:22 -0300] "GET /wp-includes/pomo/?C=S&O=D HTTP/1.1" 200 1779 "-" "Mozilla/5.0 AppleWebKit/537.36 (KHTML, like Gecko; compatible; ClaudeBot/1.0; +claudebot@anthropic.com)"
104.237.189.4 - - [15/Aug/2025:19:44:22 -0300] "GET /wp-includes/js/quicktags.min.js?ver=6.8.2 HTTP/1.1" 200 11132 "https://compras.komforthouse.com.br/" "Mozilla/5.0 (Windows NT 10.0; Win64; x64) AppleWebKit/537.36 (KHTML, like Gecko) Chrome/138.0.0.0 Safari/537.36"
104.237.189.4 - - [15/Aug/2025:19:44:22 -0300] "GET /wp-includes/js/hoverIntent.min.js?ver=1.10.2 HTTP/1.1" 200 1499 "https://compras.komforthouse.com.br/" "Mozilla/5.0 (Windows NT 10.0; Win64; x64) AppleWebKit/537.36 (KHTML, like Gecko) Chrome/138.0.0.0 Safari/537.36"
201.46.24.65 - - [15/Aug/2025:19:44:23 -0300] "GET /wp-includes/js/tinymce/plugins/lists/plugin.min.js HTTP/1.1" 200 26968 "https://compras.komforthouse.com.br/?wpsc-section=new-ticket" "Mozilla/5.0 (Windows NT 10.0; Win64; x64) AppleWebKit/537.36 (KHTML, like Gecko) Chrome/139.0.0.0 Safari/537.36"
201.46.24.65 - - [15/Aug/2025:19:44:23 -0300] "GET /wp-includes/js/tinymce/plugins/link/plugin.min.js HTTP/1.1" 200 8940 "https://compras.komforthouse.com.br/?wpsc-section=new-ticket" "Mozilla/5.0 (Windows NT 10.0; Win64; x64) AppleWebKit/537.36 (KHTML, like Gecko) Chrome/139.0.0.0 Safari/537.36"
104.237.189.4 - - [15/Aug/2025:19:44:23 -0300] "GET /wp-includes/js/dist/dom-ready.min.js?ver=f77871ff7694fffea381 HTTP/1.1" 200 457 "https://compras.komforthouse.com.br/" "Mozilla/5.0 (Windows NT 10.0; Win64; x64) AppleWebKit/537.36 (KHTML, like Gecko) Chrome/138.0.0.0 Safari/537.36"
104.237.189.4 - - [15/Aug/2025:19:44:23 -0300] "GET /wp-includes/js/dist/hooks.min.js?ver=4d63a3d491d11ffd8ac6 HTTP/1.1" 200 4776 "https://compras.komforthouse.com.br/" "Mozilla/5.0 (Windows NT 10.0; Win64; x64) AppleWebKit/537.36 (KHTML, like Gecko) Chrome/138.0.0.0 Safari/537.36"
201.46.24.65 - - [15/Aug/2025:19:44:23 -0300] "GET /wp-includes/js/tinymce/plugins/directionality/plugin.min.js HTTP/1.1" 200 857 "https://compras.komforthouse.com.br/?wpsc-section=new-ticket" "Mozilla/5.0 (Windows NT 10.0; Win64; x64) AppleWebKit/537.36 (KHTML, like Gecko) Chrome/139.0.0.0 Safari/537.36"
201.46.24.65 - - [15/Aug/2025:19:44:23 -0300] "GET /wp-includes/js/tinymce/plugins/wpautoresize/plugin.min.js HTTP/1.1" 200 2344 "https://compras.komforthouse.com.br/?wpsc-section=new-ticket" "Mozilla/5.0 (Windows NT 10.0; Win64; x64) AppleWebKit/537.36 (KHTML, like Gecko) Chrome/139.0.0.0 Safari/537.36"
201.46.24.65 - - [15/Aug/2025:19:44:23 -0300] "GET /wp-includes/js/tinymce/plugins/textcolor/plugin.min.js HTTP/1.1" 200 4927 "https://compras.komforthouse.com.br/?wpsc-section=new-ticket" "Mozilla/5.0 (Windows NT 10.0; Win64; x64) AppleWebKit/537.36 (KHTML, like Gecko) Chrome/139.0.0.0 Safari/537.36"
104.237.189.4 - - [15/Aug/2025:19:44:23 -0300] "GET /wp-includes/js/dist/i18n.min.js?ver=5e580eb46a90c2b997e6 HTTP/1.1" 200 9141 "https://compras.komforthouse.com.br/" "Mozilla/5.0 (Windows NT 10.0; Win64; x64) AppleWebKit/537.36 (KHTML, like Gecko) Chrome/138.0.0.0 Safari/537.36"
201.46.24.65 - - [15/Aug/2025:19:44:23 -0300] "GET /wp-includes/js/tinymce/plugins/paste/plugin.min.js HTTP/1.1" 200 30837 "https://compras.komforthouse.com.br/?wpsc-section=new-ticket" "Mozilla/5.0 (Windows NT 10.0; Win64; x64) AppleWebKit/537.36 (KHTML, like Gecko) Chrome/139.0.0.0 Safari/537.36"
104.237.189.4 - - [15/Aug/2025:19:44:23 -0300] "GET /wp-includes/js/dist/a11y.min.js?ver=3156534cc54473497e14 HTTP/1.1" 200 2358 "https://compras.komforthouse.com.br/" "Mozilla/5.0 (Windows NT 10.0; Win64; x64) AppleWebKit/537.36 (KHTML, like Gecko) Chrome/138.0.0.0 Safari/537.36"
201.46.24.65 - - [15/Aug/2025:19:44:23 -0300] "GET /wp-includes/js/tinymce/skins/lightgray/content.min.css HTTP/1.1" 200 4017 "https://compras.komforthouse.com.br/?wpsc-section=new-ticket" "Mozilla/5.0 (Windows NT 10.0; Win64; x64) AppleWebKit/537.36 (KHTML, like Gecko) Chrome/139.0.0.0 Safari/537.36"
104.237.189.4 - - [15/Aug/2025:19:44:23 -0300] "GET /wp-admin/js/common.min.js?ver=6.8.2 HTTP/1.1" 200 23676 "https://compras.komforthouse.com.br/" "Mozilla/5.0 (Windows NT 10.0; Win64; x64) AppleWebKit/537.36 (KHTML, like Gecko) Chrome/138.0.0.0 Safari/537.36"
104.237.189.4 - - [15/Aug/2025:19:44:23 -0300] "GET /wp-includes/js/wplink.min.js?ver=6.8.2 HTTP/1.1" 200 11317 "https://compras.komforthouse.com.br/" "Mozilla/5.0 (Windows NT 10.0; Win64; x64) AppleWebKit/537.36 (KHTML, like Gecko) Chrome/138.0.0.0 Safari/537.36"
201.46.24.65 - - [15/Aug/2025:19:44:23 -0300] "GET /wp-includes/js/tinymce/skins/lightgray/skin.min.css HTTP/1.1" 200 44010 "https://compras.komforthouse.com.br/?wpsc-section=new-ticket" "Mozilla/5.0 (Windows NT 10.0; Win64; x64) AppleWebKit/537.36 (KHTML, like Gecko) Chrome/139.0.0.0 Safari/537.36"
201.46.24.65 - - [15/Aug/2025:19:44:24 -0300] "GET /wp-includes/js/tinymce/skins/lightgray/fonts/tinymce.woff HTTP/1.1" 200 18824 "https://compras.komforthouse.com.br/wp-includes/js/tinymce/skins/lightgray/skin.min.css" "Mozilla/5.0 (Windows NT 10.0; Win64; x64) AppleWebKit/537.36 (KHTML, like Gecko) Chrome/139.0.0.0 Safari/537.36"
104.237.189.4 - - [15/Aug/2025:19:44:24 -0300] "GET /wp-includes/js/jquery/ui/menu.min.js?ver=1.13.3 HTTP/1.1" 200 10199 "https://compras.komforthouse.com.br/" "Mozilla/5.0 (Windows NT 10.0; Win64; x64) AppleWebKit/537.36 (KHTML, like Gecko) Chrome/138.0.0.0 Safari/537.36"
104.237.189.4 - - [15/Aug/2025:19:44:24 -0300] "GET /wp-includes/js/jquery/ui/autocomplete.min.js?ver=1.13.3 HTTP/1.1" 200 8536 "https://compras.komforthouse.com.br/" "Mozilla/5.0 (Windows NT 10.0; Win64; x64) AppleWebKit/537.36 (KHTML, like Gecko) Chrome/138.0.0.0 Safari/537.36"
104.237.189.4 - - [15/Aug/2025:19:44:24 -0300] "GET /wp-includes/js/thickbox/thickbox.js?ver=3.1-20121105 HTTP/1.1" 200 13332 "https://compras.komforthouse.com.br/" "Mozilla/5.0 (Windows NT 10.0; Win64; x64) AppleWebKit/537.36 (KHTML, like Gecko) Chrome/138.0.0.0 Safari/537.36"
104.237.189.4 - - [15/Aug/2025:19:44:24 -0300] "GET /wp-includes/js/underscore.min.js?ver=1.13.7 HTTP/1.1" 200 18905 "https://compras.komforthouse.com.br/" "Mozilla/5.0 (Windows NT 10.0; Win64; x64) AppleWebKit/537.36 (KHTML, like Gecko) Chrome/138.0.0.0 Safari/537.36"
104.237.189.4 - - [15/Aug/2025:19:44:24 -0300] "GET /wp-includes/js/shortcode.min.js?ver=6.8.2 HTTP/1.1" 200 2643 "https://compras.komforthouse.com.br/" "Mozilla/5.0 (Windows NT 10.0; Win64; x64) AppleWebKit/537.36 (KHTML, like Gecko) Chrome/138.0.0.0 Safari/537.36"
104.237.189.4 - - [15/Aug/2025:19:44:24 -0300] "GET /wp-admin/js/media-upload.min.js?ver=6.8.2 HTTP/1.1" 200 1152 "https://compras.komforthouse.com.br/" "Mozilla/5.0 (Windows NT 10.0; Win64; x64) AppleWebKit/537.36 (KHTML, like Gecko) Chrome/138.0.0.0 Safari/537.36"
104.237.189.4 - - [15/Aug/2025:19:44:25 -0300] "GET /wp-includes/js/jquery/ui/effect-slide.min.js?ver=1.13.3 HTTP/1.1" 200 917 "https://compras.komforthouse.com.br/" "Mozilla/5.0 (Windows NT 10.0; Win64; x64) AppleWebKit/537.36 (KHTML, like Gecko) Chrome/138.0.0.0 Safari/537.36"
104.237.189.4 - - [15/Aug/2025:19:44:25 -0300] "GET /wp-includes/js/jquery/ui/effect.min.js?ver=1.13.3 HTTP/1.1" 200 10332 "https://compras.komforthouse.com.br/" "Mozilla/5.0 (Windows NT 10.0; Win64; x64) AppleWebKit/537.36 (KHTML, like Gecko) Chrome/138.0.0.0 Safari/537.36"
104.237.189.4 - - [15/Aug/2025:19:44:25 -0300] "GET /wp-includes/js/jquery/ui/mouse.min.js?ver=1.13.3 HTTP/1.1" 200 3428 "https://compras.komforthouse.com.br/" "Mozilla/5.0 (Windows NT 10.0; Win64; x64) AppleWebKit/537.36 (KHTML, like Gecko) Chrome/138.0.0.0 Safari/537.36"
104.237.189.4 - - [15/Aug/2025:19:44:25 -0300] "GET /wp-includes/js/jquery/ui/sortable.min.js?ver=1.13.3 HTTP/1.1" 200 25504 "https://compras.komforthouse.com.br/" "Mozilla/5.0 (Windows NT 10.0; Win64; x64) AppleWebKit/537.36 (KHTML, like Gecko) Chrome/138.0.0.0 Safari/537.36"
104.237.189.4 - - [15/Aug/2025:19:44:25 -0300] "GET /wp-content/plugins/supportcandy/framework/scripts.js?ver=3.3.0 HTTP/1.1" 200 81237 "https://compras.komforthouse.com.br/" "Mozilla/5.0 (Windows NT 10.0; Win64; x64) AppleWebKit/537.36 (KHTML, like Gecko) Chrome/138.0.0.0 Safari/537.36"
104.237.189.4 - - [15/Aug/2025:19:44:25 -0300] "GET /wp-content/plugins/supportcandy/asset/js/selectWoo/selectWoo.full.min.js?ver=3.3.0 HTTP/1.1" 200 77138 "https://compras.komforthouse.com.br/" "Mozilla/5.0 (Windows NT 10.0; Win64; x64) AppleWebKit/537.36 (KHTML, like Gecko) Chrome/138.0.0.0 Safari/537.36"
104.237.189.4 - - [15/Aug/2025:19:44:26 -0300] "GET /wp-content/plugins/supportcandy/asset/js/selectWoo/i18n/pt_BR.js?ver=3.3.0 HTTP/1.1" 200 853 "https://compras.komforthouse.com.br/" "Mozilla/5.0 (Windows NT 10.0; Win64; x64) AppleWebKit/537.36 (KHTML, like Gecko) Chrome/138.0.0.0 Safari/537.36"
104.237.189.4 - - [15/Aug/2025:19:44:26 -0300] "GET /wp-content/plugins/supportcandy/asset/libs/gpopover/jquery.gpopover.js?ver=3.3.0 HTTP/1.1" 200 6095 "https://compras.komforthouse.com.br/" "Mozilla/5.0 (Windows NT 10.0; Win64; x64) AppleWebKit/537.36 (KHTML, like Gecko) Chrome/138.0.0.0 Safari/537.36"
104.237.189.4 - - [15/Aug/2025:19:44:26 -0300] "GET /wp-content/plugins/supportcandy/asset/libs/jquery-circle-progress/circle-progress.min.js?ver=3.3.0 HTTP/1.1" 200 4445 "https://compras.komforthouse.com.br/" "Mozilla/5.0 (Windows NT 10.0; Win64; x64) AppleWebKit/537.36 (KHTML, like Gecko) Chrome/138.0.0.0 Safari/537.36"
104.237.189.4 - - [15/Aug/2025:19:44:26 -0300] "GET /wp-content/plugins/supportcandy/asset/libs/flatpickr/flatpickr.js?ver=3.3.0 HTTP/1.1" 200 48518 "https://compras.komforthouse.com.br/" "Mozilla/5.0 (Windows NT 10.0; Win64; x64) AppleWebKit/537.36 (KHTML, like Gecko) Chrome/138.0.0.0 Safari/537.36"
104.237.189.4 - - [15/Aug/2025:19:44:26 -0300] "GET /wp-content/plugins/supportcandy/asset/libs/flatpickr/l10n/pt.js?ver=3.3.0 HTTP/1.1" 200 1318 "https://compras.komforthouse.com.br/" "Mozilla/5.0 (Windows NT 10.0; Win64; x64) AppleWebKit/537.36 (KHTML, like Gecko) Chrome/138.0.0.0 Safari/537.36"
104.237.189.4 - - [15/Aug/2025:19:44:26 -0300] "GET /wp-content/plugins/supportcandy/asset/libs/fullcalendar/lib/locales-all.min.js?ver=3.3.0 HTTP/1.1" 200 20398 "https://compras.komforthouse.com.br/" "Mozilla/5.0 (Windows NT 10.0; Win64; x64) AppleWebKit/537.36 (KHTML, like Gecko) Chrome/138.0.0.0 Safari/537.36"
104.237.189.4 - - [15/Aug/2025:19:44:26 -0300] "GET /wp-content/plugins/supportcandy/asset/libs/fullcalendar/lib/main.min.js?ver=3.3.0 HTTP/1.1" 200 263467 "https://compras.komforthouse.com.br/" "Mozilla/5.0 (Windows NT 10.0; Win64; x64) AppleWebKit/537.36 (KHTML, like Gecko) Chrome/138.0.0.0 Safari/537.36"
104.237.189.4 - - [15/Aug/2025:19:44:27 -0300] "GET /wp-content/plugins/supportcandy/asset/libs/DataTables/datatables.min.js?ver=3.3.0 HTTP/1.1" 200 114569 "https://compras.komforthouse.com.br/" "Mozilla/5.0 (Windows NT 10.0; Win64; x64) AppleWebKit/537.36 (KHTML, like Gecko) Chrome/138.0.0.0 Safari/537.36"
104.237.189.4 - - [15/Aug/2025:19:44:27 -0300] "GET /wp-content/plugins/supportcandy/asset/libs/chartjs/dist/chart.min.js?ver=3.3.0 HTTP/1.1" 200 182016 "https://compras.komforthouse.com.br/" "Mozilla/5.0 (Windows NT 10.0; Win64; x64) AppleWebKit/537.36 (KHTML, like Gecko) Chrome/138.0.0.0 Safari/537.36"
216.73.216.37 - - [15/Aug/2025:19:44:27 -0300] "GET /wp-includes/widgets/?C=N&O=A HTTP/1.1" 200 4694 "-" "Mozilla/5.0 AppleWebKit/537.36 (KHTML, like Gecko; compatible; ClaudeBot/1.0; +claudebot@anthropic.com)"
104.237.189.4 - - [15/Aug/2025:19:44:27 -0300] "GET /wp-content/themes/hello-elementor/assets/js/hello-frontend.min.js?ver=3.2.1 HTTP/1.1" 200 1936 "https://compras.komforthouse.com.br/" "Mozilla/5.0 (Windows NT 10.0; Win64; x64) AppleWebKit/537.36 (KHTML, like Gecko) Chrome/138.0.0.0 Safari/537.36"
104.237.189.4 - - [15/Aug/2025:19:44:28 -0300] "GET /wp-content/plugins/elementor-pro/assets/lib/smartmenus/jquery.smartmenus.min.js?ver=1.2.1 HTTP/1.1" 200 24109 "https://compras.komforthouse.com.br/" "Mozilla/5.0 (Windows NT 10.0; Win64; x64) AppleWebKit/537.36 (KHTML, like Gecko) Chrome/138.0.0.0 Safari/537.36"
104.237.189.4 - - [15/Aug/2025:19:44:28 -0300] "GET /wp-includes/js/imagesloaded.min.js?ver=5.0.0 HTTP/1.1" 200 5520 "https://compras.komforthouse.com.br/" "Mozilla/5.0 (Windows NT 10.0; Win64; x64) AppleWebKit/537.36 (KHTML, like Gecko) Chrome/138.0.0.0 Safari/537.36"
104.237.189.4 - - [15/Aug/2025:19:44:28 -0300] "GET /wp-content/plugins/elementor-pro/assets/js/webpack-pro.runtime.min.js?ver=3.26.3 HTTP/1.1" 200 6263 "https://compras.komforthouse.com.br/" "Mozilla/5.0 (Windows NT 10.0; Win64; x64) AppleWebKit/537.36 (KHTML, like Gecko) Chrome/138.0.0.0 Safari/537.36"
104.237.189.4 - - [15/Aug/2025:19:44:28 -0300] "GET /wp-content/plugins/elementor/assets/js/webpack.runtime.min.js?ver=3.26.4 HTTP/1.1" 200 5326 "https://compras.komforthouse.com.br/" "Mozilla/5.0 (Windows NT 10.0; Win64; x64) AppleWebKit/537.36 (KHTML, like Gecko) Chrome/138.0.0.0 Safari/537.36"
104.237.189.4 - - [15/Aug/2025:19:44:28 -0300] "GET /wp-content/plugins/elementor/assets/js/frontend-modules.min.js?ver=3.26.4 HTTP/1.1" 200 52754 "https://compras.komforthouse.com.br/" "Mozilla/5.0 (Windows NT 10.0; Win64; x64) AppleWebKit/537.36 (KHTML, like Gecko) Chrome/138.0.0.0 Safari/537.36"
104.237.189.4 - - [15/Aug/2025:19:44:28 -0300] "GET /wp-content/plugins/elementor-pro/assets/js/frontend.min.js?ver=3.26.3 HTTP/1.1" 200 24210 "https://compras.komforthouse.com.br/" "Mozilla/5.0 (Windows NT 10.0; Win64; x64) AppleWebKit/537.36 (KHTML, like Gecko) Chrome/138.0.0.0 Safari/537.36"
104.237.189.4 - - [15/Aug/2025:19:44:28 -0300] "GET /wp-content/plugins/elementor/assets/js/frontend.min.js?ver=3.26.4 HTTP/1.1" 200 45428 "https://compras.komforthouse.com.br/" "Mozilla/5.0 (Windows NT 10.0; Win64; x64) AppleWebKit/537.36 (KHTML, like Gecko) Chrome/138.0.0.0 Safari/537.36"
104.237.189.4 - - [15/Aug/2025:19:44:29 -0300] "GET /wp-content/plugins/elementor-pro/assets/js/elements-handlers.min.js?ver=3.26.3 HTTP/1.1" 200 44624 "https://compras.komforthouse.com.br/" "Mozilla/5.0 (Windows NT 10.0; Win64; x64) AppleWebKit/537.36 (KHTML, like Gecko) Chrome/138.0.0.0 Safari/537.36"
104.237.189.4 - - [15/Aug/2025:19:44:29 -0300] "GET /wp-content/plugins/supportcandy/asset/images/loader-white.gif HTTP/1.1" 200 11647 "https://compras.komforthouse.com.br/" "Mozilla/5.0 (Windows NT 10.0; Win64; x64) AppleWebKit/537.36 (KHTML, like Gecko) Chrome/138.0.0.0 Safari/537.36"
104.237.189.4 - - [15/Aug/2025:19:44:29 -0300] "GET /wp-content/uploads/2024/05/checklist-clipboard-task-management-online-survey-komfort.jpg HTTP/1.1" 200 124052 "https://compras.komforthouse.com.br/wp-content/uploads/elementor/css/post-98.css?ver=1736275064" "Mozilla/5.0 (Windows NT 10.0; Win64; x64) AppleWebKit/537.36 (KHTML, like Gecko) Chrome/138.0.0.0 Safari/537.36"
104.237.189.4 - - [15/Aug/2025:19:44:29 -0300] "GET /wp-includes/js/wp-emoji-release.min.js?ver=6.8.2 HTTP/1.1" 200 19251 "https://compras.komforthouse.com.br/" "Mozilla/5.0 (Windows NT 10.0; Win64; x64) AppleWebKit/537.36 (KHTML, like Gecko) Chrome/138.0.0.0 Safari/537.36"
104.237.189.4 - - [15/Aug/2025:19:44:30 -0300] "GET /wp-content/plugins/supportcandy/framework/responsive/lg.css?version=3.3.0 HTTP/1.1" 200 411 "https://compras.komforthouse.com.br/" "Mozilla/5.0 (Windows NT 10.0; Win64; x64) AppleWebKit/537.36 (KHTML, like Gecko) Chrome/138.0.0.0 Safari/537.36"
104.237.189.4 - - [15/Aug/2025:19:44:30 -0300] "GET /wp-includes/js/thickbox/loadingAnimation.gif HTTP/1.1" 200 15238 "https://compras.komforthouse.com.br/" "Mozilla/5.0 (Windows NT 10.0; Win64; x64) AppleWebKit/537.36 (KHTML, like Gecko) Chrome/138.0.0.0 Safari/537.36"
104.237.189.4 - - [15/Aug/2025:19:44:31 -0300] "GET /wp-content/plugins/elementor-pro/assets/js/loop.4a16d82b8b5e3e00f25e.bundle.min.js HTTP/1.1" 200 9365 "https://compras.komforthouse.com.br/" "Mozilla/5.0 (Windows NT 10.0; Win64; x64) AppleWebKit/537.36 (KHTML, like Gecko) Chrome/138.0.0.0 Safari/537.36"
104.237.189.4 - - [15/Aug/2025:19:44:31 -0300] "GET /wp-content/plugins/elementor-pro/assets/js/nav-menu.a23fbd67486c5bedf26c.bundle.min.js HTTP/1.1" 200 5282 "https://compras.komforthouse.com.br/" "Mozilla/5.0 (Windows NT 10.0; Win64; x64) AppleWebKit/537.36 (KHTML, like Gecko) Chrome/138.0.0.0 Safari/537.36"
104.237.189.4 - - [15/Aug/2025:19:44:31 -0300] "GET /wp-content/plugins/elementor-pro/assets/js/loop-carousel.f8067ec0c24b628c786e.bundle.min.js HTTP/1.1" 200 1357 "https://compras.komforthouse.com.br/" "Mozilla/5.0 (Windows NT 10.0; Win64; x64) AppleWebKit/537.36 (KHTML, like Gecko) Chrome/138.0.0.0 Safari/537.36"
104.237.189.4 - - [15/Aug/2025:19:44:31 -0300] "GET /wp-content/plugins/elementor-pro/assets/js/load-more.8b46f464e573feab5dd7.bundle.min.js HTTP/1.1" 200 5346 "https://compras.komforthouse.com.br/" "Mozilla/5.0 (Windows NT 10.0; Win64; x64) AppleWebKit/537.36 (KHTML, like Gecko) Chrome/138.0.0.0 Safari/537.36"
104.237.189.4 - - [15/Aug/2025:19:44:31 -0300] "GET /wp-content/plugins/elementor-pro/assets/js/ajax-pagination.2090b5f4906bcda1dcc2.bundle.min.js HTTP/1.1" 200 2814 "https://compras.komforthouse.com.br/" "Mozilla/5.0 (Windows NT 10.0; Win64; x64) AppleWebKit/537.36 (KHTML, like Gecko) Chrome/138.0.0.0 Safari/537.36"
104.237.189.4 - - [15/Aug/2025:19:44:31 -0300] "GET /wp-content/plugins/elementor/assets/js/video.69da75ce0dd084cc3596.bundle.min.js HTTP/1.1" 200 3247 "https://compras.komforthouse.com.br/" "Mozilla/5.0 (Windows NT 10.0; Win64; x64) AppleWebKit/537.36 (KHTML, like Gecko) Chrome/138.0.0.0 Safari/537.36"
104.237.189.4 - - [15/Aug/2025:19:44:31 -0300] "GET /wp-content/plugins/elementor/assets/lib/swiper/v8/swiper.min.js?ver=8.4.5 HTTP/1.1" 200 143709 "https://compras.komforthouse.com.br/" "Mozilla/5.0 (Windows NT 10.0; Win64; x64) AppleWebKit/537.36 (KHTML, like Gecko) Chrome/138.0.0.0 Safari/537.36"
216.73.216.37 - - [15/Aug/2025:19:44:32 -0300] "GET /wp-includes/js/tinymce/skins/lightgray/fonts/?C=S&O=A HTTP/1.1" 200 2248 "-" "Mozilla/5.0 AppleWebKit/537.36 (KHTML, like Gecko; compatible; ClaudeBot/1.0; +claudebot@anthropic.com)"
201.46.24.65 - - [15/Aug/2025:19:45:05 -0300] "POST /wp-admin/admin-ajax.php HTTP/1.1" 200 406 "https://compras.komforthouse.com.br/?wpsc-section=new-ticket" "Mozilla/5.0 (Windows NT 10.0; Win64; x64) AppleWebKit/537.36 (KHTML, like Gecko) Chrome/139.0.0.0 Safari/537.36"
216.73.216.37 - - [15/Aug/2025:19:45:09 -0300] "GET /wp-includes/sodium_compat/namespaced/?C=M&O=A HTTP/1.1" 200 1466 "-" "Mozilla/5.0 AppleWebKit/537.36 (KHTML, like Gecko; compatible; ClaudeBot/1.0; +claudebot@anthropic.com)"
201.46.24.65 - - [15/Aug/2025:19:45:07 -0300] "POST /wp-admin/admin-ajax.php HTTP/1.1" 200 - "https://compras.komforthouse.com.br/?wpsc-section=new-ticket" "Mozilla/5.0 (Windows NT 10.0; Win64; x64) AppleWebKit/537.36 (KHTML, like Gecko) Chrome/139.0.0.0 Safari/537.36"
216.73.216.37 - - [15/Aug/2025:19:45:14 -0300] "GET /wp-includes/sodium_compat/lib/?C=M&O=A HTTP/1.1" 200 2411 "-" "Mozilla/5.0 AppleWebKit/537.36 (KHTML, like Gecko; compatible; ClaudeBot/1.0; +claudebot@anthropic.com)"
216.73.216.37 - - [15/Aug/2025:19:45:19 -0300] "GET /wp-includes/style-engine/?C=M&O=D HTTP/1.1" 200 1755 "-" "Mozilla/5.0 AppleWebKit/537.36 (KHTML, like Gecko; compatible; ClaudeBot/1.0; +claudebot@anthropic.com)"
216.73.216.37 - - [15/Aug/2025:19:45:24 -0300] "GET /wp-includes/css/?C=D&O=A HTTP/1.1" 200 8808 "-" "Mozilla/5.0 AppleWebKit/537.36 (KHTML, like Gecko; compatible; ClaudeBot/1.0; +claudebot@anthropic.com)"
