162.214.27.60 - - [15/Aug/2025:20:20:08 -0300] "POST /wp-cron.php?doing_wp_cron=1755300008.6163299083709716796875 HTTP/1.1" 200 - "-" "WordPress/6.8.2; https://blog.komforthouse.com.br"
162.214.27.60 - - [15/Aug/2025:20:20:09 -0300] "POST /wp-admin/admin-ajax.php?action=async_litespeed&nonce=6RLoyMiwTSVRifdIj6HQpNonKMPKI2qJ&litespeed_type=imgoptm HTTP/1.1" 200 1 "-" "WordPress/6.8.2; https://blog.komforthouse.com.br"
44.213.36.21 - - [15/Aug/2025:20:21:15 -0300] "GET / HTTP/1.1" 200 127418 "-" "Mozilla/5.0 AppleWebKit/537.36 (KHTML, like Gecko; compatible; Amazonbot/0.1; +https://developer.amazon.com/support/amazonbot) Chrome/119.0.6045.214 Safari/537.36"
162.214.27.60 - - [15/Aug/2025:20:21:16 -0300] "POST /wp-cron.php?doing_wp_cron=1755300076.8645260334014892578125 HTTP/1.1" 200 - "-" "WordPress/6.8.2; https://blog.komforthouse.com.br"
162.214.27.60 - - [15/Aug/2025:20:21:18 -0300] "POST /wp-admin/admin-ajax.php?action=async_litespeed&nonce=GBHwvKOjZZW4DjOGKgb6SR9bxJb2mHv1&litespeed_type=imgoptm HTTP/1.1" 200 1 "-" "WordPress/6.8.2; https://blog.komforthouse.com.br"
57.141.2.6 - - [15/Aug/2025:20:26:41 -0300] "GET /historia-e-significado-do-sofa-barcelona-explorando-a-elegancia-iconica/ HTTP/1.1" 200 88225 "-" "meta-externalagent/1.1 (+https://developers.facebook.com/docs/sharing/webmasters/crawler)"
162.214.27.60 - - [15/Aug/2025:20:26:42 -0300] "POST /wp-admin/admin-ajax.php?action=async_litespeed&nonce=COEnqgtbVmJRhfSnF9XMJBfKEsKcNbhR&litespeed_type=imgoptm HTTP/1.1" 200 1 "-" "WordPress/6.8.2; https://blog.komforthouse.com.br"
162.214.27.60 - - [15/Aug/2025:20:26:41 -0300] "POST /wp-cron.php?doing_wp_cron=1755300401.9128398895263671875000 HTTP/1.1" 200 - "-" "WordPress/6.8.2; https://blog.komforthouse.com.br"
196.251.69.55 - - [15/Aug/2025:20:28:21 -0300] "POST /wp-login.php HTTP/1.1" 200 9733 "-" "Mozilla/5.0"
162.214.27.60 - - [15/Aug/2025:20:28:22 -0300] "POST /wp-cron.php?doing_wp_cron=1755300502.4637289047241210937500 HTTP/1.1" 200 - "-" "WordPress/6.8.2; https://blog.komforthouse.com.br"
162.214.27.60 - - [15/Aug/2025:20:28:23 -0300] "POST /wp-admin/admin-ajax.php?action=async_litespeed&nonce=YASKHObAbvKKhDupiZhflohyCVh2AZ3E&litespeed_type=imgoptm HTTP/1.1" 200 1 "-" "WordPress/6.8.2; https://blog.komforthouse.com.br"
196.251.112.104 - - [15/Aug/2025:20:29:01 -0300] "POST /wp-login.php HTTP/1.1" 200 9733 "-" "Mozilla/5.0"
162.214.27.60 - - [15/Aug/2025:20:29:03 -0300] "POST /wp-admin/admin-ajax.php?action=async_litespeed&nonce=kCbvZFAzX9hhehbNqcqXNMHSWsbaI0JP&litespeed_type=imgoptm HTTP/1.1" 200 1 "-" "WordPress/6.8.2; https://blog.komforthouse.com.br"
162.214.27.60 - - [15/Aug/2025:20:29:02 -0300] "POST /wp-cron.php?doing_wp_cron=1755300542.2587358951568603515625 HTTP/1.1" 200 - "-" "WordPress/6.8.2; https://blog.komforthouse.com.br"
162.214.27.60 - - [15/Aug/2025:20:36:24 -0300] "POST /wp-cron.php?doing_wp_cron=1755300984.5721819400787353515625 HTTP/1.1" 200 - "-" "WordPress/6.8.2; https://blog.komforthouse.com.br"
52.22.64.232 - - [15/Aug/2025:20:36:23 -0300] "GET / HTTP/1.1" 200 127418 "-" "Mozilla/5.0 AppleWebKit/537.36 (KHTML, like Gecko; compatible; Amazonbot/0.1; +https://developer.amazon.com/support/amazonbot) Chrome/119.0.6045.214 Safari/537.36"
162.214.27.60 - - [15/Aug/2025:20:36:25 -0300] "POST /wp-admin/admin-ajax.php?action=async_litespeed&nonce=iTGJFIrYISUTrdRt5GJcxif04UZen4N4&litespeed_type=imgoptm HTTP/1.1" 200 1 "-" "WordPress/6.8.2; https://blog.komforthouse.com.br"
196.251.69.55 - - [15/Aug/2025:20:39:28 -0300] "POST /wp-login.php HTTP/1.1" 200 9733 "-" "Mozilla/5.0"
162.214.27.60 - - [15/Aug/2025:20:39:29 -0300] "POST /wp-cron.php?doing_wp_cron=1755301169.8833670616149902343750 HTTP/1.1" 200 - "-" "WordPress/6.8.2; https://blog.komforthouse.com.br"
162.214.27.60 - - [15/Aug/2025:20:39:30 -0300] "POST /wp-admin/admin-ajax.php?action=async_litespeed&nonce=Ka4J3YMVILPrMgHdSWfLVKsxGRf5I2Be&litespeed_type=imgoptm HTTP/1.1" 200 1 "-" "WordPress/6.8.2; https://blog.komforthouse.com.br"
162.214.27.60 - - [15/Aug/2025:20:43:20 -0300] "POST /wp-admin/admin-ajax.php?action=async_litespeed&nonce=sGiod8r7ZlQG3iIrCQ0wDhzTQ0AERogg&litespeed_type=imgoptm HTTP/1.1" 200 1 "-" "WordPress/6.8.2; https://blog.komforthouse.com.br"
162.214.27.60 - - [15/Aug/2025:20:43:19 -0300] "POST /wp-cron.php?doing_wp_cron=1755301399.5315680503845214843750 HTTP/1.1" 200 - "-" "WordPress/6.8.2; https://blog.komforthouse.com.br"
45.79.205.118 - - [15/Aug/2025:20:43:18 -0300] "GET /wp-json/wp/v2/posts/?per_page=50 HTTP/1.0" 200 315210 "-" "Mozilla/5.0 (compatible; Googlebot/2.1; +http://www.google.com/bot.html)"
196.251.112.104 - - [15/Aug/2025:20:45:33 -0300] "POST /wp-login.php HTTP/1.1" 200 9733 "-" "Mozilla/5.0"
162.214.27.60 - - [15/Aug/2025:20:45:34 -0300] "POST /wp-cron.php?doing_wp_cron=1755301534.2188160419464111328125 HTTP/1.1" 200 - "-" "WordPress/6.8.2; https://blog.komforthouse.com.br"
162.214.27.60 - - [15/Aug/2025:20:45:35 -0300] "POST /wp-admin/admin-ajax.php?action=async_litespeed&nonce=QzTrfzNqvJAoBby3rLhe9Z4ypwBncsQM&litespeed_type=imgoptm HTTP/1.1" 200 1 "-" "WordPress/6.8.2; https://blog.komforthouse.com.br"
189.84.222.157 - - [15/Aug/2025:20:49:39 -0300] "GET /wp-content/uploads/2024/11/image3.jpg HTTP/1.1" 200 282326 "https://www.google.com/" "Mozilla/5.0 (Linux; Android 13; 2201117SG Build/TP1A.220624.014; wv) AppleWebKit/537.36 (KHTML, like Gecko) Version/4.0 Chrome/138.0.7204.179 Mobile Safari/537.36 GoogleApp/16.30.61.ve.arm64"
196.251.69.55 - - [15/Aug/2025:20:50:31 -0300] "POST /wp-login.php HTTP/1.1" 200 9733 "-" "Mozilla/5.0"
162.214.27.60 - - [15/Aug/2025:20:50:32 -0300] "POST /wp-cron.php?doing_wp_cron=1755301832.3475399017333984375000 HTTP/1.1" 200 - "-" "WordPress/6.8.2; https://blog.komforthouse.com.br"
162.214.27.60 - - [15/Aug/2025:20:50:33 -0300] "POST /wp-admin/admin-ajax.php?action=async_litespeed&nonce=FUB1E96XvZloaj8fMOlOvRt6yvE2Rgkx&litespeed_type=imgoptm HTTP/1.1" 200 1 "-" "WordPress/6.8.2; https://blog.komforthouse.com.br"
162.214.27.60 - - [15/Aug/2025:20:50:52 -0300] "POST /wp-cron.php?doing_wp_cron=1755301852.3431880474090576171875 HTTP/1.1" 200 - "-" "WordPress/6.8.2; https://blog.komforthouse.com.br"
162.214.27.60 - - [15/Aug/2025:20:50:53 -0300] "POST /wp-admin/admin-ajax.php?action=async_litespeed&nonce=ArR0rKa7elMmVkMSuu3ft83tauA3T9JQ&litespeed_type=imgoptm HTTP/1.1" 200 1 "-" "WordPress/6.8.2; https://blog.komforthouse.com.br"
45.79.205.118 - - [15/Aug/2025:20:50:51 -0300] "GET /wp-json/wp/v2/posts/?per_page=50 HTTP/1.0" 200 315210 "-" "Mozilla/5.0 (compatible; Googlebot/2.1; +http://www.google.com/bot.html)"
18.209.201.119 - - [15/Aug/2025:20:53:11 -0300] "GET / HTTP/1.1" 200 127418 "-" "Mozilla/5.0 AppleWebKit/537.36 (KHTML, like Gecko; compatible; Amazonbot/0.1; +https://developer.amazon.com/support/amazonbot) Chrome/119.0.6045.214 Safari/537.36"
162.214.27.60 - - [15/Aug/2025:20:53:12 -0300] "POST /wp-cron.php?doing_wp_cron=1755301992.4445090293884277343750 HTTP/1.1" 200 - "-" "WordPress/6.8.2; https://blog.komforthouse.com.br"
162.214.27.60 - - [15/Aug/2025:20:53:13 -0300] "POST /wp-admin/admin-ajax.php?action=async_litespeed&nonce=2GXYcb2UpGYD7GylI1bDXtbUZ8ULjoTy&litespeed_type=imgoptm HTTP/1.1" 200 1 "-" "WordPress/6.8.2; https://blog.komforthouse.com.br"
196.251.69.55 - - [15/Aug/2025:21:01:45 -0300] "POST /wp-login.php HTTP/1.1" 200 9733 "-" "Mozilla/5.0"
162.214.27.60 - - [15/Aug/2025:21:01:47 -0300] "POST /wp-admin/admin-ajax.php?action=async_litespeed&nonce=4kk2kt3K3P2XxY8IvRF4kFACVL7PegLm&litespeed_type=imgoptm HTTP/1.1" 200 1 "-" "WordPress/6.8.2; https://blog.komforthouse.com.br"
162.214.27.60 - - [15/Aug/2025:21:01:46 -0300] "POST /wp-cron.php?doing_wp_cron=1755302506.6444370746612548828125 HTTP/1.1" 200 - "-" "WordPress/6.8.2; https://blog.komforthouse.com.br"
66.249.88.70 - - [15/Aug/2025:21:01:51 -0300] "GET /.well-known/traffic-advice HTTP/1.1" 404 69731 "-" "Chrome Privacy Preserving Prefetch Proxy"
193.186.4.201 - - [15/Aug/2025:21:01:52 -0300] "GET /cores-tendencia-para-sofa-em-2025/ HTTP/1.1" 200 90591 "https://www.google.com/" "Mozilla/5.0 (Linux; Android 10; K) AppleWebKit/537.36 (KHTML, like Gecko) Chrome/139.0.0.0 Mobile Safari/537.36"
196.251.112.104 - - [15/Aug/2025:21:01:56 -0300] "POST /wp-login.php HTTP/1.1" 200 9733 "-" "Mozilla/5.0"
162.214.27.60 - - [15/Aug/2025:21:09:48 -0300] "POST /wp-cron.php?doing_wp_cron=1755302988.3791399002075195312500 HTTP/1.1" 200 - "-" "WordPress/6.8.2; https://blog.komforthouse.com.br"
162.214.27.60 - - [15/Aug/2025:21:09:49 -0300] "POST /wp-admin/admin-ajax.php?action=async_litespeed&nonce=o0sXtqbHVcXLuzulQbow8j6WuGuwOhRt&litespeed_type=imgoptm HTTP/1.1" 200 1 "-" "WordPress/6.8.2; https://blog.komforthouse.com.br"
44.218.170.184 - - [15/Aug/2025:21:09:47 -0300] "GET / HTTP/1.1" 200 127418 "-" "Mozilla/5.0 AppleWebKit/537.36 (KHTML, like Gecko; compatible; Amazonbot/0.1; +https://developer.amazon.com/support/amazonbot) Chrome/119.0.6045.214 Safari/537.36"
196.251.69.55 - - [15/Aug/2025:21:13:09 -0300] "POST /wp-login.php HTTP/1.1" 200 9733 "-" "Mozilla/5.0"
162.214.27.60 - - [15/Aug/2025:21:13:10 -0300] "POST /wp-cron.php?doing_wp_cron=1755303190.4339640140533447265625 HTTP/1.1" 200 - "-" "WordPress/6.8.2; https://blog.komforthouse.com.br"
162.214.27.60 - - [15/Aug/2025:21:13:11 -0300] "POST /wp-admin/admin-ajax.php?action=async_litespeed&nonce=BPfamLjcXuZoCt6bbCSu5NzyNQSy8x6P&litespeed_type=imgoptm HTTP/1.1" 200 1 "-" "WordPress/6.8.2; https://blog.komforthouse.com.br"
148.69.63.17 - - [15/Aug/2025:21:16:17 -0300] "GET /wp-content/uploads/2024/11/image3.jpg HTTP/1.1" 200 282326 "https://www.google.com/" "Mozilla/5.0 (iPhone; CPU iPhone OS 17_6_1 like Mac OS X) AppleWebKit/605.1.15 (KHTML, like Gecko) Version/17.6 Mobile/15E148 Safari/604.1"
196.251.112.104 - - [15/Aug/2025:21:18:32 -0300] "POST /wp-login.php HTTP/1.1" 200 9733 "-" "Mozilla/5.0"
162.214.27.60 - - [15/Aug/2025:21:18:33 -0300] "POST /wp-admin/admin-ajax.php?action=async_litespeed&nonce=4iXmxxPzZVNJg4pUZPO3EDOMicraU39H&litespeed_type=imgoptm HTTP/1.1" 200 1 "-" "WordPress/6.8.2; https://blog.komforthouse.com.br"
162.214.27.60 - - [15/Aug/2025:21:18:32 -0300] "POST /wp-cron.php?doing_wp_cron=1755303512.7108280658721923828125 HTTP/1.1" 200 - "-" "WordPress/6.8.2; https://blog.komforthouse.com.br"
164.163.154.156 - - [15/Aug/2025:21:21:22 -0300] "GET /wp-content/uploads/2024/11/image3.jpg HTTP/1.1" 200 282326 "https://www.google.com/" "Mozilla/5.0 (Linux; Android 15; SM-A546E Build/AP3A.240905.015.A2; wv) AppleWebKit/537.36 (KHTML, like Gecko) Version/4.0 Chrome/139.0.7258.94 Mobile Safari/537.36 GoogleApp/16.30.61.ve.arm64"
196.251.69.55 - - [15/Aug/2025:21:24:16 -0300] "POST /wp-login.php HTTP/1.1" 200 9733 "-" "Mozilla/5.0"
162.214.27.60 - - [15/Aug/2025:21:24:17 -0300] "POST /wp-cron.php?doing_wp_cron=1755303857.7439870834350585937500 HTTP/1.1" 200 - "-" "WordPress/6.8.2; https://blog.komforthouse.com.br"
162.214.27.60 - - [15/Aug/2025:21:24:18 -0300] "POST /wp-admin/admin-ajax.php?action=async_litespeed&nonce=GbHEdPjvhcRp1WDqlGBG2JyQBy0nI0t2&litespeed_type=imgoptm HTTP/1.1" 200 1 "-" "WordPress/6.8.2; https://blog.komforthouse.com.br"
162.214.27.60 - - [15/Aug/2025:21:25:49 -0300] "POST /wp-admin/admin-ajax.php?action=async_litespeed&nonce=J2kVWLf4JFiPcgVAVnSVPRxl42auG0nt&litespeed_type=imgoptm HTTP/1.1" 200 1 "-" "WordPress/6.8.2; https://blog.komforthouse.com.br"
162.214.27.60 - - [15/Aug/2025:21:25:48 -0300] "POST /wp-cron.php?doing_wp_cron=1755303948.4281311035156250000000 HTTP/1.1" 200 - "-" "WordPress/6.8.2; https://blog.komforthouse.com.br"
54.198.33.233 - - [15/Aug/2025:21:25:47 -0300] "GET / HTTP/1.1" 200 127418 "-" "Mozilla/5.0 AppleWebKit/537.36 (KHTML, like Gecko; compatible; Amazonbot/0.1; +https://developer.amazon.com/support/amazonbot) Chrome/119.0.6045.214 Safari/537.36"
168.232.160.140 - - [15/Aug/2025:21:30:06 -0300] "GET /sitemap_index.xml HTTP/1.1" 200 693 "-" "python-requests/2.32.3"
162.214.27.60 - - [15/Aug/2025:21:30:07 -0300] "POST /wp-cron.php?doing_wp_cron=1755304207.1994729042053222656250 HTTP/1.1" 200 - "-" "WordPress/6.8.2; https://blog.komforthouse.com.br"
162.214.27.60 - - [15/Aug/2025:21:30:08 -0300] "POST /wp-admin/admin-ajax.php?action=async_litespeed&nonce=U2OP5TtmxA4DaEq724o5LvhNpxcUaVa3&litespeed_type=imgoptm HTTP/1.1" 200 1 "-" "WordPress/6.8.2; https://blog.komforthouse.com.br"
162.214.27.60 - - [15/Aug/2025:21:31:16 -0300] "POST /wp-admin/admin-ajax.php?action=async_litespeed&nonce=Hr9y2npP1ldnBxyFEUh0LBmu0jOt7DHF&litespeed_type=imgoptm HTTP/1.1" 200 1 "-" "WordPress/6.8.2; https://blog.komforthouse.com.br"
162.214.27.60 - - [15/Aug/2025:21:31:15 -0300] "POST /wp-cron.php?doing_wp_cron=1755304275.8738510608673095703125 HTTP/1.1" 200 - "-" "WordPress/6.8.2; https://blog.komforthouse.com.br"
193.186.4.236 - - [15/Aug/2025:21:31:14 -0300] "GET /quais-as-medidas-ideais-para-um-sofa-de-3-lugares-em-um-apartamento/ HTTP/1.1" 200 90143 "https://www.google.com/" "Mozilla/5.0 (Linux; Android 10; K) AppleWebKit/537.36 (KHTML, like Gecko) Chrome/139.0.0.0 Mobile Safari/537.36"
143.202.126.234 - - [15/Aug/2025:21:34:11 -0300] "GET /wp-content/uploads/2024/11/image3.jpg HTTP/1.1" 200 282326 "https://www.google.com/" "Mozilla/5.0 (iPhone; CPU iPhone OS 18_5 like Mac OS X) AppleWebKit/605.1.15 (KHTML, like Gecko) Version/18.5 Mobile/15E148 Safari/604.1"
196.251.112.104 - - [15/Aug/2025:21:34:57 -0300] "POST /wp-login.php HTTP/1.1" 200 9733 "-" "Mozilla/5.0"
162.214.27.60 - - [15/Aug/2025:21:34:58 -0300] "POST /wp-admin/admin-ajax.php?action=async_litespeed&nonce=9okScIYxIMcxJR0c6KoUnjFT7j3VOluo&litespeed_type=imgoptm HTTP/1.1" 200 1 "-" "WordPress/6.8.2; https://blog.komforthouse.com.br"
162.214.27.60 - - [15/Aug/2025:21:34:58 -0300] "POST /wp-cron.php?doing_wp_cron=1755304498.1438140869140625000000 HTTP/1.1" 200 - "-" "WordPress/6.8.2; https://blog.komforthouse.com.br"
196.251.69.55 - - [15/Aug/2025:21:35:21 -0300] "POST /wp-login.php HTTP/1.1" 200 9733 "-" "Mozilla/5.0"
162.214.27.60 - - [15/Aug/2025:21:37:46 -0300] "POST /wp-cron.php?doing_wp_cron=1755304666.2863559722900390625000 HTTP/1.1" 200 - "-" "WordPress/6.8.2; https://blog.komforthouse.com.br"
162.214.27.60 - - [15/Aug/2025:21:37:47 -0300] "POST /wp-admin/admin-ajax.php?action=async_litespeed&nonce=xo7eigshGBpBqjkjc0ygbdR8tYoDGaF7&litespeed_type=imgoptm HTTP/1.1" 200 1 "-" "WordPress/6.8.2; https://blog.komforthouse.com.br"
50.116.28.137 - - [15/Aug/2025:21:37:45 -0300] "GET /wp-json/wp/v2/posts/?per_page=50 HTTP/1.0" 200 315210 "-" "Mozilla/5.0 (compatible; Googlebot/2.1; +http://www.google.com/bot.html)"
54.84.102.81 - - [15/Aug/2025:21:44:05 -0300] "GET / HTTP/1.1" 200 127418 "-" "Mozilla/5.0 AppleWebKit/537.36 (KHTML, like Gecko; compatible; Amazonbot/0.1; +https://developer.amazon.com/support/amazonbot) Chrome/119.0.6045.214 Safari/537.36"
162.214.27.60 - - [15/Aug/2025:21:44:06 -0300] "POST /wp-cron.php?doing_wp_cron=1755305046.3219020366668701171875 HTTP/1.1" 200 - "-" "WordPress/6.8.2; https://blog.komforthouse.com.br"
162.214.27.60 - - [15/Aug/2025:21:44:07 -0300] "POST /wp-admin/admin-ajax.php?action=async_litespeed&nonce=9na6UI5eWSEjs3q20GHHY6WuiXXDDuZD&litespeed_type=imgoptm HTTP/1.1" 200 1 "-" "WordPress/6.8.2; https://blog.komforthouse.com.br"
196.251.69.55 - - [15/Aug/2025:21:46:26 -0300] "POST /wp-login.php HTTP/1.1" 200 9733 "-" "Mozilla/5.0"
162.214.27.60 - - [15/Aug/2025:21:46:27 -0300] "POST /wp-cron.php?doing_wp_cron=1755305187.1994628906250000000000 HTTP/1.1" 200 - "-" "WordPress/6.8.2; https://blog.komforthouse.com.br"
162.214.27.60 - - [15/Aug/2025:21:46:27 -0300] "POST /wp-admin/admin-ajax.php?action=async_litespeed&nonce=qwNah9OCC84W1IiUVmIlduMU1usAAp3t&litespeed_type=imgoptm HTTP/1.1" 200 1 "-" "WordPress/6.8.2; https://blog.komforthouse.com.br"
50.116.28.137 - - [15/Aug/2025:21:48:44 -0300] "GET /wp-json/wp/v2/posts/?per_page=50 HTTP/1.0" 200 315210 "-" "Mozilla/5.0 (compatible; Googlebot/2.1; +http://www.google.com/bot.html)"
162.214.27.60 - - [15/Aug/2025:21:48:45 -0300] "POST /wp-cron.php?doing_wp_cron=1755305325.0665791034698486328125 HTTP/1.1" 200 - "-" "WordPress/6.8.2; https://blog.komforthouse.com.br"
162.214.27.60 - - [15/Aug/2025:21:48:45 -0300] "POST /wp-admin/admin-ajax.php?action=async_litespeed&nonce=K5bEKCNyo3rcel2IAg2d5Xp4iffA3tuF&litespeed_type=imgoptm HTTP/1.1" 200 1 "-" "WordPress/6.8.2; https://blog.komforthouse.com.br"
114.119.156.154 - - [15/Aug/2025:21:49:11 -0300] "GET /robots.txt HTTP/1.1" 200 128 "-" "Mozilla/5.0 (compatible;PetalBot;+https://webmaster.petalsearch.com/site/petalbot)"
196.251.112.104 - - [15/Aug/2025:21:51:15 -0300] "POST /wp-login.php HTTP/1.1" 200 9733 "-" "Mozilla/5.0"
162.214.27.60 - - [15/Aug/2025:21:51:16 -0300] "POST /wp-cron.php?doing_wp_cron=1755305476.5837490558624267578125 HTTP/1.1" 200 - "-" "WordPress/6.8.2; https://blog.komforthouse.com.br"
162.214.27.60 - - [15/Aug/2025:21:51:17 -0300] "POST /wp-admin/admin-ajax.php?action=async_litespeed&nonce=LuUcMxXpMONFiNMuPR03LfpWnuS8WxyU&litespeed_type=imgoptm HTTP/1.1" 200 1 "-" "WordPress/6.8.2; https://blog.komforthouse.com.br"
162.214.27.60 - - [15/Aug/2025:21:53:38 -0300] "POST /wp-cron.php?doing_wp_cron=1755305618.0787050724029541015625 HTTP/1.1" 200 - "-" "WordPress/6.8.2; https://blog.komforthouse.com.br"
218.19.77.237 - - [15/Aug/2025:21:53:37 -0300] "GET / HTTP/1.1" 200 127418 "https://www.komforthouse.com.br/" "Mozilla/5.0 (X11; Linux x86_64) AppleWebKit/537.36 (KHTML, like Gecko) Chrome/114.0.0.0 Safari/537.36"
162.214.27.60 - - [15/Aug/2025:21:53:39 -0300] "POST /wp-admin/admin-ajax.php?action=async_litespeed&nonce=08Rwv33TUYnXISJKRn6DOtBKvplZGuBs&litespeed_type=imgoptm HTTP/1.1" 200 1 "-" "WordPress/6.8.2; https://blog.komforthouse.com.br"
196.251.69.55 - - [15/Aug/2025:21:57:25 -0300] "POST /wp-login.php HTTP/1.1" 200 9733 "-" "Mozilla/5.0"
162.214.27.60 - - [15/Aug/2025:21:57:27 -0300] "POST /wp-admin/admin-ajax.php?action=async_litespeed&nonce=yfcwgQTEYhDEX5oaeL4nqfSEtIkd7asr&litespeed_type=imgoptm HTTP/1.1" 200 1 "-" "WordPress/6.8.2; https://blog.komforthouse.com.br"
162.214.27.60 - - [15/Aug/2025:21:57:26 -0300] "POST /wp-cron.php?doing_wp_cron=1755305846.2800259590148925781250 HTTP/1.1" 200 - "-" "WordPress/6.8.2; https://blog.komforthouse.com.br"
162.214.27.60 - - [15/Aug/2025:22:00:16 -0300] "POST /wp-cron.php?doing_wp_cron=1755306016.4486389160156250000000 HTTP/1.1" 200 - "-" "WordPress/6.8.2; https://blog.komforthouse.com.br"
162.214.27.60 - - [15/Aug/2025:22:00:17 -0300] "POST /wp-admin/admin-ajax.php?action=async_litespeed&nonce=KMZ3uFqfV7ksvEJrSiqaoQYzufviXbtp&litespeed_type=imgoptm HTTP/1.1" 200 1 "-" "WordPress/6.8.2; https://blog.komforthouse.com.br"
3.212.219.113 - - [15/Aug/2025:22:00:15 -0300] "GET / HTTP/1.1" 200 127418 "-" "Mozilla/5.0 AppleWebKit/537.36 (KHTML, like Gecko; compatible; Amazonbot/0.1; +https://developer.amazon.com/support/amazonbot) Chrome/119.0.6045.214 Safari/537.36"
138.246.253.24 - - [15/Aug/2025:22:00:33 -0300] "GET /robots.txt HTTP/1.1" 200 128 "-" "Mozilla/5.0 (Windows NT 10.0; Win64; x64) AppleWebKit/537.36 (KHTML, like Gecko) Chrome/103.0.5060.134 Safari/537.36"
162.214.27.60 - - [15/Aug/2025:22:04:24 -0300] "POST /wp-admin/admin-ajax.php?action=async_litespeed&nonce=UAEhenY29EFU3vDOW1hWLlLfMmCCX5Lz&litespeed_type=imgoptm HTTP/1.1" 200 1 "-" "WordPress/6.8.2; https://blog.komforthouse.com.br"
162.214.27.60 - - [15/Aug/2025:22:04:23 -0300] "POST /wp-cron.php?doing_wp_cron=1755306263.7477560043334960937500 HTTP/1.1" 200 - "-" "WordPress/6.8.2; https://blog.komforthouse.com.br"
191.58.92.218 - - [15/Aug/2025:22:04:23 -0300] "GET /category/sofas/?utm_source=Google+&utm_medium=PMAX&utm_campaign=V4_PMAX_ECOMM&utm_term=&utm_content=&gad_source=5&gad_campaignid=21672468636&gclid=EAIaIQobChMIr5S9spGOjwMVK15IAB1vazZ5EAAYAiAAEgL0DvD_BwE HTTP/1.1" 200 97207 "https://syndicatedsearch.goog/" "Mozilla/5.0 (Linux; Android 10; K) AppleWebKit/537.36 (KHTML, like Gecko) Chrome/139.0.0.0 Mobile Safari/537.36"
191.58.92.218 - - [15/Aug/2025:22:04:25 -0300] "GET /wp-content/themes/hello-elementor/style.min.css?ver=3.2.1 HTTP/1.1" 200 5501 "https://blog.komforthouse.com.br/category/sofas/?utm_source=Google+&utm_medium=PMAX&utm_campaign=V4_PMAX_ECOMM&utm_term=&utm_content=&gad_source=5&gad_campaignid=21672468636&gclid=EAIaIQobChMIr5S9spGOjwMVK15IAB1vazZ5EAAYAiAAEgL0DvD_BwE" "Mozilla/5.0 (Linux; Android 10; K) AppleWebKit/537.36 (KHTML, like Gecko) Chrome/139.0.0.0 Mobile Safari/537.36"
191.58.92.218 - - [15/Aug/2025:22:04:26 -0300] "GET /wp-content/themes/hello-elementor/theme.min.css?ver=3.2.1 HTTP/1.1" 200 5069 "https://blog.komforthouse.com.br/category/sofas/?utm_source=Google+&utm_medium=PMAX&utm_campaign=V4_PMAX_ECOMM&utm_term=&utm_content=&gad_source=5&gad_campaignid=21672468636&gclid=EAIaIQobChMIr5S9spGOjwMVK15IAB1vazZ5EAAYAiAAEgL0DvD_BwE" "Mozilla/5.0 (Linux; Android 10; K) AppleWebKit/537.36 (KHTML, like Gecko) Chrome/139.0.0.0 Mobile Safari/537.36"
191.58.92.218 - - [15/Aug/2025:22:04:26 -0300] "GET /wp-content/themes/hello-elementor/header-footer.min.css?ver=3.2.1 HTTP/1.1" 200 7212 "https://blog.komforthouse.com.br/category/sofas/?utm_source=Google+&utm_medium=PMAX&utm_campaign=V4_PMAX_ECOMM&utm_term=&utm_content=&gad_source=5&gad_campaignid=21672468636&gclid=EAIaIQobChMIr5S9spGOjwMVK15IAB1vazZ5EAAYAiAAEgL0DvD_BwE" "Mozilla/5.0 (Linux; Android 10; K) AppleWebKit/537.36 (KHTML, like Gecko) Chrome/139.0.0.0 Mobile Safari/537.36"
191.58.92.218 - - [15/Aug/2025:22:04:26 -0300] "GET /wp-content/uploads/elementor/css/post-1256.css?ver=1736279802 HTTP/1.1" 200 2099 "https://blog.komforthouse.com.br/category/sofas/?utm_source=Google+&utm_medium=PMAX&utm_campaign=V4_PMAX_ECOMM&utm_term=&utm_content=&gad_source=5&gad_campaignid=21672468636&gclid=EAIaIQobChMIr5S9spGOjwMVK15IAB1vazZ5EAAYAiAAEgL0DvD_BwE" "Mozilla/5.0 (Linux; Android 10; K) AppleWebKit/537.36 (KHTML, like Gecko) Chrome/139.0.0.0 Mobile Safari/537.36"
191.58.92.218 - - [15/Aug/2025:22:04:26 -0300] "GET /wp-content/plugins/elementor/assets/css/widget-image.min.css?ver=3.26.4 HTTP/1.1" 200 254 "https://blog.komforthouse.com.br/category/sofas/?utm_source=Google+&utm_medium=PMAX&utm_campaign=V4_PMAX_ECOMM&utm_term=&utm_content=&gad_source=5&gad_campaignid=21672468636&gclid=EAIaIQobChMIr5S9spGOjwMVK15IAB1vazZ5EAAYAiAAEgL0DvD_BwE" "Mozilla/5.0 (Linux; Android 10; K) AppleWebKit/537.36 (KHTML, like Gecko) Chrome/139.0.0.0 Mobile Safari/537.36"
191.58.92.218 - - [15/Aug/2025:22:04:26 -0300] "GET /wp-content/plugins/elementor/assets/lib/animations/styles/e-animation-pulse.min.css?ver=3.26.4 HTTP/1.1" 200 318 "https://blog.komforthouse.com.br/category/sofas/?utm_source=Google+&utm_medium=PMAX&utm_campaign=V4_PMAX_ECOMM&utm_term=&utm_content=&gad_source=5&gad_campaignid=21672468636&gclid=EAIaIQobChMIr5S9spGOjwMVK15IAB1vazZ5EAAYAiAAEgL0DvD_BwE" "Mozilla/5.0 (Linux; Android 10; K) AppleWebKit/537.36 (KHTML, like Gecko) Chrome/139.0.0.0 Mobile Safari/537.36"
191.58.92.218 - - [15/Aug/2025:22:04:26 -0300] "GET /wp-content/plugins/elementor/assets/css/widget-heading.min.css?ver=3.26.4 HTTP/1.1" 200 600 "https://blog.komforthouse.com.br/category/sofas/?utm_source=Google+&utm_medium=PMAX&utm_campaign=V4_PMAX_ECOMM&utm_term=&utm_content=&gad_source=5&gad_campaignid=21672468636&gclid=EAIaIQobChMIr5S9spGOjwMVK15IAB1vazZ5EAAYAiAAEgL0DvD_BwE" "Mozilla/5.0 (Linux; Android 10; K) AppleWebKit/537.36 (KHTML, like Gecko) Chrome/139.0.0.0 Mobile Safari/537.36"
191.58.92.218 - - [15/Aug/2025:22:04:26 -0300] "GET /wp-content/plugins/elementor/assets/css/widget-icon-list.min.css?ver=3.26.4 HTTP/1.1" 200 10310 "https://blog.komforthouse.com.br/category/sofas/?utm_source=Google+&utm_medium=PMAX&utm_campaign=V4_PMAX_ECOMM&utm_term=&utm_content=&gad_source=5&gad_campaignid=21672468636&gclid=EAIaIQobChMIr5S9spGOjwMVK15IAB1vazZ5EAAYAiAAEgL0DvD_BwE" "Mozilla/5.0 (Linux; Android 10; K) AppleWebKit/537.36 (KHTML, like Gecko) Chrome/139.0.0.0 Mobile Safari/537.36"
191.58.92.218 - - [15/Aug/2025:22:04:26 -0300] "GET /wp-content/plugins/elementor-pro/assets/css/widget-nav-menu.min.css?ver=3.26.3 HTTP/1.1" 200 26859 "https://blog.komforthouse.com.br/category/sofas/?utm_source=Google+&utm_medium=PMAX&utm_campaign=V4_PMAX_ECOMM&utm_term=&utm_content=&gad_source=5&gad_campaignid=21672468636&gclid=EAIaIQobChMIr5S9spGOjwMVK15IAB1vazZ5EAAYAiAAEgL0DvD_BwE" "Mozilla/5.0 (Linux; Android 10; K) AppleWebKit/537.36 (KHTML, like Gecko) Chrome/139.0.0.0 Mobile Safari/537.36"
191.58.92.218 - - [15/Aug/2025:22:04:25 -0300] "GET /wp-includes/css/dist/block-library/style.min.css?ver=6.8.2 HTTP/1.1" 200 116345 "https://blog.komforthouse.com.br/category/sofas/?utm_source=Google+&utm_medium=PMAX&utm_campaign=V4_PMAX_ECOMM&utm_term=&utm_content=&gad_source=5&gad_campaignid=21672468636&gclid=EAIaIQobChMIr5S9spGOjwMVK15IAB1vazZ5EAAYAiAAEgL0DvD_BwE" "Mozilla/5.0 (Linux; Android 10; K) AppleWebKit/537.36 (KHTML, like Gecko) Chrome/139.0.0.0 Mobile Safari/537.36"
191.58.92.218 - - [15/Aug/2025:22:04:26 -0300] "GET /wp-content/plugins/elementor/assets/css/frontend.min.css?ver=3.26.4 HTTP/1.1" 200 53257 "https://blog.komforthouse.com.br/category/sofas/?utm_source=Google+&utm_medium=PMAX&utm_campaign=V4_PMAX_ECOMM&utm_term=&utm_content=&gad_source=5&gad_campaignid=21672468636&gclid=EAIaIQobChMIr5S9spGOjwMVK15IAB1vazZ5EAAYAiAAEgL0DvD_BwE" "Mozilla/5.0 (Linux; Android 10; K) AppleWebKit/537.36 (KHTML, like Gecko) Chrome/139.0.0.0 Mobile Safari/537.36"
192.178.10.68 - - [15/Aug/2025:22:04:38 -0300] "GET /.well-known/traffic-advice HTTP/1.1" 404 69731 "-" "Chrome Privacy Preserving Prefetch Proxy"
193.186.4.236 - - [15/Aug/2025:22:04:38 -0300] "GET /escolhendo-a-cor-perfeita-para-o-seu-sofa-dicas-e-inspiracoes/ HTTP/1.1" 200 95526 "https://www.google.com/" "Mozilla/5.0 (Windows NT 10.0; Win64; x64) AppleWebKit/537.36 (KHTML, like Gecko) Chrome/139.0.0.0 Safari/537.36"
196.251.112.104 - - [15/Aug/2025:22:07:44 -0300] "POST /wp-login.php HTTP/1.1" 200 9733 "-" "Mozilla/5.0"
162.214.27.60 - - [15/Aug/2025:22:07:45 -0300] "POST /wp-cron.php?doing_wp_cron=1755306465.1723079681396484375000 HTTP/1.1" 200 - "-" "WordPress/6.8.2; https://blog.komforthouse.com.br"
162.214.27.60 - - [15/Aug/2025:22:07:46 -0300] "POST /wp-admin/admin-ajax.php?action=async_litespeed&nonce=cK58E4byDsFlWOChDVPBYblX7IgUmKUa&litespeed_type=imgoptm HTTP/1.1" 200 1 "-" "WordPress/6.8.2; https://blog.komforthouse.com.br"
54.190.161.93 - - [15/Aug/2025:22:07:48 -0300] "GET /wp-content/uploads/2023/08/Sofas-3-lugares-em-um-apartamento-e1723408420633.webp HTTP/1.1" 200 31112 "-" "Mozilla/5.0 (Windows NT 10.0; Win64; x64) AppleWebKit/537.36 (KHTML, like Gecko) Chrome/137.0.0.0 Safari/537.36"
196.251.69.55 - - [15/Aug/2025:22:08:50 -0300] "POST /wp-login.php HTTP/1.1" 200 9733 "-" "Mozilla/5.0"
162.214.27.60 - - [15/Aug/2025:22:08:51 -0300] "POST /wp-admin/admin-ajax.php?action=async_litespeed&nonce=sfIWPJRZUJhvwJgFoODMD9ttpob3Bwy0&litespeed_type=imgoptm HTTP/1.1" 200 1 "-" "WordPress/6.8.2; https://blog.komforthouse.com.br"
162.214.27.60 - - [15/Aug/2025:22:08:51 -0300] "POST /wp-cron.php?doing_wp_cron=1755306531.0601129531860351562500 HTTP/1.1" 200 - "-" "WordPress/6.8.2; https://blog.komforthouse.com.br"
201.182.158.248 - - [15/Aug/2025:22:10:42 -0300] "GET /sitemap_index.xml HTTP/1.1" 200 693 "-" "python-requests/2.32.3"
162.214.27.60 - - [15/Aug/2025:22:10:43 -0300] "POST /wp-cron.php?doing_wp_cron=1755306643.7822659015655517578125 HTTP/1.1" 200 - "-" "WordPress/6.8.2; https://blog.komforthouse.com.br"
162.214.27.60 - - [15/Aug/2025:22:10:44 -0300] "POST /wp-admin/admin-ajax.php?action=async_litespeed&nonce=CjbMyFLYfDzMYP0nCVccNtgN1H4OTRgX&litespeed_type=imgoptm HTTP/1.1" 200 1 "-" "WordPress/6.8.2; https://blog.komforthouse.com.br"
14.188.0.51 - - [15/Aug/2025:22:11:55 -0300] "GET /category-sitemap.xml HTTP/1.1" 200 1795 "-" "python-requests/2.32.3"
113.173.143.57 - - [15/Aug/2025:22:11:56 -0300] "GET /post-sitemap.xml HTTP/1.1" 200 10816 "-" "python-requests/2.32.3"
143.105.137.3 - - [15/Aug/2025:22:11:56 -0300] "GET /page-sitemap.xml HTTP/1.1" 200 4097 "-" "python-requests/2.32.3"
162.214.27.60 - - [15/Aug/2025:22:11:57 -0300] "POST /wp-admin/admin-ajax.php?action=async_litespeed&nonce=W17UbUatuwvyMogcp7Xxf5MvSSParX4b&litespeed_type=imgoptm HTTP/1.1" 200 1 "-" "WordPress/6.8.2; https://blog.komforthouse.com.br"
162.214.27.60 - - [15/Aug/2025:22:11:56 -0300] "POST /wp-cron.php?doing_wp_cron=1755306716.1925029754638671875000 HTTP/1.1" 200 - "-" "WordPress/6.8.2; https://blog.komforthouse.com.br"
44.212.145.46 - - [15/Aug/2025:22:13:17 -0300] "GET / HTTP/1.1" 200 127418 "-" "Mozilla/5.0 AppleWebKit/537.36 (KHTML, like Gecko; compatible; Amazonbot/0.1; +https://developer.amazon.com/support/amazonbot) Chrome/119.0.6045.214 Safari/537.36"
162.214.27.60 - - [15/Aug/2025:22:13:18 -0300] "POST /wp-cron.php?doing_wp_cron=1755306798.5146849155426025390625 HTTP/1.1" 200 - "-" "WordPress/6.8.2; https://blog.komforthouse.com.br"
162.214.27.60 - - [15/Aug/2025:22:13:19 -0300] "POST /wp-admin/admin-ajax.php?action=async_litespeed&nonce=gMJleMs3RYKdOvMB6ngxZJKXJeMqs0m9&litespeed_type=imgoptm HTTP/1.1" 200 1 "-" "WordPress/6.8.2; https://blog.komforthouse.com.br"
196.251.69.55 - - [15/Aug/2025:22:19:51 -0300] "POST /wp-login.php HTTP/1.1" 200 9733 "-" "Mozilla/5.0"
162.214.27.60 - - [15/Aug/2025:22:19:52 -0300] "POST /wp-cron.php?doing_wp_cron=1755307192.5448238849639892578125 HTTP/1.1" 200 - "-" "WordPress/6.8.2; https://blog.komforthouse.com.br"
162.214.27.60 - - [15/Aug/2025:22:19:53 -0300] "POST /wp-admin/admin-ajax.php?action=async_litespeed&nonce=LQhwyjHVVRHjTy2jkU1AUNIv3aIFeZ3t&litespeed_type=imgoptm HTTP/1.1" 200 1 "-" "WordPress/6.8.2; https://blog.komforthouse.com.br"
162.214.27.60 - - [15/Aug/2025:22:23:41 -0300] "POST /wp-admin/admin-ajax.php?action=async_litespeed&nonce=WzdH5exCaV66xOuusnB0qT5Tp8e8lhss&litespeed_type=imgoptm HTTP/1.1" 200 1 "-" "WordPress/6.8.2; https://blog.komforthouse.com.br"
162.214.27.60 - - [15/Aug/2025:22:23:40 -0300] "POST /wp-cron.php?doing_wp_cron=1755307420.2824571132659912109375 HTTP/1.1" 200 - "-" "WordPress/6.8.2; https://blog.komforthouse.com.br"
162.120.186.84 - - [15/Aug/2025:22:23:39 -0300] "GET /sofas-de-couro-vs-tecido/ HTTP/1.1" 200 81280 "https://www.google.com/" "Mozilla/5.0 (Linux; Android 10; K) AppleWebKit/537.36 (KHTML, like Gecko) Chrome/139.0.0.0 Mobile Safari/537.36"
196.251.112.104 - - [15/Aug/2025:22:24:26 -0300] "POST /wp-login.php HTTP/1.1" 200 9733 "-" "Mozilla/5.0"
162.214.27.60 - - [15/Aug/2025:22:24:26 -0300] "POST /wp-cron.php?doing_wp_cron=1755307466.8723208904266357421875 HTTP/1.1" 200 - "-" "WordPress/6.8.2; https://blog.komforthouse.com.br"
162.214.27.60 - - [15/Aug/2025:22:24:28 -0300] "POST /wp-admin/admin-ajax.php?action=async_litespeed&nonce=TrxyJhXv715HBH6fvS0yP4zC26wfN8QK&litespeed_type=imgoptm HTTP/1.1" 200 1 "-" "WordPress/6.8.2; https://blog.komforthouse.com.br"
69.171.249.6 - - [15/Aug/2025:22:26:35 -0300] "GET /robots.txt HTTP/1.1" 200 128 "-" "facebookexternalhit/1.1 (+http://www.facebook.com/externalhit_uatext.php)"
162.214.27.60 - - [15/Aug/2025:22:26:37 -0300] "POST /wp-admin/admin-ajax.php?action=async_litespeed&nonce=Zi44uyoj0aiDqYlZ46MFAWBcWJoXrOVJ&litespeed_type=imgoptm HTTP/1.1" 200 1 "-" "WordPress/6.8.2; https://blog.komforthouse.com.br"
162.214.27.60 - - [15/Aug/2025:22:26:37 -0300] "POST /wp-cron.php?doing_wp_cron=1755307596.9824080467224121093750 HTTP/1.1" 200 - "-" "WordPress/6.8.2; https://blog.komforthouse.com.br"
162.214.27.60 - - [15/Aug/2025:22:29:36 -0300] "POST /wp-cron.php?doing_wp_cron=1755307776.2261049747467041015625 HTTP/1.1" 200 - "-" "WordPress/6.8.2; https://blog.komforthouse.com.br"
50.19.221.48 - - [15/Aug/2025:22:29:35 -0300] "GET / HTTP/1.1" 200 127418 "-" "Mozilla/5.0 AppleWebKit/537.36 (KHTML, like Gecko; compatible; Amazonbot/0.1; +https://developer.amazon.com/support/amazonbot) Chrome/119.0.6045.214 Safari/537.36"
162.214.27.60 - - [15/Aug/2025:22:29:37 -0300] "POST /wp-admin/admin-ajax.php?action=async_litespeed&nonce=cpsgrtDlIPRrVy6lxu5j0YjnmoUGvoN8&litespeed_type=imgoptm HTTP/1.1" 200 1 "-" "WordPress/6.8.2; https://blog.komforthouse.com.br"
196.251.69.55 - - [15/Aug/2025:22:30:53 -0300] "POST /wp-login.php HTTP/1.1" 200 9733 "-" "Mozilla/5.0"
162.214.27.60 - - [15/Aug/2025:22:30:54 -0300] "POST /wp-cron.php?doing_wp_cron=1755307854.7043259143829345703125 HTTP/1.1" 200 - "-" "WordPress/6.8.2; https://blog.komforthouse.com.br"
162.214.27.60 - - [15/Aug/2025:22:30:56 -0300] "POST /wp-admin/admin-ajax.php?action=async_litespeed&nonce=cntLMwvZwHQbzZM2pN7ma71tGXVxRhyc&litespeed_type=imgoptm HTTP/1.1" 200 1 "-" "WordPress/6.8.2; https://blog.komforthouse.com.br"
144.76.19.148 - - [15/Aug/2025:22:36:30 -0300] "GET /robots.txt HTTP/1.1" 200 128 "-" "Mozilla/5.0 (compatible; BLEXBot/1.0; +https://help.seranking.com/en/blex-crawler)"
162.214.27.60 - - [15/Aug/2025:22:36:31 -0300] "POST /wp-admin/admin-ajax.php?action=async_litespeed&nonce=8a0iH0ju90EFjqkNiAs3WTG2963SfHKo&litespeed_type=imgoptm HTTP/1.1" 200 1 "-" "WordPress/6.8.2; https://blog.komforthouse.com.br"
162.214.27.60 - - [15/Aug/2025:22:36:30 -0300] "POST /wp-cron.php?doing_wp_cron=1755308190.8192288875579833984375 HTTP/1.1" 200 - "-" "WordPress/6.8.2; https://blog.komforthouse.com.br"
144.76.19.148 - - [15/Aug/2025:22:36:32 -0300] "GET / HTTP/1.1" 200 127418 "-" "Mozilla/5.0 (compatible; BLEXBot/1.0; +https://help.seranking.com/en/blex-crawler)"
162.214.27.60 - - [15/Aug/2025:22:37:11 -0300] "POST /wp-admin/admin-ajax.php?action=async_litespeed&nonce=HkY6kq7iNWLZ0qSdG6gdGpsLO4WTzmmA&litespeed_type=imgoptm HTTP/1.1" 200 1 "-" "WordPress/6.8.2; https://blog.komforthouse.com.br"
162.214.27.60 - - [15/Aug/2025:22:37:10 -0300] "POST /wp-cron.php?doing_wp_cron=1755308230.6593630313873291015625 HTTP/1.1" 200 - "-" "WordPress/6.8.2; https://blog.komforthouse.com.br"
50.116.42.156 - - [15/Aug/2025:22:37:09 -0300] "GET /wp-json/wp/v2/posts/?per_page=50 HTTP/1.0" 200 315210 "-" "Mozilla/5.0 (compatible; Googlebot/2.1; +http://www.google.com/bot.html)"
144.76.19.148 - - [15/Aug/2025:22:37:14 -0300] "GET /category/escritorio/ HTTP/1.1" 200 87012 "-" "Mozilla/5.0 (compatible; BLEXBot/1.0; +https://help.seranking.com/en/blex-crawler)"
217.113.194.35 - - [15/Aug/2025:22:37:58 -0300] "GET /robots.txt HTTP/1.1" 200 128 "-" "Mozilla/5.0 (compatible; Barkrowler/0.9; +https://babbar.tech/crawler)"
162.214.27.60 - - [15/Aug/2025:22:37:59 -0300] "POST /wp-admin/admin-ajax.php?action=async_litespeed&nonce=BI7i2vWcwANQaIAJciROxJAe5P841Zka&litespeed_type=imgoptm HTTP/1.1" 200 1 "-" "WordPress/6.8.2; https://blog.komforthouse.com.br"
162.214.27.60 - - [15/Aug/2025:22:37:58 -0300] "POST /wp-cron.php?doing_wp_cron=1755308278.8146159648895263671875 HTTP/1.1" 200 - "-" "WordPress/6.8.2; https://blog.komforthouse.com.br"
217.113.194.36 - - [15/Aug/2025:22:38:20 -0300] "GET / HTTP/1.1" 200 127418 "-" "Mozilla/5.0 (compatible; Barkrowler/0.9; +https://babbar.tech/crawler)"
162.214.27.60 - - [15/Aug/2025:22:38:48 -0300] "POST /wp-admin/admin-ajax.php?action=async_litespeed&nonce=YuM5YF2t1sOXNgDeOEOSNbPgQU1Fxtmz&litespeed_type=imgoptm HTTP/1.1" 200 1 "-" "WordPress/6.8.2; https://blog.komforthouse.com.br"
162.214.27.60 - - [15/Aug/2025:22:38:48 -0300] "POST /wp-cron.php?doing_wp_cron=1755308328.2128860950469970703125 HTTP/1.1" 200 - "-" "WordPress/6.8.2; https://blog.komforthouse.com.br"
217.113.194.39 - - [15/Aug/2025:22:38:47 -0300] "GET /feed/ HTTP/1.1" 200 87005 "-" "Mozilla/5.0 (compatible; Barkrowler/0.9; +https://babbar.tech/crawler)"
162.214.27.60 - - [15/Aug/2025:22:39:13 -0300] "POST /wp-cron.php?doing_wp_cron=1755308353.4897630214691162109375 HTTP/1.1" 200 - "-" "WordPress/6.8.2; https://blog.komforthouse.com.br"
217.113.194.211 - - [15/Aug/2025:22:39:12 -0300] "GET /category/decoracao/ HTTP/1.1" 200 96229 "-" "Mozilla/5.0 (compatible; Barkrowler/0.9; +https://babbar.tech/crawler)"
217.113.194.34 - - [15/Aug/2025:22:39:36 -0300] "GET /category/sofas/ HTTP/1.1" 200 96547 "-" "Mozilla/5.0 (compatible; Barkrowler/0.9; +https://babbar.tech/crawler)"
189.6.248.141 - - [15/Aug/2025:22:39:47 -0300] "GET /wp-content/uploads/2024/11/image3.jpg HTTP/1.1" 200 282326 "https://www.google.com/" "Mozilla/5.0 (iPhone; CPU iPhone OS 18_6 like Mac OS X) AppleWebKit/605.1.15 (KHTML, like Gecko) Version/18.6 Mobile/15E148 Safari/604.1"
162.214.27.60 - - [15/Aug/2025:22:40:02 -0300] "POST /wp-admin/admin-ajax.php?action=async_litespeed&nonce=tFKxFrBc0d5H1ZIlwUcJNK6VKOtx6rzH&litespeed_type=imgoptm HTTP/1.1" 200 1 "-" "WordPress/6.8.2; https://blog.komforthouse.com.br"
162.214.27.60 - - [15/Aug/2025:22:40:01 -0300] "POST /wp-cron.php?doing_wp_cron=1755308401.6225628852844238281250 HTTP/1.1" 200 - "-" "WordPress/6.8.2; https://blog.komforthouse.com.br"
217.113.194.41 - - [15/Aug/2025:22:40:00 -0300] "GET /category/sofas/feed/ HTTP/1.1" 200 87050 "-" "Mozilla/5.0 (compatible; Barkrowler/0.9; +https://babbar.tech/crawler)"
189.6.248.141 - - [15/Aug/2025:22:40:05 -0300] "GET /cores-tendencia-para-sofa-em-2025/ HTTP/1.1" 200 90591 "https://www.google.com/" "Mozilla/5.0 (iPhone; CPU iPhone OS 18_6 like Mac OS X) AppleWebKit/605.1.15 (KHTML, like Gecko) Version/18.6 Mobile/15E148 Safari/604.1"
189.6.248.141 - - [15/Aug/2025:22:40:08 -0300] "GET /wp-content/themes/hello-elementor/header-footer.min.css?ver=3.2.1 HTTP/1.1" 200 7212 "https://blog.komforthouse.com.br/" "Mozilla/5.0 (iPhone; CPU iPhone OS 18_6 like Mac OS X) AppleWebKit/605.1.15 (KHTML, like Gecko) Version/18.6 Mobile/15E148 Safari/604.1"
189.6.248.141 - - [15/Aug/2025:22:40:08 -0300] "GET /wp-content/uploads/elementor/css/post-1256.css?ver=1736279802 HTTP/1.1" 200 2099 "https://blog.komforthouse.com.br/" "Mozilla/5.0 (iPhone; CPU iPhone OS 18_6 like Mac OS X) AppleWebKit/605.1.15 (KHTML, like Gecko) Version/18.6 Mobile/15E148 Safari/604.1"
189.6.248.141 - - [15/Aug/2025:22:40:08 -0300] "GET /wp-content/themes/hello-elementor/theme.min.css?ver=3.2.1 HTTP/1.1" 200 5069 "https://blog.komforthouse.com.br/" "Mozilla/5.0 (iPhone; CPU iPhone OS 18_6 like Mac OS X) AppleWebKit/605.1.15 (KHTML, like Gecko) Version/18.6 Mobile/15E148 Safari/604.1"
189.6.248.141 - - [15/Aug/2025:22:40:08 -0300] "GET /wp-content/themes/hello-elementor/style.min.css?ver=3.2.1 HTTP/1.1" 200 5501 "https://blog.komforthouse.com.br/" "Mozilla/5.0 (iPhone; CPU iPhone OS 18_6 like Mac OS X) AppleWebKit/605.1.15 (KHTML, like Gecko) Version/18.6 Mobile/15E148 Safari/604.1"
189.6.248.141 - - [15/Aug/2025:22:40:08 -0300] "GET /wp-content/plugins/elementor/assets/css/widget-image.min.css?ver=3.26.4 HTTP/1.1" 200 254 "https://blog.komforthouse.com.br/" "Mozilla/5.0 (iPhone; CPU iPhone OS 18_6 like Mac OS X) AppleWebKit/605.1.15 (KHTML, like Gecko) Version/18.6 Mobile/15E148 Safari/604.1"
189.6.248.141 - - [15/Aug/2025:22:40:08 -0300] "GET /wp-content/plugins/elementor/assets/lib/animations/styles/e-animation-pulse.min.css?ver=3.26.4 HTTP/1.1" 200 318 "https://blog.komforthouse.com.br/" "Mozilla/5.0 (iPhone; CPU iPhone OS 18_6 like Mac OS X) AppleWebKit/605.1.15 (KHTML, like Gecko) Version/18.6 Mobile/15E148 Safari/604.1"
189.6.248.141 - - [15/Aug/2025:22:40:08 -0300] "GET /wp-content/plugins/elementor/assets/css/widget-heading.min.css?ver=3.26.4 HTTP/1.1" 200 600 "https://blog.komforthouse.com.br/" "Mozilla/5.0 (iPhone; CPU iPhone OS 18_6 like Mac OS X) AppleWebKit/605.1.15 (KHTML, like Gecko) Version/18.6 Mobile/15E148 Safari/604.1"
189.6.248.141 - - [15/Aug/2025:22:40:08 -0300] "GET /wp-content/plugins/elementor/assets/css/frontend.min.css?ver=3.26.4 HTTP/1.1" 200 53257 "https://blog.komforthouse.com.br/" "Mozilla/5.0 (iPhone; CPU iPhone OS 18_6 like Mac OS X) AppleWebKit/605.1.15 (KHTML, like Gecko) Version/18.6 Mobile/15E148 Safari/604.1"
189.6.248.141 - - [15/Aug/2025:22:40:08 -0300] "GET /wp-content/plugins/elementor-pro/assets/css/widget-nav-menu.min.css?ver=3.26.3 HTTP/1.1" 200 26859 "https://blog.komforthouse.com.br/" "Mozilla/5.0 (iPhone; CPU iPhone OS 18_6 like Mac OS X) AppleWebKit/605.1.15 (KHTML, like Gecko) Version/18.6 Mobile/15E148 Safari/604.1"
189.6.248.141 - - [15/Aug/2025:22:40:07 -0300] "GET /wp-includes/css/dist/block-library/style.min.css?ver=6.8.2 HTTP/1.1" 200 116345 "https://blog.komforthouse.com.br/" "Mozilla/5.0 (iPhone; CPU iPhone OS 18_6 like Mac OS X) AppleWebKit/605.1.15 (KHTML, like Gecko) Version/18.6 Mobile/15E148 Safari/604.1"
189.6.248.141 - - [15/Aug/2025:22:40:08 -0300] "GET /wp-content/plugins/elementor-pro/assets/css/widget-progress-tracker.min.css?ver=3.26.3 HTTP/1.1" 200 2844 "https://blog.komforthouse.com.br/" "Mozilla/5.0 (iPhone; CPU iPhone OS 18_6 like Mac OS X) AppleWebKit/605.1.15 (KHTML, like Gecko) Version/18.6 Mobile/15E148 Safari/604.1"
189.6.248.141 - - [15/Aug/2025:22:40:08 -0300] "GET /wp-content/plugins/elementor/assets/css/widget-icon-list.min.css?ver=3.26.4 HTTP/1.1" 200 10310 "https://blog.komforthouse.com.br/" "Mozilla/5.0 (iPhone; CPU iPhone OS 18_6 like Mac OS X) AppleWebKit/605.1.15 (KHTML, like Gecko) Version/18.6 Mobile/15E148 Safari/604.1"
189.6.248.141 - - [15/Aug/2025:22:40:08 -0300] "GET /wp-content/plugins/elementor/assets/lib/swiper/v8/css/swiper.min.css?ver=8.4.5 HTTP/1.1" 200 16471 "https://blog.komforthouse.com.br/" "Mozilla/5.0 (iPhone; CPU iPhone OS 18_6 like Mac OS X) AppleWebKit/605.1.15 (KHTML, like Gecko) Version/18.6 Mobile/15E148 Safari/604.1"
189.6.248.141 - - [15/Aug/2025:22:40:08 -0300] "GET /wp-content/plugins/elementor/assets/css/conditionals/e-swiper.min.css?ver=3.26.4 HTTP/1.1" 200 5486 "https://blog.komforthouse.com.br/" "Mozilla/5.0 (iPhone; CPU iPhone OS 18_6 like Mac OS X) AppleWebKit/605.1.15 (KHTML, like Gecko) Version/18.6 Mobile/15E148 Safari/604.1"
189.6.248.141 - - [15/Aug/2025:22:40:08 -0300] "GET /wp-content/plugins/elementor/assets/css/widget-image-carousel.min.css?ver=3.26.4 HTTP/1.1" 200 382 "https://blog.komforthouse.com.br/" "Mozilla/5.0 (iPhone; CPU iPhone OS 18_6 like Mac OS X) AppleWebKit/605.1.15 (KHTML, like Gecko) Version/18.6 Mobile/15E148 Safari/604.1"
189.6.248.141 - - [15/Aug/2025:22:40:08 -0300] "GET /wp-content/plugins/elementor/assets/lib/animations/styles/bounceIn.min.css?ver=3.26.4 HTTP/1.1" 200 367 "https://blog.komforthouse.com.br/" "Mozilla/5.0 (iPhone; CPU iPhone OS 18_6 like Mac OS X) AppleWebKit/605.1.15 (KHTML, like Gecko) Version/18.6 Mobile/15E148 Safari/604.1"
189.6.248.141 - - [15/Aug/2025:22:40:08 -0300] "GET /wp-content/plugins/elementor-pro/assets/css/widget-posts.min.css?ver=3.26.3 HTTP/1.1" 200 16983 "https://blog.komforthouse.com.br/" "Mozilla/5.0 (iPhone; CPU iPhone OS 18_6 like Mac OS X) AppleWebKit/605.1.15 (KHTML, like Gecko) Version/18.6 Mobile/15E148 Safari/604.1"
189.6.248.141 - - [15/Aug/2025:22:40:08 -0300] "GET /wp-content/plugins/elementor/assets/css/widget-social-icons.min.css?ver=3.26.4 HTTP/1.1" 200 5150 "https://blog.komforthouse.com.br/" "Mozilla/5.0 (iPhone; CPU iPhone OS 18_6 like Mac OS X) AppleWebKit/605.1.15 (KHTML, like Gecko) Version/18.6 Mobile/15E148 Safari/604.1"
189.6.248.141 - - [15/Aug/2025:22:40:08 -0300] "GET /wp-content/plugins/elementor/assets/css/conditionals/apple-webkit.min.css?ver=3.26.4 HTTP/1.1" 200 7025 "https://blog.komforthouse.com.br/" "Mozilla/5.0 (iPhone; CPU iPhone OS 18_6 like Mac OS X) AppleWebKit/605.1.15 (KHTML, like Gecko) Version/18.6 Mobile/15E148 Safari/604.1"
189.6.248.141 - - [15/Aug/2025:22:40:08 -0300] "GET /wp-content/uploads/elementor/css/post-1283.css?ver=1736279802 HTTP/1.1" 200 13014 "https://blog.komforthouse.com.br/" "Mozilla/5.0 (iPhone; CPU iPhone OS 18_6 like Mac OS X) AppleWebKit/605.1.15 (KHTML, like Gecko) Version/18.6 Mobile/15E148 Safari/604.1"
189.6.248.141 - - [15/Aug/2025:22:40:08 -0300] "GET /wp-content/plugins/elementor-pro/assets/css/conditionals/popup.min.css?ver=3.26.3 HTTP/1.1" 200 995 "https://blog.komforthouse.com.br/" "Mozilla/5.0 (iPhone; CPU iPhone OS 18_6 like Mac OS X) AppleWebKit/605.1.15 (KHTML, like Gecko) Version/18.6 Mobile/15E148 Safari/604.1"
189.6.248.141 - - [15/Aug/2025:22:40:08 -0300] "GET /wp-content/uploads/elementor/css/post-1334.css?ver=1736279802 HTTP/1.1" 200 16917 "https://blog.komforthouse.com.br/" "Mozilla/5.0 (iPhone; CPU iPhone OS 18_6 like Mac OS X) AppleWebKit/605.1.15 (KHTML, like Gecko) Version/18.6 Mobile/15E148 Safari/604.1"
189.6.248.141 - - [15/Aug/2025:22:40:09 -0300] "GET /wp-content/uploads/elementor/css/post-1473.css?ver=1737152742 HTTP/1.1" 200 11104 "https://blog.komforthouse.com.br/" "Mozilla/5.0 (iPhone; CPU iPhone OS 18_6 like Mac OS X) AppleWebKit/605.1.15 (KHTML, like Gecko) Version/18.6 Mobile/15E148 Safari/604.1"
189.6.248.141 - - [15/Aug/2025:22:40:09 -0300] "GET /wp-content/uploads/elementor/css/post-1681.css?ver=1736279802 HTTP/1.1" 200 3790 "https://blog.komforthouse.com.br/" "Mozilla/5.0 (iPhone; CPU iPhone OS 18_6 like Mac OS X) AppleWebKit/605.1.15 (KHTML, like Gecko) Version/18.6 Mobile/15E148 Safari/604.1"
189.6.248.141 - - [15/Aug/2025:22:40:09 -0300] "GET /wp-includes/js/jquery/jquery-migrate.min.js?ver=3.4.1 HTTP/1.1" 200 13577 "https://blog.komforthouse.com.br/" "Mozilla/5.0 (iPhone; CPU iPhone OS 18_6 like Mac OS X) AppleWebKit/605.1.15 (KHTML, like Gecko) Version/18.6 Mobile/15E148 Safari/604.1"
189.6.248.141 - - [15/Aug/2025:22:40:09 -0300] "GET /wp-content/themes/hello-elementor/assets/js/hello-frontend.min.js?ver=3.2.1 HTTP/1.1" 200 1936 "https://blog.komforthouse.com.br/" "Mozilla/5.0 (iPhone; CPU iPhone OS 18_6 like Mac OS X) AppleWebKit/605.1.15 (KHTML, like Gecko) Version/18.6 Mobile/15E148 Safari/604.1"
189.6.248.141 - - [15/Aug/2025:22:40:09 -0300] "GET /wp-content/plugins/elementor-pro/assets/lib/smartmenus/jquery.smartmenus.min.js?ver=1.2.1 HTTP/1.1" 200 24109 "https://blog.komforthouse.com.br/" "Mozilla/5.0 (iPhone; CPU iPhone OS 18_6 like Mac OS X) AppleWebKit/605.1.15 (KHTML, like Gecko) Version/18.6 Mobile/15E148 Safari/604.1"
189.6.248.141 - - [15/Aug/2025:22:40:09 -0300] "GET /wp-includes/js/imagesloaded.min.js?ver=5.0.0 HTTP/1.1" 200 5520 "https://blog.komforthouse.com.br/" "Mozilla/5.0 (iPhone; CPU iPhone OS 18_6 like Mac OS X) AppleWebKit/605.1.15 (KHTML, like Gecko) Version/18.6 Mobile/15E148 Safari/604.1"
189.6.248.141 - - [15/Aug/2025:22:40:09 -0300] "GET /wp-content/plugins/elementor-pro/assets/js/webpack-pro.runtime.min.js?ver=3.26.3 HTTP/1.1" 200 6263 "https://blog.komforthouse.com.br/" "Mozilla/5.0 (iPhone; CPU iPhone OS 18_6 like Mac OS X) AppleWebKit/605.1.15 (KHTML, like Gecko) Version/18.6 Mobile/15E148 Safari/604.1"
189.6.248.141 - - [15/Aug/2025:22:40:09 -0300] "GET /wp-content/uploads/2024/11/image5.png HTTP/1.1" 200 27647 "https://blog.komforthouse.com.br/" "Mozilla/5.0 (iPhone; CPU iPhone OS 18_6 like Mac OS X) AppleWebKit/605.1.15 (KHTML, like Gecko) Version/18.6 Mobile/15E148 Safari/604.1"
189.6.248.141 - - [15/Aug/2025:22:40:09 -0300] "GET /wp-content/plugins/elementor/assets/js/webpack.runtime.min.js?ver=3.26.4 HTTP/1.1" 200 5326 "https://blog.komforthouse.com.br/" "Mozilla/5.0 (iPhone; CPU iPhone OS 18_6 like Mac OS X) AppleWebKit/605.1.15 (KHTML, like Gecko) Version/18.6 Mobile/15E148 Safari/604.1"
189.6.248.141 - - [15/Aug/2025:22:40:09 -0300] "GET /wp-includes/js/jquery/jquery.min.js?ver=3.7.1 HTTP/1.1" 200 87553 "https://blog.komforthouse.com.br/" "Mozilla/5.0 (iPhone; CPU iPhone OS 18_6 like Mac OS X) AppleWebKit/605.1.15 (KHTML, like Gecko) Version/18.6 Mobile/15E148 Safari/604.1"
189.6.248.141 - - [15/Aug/2025:22:40:09 -0300] "GET /wp-includes/js/dist/hooks.min.js?ver=4d63a3d491d11ffd8ac6 HTTP/1.1" 200 4776 "https://blog.komforthouse.com.br/" "Mozilla/5.0 (iPhone; CPU iPhone OS 18_6 like Mac OS X) AppleWebKit/605.1.15 (KHTML, like Gecko) Version/18.6 Mobile/15E148 Safari/604.1"
189.6.248.141 - - [15/Aug/2025:22:40:09 -0300] "GET /wp-includes/js/dist/i18n.min.js?ver=5e580eb46a90c2b997e6 HTTP/1.1" 200 9141 "https://blog.komforthouse.com.br/" "Mozilla/5.0 (iPhone; CPU iPhone OS 18_6 like Mac OS X) AppleWebKit/605.1.15 (KHTML, like Gecko) Version/18.6 Mobile/15E148 Safari/604.1"
189.6.248.141 - - [15/Aug/2025:22:40:09 -0300] "GET /wp-content/plugins/elementor-pro/assets/js/frontend.min.js?ver=3.26.3 HTTP/1.1" 200 24210 "https://blog.komforthouse.com.br/" "Mozilla/5.0 (iPhone; CPU iPhone OS 18_6 like Mac OS X) AppleWebKit/605.1.15 (KHTML, like Gecko) Version/18.6 Mobile/15E148 Safari/604.1"
189.6.248.141 - - [15/Aug/2025:22:40:09 -0300] "GET /wp-includes/js/jquery/ui/core.min.js?ver=1.13.3 HTTP/1.1" 200 21464 "https://blog.komforthouse.com.br/" "Mozilla/5.0 (iPhone; CPU iPhone OS 18_6 like Mac OS X) AppleWebKit/605.1.15 (KHTML, like Gecko) Version/18.6 Mobile/15E148 Safari/604.1"
189.6.248.141 - - [15/Aug/2025:22:40:09 -0300] "GET /wp-content/plugins/elementor/assets/js/frontend-modules.min.js?ver=3.26.4 HTTP/1.1" 200 52754 "https://blog.komforthouse.com.br/" "Mozilla/5.0 (iPhone; CPU iPhone OS 18_6 like Mac OS X) AppleWebKit/605.1.15 (KHTML, like Gecko) Version/18.6 Mobile/15E148 Safari/604.1"
189.6.248.141 - - [15/Aug/2025:22:40:09 -0300] "GET /wp-content/plugins/elementor/assets/js/frontend.min.js?ver=3.26.4 HTTP/1.1" 200 45428 "https://blog.komforthouse.com.br/" "Mozilla/5.0 (iPhone; CPU iPhone OS 18_6 like Mac OS X) AppleWebKit/605.1.15 (KHTML, like Gecko) Version/18.6 Mobile/15E148 Safari/604.1"
189.6.248.141 - - [15/Aug/2025:22:40:09 -0300] "GET /wp-content/plugins/elementor-pro/assets/js/elements-handlers.min.js?ver=3.26.3 HTTP/1.1" 200 44624 "https://blog.komforthouse.com.br/" "Mozilla/5.0 (iPhone; CPU iPhone OS 18_6 like Mac OS X) AppleWebKit/605.1.15 (KHTML, like Gecko) Version/18.6 Mobile/15E148 Safari/604.1"
189.6.248.141 - - [15/Aug/2025:22:40:10 -0300] "GET /wp-content/uploads/2024/06/komfort-house-logo.png HTTP/1.1" 200 23742 "https://blog.komforthouse.com.br/" "Mozilla/5.0 (iPhone; CPU iPhone OS 18_6 like Mac OS X) AppleWebKit/605.1.15 (KHTML, like Gecko) Version/18.6 Mobile/15E148 Safari/604.1"
