179.242.25.126 - - [15/Aug/2025:19:26:47 -0300] "GET /wp-content/plugins/elementor/assets/css/widget-social-icons.min.css?ver=3.26.4 HTTP/1.1" 200 5150 "https://blog.komforthouse.com.br/cores-tendencia-para-sofa-em-2025/" "Mozilla/5.0 (iPhone; CPU iPhone OS 18_5_0 like Mac OS X) AppleWebKit/605.1.15 (KHTML, like Gecko) GSA/376.0.777690323 Mobile/15E148 Safari/604.1"
179.242.25.126 - - [15/Aug/2025:19:26:47 -0300] "GET /wp-content/plugins/elementor-pro/assets/css/widget-posts.min.css?ver=3.26.3 HTTP/1.1" 200 16983 "https://blog.komforthouse.com.br/cores-tendencia-para-sofa-em-2025/" "Mozilla/5.0 (iPhone; CPU iPhone OS 18_5_0 like Mac OS X) AppleWebKit/605.1.15 (KHTML, like Gecko) GSA/376.0.777690323 Mobile/15E148 Safari/604.1"
179.242.25.126 - - [15/Aug/2025:19:26:47 -0300] "GET /wp-content/plugins/elementor/assets/css/conditionals/apple-webkit.min.css?ver=3.26.4 HTTP/1.1" 200 7025 "https://blog.komforthouse.com.br/cores-tendencia-para-sofa-em-2025/" "Mozilla/5.0 (iPhone; CPU iPhone OS 18_5_0 like Mac OS X) AppleWebKit/605.1.15 (KHTML, like Gecko) GSA/376.0.777690323 Mobile/15E148 Safari/604.1"
179.242.25.126 - - [15/Aug/2025:19:26:47 -0300] "GET /wp-content/plugins/elementor-pro/assets/css/conditionals/popup.min.css?ver=3.26.3 HTTP/1.1" 200 995 "https://blog.komforthouse.com.br/cores-tendencia-para-sofa-em-2025/" "Mozilla/5.0 (iPhone; CPU iPhone OS 18_5_0 like Mac OS X) AppleWebKit/605.1.15 (KHTML, like Gecko) GSA/376.0.777690323 Mobile/15E148 Safari/604.1"
179.242.25.126 - - [15/Aug/2025:19:26:48 -0300] "GET /wp-content/uploads/elementor/css/post-1283.css?ver=1736279802 HTTP/1.1" 200 13014 "https://blog.komforthouse.com.br/cores-tendencia-para-sofa-em-2025/" "Mozilla/5.0 (iPhone; CPU iPhone OS 18_5_0 like Mac OS X) AppleWebKit/605.1.15 (KHTML, like Gecko) GSA/376.0.777690323 Mobile/15E148 Safari/604.1"
179.242.25.126 - - [15/Aug/2025:19:26:48 -0300] "GET /wp-content/uploads/elementor/css/post-1681.css?ver=1736279802 HTTP/1.1" 200 3790 "https://blog.komforthouse.com.br/cores-tendencia-para-sofa-em-2025/" "Mozilla/5.0 (iPhone; CPU iPhone OS 18_5_0 like Mac OS X) AppleWebKit/605.1.15 (KHTML, like Gecko) GSA/376.0.777690323 Mobile/15E148 Safari/604.1"
179.242.25.126 - - [15/Aug/2025:19:26:48 -0300] "GET /wp-content/uploads/elementor/css/post-1473.css?ver=1737152742 HTTP/1.1" 200 11104 "https://blog.komforthouse.com.br/cores-tendencia-para-sofa-em-2025/" "Mozilla/5.0 (iPhone; CPU iPhone OS 18_5_0 like Mac OS X) AppleWebKit/605.1.15 (KHTML, like Gecko) GSA/376.0.777690323 Mobile/15E148 Safari/604.1"
179.242.25.126 - - [15/Aug/2025:19:26:48 -0300] "GET /wp-content/uploads/elementor/css/post-1334.css?ver=1736279802 HTTP/1.1" 200 16917 "https://blog.komforthouse.com.br/cores-tendencia-para-sofa-em-2025/" "Mozilla/5.0 (iPhone; CPU iPhone OS 18_5_0 like Mac OS X) AppleWebKit/605.1.15 (KHTML, like Gecko) GSA/376.0.777690323 Mobile/15E148 Safari/604.1"
179.242.25.126 - - [15/Aug/2025:19:26:48 -0300] "GET /wp-includes/js/jquery/jquery-migrate.min.js?ver=3.4.1 HTTP/1.1" 200 13577 "https://blog.komforthouse.com.br/cores-tendencia-para-sofa-em-2025/" "Mozilla/5.0 (iPhone; CPU iPhone OS 18_5_0 like Mac OS X) AppleWebKit/605.1.15 (KHTML, like Gecko) GSA/376.0.777690323 Mobile/15E148 Safari/604.1"
179.242.25.126 - - [15/Aug/2025:19:26:48 -0300] "GET /wp-includes/js/imagesloaded.min.js?ver=5.0.0 HTTP/1.1" 200 5520 "https://blog.komforthouse.com.br/cores-tendencia-para-sofa-em-2025/" "Mozilla/5.0 (iPhone; CPU iPhone OS 18_5_0 like Mac OS X) AppleWebKit/605.1.15 (KHTML, like Gecko) GSA/376.0.777690323 Mobile/15E148 Safari/604.1"
179.242.25.126 - - [15/Aug/2025:19:26:48 -0300] "GET /wp-content/plugins/elementor-pro/assets/lib/smartmenus/jquery.smartmenus.min.js?ver=1.2.1 HTTP/1.1" 200 24109 "https://blog.komforthouse.com.br/cores-tendencia-para-sofa-em-2025/" "Mozilla/5.0 (iPhone; CPU iPhone OS 18_5_0 like Mac OS X) AppleWebKit/605.1.15 (KHTML, like Gecko) GSA/376.0.777690323 Mobile/15E148 Safari/604.1"
179.242.25.126 - - [15/Aug/2025:19:26:48 -0300] "GET /wp-content/themes/hello-elementor/assets/js/hello-frontend.min.js?ver=3.2.1 HTTP/1.1" 200 1936 "https://blog.komforthouse.com.br/cores-tendencia-para-sofa-em-2025/" "Mozilla/5.0 (iPhone; CPU iPhone OS 18_5_0 like Mac OS X) AppleWebKit/605.1.15 (KHTML, like Gecko) GSA/376.0.777690323 Mobile/15E148 Safari/604.1"
179.242.25.126 - - [15/Aug/2025:19:26:48 -0300] "GET /wp-content/plugins/elementor-pro/assets/js/webpack-pro.runtime.min.js?ver=3.26.3 HTTP/1.1" 200 6263 "https://blog.komforthouse.com.br/cores-tendencia-para-sofa-em-2025/" "Mozilla/5.0 (iPhone; CPU iPhone OS 18_5_0 like Mac OS X) AppleWebKit/605.1.15 (KHTML, like Gecko) GSA/376.0.777690323 Mobile/15E148 Safari/604.1"
179.242.25.126 - - [15/Aug/2025:19:26:48 -0300] "GET /wp-includes/js/jquery/jquery.min.js?ver=3.7.1 HTTP/1.1" 200 87553 "https://blog.komforthouse.com.br/cores-tendencia-para-sofa-em-2025/" "Mozilla/5.0 (iPhone; CPU iPhone OS 18_5_0 like Mac OS X) AppleWebKit/605.1.15 (KHTML, like Gecko) GSA/376.0.777690323 Mobile/15E148 Safari/604.1"
179.242.25.126 - - [15/Aug/2025:19:26:48 -0300] "GET /wp-includes/js/dist/hooks.min.js?ver=4d63a3d491d11ffd8ac6 HTTP/1.1" 200 4776 "https://blog.komforthouse.com.br/cores-tendencia-para-sofa-em-2025/" "Mozilla/5.0 (iPhone; CPU iPhone OS 18_5_0 like Mac OS X) AppleWebKit/605.1.15 (KHTML, like Gecko) GSA/376.0.777690323 Mobile/15E148 Safari/604.1"
179.242.25.126 - - [15/Aug/2025:19:26:48 -0300] "GET /wp-includes/js/dist/i18n.min.js?ver=5e580eb46a90c2b997e6 HTTP/1.1" 200 9141 "https://blog.komforthouse.com.br/cores-tendencia-para-sofa-em-2025/" "Mozilla/5.0 (iPhone; CPU iPhone OS 18_5_0 like Mac OS X) AppleWebKit/605.1.15 (KHTML, like Gecko) GSA/376.0.777690323 Mobile/15E148 Safari/604.1"
179.242.25.126 - - [15/Aug/2025:19:26:48 -0300] "GET /wp-content/plugins/elementor/assets/js/webpack.runtime.min.js?ver=3.26.4 HTTP/1.1" 200 5326 "https://blog.komforthouse.com.br/cores-tendencia-para-sofa-em-2025/" "Mozilla/5.0 (iPhone; CPU iPhone OS 18_5_0 like Mac OS X) AppleWebKit/605.1.15 (KHTML, like Gecko) GSA/376.0.777690323 Mobile/15E148 Safari/604.1"
179.242.25.126 - - [15/Aug/2025:19:26:48 -0300] "GET /wp-content/plugins/elementor-pro/assets/js/frontend.min.js?ver=3.26.3 HTTP/1.1" 200 24210 "https://blog.komforthouse.com.br/cores-tendencia-para-sofa-em-2025/" "Mozilla/5.0 (iPhone; CPU iPhone OS 18_5_0 like Mac OS X) AppleWebKit/605.1.15 (KHTML, like Gecko) GSA/376.0.777690323 Mobile/15E148 Safari/604.1"
179.242.25.126 - - [15/Aug/2025:19:26:48 -0300] "GET /wp-includes/js/jquery/ui/core.min.js?ver=1.13.3 HTTP/1.1" 200 21464 "https://blog.komforthouse.com.br/cores-tendencia-para-sofa-em-2025/" "Mozilla/5.0 (iPhone; CPU iPhone OS 18_5_0 like Mac OS X) AppleWebKit/605.1.15 (KHTML, like Gecko) GSA/376.0.777690323 Mobile/15E148 Safari/604.1"
179.242.25.126 - - [15/Aug/2025:19:26:48 -0300] "GET /wp-content/plugins/elementor/assets/js/frontend-modules.min.js?ver=3.26.4 HTTP/1.1" 200 52754 "https://blog.komforthouse.com.br/cores-tendencia-para-sofa-em-2025/" "Mozilla/5.0 (iPhone; CPU iPhone OS 18_5_0 like Mac OS X) AppleWebKit/605.1.15 (KHTML, like Gecko) GSA/376.0.777690323 Mobile/15E148 Safari/604.1"
179.242.25.126 - - [15/Aug/2025:19:26:48 -0300] "GET /wp-content/plugins/elementor/assets/js/frontend.min.js?ver=3.26.4 HTTP/1.1" 200 45428 "https://blog.komforthouse.com.br/cores-tendencia-para-sofa-em-2025/" "Mozilla/5.0 (iPhone; CPU iPhone OS 18_5_0 like Mac OS X) AppleWebKit/605.1.15 (KHTML, like Gecko) GSA/376.0.777690323 Mobile/15E148 Safari/604.1"
179.242.25.126 - - [15/Aug/2025:19:26:49 -0300] "GET /wp-content/uploads/2024/11/image5-1024x555.png HTTP/1.1" 200 22005 "https://blog.komforthouse.com.br/cores-tendencia-para-sofa-em-2025/" "Mozilla/5.0 (iPhone; CPU iPhone OS 18_5_0 like Mac OS X) AppleWebKit/605.1.15 (KHTML, like Gecko) GSA/376.0.777690323 Mobile/15E148 Safari/604.1"
179.242.25.126 - - [15/Aug/2025:19:26:49 -0300] "GET /wp-content/plugins/elementor-pro/assets/js/elements-handlers.min.js?ver=3.26.3 HTTP/1.1" 200 44624 "https://blog.komforthouse.com.br/cores-tendencia-para-sofa-em-2025/" "Mozilla/5.0 (iPhone; CPU iPhone OS 18_5_0 like Mac OS X) AppleWebKit/605.1.15 (KHTML, like Gecko) GSA/376.0.777690323 Mobile/15E148 Safari/604.1"
179.242.25.126 - - [15/Aug/2025:19:26:50 -0300] "GET /wp-content/uploads/2024/06/komfort-house-logo.png HTTP/1.1" 200 23742 "https://blog.komforthouse.com.br/cores-tendencia-para-sofa-em-2025/" "Mozilla/5.0 (iPhone; CPU iPhone OS 18_5_0 like Mac OS X) AppleWebKit/605.1.15 (KHTML, like Gecko) GSA/376.0.777690323 Mobile/15E148 Safari/604.1"
179.242.25.126 - - [15/Aug/2025:19:26:50 -0300] "GET /wp-content/plugins/elementor/assets/js/image-carousel.78b881f3c7818111c2d7.bundle.min.js HTTP/1.1" 200 432 "https://blog.komforthouse.com.br/cores-tendencia-para-sofa-em-2025/" "Mozilla/5.0 (iPhone; CPU iPhone OS 18_5_0 like Mac OS X) AppleWebKit/605.1.15 (KHTML, like Gecko) GSA/376.0.777690323 Mobile/15E148 Safari/604.1"
179.242.25.126 - - [15/Aug/2025:19:26:50 -0300] "GET /wp-content/plugins/elementor-pro/assets/js/progress-tracker.8cccdda9737c272489fc.bundle.min.js HTTP/1.1" 200 5237 "https://blog.komforthouse.com.br/cores-tendencia-para-sofa-em-2025/" "Mozilla/5.0 (iPhone; CPU iPhone OS 18_5_0 like Mac OS X) AppleWebKit/605.1.15 (KHTML, like Gecko) GSA/376.0.777690323 Mobile/15E148 Safari/604.1"
179.242.25.126 - - [15/Aug/2025:19:26:50 -0300] "GET /wp-content/plugins/elementor-pro/assets/js/nav-menu.a23fbd67486c5bedf26c.bundle.min.js HTTP/1.1" 200 5282 "https://blog.komforthouse.com.br/cores-tendencia-para-sofa-em-2025/" "Mozilla/5.0 (iPhone; CPU iPhone OS 18_5_0 like Mac OS X) AppleWebKit/605.1.15 (KHTML, like Gecko) GSA/376.0.777690323 Mobile/15E148 Safari/604.1"
179.242.25.126 - - [15/Aug/2025:19:26:50 -0300] "GET /wp-content/plugins/elementor/assets/lib/dialog/dialog.min.js?ver=4.9.3 HTTP/1.1" 200 11286 "https://blog.komforthouse.com.br/cores-tendencia-para-sofa-em-2025/" "Mozilla/5.0 (iPhone; CPU iPhone OS 18_5_0 like Mac OS X) AppleWebKit/605.1.15 (KHTML, like Gecko) GSA/376.0.777690323 Mobile/15E148 Safari/604.1"
179.242.25.126 - - [15/Aug/2025:19:26:50 -0300] "GET /wp-content/plugins/elementor-pro/assets/js/load-more.8b46f464e573feab5dd7.bundle.min.js HTTP/1.1" 200 5346 "https://blog.komforthouse.com.br/cores-tendencia-para-sofa-em-2025/" "Mozilla/5.0 (iPhone; CPU iPhone OS 18_5_0 like Mac OS X) AppleWebKit/605.1.15 (KHTML, like Gecko) GSA/376.0.777690323 Mobile/15E148 Safari/604.1"
179.242.25.126 - - [15/Aug/2025:19:26:50 -0300] "GET /wp-content/plugins/elementor-pro/assets/js/posts.aec59265318492b89cb5.bundle.min.js HTTP/1.1" 200 3317 "https://blog.komforthouse.com.br/cores-tendencia-para-sofa-em-2025/" "Mozilla/5.0 (iPhone; CPU iPhone OS 18_5_0 like Mac OS X) AppleWebKit/605.1.15 (KHTML, like Gecko) GSA/376.0.777690323 Mobile/15E148 Safari/604.1"
179.242.25.126 - - [15/Aug/2025:19:26:49 -0300] "GET /wp-content/uploads/2024/11/image3.jpg HTTP/1.1" 200 282326 "https://blog.komforthouse.com.br/cores-tendencia-para-sofa-em-2025/" "Mozilla/5.0 (iPhone; CPU iPhone OS 18_5_0 like Mac OS X) AppleWebKit/605.1.15 (KHTML, like Gecko) GSA/376.0.777690323 Mobile/15E148 Safari/604.1"
179.242.25.126 - - [15/Aug/2025:19:26:50 -0300] "GET /wp-content/uploads/2024/11/image3-1024x768.jpg HTTP/1.1" 200 92089 "https://blog.komforthouse.com.br/cores-tendencia-para-sofa-em-2025/" "Mozilla/5.0 (iPhone; CPU iPhone OS 18_5_0 like Mac OS X) AppleWebKit/605.1.15 (KHTML, like Gecko) GSA/376.0.777690323 Mobile/15E148 Safari/604.1"
179.242.25.126 - - [15/Aug/2025:19:26:51 -0300] "GET /wp-content/uploads/2025/01/Moscou-1.jpg HTTP/1.1" 200 180871 "https://blog.komforthouse.com.br/cores-tendencia-para-sofa-em-2025/" "Mozilla/5.0 (iPhone; CPU iPhone OS 18_5_0 like Mac OS X) AppleWebKit/605.1.15 (KHTML, like Gecko) GSA/376.0.777690323 Mobile/15E148 Safari/604.1"
179.242.25.126 - - [15/Aug/2025:19:27:27 -0300] "GET /wp-content/uploads/2024/06/logo-komfort-house-sofas-branco-1024x245.png HTTP/1.1" 200 26615 "https://blog.komforthouse.com.br/cores-tendencia-para-sofa-em-2025/" "Mozilla/5.0 (iPhone; CPU iPhone OS 18_5_0 like Mac OS X) AppleWebKit/605.1.15 (KHTML, like Gecko) GSA/376.0.777690323 Mobile/15E148 Safari/604.1"
179.242.25.126 - - [15/Aug/2025:19:28:31 -0300] "GET /wp-content/uploads/2024/11/image3.jpg HTTP/1.1" 200 282326 "-" "Google/376.0.777690323 CFNetwork/3826.500.131 Darwin/24.5.0"
162.214.27.60 - - [15/Aug/2025:19:28:36 -0300] "POST /wp-cron.php?doing_wp_cron=1755296916.5657670497894287109375 HTTP/1.1" 200 - "-" "WordPress/6.8.2; https://blog.komforthouse.com.br"
162.214.27.60 - - [15/Aug/2025:19:28:37 -0300] "POST /wp-admin/admin-ajax.php?action=async_litespeed&nonce=n4HVc7J3mkR6oLV4VUeKD0n3ICL0fy14&litespeed_type=imgoptm HTTP/1.1" 200 1 "-" "WordPress/6.8.2; https://blog.komforthouse.com.br"
3.221.222.168 - - [15/Aug/2025:19:28:35 -0300] "GET / HTTP/1.1" 200 127418 "-" "Mozilla/5.0 AppleWebKit/537.36 (KHTML, like Gecko; compatible; Amazonbot/0.1; +https://developer.amazon.com/support/amazonbot) Chrome/119.0.6045.214 Safari/537.36"
17.241.75.20 - - [15/Aug/2025:19:29:07 -0300] "GET /tendencias-em-design-de-sofas-para-2023/ HTTP/1.1" 200 95360 "-" "Mozilla/5.0 (Macintosh; Intel Mac OS X 10_15_7) AppleWebKit/605.1.15 (KHTML, like Gecko) Version/17.4 Safari/605.1.15 (Applebot/0.1; +http://www.apple.com/go/applebot)"
162.214.27.60 - - [15/Aug/2025:19:29:07 -0300] "POST /wp-cron.php?doing_wp_cron=1755296947.6494870185852050781250 HTTP/1.1" 200 - "-" "WordPress/6.8.2; https://blog.komforthouse.com.br"
162.214.27.60 - - [15/Aug/2025:19:29:08 -0300] "POST /wp-admin/admin-ajax.php?action=async_litespeed&nonce=didKFJQcPusPAyrM8roBtlSZWWCynT2U&litespeed_type=imgoptm HTTP/1.1" 200 1 "-" "WordPress/6.8.2; https://blog.komforthouse.com.br"
173.230.132.133 - - [15/Aug/2025:19:31:24 -0300] "GET /wp-json/wp/v2/posts/?per_page=50 HTTP/1.0" 200 315210 "-" "Mozilla/5.0 (compatible; Googlebot/2.1; +http://www.google.com/bot.html)"
162.214.27.60 - - [15/Aug/2025:19:31:26 -0300] "POST /wp-admin/admin-ajax.php?action=async_litespeed&nonce=Hjn5Lz7lTQ2vpT7Jbvha4LSGzpV5h2jx&litespeed_type=imgoptm HTTP/1.1" 200 1 "-" "WordPress/6.8.2; https://blog.komforthouse.com.br"
162.214.27.60 - - [15/Aug/2025:19:31:25 -0300] "POST /wp-cron.php?doing_wp_cron=1755297085.1972069740295410156250 HTTP/1.1" 200 - "-" "WordPress/6.8.2; https://blog.komforthouse.com.br"
17.22.245.132 - - [15/Aug/2025:19:31:44 -0300] "GET /wp-content/themes/hello-elementor/header-footer.min.css?ver=3.2.1 HTTP/1.1" 200 7212 "https://blog.komforthouse.com.br/tendencias-em-design-de-sofas-para-2023/" "Mozilla/5.0 (Macintosh; Intel Mac OS X 10_15_7) AppleWebKit/605.1.15 (KHTML, like Gecko) Version/17.4 Safari/605.1.15 (Applebot/0.1; +http://www.apple.com/go/applebot)"
17.22.245.141 - - [15/Aug/2025:19:31:44 -0300] "GET /wp-content/themes/hello-elementor/theme.min.css?ver=3.2.1 HTTP/1.1" 200 5069 "https://blog.komforthouse.com.br/tendencias-em-design-de-sofas-para-2023/" "Mozilla/5.0 (Macintosh; Intel Mac OS X 10_15_7) AppleWebKit/605.1.15 (KHTML, like Gecko) Version/17.4 Safari/605.1.15 (Applebot/0.1; +http://www.apple.com/go/applebot)"
17.22.253.228 - - [15/Aug/2025:19:31:45 -0300] "GET /wp-content/plugins/elementor/assets/css/frontend.min.css?ver=3.26.4 HTTP/1.1" 200 53257 "https://blog.komforthouse.com.br/tendencias-em-design-de-sofas-para-2023/" "Mozilla/5.0 (Macintosh; Intel Mac OS X 10_15_7) AppleWebKit/605.1.15 (KHTML, like Gecko) Version/17.4 Safari/605.1.15 (Applebot/0.1; +http://www.apple.com/go/applebot)"
17.22.237.129 - - [15/Aug/2025:19:31:45 -0300] "GET /wp-content/uploads/elementor/css/post-1256.css?ver=1736279802 HTTP/1.1" 200 2099 "https://blog.komforthouse.com.br/tendencias-em-design-de-sofas-para-2023/" "Mozilla/5.0 (Macintosh; Intel Mac OS X 10_15_7) AppleWebKit/605.1.15 (KHTML, like Gecko) Version/17.4 Safari/605.1.15 (Applebot/0.1; +http://www.apple.com/go/applebot)"
17.22.253.228 - - [15/Aug/2025:19:31:46 -0300] "GET /wp-content/themes/hello-elementor/style.min.css?ver=3.2.1 HTTP/1.1" 200 5501 "https://blog.komforthouse.com.br/tendencias-em-design-de-sofas-para-2023/" "Mozilla/5.0 (Macintosh; Intel Mac OS X 10_15_7) AppleWebKit/605.1.15 (KHTML, like Gecko) Version/17.4 Safari/605.1.15 (Applebot/0.1; +http://www.apple.com/go/applebot)"
17.22.253.224 - - [15/Aug/2025:19:31:46 -0300] "GET /wp-includes/css/dist/block-library/style.min.css?ver=6.8.2 HTTP/1.1" 200 116345 "https://blog.komforthouse.com.br/tendencias-em-design-de-sofas-para-2023/" "Mozilla/5.0 (Macintosh; Intel Mac OS X 10_15_7) AppleWebKit/605.1.15 (KHTML, like Gecko) Version/17.4 Safari/605.1.15 (Applebot/0.1; +http://www.apple.com/go/applebot)"
17.22.253.228 - - [15/Aug/2025:19:31:47 -0300] "GET /wp-content/plugins/elementor/assets/css/widget-image.min.css?ver=3.26.4 HTTP/1.1" 200 254 "https://blog.komforthouse.com.br/tendencias-em-design-de-sofas-para-2023/" "Mozilla/5.0 (Macintosh; Intel Mac OS X 10_15_7) AppleWebKit/605.1.15 (KHTML, like Gecko) Version/17.4 Safari/605.1.15 (Applebot/0.1; +http://www.apple.com/go/applebot)"
17.22.237.87 - - [15/Aug/2025:19:31:47 -0300] "GET /wp-content/plugins/elementor/assets/lib/animations/styles/e-animation-pulse.min.css?ver=3.26.4 HTTP/1.1" 200 318 "https://blog.komforthouse.com.br/tendencias-em-design-de-sofas-para-2023/" "Mozilla/5.0 (Macintosh; Intel Mac OS X 10_15_7) AppleWebKit/605.1.15 (KHTML, like Gecko) Version/17.4 Safari/605.1.15 (Applebot/0.1; +http://www.apple.com/go/applebot)"
17.22.253.162 - - [15/Aug/2025:19:31:48 -0300] "GET /wp-content/plugins/elementor-pro/assets/css/widget-nav-menu.min.css?ver=3.26.3 HTTP/1.1" 200 26859 "https://blog.komforthouse.com.br/tendencias-em-design-de-sofas-para-2023/" "Mozilla/5.0 (Macintosh; Intel Mac OS X 10_15_7) AppleWebKit/605.1.15 (KHTML, like Gecko) Version/17.4 Safari/605.1.15 (Applebot/0.1; +http://www.apple.com/go/applebot)"
17.22.237.129 - - [15/Aug/2025:19:31:48 -0300] "GET /wp-content/plugins/elementor/assets/css/widget-heading.min.css?ver=3.26.4 HTTP/1.1" 200 600 "https://blog.komforthouse.com.br/tendencias-em-design-de-sofas-para-2023/" "Mozilla/5.0 (Macintosh; Intel Mac OS X 10_15_7) AppleWebKit/605.1.15 (KHTML, like Gecko) Version/17.4 Safari/605.1.15 (Applebot/0.1; +http://www.apple.com/go/applebot)"
17.22.245.17 - - [15/Aug/2025:19:31:49 -0300] "GET /wp-content/plugins/elementor/assets/css/widget-icon-list.min.css?ver=3.26.4 HTTP/1.1" 200 10310 "https://blog.komforthouse.com.br/tendencias-em-design-de-sofas-para-2023/" "Mozilla/5.0 (Macintosh; Intel Mac OS X 10_15_7) AppleWebKit/605.1.15 (KHTML, like Gecko) Version/17.4 Safari/605.1.15 (Applebot/0.1; +http://www.apple.com/go/applebot)"
17.22.253.162 - - [15/Aug/2025:19:31:49 -0300] "GET /wp-content/plugins/elementor-pro/assets/css/widget-progress-tracker.min.css?ver=3.26.3 HTTP/1.1" 200 2844 "https://blog.komforthouse.com.br/tendencias-em-design-de-sofas-para-2023/" "Mozilla/5.0 (Macintosh; Intel Mac OS X 10_15_7) AppleWebKit/605.1.15 (KHTML, like Gecko) Version/17.4 Safari/605.1.15 (Applebot/0.1; +http://www.apple.com/go/applebot)"
17.22.253.224 - - [15/Aug/2025:19:31:50 -0300] "GET /wp-content/plugins/elementor/assets/lib/swiper/v8/css/swiper.min.css?ver=8.4.5 HTTP/1.1" 200 16471 "https://blog.komforthouse.com.br/tendencias-em-design-de-sofas-para-2023/" "Mozilla/5.0 (Macintosh; Intel Mac OS X 10_15_7) AppleWebKit/605.1.15 (KHTML, like Gecko) Version/17.4 Safari/605.1.15 (Applebot/0.1; +http://www.apple.com/go/applebot)"
17.22.253.224 - - [15/Aug/2025:19:31:50 -0300] "GET /wp-content/plugins/elementor/assets/css/conditionals/e-swiper.min.css?ver=3.26.4 HTTP/1.1" 200 5486 "https://blog.komforthouse.com.br/tendencias-em-design-de-sofas-para-2023/" "Mozilla/5.0 (Macintosh; Intel Mac OS X 10_15_7) AppleWebKit/605.1.15 (KHTML, like Gecko) Version/17.4 Safari/605.1.15 (Applebot/0.1; +http://www.apple.com/go/applebot)"
17.22.237.87 - - [15/Aug/2025:19:31:51 -0300] "GET /wp-content/plugins/elementor/assets/css/widget-image-carousel.min.css?ver=3.26.4 HTTP/1.1" 200 382 "https://blog.komforthouse.com.br/tendencias-em-design-de-sofas-para-2023/" "Mozilla/5.0 (Macintosh; Intel Mac OS X 10_15_7) AppleWebKit/605.1.15 (KHTML, like Gecko) Version/17.4 Safari/605.1.15 (Applebot/0.1; +http://www.apple.com/go/applebot)"
17.22.253.141 - - [15/Aug/2025:19:31:51 -0300] "GET /wp-content/plugins/elementor/assets/lib/animations/styles/bounceIn.min.css?ver=3.26.4 HTTP/1.1" 200 367 "https://blog.komforthouse.com.br/tendencias-em-design-de-sofas-para-2023/" "Mozilla/5.0 (Macintosh; Intel Mac OS X 10_15_7) AppleWebKit/605.1.15 (KHTML, like Gecko) Version/17.4 Safari/605.1.15 (Applebot/0.1; +http://www.apple.com/go/applebot)"
17.22.245.213 - - [15/Aug/2025:19:31:52 -0300] "GET /wp-content/plugins/elementor-pro/assets/css/widget-posts.min.css?ver=3.26.3 HTTP/1.1" 200 16983 "https://blog.komforthouse.com.br/tendencias-em-design-de-sofas-para-2023/" "Mozilla/5.0 (Macintosh; Intel Mac OS X 10_15_7) AppleWebKit/605.1.15 (KHTML, like Gecko) Version/17.4 Safari/605.1.15 (Applebot/0.1; +http://www.apple.com/go/applebot)"
17.22.245.17 - - [15/Aug/2025:19:31:52 -0300] "GET /wp-content/plugins/elementor/assets/css/widget-social-icons.min.css?ver=3.26.4 HTTP/1.1" 200 5150 "https://blog.komforthouse.com.br/tendencias-em-design-de-sofas-para-2023/" "Mozilla/5.0 (Macintosh; Intel Mac OS X 10_15_7) AppleWebKit/605.1.15 (KHTML, like Gecko) Version/17.4 Safari/605.1.15 (Applebot/0.1; +http://www.apple.com/go/applebot)"
17.22.237.129 - - [15/Aug/2025:19:31:53 -0300] "GET /wp-content/plugins/elementor/assets/css/conditionals/apple-webkit.min.css?ver=3.26.4 HTTP/1.1" 200 7025 "https://blog.komforthouse.com.br/tendencias-em-design-de-sofas-para-2023/" "Mozilla/5.0 (Macintosh; Intel Mac OS X 10_15_7) AppleWebKit/605.1.15 (KHTML, like Gecko) Version/17.4 Safari/605.1.15 (Applebot/0.1; +http://www.apple.com/go/applebot)"
17.22.245.225 - - [15/Aug/2025:19:31:53 -0300] "GET /wp-content/plugins/elementor-pro/assets/css/conditionals/popup.min.css?ver=3.26.3 HTTP/1.1" 200 995 "https://blog.komforthouse.com.br/tendencias-em-design-de-sofas-para-2023/" "Mozilla/5.0 (Macintosh; Intel Mac OS X 10_15_7) AppleWebKit/605.1.15 (KHTML, like Gecko) Version/17.4 Safari/605.1.15 (Applebot/0.1; +http://www.apple.com/go/applebot)"
17.22.237.87 - - [15/Aug/2025:19:31:54 -0300] "GET /wp-content/uploads/elementor/css/post-1283.css?ver=1736279802 HTTP/1.1" 200 13014 "https://blog.komforthouse.com.br/tendencias-em-design-de-sofas-para-2023/" "Mozilla/5.0 (Macintosh; Intel Mac OS X 10_15_7) AppleWebKit/605.1.15 (KHTML, like Gecko) Version/17.4 Safari/605.1.15 (Applebot/0.1; +http://www.apple.com/go/applebot)"
17.22.253.224 - - [15/Aug/2025:19:31:54 -0300] "GET /wp-content/uploads/elementor/css/post-1334.css?ver=1736279802 HTTP/1.1" 200 16917 "https://blog.komforthouse.com.br/tendencias-em-design-de-sofas-para-2023/" "Mozilla/5.0 (Macintosh; Intel Mac OS X 10_15_7) AppleWebKit/605.1.15 (KHTML, like Gecko) Version/17.4 Safari/605.1.15 (Applebot/0.1; +http://www.apple.com/go/applebot)"
17.22.237.11 - - [15/Aug/2025:19:31:55 -0300] "GET /wp-content/uploads/elementor/css/post-1473.css?ver=1737152742 HTTP/1.1" 200 11104 "https://blog.komforthouse.com.br/tendencias-em-design-de-sofas-para-2023/" "Mozilla/5.0 (Macintosh; Intel Mac OS X 10_15_7) AppleWebKit/605.1.15 (KHTML, like Gecko) Version/17.4 Safari/605.1.15 (Applebot/0.1; +http://www.apple.com/go/applebot)"
17.22.237.105 - - [15/Aug/2025:19:31:55 -0300] "GET /wp-content/uploads/elementor/css/post-1681.css?ver=1736279802 HTTP/1.1" 200 3790 "https://blog.komforthouse.com.br/tendencias-em-design-de-sofas-para-2023/" "Mozilla/5.0 (Macintosh; Intel Mac OS X 10_15_7) AppleWebKit/605.1.15 (KHTML, like Gecko) Version/17.4 Safari/605.1.15 (Applebot/0.1; +http://www.apple.com/go/applebot)"
17.22.253.38 - - [15/Aug/2025:19:31:56 -0300] "GET /wp-includes/js/jquery/jquery.min.js?ver=3.7.1 HTTP/1.1" 200 87553 "https://blog.komforthouse.com.br/tendencias-em-design-de-sofas-para-2023/" "Mozilla/5.0 (Macintosh; Intel Mac OS X 10_15_7) AppleWebKit/605.1.15 (KHTML, like Gecko) Version/17.4 Safari/605.1.15 (Applebot/0.1; +http://www.apple.com/go/applebot)"
17.22.237.129 - - [15/Aug/2025:19:31:56 -0300] "GET /wp-includes/js/jquery/jquery-migrate.min.js?ver=3.4.1 HTTP/1.1" 200 13577 "https://blog.komforthouse.com.br/tendencias-em-design-de-sofas-para-2023/" "Mozilla/5.0 (Macintosh; Intel Mac OS X 10_15_7) AppleWebKit/605.1.15 (KHTML, like Gecko) Version/17.4 Safari/605.1.15 (Applebot/0.1; +http://www.apple.com/go/applebot)"
17.22.237.87 - - [15/Aug/2025:19:31:57 -0300] "GET /wp-content/themes/hello-elementor/assets/js/hello-frontend.min.js?ver=3.2.1 HTTP/1.1" 200 1936 "https://blog.komforthouse.com.br/tendencias-em-design-de-sofas-para-2023/" "Mozilla/5.0 (Macintosh; Intel Mac OS X 10_15_7) AppleWebKit/605.1.15 (KHTML, like Gecko) Version/17.4 Safari/605.1.15 (Applebot/0.1; +http://www.apple.com/go/applebot)"
17.22.253.224 - - [15/Aug/2025:19:31:57 -0300] "GET /wp-content/plugins/elementor-pro/assets/lib/smartmenus/jquery.smartmenus.min.js?ver=1.2.1 HTTP/1.1" 200 24109 "https://blog.komforthouse.com.br/tendencias-em-design-de-sofas-para-2023/" "Mozilla/5.0 (Macintosh; Intel Mac OS X 10_15_7) AppleWebKit/605.1.15 (KHTML, like Gecko) Version/17.4 Safari/605.1.15 (Applebot/0.1; +http://www.apple.com/go/applebot)"
17.22.253.40 - - [15/Aug/2025:19:31:58 -0300] "GET /wp-includes/js/imagesloaded.min.js?ver=5.0.0 HTTP/1.1" 200 5520 "https://blog.komforthouse.com.br/tendencias-em-design-de-sofas-para-2023/" "Mozilla/5.0 (Macintosh; Intel Mac OS X 10_15_7) AppleWebKit/605.1.15 (KHTML, like Gecko) Version/17.4 Safari/605.1.15 (Applebot/0.1; +http://www.apple.com/go/applebot)"
17.22.253.197 - - [15/Aug/2025:19:31:58 -0300] "GET /wp-content/plugins/elementor-pro/assets/js/webpack-pro.runtime.min.js?ver=3.26.3 HTTP/1.1" 200 6263 "https://blog.komforthouse.com.br/tendencias-em-design-de-sofas-para-2023/" "Mozilla/5.0 (Macintosh; Intel Mac OS X 10_15_7) AppleWebKit/605.1.15 (KHTML, like Gecko) Version/17.4 Safari/605.1.15 (Applebot/0.1; +http://www.apple.com/go/applebot)"
17.22.253.38 - - [15/Aug/2025:19:31:59 -0300] "GET /wp-content/plugins/elementor/assets/js/frontend-modules.min.js?ver=3.26.4 HTTP/1.1" 200 52754 "https://blog.komforthouse.com.br/tendencias-em-design-de-sofas-para-2023/" "Mozilla/5.0 (Macintosh; Intel Mac OS X 10_15_7) AppleWebKit/605.1.15 (KHTML, like Gecko) Version/17.4 Safari/605.1.15 (Applebot/0.1; +http://www.apple.com/go/applebot)"
17.22.237.129 - - [15/Aug/2025:19:31:59 -0300] "GET /wp-content/plugins/elementor/assets/js/webpack.runtime.min.js?ver=3.26.4 HTTP/1.1" 200 5326 "https://blog.komforthouse.com.br/tendencias-em-design-de-sofas-para-2023/" "Mozilla/5.0 (Macintosh; Intel Mac OS X 10_15_7) AppleWebKit/605.1.15 (KHTML, like Gecko) Version/17.4 Safari/605.1.15 (Applebot/0.1; +http://www.apple.com/go/applebot)"
17.22.237.87 - - [15/Aug/2025:19:32:00 -0300] "GET /wp-includes/js/dist/hooks.min.js?ver=4d63a3d491d11ffd8ac6 HTTP/1.1" 200 4776 "https://blog.komforthouse.com.br/tendencias-em-design-de-sofas-para-2023/" "Mozilla/5.0 (Macintosh; Intel Mac OS X 10_15_7) AppleWebKit/605.1.15 (KHTML, like Gecko) Version/17.4 Safari/605.1.15 (Applebot/0.1; +http://www.apple.com/go/applebot)"
17.22.237.15 - - [15/Aug/2025:19:32:00 -0300] "GET /wp-includes/js/dist/i18n.min.js?ver=5e580eb46a90c2b997e6 HTTP/1.1" 200 9141 "https://blog.komforthouse.com.br/tendencias-em-design-de-sofas-para-2023/" "Mozilla/5.0 (Macintosh; Intel Mac OS X 10_15_7) AppleWebKit/605.1.15 (KHTML, like Gecko) Version/17.4 Safari/605.1.15 (Applebot/0.1; +http://www.apple.com/go/applebot)"
17.22.253.59 - - [15/Aug/2025:19:32:01 -0300] "GET /wp-content/plugins/elementor-pro/assets/js/frontend.min.js?ver=3.26.3 HTTP/1.1" 200 24210 "https://blog.komforthouse.com.br/tendencias-em-design-de-sofas-para-2023/" "Mozilla/5.0 (Macintosh; Intel Mac OS X 10_15_7) AppleWebKit/605.1.15 (KHTML, like Gecko) Version/17.4 Safari/605.1.15 (Applebot/0.1; +http://www.apple.com/go/applebot)"
17.22.245.172 - - [15/Aug/2025:19:32:02 -0300] "GET /wp-includes/js/jquery/ui/core.min.js?ver=1.13.3 HTTP/1.1" 200 21464 "https://blog.komforthouse.com.br/tendencias-em-design-de-sofas-para-2023/" "Mozilla/5.0 (Macintosh; Intel Mac OS X 10_15_7) AppleWebKit/605.1.15 (KHTML, like Gecko) Version/17.4 Safari/605.1.15 (Applebot/0.1; +http://www.apple.com/go/applebot)"
17.22.253.224 - - [15/Aug/2025:19:32:02 -0300] "GET /wp-content/plugins/elementor/assets/js/frontend.min.js?ver=3.26.4 HTTP/1.1" 200 45428 "https://blog.komforthouse.com.br/tendencias-em-design-de-sofas-para-2023/" "Mozilla/5.0 (Macintosh; Intel Mac OS X 10_15_7) AppleWebKit/605.1.15 (KHTML, like Gecko) Version/17.4 Safari/605.1.15 (Applebot/0.1; +http://www.apple.com/go/applebot)"
17.22.237.129 - - [15/Aug/2025:19:32:02 -0300] "GET /wp-content/plugins/elementor-pro/assets/js/elements-handlers.min.js?ver=3.26.3 HTTP/1.1" 200 44624 "https://blog.komforthouse.com.br/tendencias-em-design-de-sofas-para-2023/" "Mozilla/5.0 (Macintosh; Intel Mac OS X 10_15_7) AppleWebKit/605.1.15 (KHTML, like Gecko) Version/17.4 Safari/605.1.15 (Applebot/0.1; +http://www.apple.com/go/applebot)"
17.22.237.15 - - [15/Aug/2025:19:32:03 -0300] "GET /wp-includes/js/wp-emoji-release.min.js?ver=6.8.2 HTTP/1.1" 200 19251 "https://blog.komforthouse.com.br/tendencias-em-design-de-sofas-para-2023/" "Mozilla/5.0 (Macintosh; Intel Mac OS X 10_15_7) AppleWebKit/605.1.15 (KHTML, like Gecko) Version/17.4 Safari/605.1.15 (Applebot/0.1; +http://www.apple.com/go/applebot)"
17.22.245.172 - - [15/Aug/2025:19:32:03 -0300] "GET /wp-content/plugins/elementor/assets/lib/dialog/dialog.min.js?ver=4.9.3 HTTP/1.1" 200 11286 "https://blog.komforthouse.com.br/tendencias-em-design-de-sofas-para-2023/" "Mozilla/5.0 (Macintosh; Intel Mac OS X 10_15_7) AppleWebKit/605.1.15 (KHTML, like Gecko) Version/17.4 Safari/605.1.15 (Applebot/0.1; +http://www.apple.com/go/applebot)"
17.22.237.129 - - [15/Aug/2025:19:32:04 -0300] "GET /wp-content/plugins/elementor-pro/assets/js/nav-menu.a23fbd67486c5bedf26c.bundle.min.js HTTP/1.1" 200 5282 "https://blog.komforthouse.com.br/tendencias-em-design-de-sofas-para-2023/" "Mozilla/5.0 (Macintosh; Intel Mac OS X 10_15_7) AppleWebKit/605.1.15 (KHTML, like Gecko) Version/17.4 Safari/605.1.15 (Applebot/0.1; +http://www.apple.com/go/applebot)"
17.22.237.172 - - [15/Aug/2025:19:32:05 -0300] "GET /wp-content/plugins/elementor/assets/js/text-editor.2cbb801863b5118e0825.bundle.min.js HTTP/1.1" 200 1360 "https://blog.komforthouse.com.br/tendencias-em-design-de-sofas-para-2023/" "Mozilla/5.0 (Macintosh; Intel Mac OS X 10_15_7) AppleWebKit/605.1.15 (KHTML, like Gecko) Version/17.4 Safari/605.1.15 (Applebot/0.1; +http://www.apple.com/go/applebot)"
17.22.237.15 - - [15/Aug/2025:19:32:05 -0300] "GET /wp-content/plugins/elementor-pro/assets/js/progress-tracker.8cccdda9737c272489fc.bundle.min.js HTTP/1.1" 200 5237 "https://blog.komforthouse.com.br/tendencias-em-design-de-sofas-para-2023/" "Mozilla/5.0 (Macintosh; Intel Mac OS X 10_15_7) AppleWebKit/605.1.15 (KHTML, like Gecko) Version/17.4 Safari/605.1.15 (Applebot/0.1; +http://www.apple.com/go/applebot)"
17.22.237.15 - - [15/Aug/2025:19:32:05 -0300] "GET /wp-content/plugins/elementor/assets/js/image-carousel.78b881f3c7818111c2d7.bundle.min.js HTTP/1.1" 200 432 "https://blog.komforthouse.com.br/tendencias-em-design-de-sofas-para-2023/" "Mozilla/5.0 (Macintosh; Intel Mac OS X 10_15_7) AppleWebKit/605.1.15 (KHTML, like Gecko) Version/17.4 Safari/605.1.15 (Applebot/0.1; +http://www.apple.com/go/applebot)"
17.22.253.84 - - [15/Aug/2025:19:32:06 -0300] "GET /wp-content/plugins/elementor-pro/assets/js/load-more.8b46f464e573feab5dd7.bundle.min.js HTTP/1.1" 200 5346 "https://blog.komforthouse.com.br/tendencias-em-design-de-sofas-para-2023/" "Mozilla/5.0 (Macintosh; Intel Mac OS X 10_15_7) AppleWebKit/605.1.15 (KHTML, like Gecko) Version/17.4 Safari/605.1.15 (Applebot/0.1; +http://www.apple.com/go/applebot)"
17.22.237.252 - - [15/Aug/2025:19:32:07 -0300] "GET /wp-content/plugins/elementor-pro/assets/js/posts.aec59265318492b89cb5.bundle.min.js HTTP/1.1" 200 3317 "https://blog.komforthouse.com.br/tendencias-em-design-de-sofas-para-2023/" "Mozilla/5.0 (Macintosh; Intel Mac OS X 10_15_7) AppleWebKit/605.1.15 (KHTML, like Gecko) Version/17.4 Safari/605.1.15 (Applebot/0.1; +http://www.apple.com/go/applebot)"
196.251.69.55 - - [15/Aug/2025:19:32:46 -0300] "POST /wp-login.php HTTP/1.1" 200 9733 "-" "Mozilla/5.0"
162.214.27.60 - - [15/Aug/2025:19:32:47 -0300] "POST /wp-cron.php?doing_wp_cron=1755297167.1791141033172607421875 HTTP/1.1" 200 - "-" "WordPress/6.8.2; https://blog.komforthouse.com.br"
162.214.27.60 - - [15/Aug/2025:19:32:48 -0300] "POST /wp-admin/admin-ajax.php?action=async_litespeed&nonce=Cqxfc0LV5xlTYHfuxVffPRjNaqUsSXjP&litespeed_type=imgoptm HTTP/1.1" 200 1 "-" "WordPress/6.8.2; https://blog.komforthouse.com.br"
66.249.66.163 - - [15/Aug/2025:19:38:17 -0300] "GET /explorando-a-elegancia-e-conforto-do-tecido-suede-para-sofas/ HTTP/1.1" 200 90229 "-" "Mozilla/5.0 (compatible; Googlebot/2.1; +http://www.google.com/bot.html)"
162.214.27.60 - - [15/Aug/2025:19:38:18 -0300] "POST /wp-cron.php?doing_wp_cron=1755297498.4560580253601074218750 HTTP/1.1" 200 - "-" "WordPress/6.8.2; https://blog.komforthouse.com.br"
162.214.27.60 - - [15/Aug/2025:19:38:19 -0300] "POST /wp-admin/admin-ajax.php?action=async_litespeed&nonce=CescghX9PgNu7ZY2jtLmOOGXPWrYJJfH&litespeed_type=imgoptm HTTP/1.1" 200 1 "-" "WordPress/6.8.2; https://blog.komforthouse.com.br"
196.251.112.104 - - [15/Aug/2025:19:38:31 -0300] "POST /wp-login.php HTTP/1.1" 200 9733 "-" "Mozilla/5.0"
173.230.132.133 - - [15/Aug/2025:19:41:34 -0300] "GET /wp-json/wp/v2/posts/?per_page=50 HTTP/1.0" 200 315210 "-" "Mozilla/5.0 (compatible; Googlebot/2.1; +http://www.google.com/bot.html)"
162.214.27.60 - - [15/Aug/2025:19:41:35 -0300] "POST /wp-cron.php?doing_wp_cron=1755297695.0527288913726806640625 HTTP/1.1" 200 - "-" "WordPress/6.8.2; https://blog.komforthouse.com.br"
162.214.27.60 - - [15/Aug/2025:19:41:36 -0300] "POST /wp-admin/admin-ajax.php?action=async_litespeed&nonce=AuwUt4DmjGmm0YL0X2ELNoH3CjEeKcIq&litespeed_type=imgoptm HTTP/1.1" 200 1 "-" "WordPress/6.8.2; https://blog.komforthouse.com.br"
196.251.69.55 - - [15/Aug/2025:19:43:48 -0300] "POST /wp-login.php HTTP/1.1" 200 9733 "-" "Mozilla/5.0"
162.214.27.60 - - [15/Aug/2025:19:43:49 -0300] "POST /wp-cron.php?doing_wp_cron=1755297829.7659690380096435546875 HTTP/1.1" 200 - "-" "WordPress/6.8.2; https://blog.komforthouse.com.br"
162.214.27.60 - - [15/Aug/2025:19:43:50 -0300] "POST /wp-admin/admin-ajax.php?action=async_litespeed&nonce=UO11GPfj7n9wkyt9hFm3KOQj63akrwku&litespeed_type=imgoptm HTTP/1.1" 200 1 "-" "WordPress/6.8.2; https://blog.komforthouse.com.br"
162.214.27.60 - - [15/Aug/2025:19:45:40 -0300] "POST /wp-cron.php?doing_wp_cron=1755297940.5903079509735107421875 HTTP/1.1" 200 - "-" "WordPress/6.8.2; https://blog.komforthouse.com.br"
162.214.27.60 - - [15/Aug/2025:19:45:41 -0300] "POST /wp-admin/admin-ajax.php?action=async_litespeed&nonce=wwVw6x7KZ3xkC43QmH6FRAvzAHZJwyjC&litespeed_type=imgoptm HTTP/1.1" 200 1 "-" "WordPress/6.8.2; https://blog.komforthouse.com.br"
3.212.86.97 - - [15/Aug/2025:19:45:39 -0300] "GET / HTTP/1.1" 200 127418 "-" "Mozilla/5.0 AppleWebKit/537.36 (KHTML, like Gecko; compatible; Amazonbot/0.1; +https://developer.amazon.com/support/amazonbot) Chrome/119.0.6045.214 Safari/537.36"
51.222.253.12 - - [15/Aug/2025:19:46:15 -0300] "GET /comments/feed/ HTTP/1.1" 304 - "-" "Mozilla/5.0 (compatible; AhrefsBot/7.0; +http://ahrefs.com/robot/)"
162.214.27.60 - - [15/Aug/2025:19:46:16 -0300] "POST /wp-admin/admin-ajax.php?action=async_litespeed&nonce=JlrVgNApgOa6NcgU5WRXCDooBWAO2xDo&litespeed_type=imgoptm HTTP/1.1" 200 1 "-" "WordPress/6.8.2; https://blog.komforthouse.com.br"
162.214.27.60 - - [15/Aug/2025:19:46:15 -0300] "POST /wp-cron.php?doing_wp_cron=1755297975.6259100437164306640625 HTTP/1.1" 200 - "-" "WordPress/6.8.2; https://blog.komforthouse.com.br"
196.251.69.55 - - [15/Aug/2025:19:54:48 -0300] "POST /wp-login.php HTTP/1.1" 200 9733 "-" "Mozilla/5.0"
162.214.27.60 - - [15/Aug/2025:19:54:50 -0300] "POST /wp-admin/admin-ajax.php?action=async_litespeed&nonce=l3nesG49tLkPhYpKOOvNa54RfwRXdiL2&litespeed_type=imgoptm HTTP/1.1" 200 1 "-" "WordPress/6.8.2; https://blog.komforthouse.com.br"
162.214.27.60 - - [15/Aug/2025:19:54:49 -0300] "POST /wp-cron.php?doing_wp_cron=1755298489.4247260093688964843750 HTTP/1.1" 200 - "-" "WordPress/6.8.2; https://blog.komforthouse.com.br"
196.251.112.104 - - [15/Aug/2025:19:54:57 -0300] "POST /wp-login.php HTTP/1.1" 200 9733 "-" "Mozilla/5.0"
66.249.92.163 - - [15/Aug/2025:19:56:05 -0300] "GET /cupim-no-sofa-como-identificar-prevenir-e-eliminar/ HTTP/1.1" 200 100132 "-" "Mozilla/5.0 (Linux; Android 6.0.1; Nexus 5X Build/MMB29P) AppleWebKit/537.36 (KHTML, like Gecko) Chrome/138.0.7204.183 Mobile Safari/537.36 (compatible; AdsBot-Google-Mobile; +http://www.google.com/mobile/adsbot.html)"
162.214.27.60 - - [15/Aug/2025:19:56:06 -0300] "POST /wp-cron.php?doing_wp_cron=1755298566.6355679035186767578125 HTTP/1.1" 200 - "-" "WordPress/6.8.2; https://blog.komforthouse.com.br"
162.214.27.60 - - [15/Aug/2025:19:56:07 -0300] "POST /wp-admin/admin-ajax.php?action=async_litespeed&nonce=e999709guOpNGkzXYMFwFMbsaHJGYmxt&litespeed_type=imgoptm HTTP/1.1" 200 1 "-" "WordPress/6.8.2; https://blog.komforthouse.com.br"
66.249.92.163 - - [15/Aug/2025:19:56:12 -0300] "GET /wp-content/plugins/elementor/assets/lib/animations/styles/bounceIn.min.css?ver=3.26.4 HTTP/1.1" 200 367 "https://blog.komforthouse.com.br/cupim-no-sofa-como-identificar-prevenir-e-eliminar/" "AdsBot-Google (+http://www.google.com/adsbot.html)"
66.249.92.163 - - [15/Aug/2025:19:56:15 -0300] "GET /wp-content/uploads/elementor/css/post-1681.css?ver=1736279802 HTTP/1.1" 200 3790 "https://blog.komforthouse.com.br/cupim-no-sofa-como-identificar-prevenir-e-eliminar/" "AdsBot-Google (+http://www.google.com/adsbot.html)"
66.249.92.163 - - [15/Aug/2025:19:56:17 -0300] "GET /wp-includes/js/jquery/jquery.min.js?ver=3.7.1 HTTP/1.1" 200 87553 "https://blog.komforthouse.com.br/cupim-no-sofa-como-identificar-prevenir-e-eliminar/" "AdsBot-Google (+http://www.google.com/adsbot.html)"
66.249.92.163 - - [15/Aug/2025:19:56:19 -0300] "GET /wp-content/plugins/elementor-pro/assets/css/widget-nav-menu.min.css?ver=3.26.3 HTTP/1.1" 200 26859 "https://blog.komforthouse.com.br/cupim-no-sofa-como-identificar-prevenir-e-eliminar/" "AdsBot-Google (+http://www.google.com/adsbot.html)"
66.249.92.163 - - [15/Aug/2025:19:56:22 -0300] "GET /wp-content/uploads/elementor/css/post-1334.css?ver=1736279802 HTTP/1.1" 200 16917 "https://blog.komforthouse.com.br/cupim-no-sofa-como-identificar-prevenir-e-eliminar/" "AdsBot-Google (+http://www.google.com/adsbot.html)"
66.249.92.163 - - [15/Aug/2025:19:56:25 -0300] "GET /wp-content/uploads/elementor/css/post-1283.css?ver=1736279802 HTTP/1.1" 200 13014 "https://blog.komforthouse.com.br/cupim-no-sofa-como-identificar-prevenir-e-eliminar/" "AdsBot-Google (+http://www.google.com/adsbot.html)"
66.249.92.163 - - [15/Aug/2025:19:56:28 -0300] "GET /wp-content/themes/hello-elementor/header-footer.min.css?ver=3.2.1 HTTP/1.1" 200 7212 "https://blog.komforthouse.com.br/cupim-no-sofa-como-identificar-prevenir-e-eliminar/" "AdsBot-Google (+http://www.google.com/adsbot.html)"
66.249.92.163 - - [15/Aug/2025:19:56:31 -0300] "GET /wp-content/plugins/elementor/assets/css/widget-icon-list.min.css?ver=3.26.4 HTTP/1.1" 200 10310 "https://blog.komforthouse.com.br/cupim-no-sofa-como-identificar-prevenir-e-eliminar/" "AdsBot-Google (+http://www.google.com/adsbot.html)"
66.249.92.163 - - [15/Aug/2025:19:56:34 -0300] "GET /wp-content/plugins/elementor/assets/css/conditionals/e-swiper.min.css?ver=3.26.4 HTTP/1.1" 200 5486 "https://blog.komforthouse.com.br/cupim-no-sofa-como-identificar-prevenir-e-eliminar/" "AdsBot-Google (+http://www.google.com/adsbot.html)"
66.249.92.163 - - [15/Aug/2025:19:56:37 -0300] "GET /wp-content/plugins/elementor/assets/css/widget-image.min.css?ver=3.26.4 HTTP/1.1" 200 254 "https://blog.komforthouse.com.br/cupim-no-sofa-como-identificar-prevenir-e-eliminar/" "AdsBot-Google (+http://www.google.com/adsbot.html)"
66.249.92.163 - - [15/Aug/2025:19:56:40 -0300] "GET /wp-content/plugins/elementor/assets/css/widget-heading.min.css?ver=3.26.4 HTTP/1.1" 200 600 "https://blog.komforthouse.com.br/cupim-no-sofa-como-identificar-prevenir-e-eliminar/" "AdsBot-Google (+http://www.google.com/adsbot.html)"
66.249.92.163 - - [15/Aug/2025:19:56:43 -0300] "GET /wp-content/plugins/elementor/assets/js/webpack.runtime.min.js?ver=3.26.4 HTTP/1.1" 200 5326 "https://blog.komforthouse.com.br/cupim-no-sofa-como-identificar-prevenir-e-eliminar/" "AdsBot-Google (+http://www.google.com/adsbot.html)"
66.249.92.163 - - [15/Aug/2025:19:56:46 -0300] "GET /wp-content/plugins/elementor/assets/js/frontend-modules.min.js?ver=3.26.4 HTTP/1.1" 200 52754 "https://blog.komforthouse.com.br/cupim-no-sofa-como-identificar-prevenir-e-eliminar/" "AdsBot-Google (+http://www.google.com/adsbot.html)"
66.249.92.163 - - [15/Aug/2025:19:56:49 -0300] "GET /wp-includes/js/dist/hooks.min.js?ver=4d63a3d491d11ffd8ac6 HTTP/1.1" 200 4776 "https://blog.komforthouse.com.br/cupim-no-sofa-como-identificar-prevenir-e-eliminar/" "AdsBot-Google (+http://www.google.com/adsbot.html)"
66.249.92.163 - - [15/Aug/2025:19:56:52 -0300] "GET /wp-includes/js/dist/i18n.min.js?ver=5e580eb46a90c2b997e6 HTTP/1.1" 200 9141 "https://blog.komforthouse.com.br/cupim-no-sofa-como-identificar-prevenir-e-eliminar/" "AdsBot-Google (+http://www.google.com/adsbot.html)"
66.249.92.163 - - [15/Aug/2025:19:56:54 -0300] "GET /wp-content/plugins/elementor-pro/assets/js/frontend.min.js?ver=3.26.3 HTTP/1.1" 200 24210 "https://blog.komforthouse.com.br/cupim-no-sofa-como-identificar-prevenir-e-eliminar/" "AdsBot-Google (+http://www.google.com/adsbot.html)"
66.249.92.163 - - [15/Aug/2025:19:56:57 -0300] "GET /wp-includes/js/jquery/ui/core.min.js?ver=1.13.3 HTTP/1.1" 200 21464 "https://blog.komforthouse.com.br/cupim-no-sofa-como-identificar-prevenir-e-eliminar/" "AdsBot-Google (+http://www.google.com/adsbot.html)"
66.249.92.165 - - [15/Aug/2025:19:57:00 -0300] "GET /wp-content/plugins/elementor/assets/js/frontend.min.js?ver=3.26.4 HTTP/1.1" 200 45428 "https://blog.komforthouse.com.br/cupim-no-sofa-como-identificar-prevenir-e-eliminar/" "AdsBot-Google (+http://www.google.com/adsbot.html)"
66.249.92.163 - - [15/Aug/2025:19:57:03 -0300] "GET /wp-content/plugins/elementor-pro/assets/js/elements-handlers.min.js?ver=3.26.3 HTTP/1.1" 200 44624 "https://blog.komforthouse.com.br/cupim-no-sofa-como-identificar-prevenir-e-eliminar/" "AdsBot-Google (+http://www.google.com/adsbot.html)"
66.249.92.164 - - [15/Aug/2025:19:57:06 -0300] "GET /wp-includes/js/wp-emoji-release.min.js?ver=6.8.2 HTTP/1.1" 200 19251 "https://blog.komforthouse.com.br/cupim-no-sofa-como-identificar-prevenir-e-eliminar/" "AdsBot-Google (+http://www.google.com/adsbot.html)"
162.120.185.209 - - [15/Aug/2025:19:58:03 -0300] "GET /cupim-no-sofa-como-identificar-prevenir-e-eliminar/ HTTP/1.1" 200 100132 "https://www.google.com/" "Mozilla/5.0 (Linux; Android 10; K) AppleWebKit/537.36 (KHTML, like Gecko) Chrome/139.0.0.0 Mobile Safari/537.36"
192.178.10.70 - - [15/Aug/2025:19:58:03 -0300] "GET /.well-known/traffic-advice HTTP/1.1" 404 69731 "-" "Chrome Privacy Preserving Prefetch Proxy"
162.214.27.60 - - [15/Aug/2025:19:58:04 -0300] "POST /wp-cron.php?doing_wp_cron=1755298684.1477010250091552734375 HTTP/1.1" 200 - "-" "WordPress/6.8.2; https://blog.komforthouse.com.br"
162.214.27.60 - - [15/Aug/2025:19:58:05 -0300] "POST /wp-admin/admin-ajax.php?action=async_litespeed&nonce=UUdFIVEGaGViaPC1kFwUdyGAo4kynTLP&litespeed_type=imgoptm HTTP/1.1" 200 1 "-" "WordPress/6.8.2; https://blog.komforthouse.com.br"
162.214.27.60 - - [15/Aug/2025:19:59:58 -0300] "POST /wp-cron.php?doing_wp_cron=1755298798.1895220279693603515625 HTTP/1.1" 200 - "-" "WordPress/6.8.2; https://blog.komforthouse.com.br"
162.214.27.60 - - [15/Aug/2025:19:59:58 -0300] "POST /wp-admin/admin-ajax.php?action=async_litespeed&nonce=G8b3oL7dFWvILmwxydh5vCpV1AvLhLES&litespeed_type=imgoptm HTTP/1.1" 200 1 "-" "WordPress/6.8.2; https://blog.komforthouse.com.br"
52.230.164.178 - - [15/Aug/2025:19:59:57 -0300] "GET / HTTP/1.1" 200 95669 "-" "Mozilla/5.0 AppleWebKit/537.36 (KHTML, like Gecko); compatible; ChatGPT-User/1.0; +https://openai.com/bot"
162.214.27.60 - - [15/Aug/2025:20:03:00 -0300] "POST /wp-cron.php?doing_wp_cron=1755298980.8162999153137207031250 HTTP/1.1" 200 - "-" "WordPress/6.8.2; https://blog.komforthouse.com.br"
54.84.102.81 - - [15/Aug/2025:20:02:59 -0300] "GET / HTTP/1.1" 200 127418 "-" "Mozilla/5.0 AppleWebKit/537.36 (KHTML, like Gecko; compatible; Amazonbot/0.1; +https://developer.amazon.com/support/amazonbot) Chrome/119.0.6045.214 Safari/537.36"
162.214.27.60 - - [15/Aug/2025:20:03:02 -0300] "POST /wp-admin/admin-ajax.php?action=async_litespeed&nonce=0UCo0UJppkma5QRrNhIA2mKPgpqmKNyE&litespeed_type=imgoptm HTTP/1.1" 200 1 "-" "WordPress/6.8.2; https://blog.komforthouse.com.br"
162.214.27.60 - - [15/Aug/2025:20:04:00 -0300] "POST /wp-cron.php?doing_wp_cron=1755299040.4441978931427001953125 HTTP/1.1" 200 - "-" "WordPress/6.8.2; https://blog.komforthouse.com.br"
45.79.205.118 - - [15/Aug/2025:20:03:59 -0300] "GET /wp-json/wp/v2/posts/?per_page=50 HTTP/1.0" 200 315210 "-" "Mozilla/5.0 (compatible; Googlebot/2.1; +http://www.google.com/bot.html)"
162.214.27.60 - - [15/Aug/2025:20:04:01 -0300] "POST /wp-admin/admin-ajax.php?action=async_litespeed&nonce=J9XlX7yZn3WCCmvg6xd6pjndsGQBFCYm&litespeed_type=imgoptm HTTP/1.1" 200 1 "-" "WordPress/6.8.2; https://blog.komforthouse.com.br"
196.251.69.55 - - [15/Aug/2025:20:05:58 -0300] "POST /wp-login.php HTTP/1.1" 200 9733 "-" "Mozilla/5.0"
162.214.27.60 - - [15/Aug/2025:20:05:59 -0300] "POST /wp-cron.php?doing_wp_cron=1755299159.7751269340515136718750 HTTP/1.1" 200 - "-" "WordPress/6.8.2; https://blog.komforthouse.com.br"
162.214.27.60 - - [15/Aug/2025:20:06:00 -0300] "POST /wp-admin/admin-ajax.php?action=async_litespeed&nonce=xzcwqHBuDa3trFA1nLVVr6M37EZxlFH1&litespeed_type=imgoptm HTTP/1.1" 200 1 "-" "WordPress/6.8.2; https://blog.komforthouse.com.br"
52.167.144.194 - - [15/Aug/2025:20:08:42 -0300] "GET /sitemap.xml HTTP/1.1" 301 - "-" "Mozilla/5.0 AppleWebKit/537.36 (KHTML, like Gecko; compatible; bingbot/2.0; +http://www.bing.com/bingbot.htm) Chrome/116.0.1938.76 Safari/537.36"
162.214.27.60 - - [15/Aug/2025:20:08:43 -0300] "POST /wp-cron.php?doing_wp_cron=1755299323.8688280582427978515625 HTTP/1.1" 200 - "-" "WordPress/6.8.2; https://blog.komforthouse.com.br"
162.214.27.60 - - [15/Aug/2025:20:08:45 -0300] "POST /wp-admin/admin-ajax.php?action=async_litespeed&nonce=yiQQ5RkSZjfwZjhgCBMiCBQWfrBi2CXZ&litespeed_type=imgoptm HTTP/1.1" 200 1 "-" "WordPress/6.8.2; https://blog.komforthouse.com.br"
52.167.144.194 - - [15/Aug/2025:20:08:45 -0300] "GET /sitemap_index.xml HTTP/1.1" 200 693 "-" "Mozilla/5.0 AppleWebKit/537.36 (KHTML, like Gecko; compatible; bingbot/2.0; +http://www.bing.com/bingbot.htm) Chrome/116.0.1938.76 Safari/537.36"
40.77.167.76 - - [15/Aug/2025:20:08:47 -0300] "GET /sitemap_index.xml HTTP/1.1" 200 693 "-" "Mozilla/5.0 AppleWebKit/537.36 (KHTML, like Gecko; compatible; bingbot/2.0; +http://www.bing.com/bingbot.htm) Chrome/116.0.1938.76 Safari/537.36"
196.251.112.104 - - [15/Aug/2025:20:12:11 -0300] "POST /wp-login.php HTTP/1.1" 200 9733 "-" "Mozilla/5.0"
162.214.27.60 - - [15/Aug/2025:20:12:11 -0300] "POST /wp-cron.php?doing_wp_cron=1755299531.8733150959014892578125 HTTP/1.1" 200 - "-" "WordPress/6.8.2; https://blog.komforthouse.com.br"
162.214.27.60 - - [15/Aug/2025:20:12:12 -0300] "POST /wp-admin/admin-ajax.php?action=async_litespeed&nonce=br4ZbT1w3T7ccCGO3hgj76QLsyOP4BuZ&litespeed_type=imgoptm HTTP/1.1" 200 1 "-" "WordPress/6.8.2; https://blog.komforthouse.com.br"
191.183.36.161 - - [15/Aug/2025:20:14:45 -0300] "GET /cores-tendencia-para-sofa-em-2025/ HTTP/1.1" 200 90591 "https://www.google.com/" "Mozilla/5.0 (iPhone; CPU iPhone OS 18_5 like Mac OS X) AppleWebKit/605.1.15 (KHTML, like Gecko) Version/18.5 Mobile/15E148 Safari/604.1"
162.214.27.60 - - [15/Aug/2025:20:14:46 -0300] "POST /wp-cron.php?doing_wp_cron=1755299686.3904778957366943359375 HTTP/1.1" 200 - "-" "WordPress/6.8.2; https://blog.komforthouse.com.br"
162.214.27.60 - - [15/Aug/2025:20:14:47 -0300] "POST /wp-admin/admin-ajax.php?action=async_litespeed&nonce=k78X2aaDNrMM5r4O9VoyaMuUP90wiGhH&litespeed_type=imgoptm HTTP/1.1" 200 1 "-" "WordPress/6.8.2; https://blog.komforthouse.com.br"
196.251.69.55 - - [15/Aug/2025:20:17:18 -0300] "POST /wp-login.php HTTP/1.1" 200 9733 "-" "Mozilla/5.0"
162.214.27.60 - - [15/Aug/2025:20:17:20 -0300] "POST /wp-admin/admin-ajax.php?action=async_litespeed&nonce=2B7F1u4dK0TEMPWbFEnzxfL5fBAULQNe&litespeed_type=imgoptm HTTP/1.1" 200 1 "-" "WordPress/6.8.2; https://blog.komforthouse.com.br"
162.214.27.60 - - [15/Aug/2025:20:17:19 -0300] "POST /wp-cron.php?doing_wp_cron=1755299839.0829598903656005859375 HTTP/1.1" 200 - "-" "WordPress/6.8.2; https://blog.komforthouse.com.br"
17.241.227.208 - - [15/Aug/2025:20:18:38 -0300] "GET /dicas-de-manutencao-para-prolongar-a-vida-do-seu-sofa-2/ HTTP/1.1" 200 97295 "-" "Mozilla/5.0 (Macintosh; Intel Mac OS X 10_15_7) AppleWebKit/605.1.15 (KHTML, like Gecko) Version/17.4 Safari/605.1.15 (Applebot/0.1; +http://www.apple.com/go/applebot)"
162.214.27.60 - - [15/Aug/2025:20:18:39 -0300] "POST /wp-cron.php?doing_wp_cron=1755299919.6789760589599609375000 HTTP/1.1" 200 - "-" "WordPress/6.8.2; https://blog.komforthouse.com.br"
162.214.27.60 - - [15/Aug/2025:20:18:40 -0300] "POST /wp-admin/admin-ajax.php?action=async_litespeed&nonce=StUkkCJU1YsMxj2LSPC4hCYiCvexh1cg&litespeed_type=imgoptm HTTP/1.1" 200 1 "-" "WordPress/6.8.2; https://blog.komforthouse.com.br"
35.81.238.115 - - [15/Aug/2025:20:20:07 -0300] "GET /robots.txt HTTP/1.1" 200 128 "-" "parisbot"
