162.214.27.60 - - [16/Aug/2025:00:32:19 -0300] "POST /wp-admin/admin-ajax.php?action=async_litespeed&nonce=g4LuIxXShCFRwDTpIANOw5lVQDF7tC6V&litespeed_type=imgoptm HTTP/1.1" 200 1 "-" "WordPress/6.8.2; https://blog.komforthouse.com.br"
162.214.27.60 - - [16/Aug/2025:00:32:18 -0300] "POST /wp-cron.php?doing_wp_cron=1755315138.8051550388336181640625 HTTP/1.1" 200 - "-" "WordPress/6.8.2; https://blog.komforthouse.com.br"
52.4.213.199 - - [16/Aug/2025:00:32:27 -0300] "GET / HTTP/1.1" 200 127418 "-" "Mozilla/5.0 AppleWebKit/537.36 (KHTML, like Gecko; compatible; Amazonbot/0.1; +https://developer.amazon.com/support/amazonbot) Chrome/119.0.6045.214 Safari/537.36"
201.75.182.138 - - [16/Aug/2025:00:29:58 -0300] "GET /como-eliminar-acaros-dos-sofas/ HTTP/1.1" 200 91644 "https://www.google.com/" "Mozilla/5.0 (Linux; Android 10; K) AppleWebKit/537.36 (KHTML, like Gecko) Chrome/139.0.0.0 Mobile Safari/537.36"
196.251.112.104 - - [16/Aug/2025:00:36:46 -0300] "POST /wp-login.php HTTP/1.1" 200 9733 "-" "Mozilla/5.0"
162.214.27.60 - - [16/Aug/2025:00:36:47 -0300] "POST /wp-admin/admin-ajax.php?action=async_litespeed&nonce=FIM9ahUbGNgYCbpyfSofrWaS3OM25pDr&litespeed_type=imgoptm HTTP/1.1" 200 1 "-" "WordPress/6.8.2; https://blog.komforthouse.com.br"
162.214.27.60 - - [16/Aug/2025:00:36:47 -0300] "POST /wp-cron.php?doing_wp_cron=1755315407.0950388908386230468750 HTTP/1.1" 200 - "-" "WordPress/6.8.2; https://blog.komforthouse.com.br"
177.33.136.99 - - [16/Aug/2025:00:39:35 -0300] "GET /cores-tendencia-para-sofa-em-2025/ HTTP/1.1" 200 90591 "https://www.google.com/" "Mozilla/5.0 (iPhone; CPU iPhone OS 18_6_0 like Mac OS X) AppleWebKit/605.1.15 (KHTML, like Gecko) CriOS/139.0.7258.76 Mobile/15E148 Safari/604.1"
162.214.27.60 - - [16/Aug/2025:00:39:36 -0300] "POST /wp-cron.php?doing_wp_cron=1755315576.3483819961547851562500 HTTP/1.1" 200 - "-" "WordPress/6.8.2; https://blog.komforthouse.com.br"
162.214.27.60 - - [16/Aug/2025:00:39:37 -0300] "POST /wp-admin/admin-ajax.php?action=async_litespeed&nonce=SWH5vAG40SfNxDsMNsGABgiytGqKsXQi&litespeed_type=imgoptm HTTP/1.1" 200 1 "-" "WordPress/6.8.2; https://blog.komforthouse.com.br"
177.33.136.99 - - [16/Aug/2025:00:39:37 -0300] "GET /cores-tendencia-para-sofa-em-2025/ HTTP/1.1" 200 90591 "https://www.google.com/" "Mozilla/5.0 (iPhone; CPU iPhone OS 18_6_0 like Mac OS X) AppleWebKit/605.1.15 (KHTML, like Gecko) CriOS/139.0.7258.76 Mobile/15E148 Safari/604.1"
177.33.136.99 - - [16/Aug/2025:00:39:40 -0300] "GET /wp-content/uploads/elementor/css/post-1256.css?ver=1736279802 HTTP/1.1" 200 2099 "https://blog.komforthouse.com.br/cores-tendencia-para-sofa-em-2025/" "Mozilla/5.0 (iPhone; CPU iPhone OS 18_6_0 like Mac OS X) AppleWebKit/605.1.15 (KHTML, like Gecko) CriOS/139.0.7258.76 Mobile/15E148 Safari/604.1"
177.33.136.99 - - [16/Aug/2025:00:39:40 -0300] "GET /wp-content/themes/hello-elementor/theme.min.css?ver=3.2.1 HTTP/1.1" 200 5069 "https://blog.komforthouse.com.br/cores-tendencia-para-sofa-em-2025/" "Mozilla/5.0 (iPhone; CPU iPhone OS 18_6_0 like Mac OS X) AppleWebKit/605.1.15 (KHTML, like Gecko) CriOS/139.0.7258.76 Mobile/15E148 Safari/604.1"
177.33.136.99 - - [16/Aug/2025:00:39:40 -0300] "GET /wp-content/themes/hello-elementor/header-footer.min.css?ver=3.2.1 HTTP/1.1" 200 7212 "https://blog.komforthouse.com.br/cores-tendencia-para-sofa-em-2025/" "Mozilla/5.0 (iPhone; CPU iPhone OS 18_6_0 like Mac OS X) AppleWebKit/605.1.15 (KHTML, like Gecko) CriOS/139.0.7258.76 Mobile/15E148 Safari/604.1"
177.33.136.99 - - [16/Aug/2025:00:39:40 -0300] "GET /wp-content/themes/hello-elementor/style.min.css?ver=3.2.1 HTTP/1.1" 200 5501 "https://blog.komforthouse.com.br/cores-tendencia-para-sofa-em-2025/" "Mozilla/5.0 (iPhone; CPU iPhone OS 18_6_0 like Mac OS X) AppleWebKit/605.1.15 (KHTML, like Gecko) CriOS/139.0.7258.76 Mobile/15E148 Safari/604.1"
177.33.136.99 - - [16/Aug/2025:00:39:40 -0300] "GET /wp-content/plugins/elementor/assets/css/frontend.min.css?ver=3.26.4 HTTP/1.1" 200 53257 "https://blog.komforthouse.com.br/cores-tendencia-para-sofa-em-2025/" "Mozilla/5.0 (iPhone; CPU iPhone OS 18_6_0 like Mac OS X) AppleWebKit/605.1.15 (KHTML, like Gecko) CriOS/139.0.7258.76 Mobile/15E148 Safari/604.1"
177.33.136.99 - - [16/Aug/2025:00:39:40 -0300] "GET /wp-content/plugins/elementor/assets/css/widget-image.min.css?ver=3.26.4 HTTP/1.1" 200 254 "https://blog.komforthouse.com.br/cores-tendencia-para-sofa-em-2025/" "Mozilla/5.0 (iPhone; CPU iPhone OS 18_6_0 like Mac OS X) AppleWebKit/605.1.15 (KHTML, like Gecko) CriOS/139.0.7258.76 Mobile/15E148 Safari/604.1"
177.33.136.99 - - [16/Aug/2025:00:39:40 -0300] "GET /wp-content/plugins/elementor/assets/lib/animations/styles/e-animation-pulse.min.css?ver=3.26.4 HTTP/1.1" 200 318 "https://blog.komforthouse.com.br/cores-tendencia-para-sofa-em-2025/" "Mozilla/5.0 (iPhone; CPU iPhone OS 18_6_0 like Mac OS X) AppleWebKit/605.1.15 (KHTML, like Gecko) CriOS/139.0.7258.76 Mobile/15E148 Safari/604.1"
177.33.136.99 - - [16/Aug/2025:00:39:40 -0300] "GET /wp-content/plugins/elementor/assets/css/widget-heading.min.css?ver=3.26.4 HTTP/1.1" 200 600 "https://blog.komforthouse.com.br/cores-tendencia-para-sofa-em-2025/" "Mozilla/5.0 (iPhone; CPU iPhone OS 18_6_0 like Mac OS X) AppleWebKit/605.1.15 (KHTML, like Gecko) CriOS/139.0.7258.76 Mobile/15E148 Safari/604.1"
177.33.136.99 - - [16/Aug/2025:00:39:39 -0300] "GET /wp-includes/css/dist/block-library/style.min.css?ver=6.8.2 HTTP/1.1" 200 116345 "https://blog.komforthouse.com.br/cores-tendencia-para-sofa-em-2025/" "Mozilla/5.0 (iPhone; CPU iPhone OS 18_6_0 like Mac OS X) AppleWebKit/605.1.15 (KHTML, like Gecko) CriOS/139.0.7258.76 Mobile/15E148 Safari/604.1"
177.33.136.99 - - [16/Aug/2025:00:39:40 -0300] "GET /wp-content/plugins/elementor/assets/css/widget-icon-list.min.css?ver=3.26.4 HTTP/1.1" 200 10310 "https://blog.komforthouse.com.br/cores-tendencia-para-sofa-em-2025/" "Mozilla/5.0 (iPhone; CPU iPhone OS 18_6_0 like Mac OS X) AppleWebKit/605.1.15 (KHTML, like Gecko) CriOS/139.0.7258.76 Mobile/15E148 Safari/604.1"
177.33.136.99 - - [16/Aug/2025:00:39:40 -0300] "GET /wp-content/plugins/elementor-pro/assets/css/widget-progress-tracker.min.css?ver=3.26.3 HTTP/1.1" 200 2844 "https://blog.komforthouse.com.br/cores-tendencia-para-sofa-em-2025/" "Mozilla/5.0 (iPhone; CPU iPhone OS 18_6_0 like Mac OS X) AppleWebKit/605.1.15 (KHTML, like Gecko) CriOS/139.0.7258.76 Mobile/15E148 Safari/604.1"
177.33.136.99 - - [16/Aug/2025:00:39:40 -0300] "GET /wp-content/plugins/elementor-pro/assets/css/widget-nav-menu.min.css?ver=3.26.3 HTTP/1.1" 200 26859 "https://blog.komforthouse.com.br/cores-tendencia-para-sofa-em-2025/" "Mozilla/5.0 (iPhone; CPU iPhone OS 18_6_0 like Mac OS X) AppleWebKit/605.1.15 (KHTML, like Gecko) CriOS/139.0.7258.76 Mobile/15E148 Safari/604.1"
177.33.136.99 - - [16/Aug/2025:00:39:40 -0300] "GET /wp-content/plugins/elementor/assets/lib/swiper/v8/css/swiper.min.css?ver=8.4.5 HTTP/1.1" 200 16471 "https://blog.komforthouse.com.br/cores-tendencia-para-sofa-em-2025/" "Mozilla/5.0 (iPhone; CPU iPhone OS 18_6_0 like Mac OS X) AppleWebKit/605.1.15 (KHTML, like Gecko) CriOS/139.0.7258.76 Mobile/15E148 Safari/604.1"
177.33.136.99 - - [16/Aug/2025:00:39:40 -0300] "GET /wp-content/plugins/elementor/assets/css/conditionals/e-swiper.min.css?ver=3.26.4 HTTP/1.1" 200 5486 "https://blog.komforthouse.com.br/cores-tendencia-para-sofa-em-2025/" "Mozilla/5.0 (iPhone; CPU iPhone OS 18_6_0 like Mac OS X) AppleWebKit/605.1.15 (KHTML, like Gecko) CriOS/139.0.7258.76 Mobile/15E148 Safari/604.1"
177.33.136.99 - - [16/Aug/2025:00:39:40 -0300] "GET /wp-content/plugins/elementor/assets/css/widget-image-carousel.min.css?ver=3.26.4 HTTP/1.1" 200 382 "https://blog.komforthouse.com.br/cores-tendencia-para-sofa-em-2025/" "Mozilla/5.0 (iPhone; CPU iPhone OS 18_6_0 like Mac OS X) AppleWebKit/605.1.15 (KHTML, like Gecko) CriOS/139.0.7258.76 Mobile/15E148 Safari/604.1"
177.33.136.99 - - [16/Aug/2025:00:39:40 -0300] "GET /wp-content/plugins/elementor/assets/lib/animations/styles/bounceIn.min.css?ver=3.26.4 HTTP/1.1" 200 367 "https://blog.komforthouse.com.br/cores-tendencia-para-sofa-em-2025/" "Mozilla/5.0 (iPhone; CPU iPhone OS 18_6_0 like Mac OS X) AppleWebKit/605.1.15 (KHTML, like Gecko) CriOS/139.0.7258.76 Mobile/15E148 Safari/604.1"
177.33.136.99 - - [16/Aug/2025:00:39:40 -0300] "GET /wp-content/plugins/elementor/assets/css/widget-social-icons.min.css?ver=3.26.4 HTTP/1.1" 200 5150 "https://blog.komforthouse.com.br/cores-tendencia-para-sofa-em-2025/" "Mozilla/5.0 (iPhone; CPU iPhone OS 18_6_0 like Mac OS X) AppleWebKit/605.1.15 (KHTML, like Gecko) CriOS/139.0.7258.76 Mobile/15E148 Safari/604.1"
177.33.136.99 - - [16/Aug/2025:00:39:40 -0300] "GET /wp-content/plugins/elementor/assets/css/conditionals/apple-webkit.min.css?ver=3.26.4 HTTP/1.1" 200 7025 "https://blog.komforthouse.com.br/cores-tendencia-para-sofa-em-2025/" "Mozilla/5.0 (iPhone; CPU iPhone OS 18_6_0 like Mac OS X) AppleWebKit/605.1.15 (KHTML, like Gecko) CriOS/139.0.7258.76 Mobile/15E148 Safari/604.1"
177.33.136.99 - - [16/Aug/2025:00:39:40 -0300] "GET /wp-content/plugins/elementor-pro/assets/css/conditionals/popup.min.css?ver=3.26.3 HTTP/1.1" 200 995 "https://blog.komforthouse.com.br/cores-tendencia-para-sofa-em-2025/" "Mozilla/5.0 (iPhone; CPU iPhone OS 18_6_0 like Mac OS X) AppleWebKit/605.1.15 (KHTML, like Gecko) CriOS/139.0.7258.76 Mobile/15E148 Safari/604.1"
177.33.136.99 - - [16/Aug/2025:00:39:40 -0300] "GET /wp-content/uploads/elementor/css/post-1283.css?ver=1736279802 HTTP/1.1" 200 13014 "https://blog.komforthouse.com.br/cores-tendencia-para-sofa-em-2025/" "Mozilla/5.0 (iPhone; CPU iPhone OS 18_6_0 like Mac OS X) AppleWebKit/605.1.15 (KHTML, like Gecko) CriOS/139.0.7258.76 Mobile/15E148 Safari/604.1"
177.33.136.99 - - [16/Aug/2025:00:39:40 -0300] "GET /wp-content/uploads/elementor/css/post-1473.css?ver=1737152742 HTTP/1.1" 200 11104 "https://blog.komforthouse.com.br/cores-tendencia-para-sofa-em-2025/" "Mozilla/5.0 (iPhone; CPU iPhone OS 18_6_0 like Mac OS X) AppleWebKit/605.1.15 (KHTML, like Gecko) CriOS/139.0.7258.76 Mobile/15E148 Safari/604.1"
177.33.136.99 - - [16/Aug/2025:00:39:40 -0300] "GET /wp-content/uploads/elementor/css/post-1681.css?ver=1736279802 HTTP/1.1" 200 3790 "https://blog.komforthouse.com.br/cores-tendencia-para-sofa-em-2025/" "Mozilla/5.0 (iPhone; CPU iPhone OS 18_6_0 like Mac OS X) AppleWebKit/605.1.15 (KHTML, like Gecko) CriOS/139.0.7258.76 Mobile/15E148 Safari/604.1"
177.33.136.99 - - [16/Aug/2025:00:39:41 -0300] "GET /wp-includes/js/jquery/jquery-migrate.min.js?ver=3.4.1 HTTP/1.1" 200 13577 "https://blog.komforthouse.com.br/cores-tendencia-para-sofa-em-2025/" "Mozilla/5.0 (iPhone; CPU iPhone OS 18_6_0 like Mac OS X) AppleWebKit/605.1.15 (KHTML, like Gecko) CriOS/139.0.7258.76 Mobile/15E148 Safari/604.1"
177.33.136.99 - - [16/Aug/2025:00:39:41 -0300] "GET /wp-content/plugins/elementor-pro/assets/css/widget-posts.min.css?ver=3.26.3 HTTP/1.1" 200 16983 "https://blog.komforthouse.com.br/cores-tendencia-para-sofa-em-2025/" "Mozilla/5.0 (iPhone; CPU iPhone OS 18_6_0 like Mac OS X) AppleWebKit/605.1.15 (KHTML, like Gecko) CriOS/139.0.7258.76 Mobile/15E148 Safari/604.1"
177.33.136.99 - - [16/Aug/2025:00:39:40 -0300] "GET /wp-content/uploads/elementor/css/post-1334.css?ver=1736279802 HTTP/1.1" 200 16917 "https://blog.komforthouse.com.br/cores-tendencia-para-sofa-em-2025/" "Mozilla/5.0 (iPhone; CPU iPhone OS 18_6_0 like Mac OS X) AppleWebKit/605.1.15 (KHTML, like Gecko) CriOS/139.0.7258.76 Mobile/15E148 Safari/604.1"
177.33.136.99 - - [16/Aug/2025:00:39:41 -0300] "GET /wp-content/themes/hello-elementor/assets/js/hello-frontend.min.js?ver=3.2.1 HTTP/1.1" 200 1936 "https://blog.komforthouse.com.br/cores-tendencia-para-sofa-em-2025/" "Mozilla/5.0 (iPhone; CPU iPhone OS 18_6_0 like Mac OS X) AppleWebKit/605.1.15 (KHTML, like Gecko) CriOS/139.0.7258.76 Mobile/15E148 Safari/604.1"
177.33.136.99 - - [16/Aug/2025:00:39:41 -0300] "GET /wp-content/plugins/elementor-pro/assets/lib/smartmenus/jquery.smartmenus.min.js?ver=1.2.1 HTTP/1.1" 200 24109 "https://blog.komforthouse.com.br/cores-tendencia-para-sofa-em-2025/" "Mozilla/5.0 (iPhone; CPU iPhone OS 18_6_0 like Mac OS X) AppleWebKit/605.1.15 (KHTML, like Gecko) CriOS/139.0.7258.76 Mobile/15E148 Safari/604.1"
177.33.136.99 - - [16/Aug/2025:00:39:41 -0300] "GET /wp-content/plugins/elementor/assets/js/webpack.runtime.min.js?ver=3.26.4 HTTP/1.1" 200 5326 "https://blog.komforthouse.com.br/cores-tendencia-para-sofa-em-2025/" "Mozilla/5.0 (iPhone; CPU iPhone OS 18_6_0 like Mac OS X) AppleWebKit/605.1.15 (KHTML, like Gecko) CriOS/139.0.7258.76 Mobile/15E148 Safari/604.1"
177.33.136.99 - - [16/Aug/2025:00:39:41 -0300] "GET /wp-content/plugins/elementor-pro/assets/js/webpack-pro.runtime.min.js?ver=3.26.3 HTTP/1.1" 200 6263 "https://blog.komforthouse.com.br/cores-tendencia-para-sofa-em-2025/" "Mozilla/5.0 (iPhone; CPU iPhone OS 18_6_0 like Mac OS X) AppleWebKit/605.1.15 (KHTML, like Gecko) CriOS/139.0.7258.76 Mobile/15E148 Safari/604.1"
177.33.136.99 - - [16/Aug/2025:00:39:41 -0300] "GET /wp-includes/js/imagesloaded.min.js?ver=5.0.0 HTTP/1.1" 200 5520 "https://blog.komforthouse.com.br/cores-tendencia-para-sofa-em-2025/" "Mozilla/5.0 (iPhone; CPU iPhone OS 18_6_0 like Mac OS X) AppleWebKit/605.1.15 (KHTML, like Gecko) CriOS/139.0.7258.76 Mobile/15E148 Safari/604.1"
177.33.136.99 - - [16/Aug/2025:00:39:41 -0300] "GET /wp-includes/js/jquery/jquery.min.js?ver=3.7.1 HTTP/1.1" 200 87553 "https://blog.komforthouse.com.br/cores-tendencia-para-sofa-em-2025/" "Mozilla/5.0 (iPhone; CPU iPhone OS 18_6_0 like Mac OS X) AppleWebKit/605.1.15 (KHTML, like Gecko) CriOS/139.0.7258.76 Mobile/15E148 Safari/604.1"
177.33.136.99 - - [16/Aug/2025:00:39:41 -0300] "GET /wp-includes/js/dist/hooks.min.js?ver=4d63a3d491d11ffd8ac6 HTTP/1.1" 200 4776 "https://blog.komforthouse.com.br/cores-tendencia-para-sofa-em-2025/" "Mozilla/5.0 (iPhone; CPU iPhone OS 18_6_0 like Mac OS X) AppleWebKit/605.1.15 (KHTML, like Gecko) CriOS/139.0.7258.76 Mobile/15E148 Safari/604.1"
177.33.136.99 - - [16/Aug/2025:00:39:41 -0300] "GET /wp-includes/js/dist/i18n.min.js?ver=5e580eb46a90c2b997e6 HTTP/1.1" 200 9141 "https://blog.komforthouse.com.br/cores-tendencia-para-sofa-em-2025/" "Mozilla/5.0 (iPhone; CPU iPhone OS 18_6_0 like Mac OS X) AppleWebKit/605.1.15 (KHTML, like Gecko) CriOS/139.0.7258.76 Mobile/15E148 Safari/604.1"
177.33.136.99 - - [16/Aug/2025:00:39:41 -0300] "GET /wp-content/plugins/elementor-pro/assets/js/frontend.min.js?ver=3.26.3 HTTP/1.1" 200 24210 "https://blog.komforthouse.com.br/cores-tendencia-para-sofa-em-2025/" "Mozilla/5.0 (iPhone; CPU iPhone OS 18_6_0 like Mac OS X) AppleWebKit/605.1.15 (KHTML, like Gecko) CriOS/139.0.7258.76 Mobile/15E148 Safari/604.1"
177.33.136.99 - - [16/Aug/2025:00:39:41 -0300] "GET /wp-content/plugins/elementor/assets/js/frontend-modules.min.js?ver=3.26.4 HTTP/1.1" 200 52754 "https://blog.komforthouse.com.br/cores-tendencia-para-sofa-em-2025/" "Mozilla/5.0 (iPhone; CPU iPhone OS 18_6_0 like Mac OS X) AppleWebKit/605.1.15 (KHTML, like Gecko) CriOS/139.0.7258.76 Mobile/15E148 Safari/604.1"
177.33.136.99 - - [16/Aug/2025:00:39:41 -0300] "GET /wp-includes/js/jquery/ui/core.min.js?ver=1.13.3 HTTP/1.1" 200 21464 "https://blog.komforthouse.com.br/cores-tendencia-para-sofa-em-2025/" "Mozilla/5.0 (iPhone; CPU iPhone OS 18_6_0 like Mac OS X) AppleWebKit/605.1.15 (KHTML, like Gecko) CriOS/139.0.7258.76 Mobile/15E148 Safari/604.1"
177.33.136.99 - - [16/Aug/2025:00:39:41 -0300] "GET /wp-content/plugins/elementor/assets/js/frontend.min.js?ver=3.26.4 HTTP/1.1" 200 45428 "https://blog.komforthouse.com.br/cores-tendencia-para-sofa-em-2025/" "Mozilla/5.0 (iPhone; CPU iPhone OS 18_6_0 like Mac OS X) AppleWebKit/605.1.15 (KHTML, like Gecko) CriOS/139.0.7258.76 Mobile/15E148 Safari/604.1"
177.33.136.99 - - [16/Aug/2025:00:39:41 -0300] "GET /wp-content/plugins/elementor-pro/assets/js/elements-handlers.min.js?ver=3.26.3 HTTP/1.1" 200 44624 "https://blog.komforthouse.com.br/cores-tendencia-para-sofa-em-2025/" "Mozilla/5.0 (iPhone; CPU iPhone OS 18_6_0 like Mac OS X) AppleWebKit/605.1.15 (KHTML, like Gecko) CriOS/139.0.7258.76 Mobile/15E148 Safari/604.1"
177.33.136.99 - - [16/Aug/2025:00:39:41 -0300] "GET /wp-content/uploads/2024/11/image5.png HTTP/1.1" 200 27647 "https://blog.komforthouse.com.br/cores-tendencia-para-sofa-em-2025/" "Mozilla/5.0 (iPhone; CPU iPhone OS 18_6_0 like Mac OS X) AppleWebKit/605.1.15 (KHTML, like Gecko) CriOS/139.0.7258.76 Mobile/15E148 Safari/604.1"
177.33.136.99 - - [16/Aug/2025:00:39:42 -0300] "GET /wp-content/plugins/elementor/assets/lib/dialog/dialog.min.js?ver=4.9.3 HTTP/1.1" 200 11286 "https://blog.komforthouse.com.br/cores-tendencia-para-sofa-em-2025/" "Mozilla/5.0 (iPhone; CPU iPhone OS 18_6_0 like Mac OS X) AppleWebKit/605.1.15 (KHTML, like Gecko) CriOS/139.0.7258.76 Mobile/15E148 Safari/604.1"
177.33.136.99 - - [16/Aug/2025:00:39:42 -0300] "GET /wp-content/uploads/2024/06/komfort-house-logo.png HTTP/1.1" 200 23742 "https://blog.komforthouse.com.br/cores-tendencia-para-sofa-em-2025/" "Mozilla/5.0 (iPhone; CPU iPhone OS 18_6_0 like Mac OS X) AppleWebKit/605.1.15 (KHTML, like Gecko) CriOS/139.0.7258.76 Mobile/15E148 Safari/604.1"
177.33.136.99 - - [16/Aug/2025:00:39:42 -0300] "GET /wp-content/plugins/elementor-pro/assets/js/nav-menu.a23fbd67486c5bedf26c.bundle.min.js HTTP/1.1" 200 5282 "https://blog.komforthouse.com.br/cores-tendencia-para-sofa-em-2025/" "Mozilla/5.0 (iPhone; CPU iPhone OS 18_6_0 like Mac OS X) AppleWebKit/605.1.15 (KHTML, like Gecko) CriOS/139.0.7258.76 Mobile/15E148 Safari/604.1"
177.33.136.99 - - [16/Aug/2025:00:39:42 -0300] "GET /wp-content/plugins/elementor-pro/assets/js/progress-tracker.8cccdda9737c272489fc.bundle.min.js HTTP/1.1" 200 5237 "https://blog.komforthouse.com.br/cores-tendencia-para-sofa-em-2025/" "Mozilla/5.0 (iPhone; CPU iPhone OS 18_6_0 like Mac OS X) AppleWebKit/605.1.15 (KHTML, like Gecko) CriOS/139.0.7258.76 Mobile/15E148 Safari/604.1"
177.33.136.99 - - [16/Aug/2025:00:39:42 -0300] "GET /wp-content/plugins/elementor/assets/js/image-carousel.78b881f3c7818111c2d7.bundle.min.js HTTP/1.1" 200 432 "https://blog.komforthouse.com.br/cores-tendencia-para-sofa-em-2025/" "Mozilla/5.0 (iPhone; CPU iPhone OS 18_6_0 like Mac OS X) AppleWebKit/605.1.15 (KHTML, like Gecko) CriOS/139.0.7258.76 Mobile/15E148 Safari/604.1"
177.33.136.99 - - [16/Aug/2025:00:39:42 -0300] "GET /wp-content/plugins/elementor-pro/assets/js/posts.aec59265318492b89cb5.bundle.min.js HTTP/1.1" 200 3317 "https://blog.komforthouse.com.br/cores-tendencia-para-sofa-em-2025/" "Mozilla/5.0 (iPhone; CPU iPhone OS 18_6_0 like Mac OS X) AppleWebKit/605.1.15 (KHTML, like Gecko) CriOS/139.0.7258.76 Mobile/15E148 Safari/604.1"
177.33.136.99 - - [16/Aug/2025:00:39:42 -0300] "GET /wp-content/plugins/elementor-pro/assets/js/load-more.8b46f464e573feab5dd7.bundle.min.js HTTP/1.1" 200 5346 "https://blog.komforthouse.com.br/cores-tendencia-para-sofa-em-2025/" "Mozilla/5.0 (iPhone; CPU iPhone OS 18_6_0 like Mac OS X) AppleWebKit/605.1.15 (KHTML, like Gecko) CriOS/139.0.7258.76 Mobile/15E148 Safari/604.1"
177.33.136.99 - - [16/Aug/2025:00:39:42 -0300] "GET /wp-content/uploads/2024/05/cropped-komfort-house-sofas-1-192x192.png HTTP/1.1" 200 3681 "-" "Mozilla/5.0 (iPhone; CPU iPhone OS 18_6_0 like Mac OS X) AppleWebKit/605.1.15 (KHTML, like Gecko) CriOS/139.0.7258.76 Mobile/15E148 Safari/604.1"
177.33.136.99 - - [16/Aug/2025:00:39:42 -0300] "GET /wp-content/uploads/2024/05/cropped-komfort-house-sofas-1-180x180.png HTTP/1.1" 200 3406 "-" "Mozilla/5.0 (iPhone; CPU iPhone OS 18_6_0 like Mac OS X) AppleWebKit/605.1.15 (KHTML, like Gecko) CriOS/139.0.7258.76 Mobile/15E148 Safari/604.1"
177.33.136.99 - - [16/Aug/2025:00:39:41 -0300] "GET /wp-content/uploads/2024/11/image3.jpg HTTP/1.1" 200 282326 "https://blog.komforthouse.com.br/cores-tendencia-para-sofa-em-2025/" "Mozilla/5.0 (iPhone; CPU iPhone OS 18_6_0 like Mac OS X) AppleWebKit/605.1.15 (KHTML, like Gecko) CriOS/139.0.7258.76 Mobile/15E148 Safari/604.1"
177.33.136.99 - - [16/Aug/2025:00:39:42 -0300] "GET /wp-content/uploads/2024/11/image3-1536x1153.jpg HTTP/1.1" 200 199268 "https://blog.komforthouse.com.br/cores-tendencia-para-sofa-em-2025/" "Mozilla/5.0 (iPhone; CPU iPhone OS 18_6_0 like Mac OS X) AppleWebKit/605.1.15 (KHTML, like Gecko) CriOS/139.0.7258.76 Mobile/15E148 Safari/604.1"
177.33.136.99 - - [16/Aug/2025:00:39:43 -0300] "GET /wp-content/uploads/2025/01/Moscou-1.jpg HTTP/1.1" 200 180871 "https://blog.komforthouse.com.br/cores-tendencia-para-sofa-em-2025/" "Mozilla/5.0 (iPhone; CPU iPhone OS 18_6_0 like Mac OS X) AppleWebKit/605.1.15 (KHTML, like Gecko) CriOS/139.0.7258.76 Mobile/15E148 Safari/604.1"
177.33.136.99 - - [16/Aug/2025:00:39:52 -0300] "GET /wp-content/uploads/2024/06/logo-komfort-house-sofas-branco-1536x367.png HTTP/1.1" 200 41654 "https://blog.komforthouse.com.br/cores-tendencia-para-sofa-em-2025/" "Mozilla/5.0 (iPhone; CPU iPhone OS 18_6_0 like Mac OS X) AppleWebKit/605.1.15 (KHTML, like Gecko) CriOS/139.0.7258.76 Mobile/15E148 Safari/604.1"
136.243.228.194 - - [16/Aug/2025:00:40:56 -0300] "GET /comments/feed/ HTTP/1.1" 200 778 "-" "Mozilla/5.0 (compatible; DataForSeoBot/1.0; +https://dataforseo.com/dataforseo-bot)"
162.214.27.60 - - [16/Aug/2025:00:40:57 -0300] "POST /wp-cron.php?doing_wp_cron=1755315657.5180790424346923828125 HTTP/1.1" 200 - "-" "WordPress/6.8.2; https://blog.komforthouse.com.br"
162.214.27.60 - - [16/Aug/2025:00:40:58 -0300] "POST /wp-admin/admin-ajax.php?action=async_litespeed&nonce=G0oqk7SavppDCBIFOQ9FaAT8naEQYzvu&litespeed_type=imgoptm HTTP/1.1" 200 1 "-" "WordPress/6.8.2; https://blog.komforthouse.com.br"
196.251.69.55 - - [16/Aug/2025:00:43:16 -0300] "POST /wp-login.php HTTP/1.1" 200 9733 "-" "Mozilla/5.0"
162.214.27.60 - - [16/Aug/2025:00:43:18 -0300] "POST /wp-admin/admin-ajax.php?action=async_litespeed&nonce=melGTVidii5ZHQtxHPXwDK0VReVqEGRo&litespeed_type=imgoptm HTTP/1.1" 200 1 "-" "WordPress/6.8.2; https://blog.komforthouse.com.br"
162.214.27.60 - - [16/Aug/2025:00:43:17 -0300] "POST /wp-cron.php?doing_wp_cron=1755315797.6751968860626220703125 HTTP/1.1" 200 - "-" "WordPress/6.8.2; https://blog.komforthouse.com.br"
162.214.27.60 - - [16/Aug/2025:00:46:20 -0300] "POST /wp-cron.php?doing_wp_cron=1755315980.6910068988800048828125 HTTP/1.1" 200 - "-" "WordPress/6.8.2; https://blog.komforthouse.com.br"
162.214.27.60 - - [16/Aug/2025:00:46:21 -0300] "POST /wp-admin/admin-ajax.php?action=async_litespeed&nonce=IOPbO25k2w60GxFTHORLSCVhHuLqm2Rw&litespeed_type=imgoptm HTTP/1.1" 200 1 "-" "WordPress/6.8.2; https://blog.komforthouse.com.br"
3.89.170.186 - - [16/Aug/2025:00:46:19 -0300] "GET / HTTP/1.1" 200 127418 "-" "Mozilla/5.0 AppleWebKit/537.36 (KHTML, like Gecko; compatible; Amazonbot/0.1; +https://developer.amazon.com/support/amazonbot) Chrome/119.0.6045.214 Safari/537.36"
162.214.27.60 - - [16/Aug/2025:00:52:13 -0300] "POST /wp-cron.php?doing_wp_cron=1755316333.1114120483398437500000 HTTP/1.1" 200 - "-" "WordPress/6.8.2; https://blog.komforthouse.com.br"
162.214.27.60 - - [16/Aug/2025:00:52:14 -0300] "POST /wp-admin/admin-ajax.php?action=async_litespeed&nonce=kCXKAnAWBz094u3Mb4nvs5f4ftG2nlwj&litespeed_type=imgoptm HTTP/1.1" 200 1 "-" "WordPress/6.8.2; https://blog.komforthouse.com.br"
170.187.206.159 - - [16/Aug/2025:00:52:12 -0300] "GET /wp-json/wp/v2/posts/?per_page=50 HTTP/1.0" 200 315210 "-" "Mozilla/5.0 (compatible; Googlebot/2.1; +http://www.google.com/bot.html)"
196.251.112.104 - - [16/Aug/2025:00:53:19 -0300] "POST /wp-login.php HTTP/1.1" 200 9733 "-" "Mozilla/5.0"
162.214.27.60 - - [16/Aug/2025:00:53:20 -0300] "POST /wp-cron.php?doing_wp_cron=1755316400.7269079685211181640625 HTTP/1.1" 200 - "-" "WordPress/6.8.2; https://blog.komforthouse.com.br"
162.214.27.60 - - [16/Aug/2025:00:53:21 -0300] "POST /wp-admin/admin-ajax.php?action=async_litespeed&nonce=S2S1DSpfJKIUeYtJIeQQ50cCIu7Le9MB&litespeed_type=imgoptm HTTP/1.1" 200 1 "-" "WordPress/6.8.2; https://blog.komforthouse.com.br"
196.251.69.55 - - [16/Aug/2025:00:54:24 -0300] "POST /wp-login.php HTTP/1.1" 200 9733 "-" "Mozilla/5.0"
162.214.27.60 - - [16/Aug/2025:00:54:25 -0300] "POST /wp-cron.php?doing_wp_cron=1755316465.1224429607391357421875 HTTP/1.1" 200 - "-" "WordPress/6.8.2; https://blog.komforthouse.com.br"
162.214.27.60 - - [16/Aug/2025:00:54:25 -0300] "POST /wp-admin/admin-ajax.php?action=async_litespeed&nonce=T3pY5tlqHhT5PQ4YH8PPLrk7PkhZf3XF&litespeed_type=imgoptm HTTP/1.1" 200 1 "-" "WordPress/6.8.2; https://blog.komforthouse.com.br"
45.165.119.75 - - [16/Aug/2025:00:54:36 -0300] "GET /wp-content/uploads/2024/11/image3.jpg HTTP/1.1" 200 282326 "https://www.google.com/" "Mozilla/5.0 (Linux; Android 15; moto g34 5G Build/V1UGS35H.75-14-4; wv) AppleWebKit/537.36 (KHTML, like Gecko) Version/4.0 Chrome/138.0.7204.179 Mobile Safari/537.36 GoogleApp/16.30.61.ve.arm64"
201.81.0.247 - - [16/Aug/2025:01:02:13 -0300] "GET /sitemap_index.xml HTTP/1.1" 200 693 "-" "python-requests/2.32.3"
162.214.27.60 - - [16/Aug/2025:01:02:14 -0300] "POST /wp-admin/admin-ajax.php?action=async_litespeed&nonce=WHD1k2CUHDCxLbXPKYngP9FOyNSaxmzk&litespeed_type=imgoptm HTTP/1.1" 200 1 "-" "WordPress/6.8.2; https://blog.komforthouse.com.br"
162.214.27.60 - - [16/Aug/2025:01:02:13 -0300] "POST /wp-cron.php?doing_wp_cron=1755316933.8028049468994140625000 HTTP/1.1" 200 - "-" "WordPress/6.8.2; https://blog.komforthouse.com.br"
113.167.29.130 - - [16/Aug/2025:01:02:21 -0300] "GET /sitemap_index.xml HTTP/1.1" 200 693 "-" "python-requests/2.32.3"
162.214.27.60 - - [16/Aug/2025:01:02:40 -0300] "POST /wp-cron.php?doing_wp_cron=1755316960.0355091094970703125000 HTTP/1.1" 200 - "-" "WordPress/6.8.2; https://blog.komforthouse.com.br"
45.232.95.215 - - [16/Aug/2025:01:02:39 -0300] "GET /sitemap_index.xml HTTP/1.1" 200 693 "-" "python-requests/2.32.3"
162.214.27.60 - - [16/Aug/2025:01:02:56 -0300] "POST /wp-cron.php?doing_wp_cron=1755316976.0383350849151611328125 HTTP/1.1" 200 - "-" "WordPress/6.8.2; https://blog.komforthouse.com.br"
162.214.27.60 - - [16/Aug/2025:01:02:56 -0300] "POST /wp-admin/admin-ajax.php?action=async_litespeed&nonce=3wX1GHyInZLSL3SZ8eNWbjNpXJRvfUzz&litespeed_type=imgoptm HTTP/1.1" 200 1 "-" "WordPress/6.8.2; https://blog.komforthouse.com.br"
18.209.201.119 - - [16/Aug/2025:01:02:55 -0300] "GET / HTTP/1.1" 200 127418 "-" "Mozilla/5.0 AppleWebKit/537.36 (KHTML, like Gecko; compatible; Amazonbot/0.1; +https://developer.amazon.com/support/amazonbot) Chrome/119.0.6045.214 Safari/537.36"
201.77.168.225 - - [16/Aug/2025:01:03:21 -0300] "GET /category-sitemap.xml HTTP/1.1" 200 1795 "-" "python-requests/2.32.3"
38.56.200.239 - - [16/Aug/2025:01:03:21 -0300] "GET /page-sitemap.xml HTTP/1.1" 200 4097 "-" "python-requests/2.32.3"
45.177.39.142 - - [16/Aug/2025:01:03:21 -0300] "GET /post-sitemap.xml HTTP/1.1" 200 10816 "-" "python-requests/2.32.3"
190.5.35.182 - - [16/Aug/2025:01:03:59 -0300] "GET /sitemap_index.xml HTTP/1.1" 200 693 "-" "python-requests/2.32.3"
162.214.27.60 - - [16/Aug/2025:01:04:01 -0300] "POST /wp-admin/admin-ajax.php?action=async_litespeed&nonce=qC5NwYHMhSidQZH496qqWISjVLGnSw5B&litespeed_type=imgoptm HTTP/1.1" 200 1 "-" "WordPress/6.8.2; https://blog.komforthouse.com.br"
162.214.27.60 - - [16/Aug/2025:01:04:00 -0300] "POST /wp-cron.php?doing_wp_cron=1755317040.6284201145172119140625 HTTP/1.1" 200 - "-" "WordPress/6.8.2; https://blog.komforthouse.com.br"
200.80.180.4 - - [16/Aug/2025:01:04:26 -0300] "GET /sitemap_index.xml HTTP/1.1" 200 693 "-" "python-requests/2.32.3"
187.183.39.19 - - [16/Aug/2025:01:05:22 -0300] "GET /sitemap_index.xml HTTP/1.1" 200 693 "-" "python-requests/2.32.3"
162.214.27.60 - - [16/Aug/2025:01:05:24 -0300] "POST /wp-admin/admin-ajax.php?action=async_litespeed&nonce=XbojYsZE3ZAjmKKA2wJgIG6IdxARcQJg&litespeed_type=imgoptm HTTP/1.1" 200 1 "-" "WordPress/6.8.2; https://blog.komforthouse.com.br"
162.214.27.60 - - [16/Aug/2025:01:05:23 -0300] "POST /wp-cron.php?doing_wp_cron=1755317123.6636030673980712890625 HTTP/1.1" 200 - "-" "WordPress/6.8.2; https://blog.komforthouse.com.br"
196.251.69.55 - - [16/Aug/2025:01:05:44 -0300] "POST /wp-login.php HTTP/1.1" 200 9733 "-" "Mozilla/5.0"
162.214.27.60 - - [16/Aug/2025:01:05:46 -0300] "POST /wp-admin/admin-ajax.php?action=async_litespeed&nonce=FeVWjoRbAKq5plAiUfkwWaaXIeu5kvHn&litespeed_type=imgoptm HTTP/1.1" 200 1 "-" "WordPress/6.8.2; https://blog.komforthouse.com.br"
162.214.27.60 - - [16/Aug/2025:01:05:45 -0300] "POST /wp-cron.php?doing_wp_cron=1755317145.5885229110717773437500 HTTP/1.1" 200 - "-" "WordPress/6.8.2; https://blog.komforthouse.com.br"
198.74.55.217 - - [16/Aug/2025:01:06:14 -0300] "GET /wp-json/wp/v2/posts/?per_page=50 HTTP/1.0" 200 315210 "-" "Mozilla/5.0 (compatible; Googlebot/2.1; +http://www.google.com/bot.html)"
14.191.145.172 - - [16/Aug/2025:01:06:29 -0300] "GET /sitemap_index.xml HTTP/1.1" 200 693 "-" "python-requests/2.32.3"
177.68.173.54 - - [16/Aug/2025:01:06:54 -0300] "GET /post-sitemap.xml HTTP/1.1" 200 10816 "-" "python-requests/2.32.3"
164.163.26.122 - - [16/Aug/2025:01:06:54 -0300] "GET /category-sitemap.xml HTTP/1.1" 200 1795 "-" "python-requests/2.32.3"
187.120.169.182 - - [16/Aug/2025:01:06:54 -0300] "GET /page-sitemap.xml HTTP/1.1" 200 4097 "-" "python-requests/2.32.3"
162.214.27.60 - - [16/Aug/2025:01:06:56 -0300] "POST /wp-admin/admin-ajax.php?action=async_litespeed&nonce=BEZSI2TZT31JGsI1LktjMjfuHdOJCECf&litespeed_type=imgoptm HTTP/1.1" 200 1 "-" "WordPress/6.8.2; https://blog.komforthouse.com.br"
162.214.27.60 - - [16/Aug/2025:01:06:55 -0300] "POST /wp-cron.php?doing_wp_cron=1755317215.6712579727172851562500 HTTP/1.1" 200 - "-" "WordPress/6.8.2; https://blog.komforthouse.com.br"
200.225.169.14 - - [16/Aug/2025:01:10:08 -0300] "GET /sitemap_index.xml HTTP/1.1" 200 693 "-" "python-requests/2.32.3"
162.214.27.60 - - [16/Aug/2025:01:10:09 -0300] "POST /wp-admin/admin-ajax.php?action=async_litespeed&nonce=fXJ4L1zhKjylMRDAiYCfdsWRoe4LGzjs&litespeed_type=imgoptm HTTP/1.1" 200 1 "-" "WordPress/6.8.2; https://blog.komforthouse.com.br"
162.214.27.60 - - [16/Aug/2025:01:10:08 -0300] "POST /wp-cron.php?doing_wp_cron=1755317408.8868479728698730468750 HTTP/1.1" 200 - "-" "WordPress/6.8.2; https://blog.komforthouse.com.br"
196.251.112.104 - - [16/Aug/2025:01:10:13 -0300] "POST /wp-login.php HTTP/1.1" 200 9733 "-" "Mozilla/5.0"
191.5.203.178 - - [16/Aug/2025:01:11:21 -0300] "GET /sitemap_index.xml HTTP/1.1" 200 693 "-" "python-requests/2.32.3"
162.214.27.60 - - [16/Aug/2025:01:11:23 -0300] "POST /wp-admin/admin-ajax.php?action=async_litespeed&nonce=cF67kydrsYASUymxOFEXRhiDDhscUVQC&litespeed_type=imgoptm HTTP/1.1" 200 1 "-" "WordPress/6.8.2; https://blog.komforthouse.com.br"
162.214.27.60 - - [16/Aug/2025:01:11:22 -0300] "POST /wp-cron.php?doing_wp_cron=1755317482.7113199234008789062500 HTTP/1.1" 200 - "-" "WordPress/6.8.2; https://blog.komforthouse.com.br"
14.186.22.246 - - [16/Aug/2025:01:12:33 -0300] "GET /sitemap_index.xml HTTP/1.1" 200 693 "-" "python-requests/2.32.3"
162.214.27.60 - - [16/Aug/2025:01:12:35 -0300] "POST /wp-admin/admin-ajax.php?action=async_litespeed&nonce=QmcLapFiSew2XW5t1AvMUNzZjpUo6i1o&litespeed_type=imgoptm HTTP/1.1" 200 1 "-" "WordPress/6.8.2; https://blog.komforthouse.com.br"
162.214.27.60 - - [16/Aug/2025:01:12:34 -0300] "POST /wp-cron.php?doing_wp_cron=1755317554.3510549068450927734375 HTTP/1.1" 200 - "-" "WordPress/6.8.2; https://blog.komforthouse.com.br"
141.98.11.182 - - [16/Aug/2025:01:12:54 -0300] "GET /wp-login.php HTTP/1.1" 200 9318 "https://www.facebook.com/" "Mozilla/5.0 (Macintosh; Intel Mac OS X 10_15_7; rv:118.0) Gecko/20100101 Firefox/118.0"
162.214.27.60 - - [16/Aug/2025:01:12:56 -0300] "POST /wp-admin/admin-ajax.php?action=async_litespeed&nonce=qrofFeFMIuNdSdj0aaFB8nrCDwviQ5CA&litespeed_type=imgoptm HTTP/1.1" 200 1 "-" "WordPress/6.8.2; https://blog.komforthouse.com.br"
162.214.27.60 - - [16/Aug/2025:01:12:55 -0300] "POST /wp-cron.php?doing_wp_cron=1755317575.5939209461212158203125 HTTP/1.1" 200 - "-" "WordPress/6.8.2; https://blog.komforthouse.com.br"
141.98.11.182 - - [16/Aug/2025:01:12:56 -0300] "GET /?author=1 HTTP/1.1" 301 - "https://wordpress.org/" "Mozilla/5.0 (Macintosh; Intel Mac OS X 13_6_1) AppleWebKit/605.1.15 (KHTML, like Gecko) Version/17.1 Safari/605.1.15"
141.98.11.182 - - [16/Aug/2025:01:12:58 -0300] "GET /author/bloguser/ HTTP/1.1" 200 71324 "https://wordpress.org/" "Mozilla/5.0 (Macintosh; Intel Mac OS X 13_6_1) AppleWebKit/605.1.15 (KHTML, like Gecko) Version/17.1 Safari/605.1.15"
141.98.11.182 - - [16/Aug/2025:01:13:00 -0300] "GET /?author=2 HTTP/1.1" 404 69731 "https://www.bing.com/" "Mozilla/5.0 (Macintosh; Intel Mac OS X 10_15_7) AppleWebKit/605.1.15 (KHTML, like Gecko) Version/17.1 Safari/605.1.15"
141.98.11.182 - - [16/Aug/2025:01:13:02 -0300] "GET /?author=3 HTTP/1.1" 200 66925 "-" "Mozilla/5.0 (Macintosh; Intel Mac OS X 13_6_1) AppleWebKit/605.1.15 (KHTML, like Gecko) Version/16.6 Safari/605.1.15"
141.98.11.182 - - [16/Aug/2025:01:13:04 -0300] "GET /?author=4 HTTP/1.1" 301 - "https://t.co/" "Mozilla/5.0 (Macintosh; Intel Mac OS X 10_15_7) AppleWebKit/605.1.15 (KHTML, like Gecko) Version/16.6 Safari/605.1.15"
141.98.11.182 - - [16/Aug/2025:01:13:05 -0300] "GET /author/joao-quadros/ HTTP/1.1" 200 80633 "https://t.co/" "Mozilla/5.0 (Macintosh; Intel Mac OS X 10_15_7) AppleWebKit/605.1.15 (KHTML, like Gecko) Version/16.6 Safari/605.1.15"
141.98.11.182 - - [16/Aug/2025:01:13:07 -0300] "GET /?author=5 HTTP/1.1" 301 - "https://www.facebook.com/" "Mozilla/5.0 (X11; Linux x86_64) AppleWebKit/537.36 (KHTML, like Gecko) Chrome/119.0.0.0 Safari/537.36"
141.98.11.182 - - [16/Aug/2025:01:13:08 -0300] "GET /author/caled-grassotte/ HTTP/1.1" 200 72420 "https://www.facebook.com/" "Mozilla/5.0 (X11; Linux x86_64) AppleWebKit/537.36 (KHTML, like Gecko) Chrome/119.0.0.0 Safari/537.36"
141.98.11.182 - - [16/Aug/2025:01:13:09 -0300] "GET /wp-json/wp/v2/users HTTP/1.1" 200 2306 "-" "Mozilla/5.0 (Windows NT 10.0; Win64; x64; rv:118.0) Gecko/20100101 Firefox/118.0"
141.98.11.182 - - [16/Aug/2025:01:13:10 -0300] "POST /wp-login.php HTTP/1.1" 200 9706 "https://blog.komforthouse.com.br/wp-login.php" "Mozilla/5.0 (Macintosh; Intel Mac OS X 10_15_7) AppleWebKit/537.36 (KHTML, like Gecko) Chrome/120.0.0.0 Safari/537.36"
141.98.11.182 - - [16/Aug/2025:01:13:11 -0300] "GET /wp-admin/index.php HTTP/1.1" 302 - "https://blog.komforthouse.com.br/wp-login.php" "Mozilla/5.0 (Windows NT 10.0; Win64; x64; rv:121.0) Gecko/20100101 Firefox/121.0"
141.98.11.182 - - [16/Aug/2025:01:13:12 -0300] "GET /wp-login.php?redirect_to=https%3A%2F%2Fblog.komforthouse.com.br%2Fwp-admin%2Findex.php&reauth=1 HTTP/1.1" 200 9441 "https://blog.komforthouse.com.br/wp-login.php" "Mozilla/5.0 (Windows NT 10.0; Win64; x64; rv:121.0) Gecko/20100101 Firefox/121.0"
141.98.11.182 - - [16/Aug/2025:01:13:13 -0300] "POST /wp-login.php HTTP/1.1" 200 9706 "https://blog.komforthouse.com.br/wp-login.php" "Mozilla/5.0 (Macintosh; Intel Mac OS X 13_6_1) AppleWebKit/605.1.15 (KHTML, like Gecko) Version/16.6 Safari/605.1.15"
141.98.11.182 - - [16/Aug/2025:01:13:14 -0300] "GET /wp-admin/index.php HTTP/1.1" 302 - "https://blog.komforthouse.com.br/wp-login.php" "Mozilla/5.0 (Macintosh; Intel Mac OS X 13_6_1) AppleWebKit/605.1.15 (KHTML, like Gecko) Version/16.6 Safari/605.1.15"
141.98.11.182 - - [16/Aug/2025:01:13:16 -0300] "GET /wp-login.php?redirect_to=https%3A%2F%2Fblog.komforthouse.com.br%2Fwp-admin%2Findex.php&reauth=1 HTTP/1.1" 200 9441 "https://blog.komforthouse.com.br/wp-login.php" "Mozilla/5.0 (Macintosh; Intel Mac OS X 13_6_1) AppleWebKit/605.1.15 (KHTML, like Gecko) Version/16.6 Safari/605.1.15"
141.98.11.182 - - [16/Aug/2025:01:13:16 -0300] "POST /wp-login.php HTTP/1.1" 200 9712 "https://blog.komforthouse.com.br/wp-login.php" "Mozilla/5.0 (Windows NT 11.0; Win64; x64) AppleWebKit/537.36 (KHTML, like Gecko) Chrome/119.0.0.0 Safari/537.36"
141.98.11.182 - - [16/Aug/2025:01:13:17 -0300] "GET /wp-admin/index.php HTTP/1.1" 302 - "https://blog.komforthouse.com.br/wp-login.php" "Mozilla/5.0 (Macintosh; Intel Mac OS X 10_15_7) AppleWebKit/605.1.15 (KHTML, like Gecko) Version/17.1 Safari/605.1.15"
141.98.11.182 - - [16/Aug/2025:01:13:18 -0300] "GET /wp-login.php?redirect_to=https%3A%2F%2Fblog.komforthouse.com.br%2Fwp-admin%2Findex.php&reauth=1 HTTP/1.1" 200 9441 "https://blog.komforthouse.com.br/wp-login.php" "Mozilla/5.0 (Macintosh; Intel Mac OS X 10_15_7) AppleWebKit/605.1.15 (KHTML, like Gecko) Version/17.1 Safari/605.1.15"
141.98.11.182 - - [16/Aug/2025:01:13:19 -0300] "POST /wp-login.php HTTP/1.1" 200 9714 "https://blog.komforthouse.com.br/wp-login.php" "Mozilla/5.0 (Macintosh; Intel Mac OS X 10_15_7) AppleWebKit/537.36 (KHTML, like Gecko) Chrome/121.0.0.0 Safari/537.36"
141.98.11.182 - - [16/Aug/2025:01:13:20 -0300] "GET /wp-admin/index.php HTTP/1.1" 302 - "https://blog.komforthouse.com.br/wp-login.php" "Mozilla/5.0 (Windows NT 10.0; Win64; x64) AppleWebKit/537.36 (KHTML, like Gecko) Chrome/121.0.0.0 Safari/537.36"
141.98.11.182 - - [16/Aug/2025:01:13:22 -0300] "GET /wp-login.php?redirect_to=https%3A%2F%2Fblog.komforthouse.com.br%2Fwp-admin%2Findex.php&reauth=1 HTTP/1.1" 200 9441 "https://blog.komforthouse.com.br/wp-login.php" "Mozilla/5.0 (Windows NT 10.0; Win64; x64) AppleWebKit/537.36 (KHTML, like Gecko) Chrome/121.0.0.0 Safari/537.36"
141.98.11.182 - - [16/Aug/2025:01:13:23 -0300] "POST /wp-login.php HTTP/1.1" 200 9710 "https://blog.komforthouse.com.br/wp-login.php" "Mozilla/5.0 (Macintosh; Intel Mac OS X 13_6_1) AppleWebKit/605.1.15 (KHTML, like Gecko) Version/17.0 Safari/605.1.15"
141.98.11.182 - - [16/Aug/2025:01:13:24 -0300] "GET /wp-admin/index.php HTTP/1.1" 302 - "https://blog.komforthouse.com.br/wp-login.php" "Mozilla/5.0 (Windows NT 10.0; Win64; x64) AppleWebKit/537.36 (KHTML, like Gecko) Chrome/119.0.0.0 Safari/537.36"
141.98.11.182 - - [16/Aug/2025:01:13:25 -0300] "GET /wp-login.php?redirect_to=https%3A%2F%2Fblog.komforthouse.com.br%2Fwp-admin%2Findex.php&reauth=1 HTTP/1.1" 200 9441 "https://blog.komforthouse.com.br/wp-login.php" "Mozilla/5.0 (Windows NT 10.0; Win64; x64) AppleWebKit/537.36 (KHTML, like Gecko) Chrome/119.0.0.0 Safari/537.36"
141.98.11.182 - - [16/Aug/2025:01:13:26 -0300] "POST /wp-login.php HTTP/1.1" 200 9724 "https://blog.komforthouse.com.br/wp-login.php" "Mozilla/5.0 (X11; Linux x86_64) AppleWebKit/537.36 (KHTML, like Gecko) Chrome/121.0.0.0 Safari/537.36"
141.98.11.182 - - [16/Aug/2025:01:13:27 -0300] "GET /wp-admin/index.php HTTP/1.1" 302 - "https://blog.komforthouse.com.br/wp-login.php" "Mozilla/5.0 (Windows NT 11.0; Win64; x64; rv:121.0) Gecko/20100101 Firefox/121.0"
141.98.11.182 - - [16/Aug/2025:01:13:28 -0300] "GET /wp-login.php?redirect_to=https%3A%2F%2Fblog.komforthouse.com.br%2Fwp-admin%2Findex.php&reauth=1 HTTP/1.1" 200 9441 "https://blog.komforthouse.com.br/wp-login.php" "Mozilla/5.0 (Windows NT 11.0; Win64; x64; rv:121.0) Gecko/20100101 Firefox/121.0"
141.98.11.182 - - [16/Aug/2025:01:13:29 -0300] "POST /wp-login.php HTTP/1.1" 200 9708 "https://blog.komforthouse.com.br/wp-login.php" "Mozilla/5.0 (Macintosh; Intel Mac OS X 13_6_1) AppleWebKit/605.1.15 (KHTML, like Gecko) Version/17.1 Safari/605.1.15"
141.98.11.182 - - [16/Aug/2025:01:13:30 -0300] "GET /wp-admin/index.php HTTP/1.1" 302 - "https://blog.komforthouse.com.br/wp-login.php" "Mozilla/5.0 (Windows NT 11.0; Win64; x64) AppleWebKit/537.36 (KHTML, like Gecko) Chrome/118.0.0.0 Safari/537.36"
141.98.11.182 - - [16/Aug/2025:01:13:31 -0300] "GET /wp-login.php?redirect_to=https%3A%2F%2Fblog.komforthouse.com.br%2Fwp-admin%2Findex.php&reauth=1 HTTP/1.1" 200 9441 "https://blog.komforthouse.com.br/wp-login.php" "Mozilla/5.0 (Windows NT 11.0; Win64; x64) AppleWebKit/537.36 (KHTML, like Gecko) Chrome/118.0.0.0 Safari/537.36"
141.98.11.182 - - [16/Aug/2025:01:13:32 -0300] "POST /wp-login.php HTTP/1.1" 200 9710 "https://blog.komforthouse.com.br/wp-login.php" "Mozilla/5.0 (Macintosh; Intel Mac OS X 13_6_1) AppleWebKit/537.36 (KHTML, like Gecko) Chrome/118.0.0.0 Safari/537.36"
141.98.11.182 - - [16/Aug/2025:01:13:33 -0300] "GET /wp-admin/index.php HTTP/1.1" 302 - "https://blog.komforthouse.com.br/wp-login.php" "Mozilla/5.0 (Macintosh; Intel Mac OS X 13_6_1) AppleWebKit/537.36 (KHTML, like Gecko) Chrome/120.0.0.0 Safari/537.36"
141.98.11.182 - - [16/Aug/2025:01:13:34 -0300] "GET /wp-login.php?redirect_to=https%3A%2F%2Fblog.komforthouse.com.br%2Fwp-admin%2Findex.php&reauth=1 HTTP/1.1" 200 9441 "https://blog.komforthouse.com.br/wp-login.php" "Mozilla/5.0 (Macintosh; Intel Mac OS X 13_6_1) AppleWebKit/537.36 (KHTML, like Gecko) Chrome/120.0.0.0 Safari/537.36"
141.98.11.182 - - [16/Aug/2025:01:13:35 -0300] "POST /wp-login.php HTTP/1.1" 200 9706 "https://blog.komforthouse.com.br/wp-login.php" "Mozilla/5.0 (Macintosh; Intel Mac OS X 13_6_1) AppleWebKit/605.1.15 (KHTML, like Gecko) Version/17.2 Safari/605.1.15"
141.98.11.182 - - [16/Aug/2025:01:13:36 -0300] "GET /wp-admin/index.php HTTP/1.1" 302 - "https://blog.komforthouse.com.br/wp-login.php" "Mozilla/5.0 (Windows NT 11.0; Win64; x64; rv:119.0) Gecko/20100101 Firefox/119.0"
141.98.11.182 - - [16/Aug/2025:01:13:37 -0300] "GET /wp-login.php?redirect_to=https%3A%2F%2Fblog.komforthouse.com.br%2Fwp-admin%2Findex.php&reauth=1 HTTP/1.1" 200 9441 "https://blog.komforthouse.com.br/wp-login.php" "Mozilla/5.0 (Windows NT 11.0; Win64; x64; rv:119.0) Gecko/20100101 Firefox/119.0"
141.98.11.182 - - [16/Aug/2025:01:13:38 -0300] "POST /wp-login.php HTTP/1.1" 200 9712 "https://blog.komforthouse.com.br/wp-login.php" "Mozilla/5.0 (Macintosh; Intel Mac OS X 13_6_1) AppleWebKit/605.1.15 (KHTML, like Gecko) Version/17.2 Safari/605.1.15"
162.214.27.60 - - [16/Aug/2025:01:13:40 -0300] "POST /wp-cron.php?doing_wp_cron=1755317620.1411440372467041015625 HTTP/1.1" 200 - "-" "WordPress/6.8.2; https://blog.komforthouse.com.br"
141.98.11.182 - - [16/Aug/2025:01:13:39 -0300] "GET /wp-admin/index.php HTTP/1.1" 302 - "https://blog.komforthouse.com.br/wp-login.php" "Mozilla/5.0 (X11; Ubuntu; Linux x86_64) AppleWebKit/537.36 (KHTML, like Gecko) Chrome/121.0.0.0 Safari/537.36"
141.98.11.182 - - [16/Aug/2025:01:13:41 -0300] "GET /wp-login.php?redirect_to=https%3A%2F%2Fblog.komforthouse.com.br%2Fwp-admin%2Findex.php&reauth=1 HTTP/1.1" 200 9441 "https://blog.komforthouse.com.br/wp-login.php" "Mozilla/5.0 (X11; Ubuntu; Linux x86_64) AppleWebKit/537.36 (KHTML, like Gecko) Chrome/121.0.0.0 Safari/537.36"
131.100.131.142 - - [16/Aug/2025:01:13:42 -0300] "GET /sitemap_index.xml HTTP/1.1" 200 693 "-" "python-requests/2.32.3"
141.98.11.182 - - [16/Aug/2025:01:13:42 -0300] "POST /wp-login.php HTTP/1.1" 200 9706 "https://blog.komforthouse.com.br/wp-login.php" "Mozilla/5.0 (X11; Linux x86_64) AppleWebKit/537.36 (KHTML, like Gecko) Chrome/120.0.0.0 Safari/537.36"
141.98.11.182 - - [16/Aug/2025:01:13:43 -0300] "GET /wp-admin/index.php HTTP/1.1" 302 - "https://blog.komforthouse.com.br/wp-login.php" "Mozilla/5.0 (Windows NT 11.0; Win64; x64) AppleWebKit/537.36 (KHTML, like Gecko) Chrome/118.0.0.0 Safari/537.36"
162.214.27.60 - - [16/Aug/2025:01:13:44 -0300] "POST /wp-cron.php?doing_wp_cron=1755317624.3696939945220947265625 HTTP/1.1" 200 - "-" "WordPress/6.8.2; https://blog.komforthouse.com.br"
162.214.27.60 - - [16/Aug/2025:01:13:45 -0300] "POST /wp-admin/admin-ajax.php?action=async_litespeed&nonce=FK3Lp4yihd5m6JhFtLktOMmZx3jppaEN&litespeed_type=imgoptm HTTP/1.1" 200 1 "-" "WordPress/6.8.2; https://blog.komforthouse.com.br"
141.98.11.182 - - [16/Aug/2025:01:13:45 -0300] "GET /wp-login.php?redirect_to=https%3A%2F%2Fblog.komforthouse.com.br%2Fwp-admin%2Findex.php&reauth=1 HTTP/1.1" 200 9441 "https://blog.komforthouse.com.br/wp-login.php" "Mozilla/5.0 (Windows NT 11.0; Win64; x64) AppleWebKit/537.36 (KHTML, like Gecko) Chrome/118.0.0.0 Safari/537.36"
141.98.11.182 - - [16/Aug/2025:01:13:47 -0300] "POST /wp-login.php HTTP/1.1" 200 9706 "https://blog.komforthouse.com.br/wp-login.php" "Mozilla/5.0 (Macintosh; Intel Mac OS X 13_6_1) AppleWebKit/605.1.15 (KHTML, like Gecko) Version/16.6 Safari/605.1.15"
141.98.11.182 - - [16/Aug/2025:01:13:48 -0300] "GET /wp-admin/index.php HTTP/1.1" 302 - "https://blog.komforthouse.com.br/wp-login.php" "Mozilla/5.0 (Macintosh; Intel Mac OS X 10_15_7; rv:120.0) Gecko/20100101 Firefox/120.0"
141.98.11.182 - - [16/Aug/2025:01:13:49 -0300] "GET /wp-login.php?redirect_to=https%3A%2F%2Fblog.komforthouse.com.br%2Fwp-admin%2Findex.php&reauth=1 HTTP/1.1" 200 9441 "https://blog.komforthouse.com.br/wp-login.php" "Mozilla/5.0 (Macintosh; Intel Mac OS X 10_15_7; rv:120.0) Gecko/20100101 Firefox/120.0"
141.98.11.182 - - [16/Aug/2025:01:13:50 -0300] "POST /wp-login.php HTTP/1.1" 200 9706 "https://blog.komforthouse.com.br/wp-login.php" "Mozilla/5.0 (Windows NT 10.0; Win64; x64) AppleWebKit/537.36 (KHTML, like Gecko) Chrome/120.0.0.0 Safari/537.36"
141.98.11.182 - - [16/Aug/2025:01:13:51 -0300] "GET /wp-admin/index.php HTTP/1.1" 302 - "https://blog.komforthouse.com.br/wp-login.php" "Mozilla/5.0 (Macintosh; Intel Mac OS X 10_15_7) AppleWebKit/605.1.15 (KHTML, like Gecko) Version/17.0 Safari/605.1.15"
141.98.11.182 - - [16/Aug/2025:01:13:52 -0300] "GET /wp-login.php?redirect_to=https%3A%2F%2Fblog.komforthouse.com.br%2Fwp-admin%2Findex.php&reauth=1 HTTP/1.1" 200 9441 "https://blog.komforthouse.com.br/wp-login.php" "Mozilla/5.0 (Macintosh; Intel Mac OS X 10_15_7) AppleWebKit/605.1.15 (KHTML, like Gecko) Version/17.0 Safari/605.1.15"
141.98.11.182 - - [16/Aug/2025:01:13:53 -0300] "POST /wp-login.php HTTP/1.1" 200 9706 "https://blog.komforthouse.com.br/wp-login.php" "Mozilla/5.0 (Windows NT 10.0; Win64; x64) AppleWebKit/537.36 (KHTML, like Gecko) Chrome/121.0.0.0 Safari/537.36"
141.98.11.182 - - [16/Aug/2025:01:13:54 -0300] "GET /wp-admin/index.php HTTP/1.1" 302 - "https://blog.komforthouse.com.br/wp-login.php" "Mozilla/5.0 (Windows NT 11.0; Win64; x64) AppleWebKit/537.36 (KHTML, like Gecko) Chrome/119.0.0.0 Safari/537.36"
141.98.11.182 - - [16/Aug/2025:01:13:55 -0300] "GET /wp-login.php?redirect_to=https%3A%2F%2Fblog.komforthouse.com.br%2Fwp-admin%2Findex.php&reauth=1 HTTP/1.1" 200 9441 "https://blog.komforthouse.com.br/wp-login.php" "Mozilla/5.0 (Windows NT 11.0; Win64; x64) AppleWebKit/537.36 (KHTML, like Gecko) Chrome/119.0.0.0 Safari/537.36"
141.98.11.182 - - [16/Aug/2025:01:13:56 -0300] "POST /wp-login.php HTTP/1.1" 200 9706 "https://blog.komforthouse.com.br/wp-login.php" "Mozilla/5.0 (Windows NT 11.0; Win64; x64; rv:121.0) Gecko/20100101 Firefox/121.0"
141.98.11.182 - - [16/Aug/2025:01:13:57 -0300] "GET /wp-admin/index.php HTTP/1.1" 302 - "https://blog.komforthouse.com.br/wp-login.php" "Mozilla/5.0 (Macintosh; Intel Mac OS X 13_6_1) AppleWebKit/605.1.15 (KHTML, like Gecko) Version/17.0 Safari/605.1.15"
141.98.11.182 - - [16/Aug/2025:01:13:58 -0300] "GET /wp-login.php?redirect_to=https%3A%2F%2Fblog.komforthouse.com.br%2Fwp-admin%2Findex.php&reauth=1 HTTP/1.1" 200 9441 "https://blog.komforthouse.com.br/wp-login.php" "Mozilla/5.0 (Macintosh; Intel Mac OS X 13_6_1) AppleWebKit/605.1.15 (KHTML, like Gecko) Version/17.0 Safari/605.1.15"
141.98.11.182 - - [16/Aug/2025:01:13:59 -0300] "POST /wp-login.php HTTP/1.1" 200 9706 "https://blog.komforthouse.com.br/wp-login.php" "Mozilla/5.0 (Macintosh; Intel Mac OS X 10_15_7) AppleWebKit/605.1.15 (KHTML, like Gecko) Version/17.1 Safari/605.1.15"
141.98.11.182 - - [16/Aug/2025:01:14:00 -0300] "GET /wp-admin/index.php HTTP/1.1" 302 - "https://blog.komforthouse.com.br/wp-login.php" "Mozilla/5.0 (Macintosh; Intel Mac OS X 10_15_7; rv:118.0) Gecko/20100101 Firefox/118.0"
141.98.11.182 - - [16/Aug/2025:01:14:01 -0300] "GET /wp-login.php?redirect_to=https%3A%2F%2Fblog.komforthouse.com.br%2Fwp-admin%2Findex.php&reauth=1 HTTP/1.1" 200 9441 "https://blog.komforthouse.com.br/wp-login.php" "Mozilla/5.0 (Macintosh; Intel Mac OS X 10_15_7; rv:118.0) Gecko/20100101 Firefox/118.0"
141.98.11.182 - - [16/Aug/2025:01:14:02 -0300] "POST /wp-login.php HTTP/1.1" 200 9706 "https://blog.komforthouse.com.br/wp-login.php" "Mozilla/5.0 (Windows NT 10.0; Win64; x64) AppleWebKit/537.36 (KHTML, like Gecko) Chrome/119.0.0.0 Safari/537.36"
141.98.11.182 - - [16/Aug/2025:01:14:03 -0300] "GET /wp-admin/index.php HTTP/1.1" 302 - "https://blog.komforthouse.com.br/wp-login.php" "Mozilla/5.0 (Windows NT 10.0; Win64; x64; rv:118.0) Gecko/20100101 Firefox/118.0"
141.98.11.182 - - [16/Aug/2025:01:14:04 -0300] "GET /wp-login.php?redirect_to=https%3A%2F%2Fblog.komforthouse.com.br%2Fwp-admin%2Findex.php&reauth=1 HTTP/1.1" 200 9441 "https://blog.komforthouse.com.br/wp-login.php" "Mozilla/5.0 (Windows NT 10.0; Win64; x64; rv:118.0) Gecko/20100101 Firefox/118.0"
141.98.11.182 - - [16/Aug/2025:01:14:06 -0300] "POST /wp-login.php HTTP/1.1" 200 9706 "https://blog.komforthouse.com.br/wp-login.php" "Mozilla/5.0 (Windows NT 11.0; Win64; x64; rv:120.0) Gecko/20100101 Firefox/120.0"
141.98.11.182 - - [16/Aug/2025:01:14:07 -0300] "GET /wp-admin/index.php HTTP/1.1" 302 - "https://blog.komforthouse.com.br/wp-login.php" "Mozilla/5.0 (Windows NT 10.0; Win64; x64; rv:120.0) Gecko/20100101 Firefox/120.0"
141.98.11.182 - - [16/Aug/2025:01:14:08 -0300] "GET /wp-login.php?redirect_to=https%3A%2F%2Fblog.komforthouse.com.br%2Fwp-admin%2Findex.php&reauth=1 HTTP/1.1" 200 9441 "https://blog.komforthouse.com.br/wp-login.php" "Mozilla/5.0 (Windows NT 10.0; Win64; x64; rv:120.0) Gecko/20100101 Firefox/120.0"
141.98.11.182 - - [16/Aug/2025:01:14:09 -0300] "POST /wp-login.php HTTP/1.1" 200 9707 "https://blog.komforthouse.com.br/wp-login.php" "Mozilla/5.0 (Windows NT 11.0; Win64; x64) AppleWebKit/537.36 (KHTML, like Gecko) Chrome/119.0.0.0 Safari/537.36"
141.98.11.182 - - [16/Aug/2025:01:14:10 -0300] "GET /wp-admin/index.php HTTP/1.1" 302 - "https://blog.komforthouse.com.br/wp-login.php" "Mozilla/5.0 (X11; Ubuntu; Linux x86_64) AppleWebKit/537.36 (KHTML, like Gecko) Chrome/119.0.0.0 Safari/537.36"
141.98.11.182 - - [16/Aug/2025:01:14:12 -0300] "GET /wp-login.php?redirect_to=https%3A%2F%2Fblog.komforthouse.com.br%2Fwp-admin%2Findex.php&reauth=1 HTTP/1.1" 200 9441 "https://blog.komforthouse.com.br/wp-login.php" "Mozilla/5.0 (X11; Ubuntu; Linux x86_64) AppleWebKit/537.36 (KHTML, like Gecko) Chrome/119.0.0.0 Safari/537.36"
