141.98.11.182 - - [16/Aug/2025:01:14:13 -0300] "POST /wp-login.php HTTP/1.1" 200 9706 "https://blog.komforthouse.com.br/wp-login.php" "Mozilla/5.0 (Windows NT 11.0; Win64; x64) AppleWebKit/537.36 (KHTML, like Gecko) Chrome/119.0.0.0 Safari/537.36"
141.98.11.182 - - [16/Aug/2025:01:14:14 -0300] "GET /wp-admin/index.php HTTP/1.1" 302 - "https://blog.komforthouse.com.br/wp-login.php" "Mozilla/5.0 (Windows NT 10.0; Win64; x64) AppleWebKit/537.36 (KHTML, like Gecko) Chrome/119.0.0.0 Safari/537.36"
141.98.11.182 - - [16/Aug/2025:01:14:15 -0300] "GET /wp-login.php?redirect_to=https%3A%2F%2Fblog.komforthouse.com.br%2Fwp-admin%2Findex.php&reauth=1 HTTP/1.1" 200 9441 "https://blog.komforthouse.com.br/wp-login.php" "Mozilla/5.0 (Windows NT 10.0; Win64; x64) AppleWebKit/537.36 (KHTML, like Gecko) Chrome/119.0.0.0 Safari/537.36"
141.98.11.182 - - [16/Aug/2025:01:14:16 -0300] "POST /wp-login.php HTTP/1.1" 200 9706 "https://blog.komforthouse.com.br/wp-login.php" "Mozilla/5.0 (Windows NT 10.0; Win64; x64; rv:118.0) Gecko/20100101 Firefox/118.0"
141.98.11.182 - - [16/Aug/2025:01:14:17 -0300] "GET /wp-admin/index.php HTTP/1.1" 302 - "https://blog.komforthouse.com.br/wp-login.php" "Mozilla/5.0 (Macintosh; Intel Mac OS X 13_6_1) AppleWebKit/605.1.15 (KHTML, like Gecko) Version/17.0 Safari/605.1.15"
141.98.11.182 - - [16/Aug/2025:01:14:18 -0300] "GET /wp-login.php?redirect_to=https%3A%2F%2Fblog.komforthouse.com.br%2Fwp-admin%2Findex.php&reauth=1 HTTP/1.1" 200 9441 "https://blog.komforthouse.com.br/wp-login.php" "Mozilla/5.0 (Macintosh; Intel Mac OS X 13_6_1) AppleWebKit/605.1.15 (KHTML, like Gecko) Version/17.0 Safari/605.1.15"
141.98.11.182 - - [16/Aug/2025:01:14:19 -0300] "POST /wp-login.php HTTP/1.1" 200 9706 "https://blog.komforthouse.com.br/wp-login.php" "Mozilla/5.0 (Windows NT 11.0; Win64; x64) AppleWebKit/537.36 (KHTML, like Gecko) Chrome/120.0.0.0 Safari/537.36"
141.98.11.182 - - [16/Aug/2025:01:14:20 -0300] "GET /wp-admin/index.php HTTP/1.1" 302 - "https://blog.komforthouse.com.br/wp-login.php" "Mozilla/5.0 (Macintosh; Intel Mac OS X 13_6_1) AppleWebKit/605.1.15 (KHTML, like Gecko) Version/17.0 Safari/605.1.15"
141.98.11.182 - - [16/Aug/2025:01:14:21 -0300] "GET /wp-login.php?redirect_to=https%3A%2F%2Fblog.komforthouse.com.br%2Fwp-admin%2Findex.php&reauth=1 HTTP/1.1" 200 9441 "https://blog.komforthouse.com.br/wp-login.php" "Mozilla/5.0 (Macintosh; Intel Mac OS X 13_6_1) AppleWebKit/605.1.15 (KHTML, like Gecko) Version/17.0 Safari/605.1.15"
141.98.11.182 - - [16/Aug/2025:01:14:23 -0300] "POST /wp-login.php HTTP/1.1" 200 9706 "https://blog.komforthouse.com.br/wp-login.php" "Mozilla/5.0 (Windows NT 10.0; Win64; x64; rv:119.0) Gecko/20100101 Firefox/119.0"
141.98.11.182 - - [16/Aug/2025:01:14:24 -0300] "GET /wp-admin/index.php HTTP/1.1" 302 - "https://blog.komforthouse.com.br/wp-login.php" "Mozilla/5.0 (Windows NT 10.0; Win64; x64; rv:120.0) Gecko/20100101 Firefox/120.0"
141.98.11.182 - - [16/Aug/2025:01:14:25 -0300] "GET /wp-login.php?redirect_to=https%3A%2F%2Fblog.komforthouse.com.br%2Fwp-admin%2Findex.php&reauth=1 HTTP/1.1" 200 9441 "https://blog.komforthouse.com.br/wp-login.php" "Mozilla/5.0 (Windows NT 10.0; Win64; x64; rv:120.0) Gecko/20100101 Firefox/120.0"
141.98.11.182 - - [16/Aug/2025:01:14:26 -0300] "POST /wp-login.php HTTP/1.1" 200 9706 "https://blog.komforthouse.com.br/wp-login.php" "Mozilla/5.0 (X11; Linux x86_64) AppleWebKit/537.36 (KHTML, like Gecko) Chrome/120.0.0.0 Safari/537.36"
141.98.11.182 - - [16/Aug/2025:01:14:27 -0300] "GET /wp-admin/index.php HTTP/1.1" 302 - "https://blog.komforthouse.com.br/wp-login.php" "Mozilla/5.0 (Macintosh; Intel Mac OS X 13_6_1) AppleWebKit/537.36 (KHTML, like Gecko) Chrome/118.0.0.0 Safari/537.36"
141.98.11.182 - - [16/Aug/2025:01:14:28 -0300] "GET /wp-login.php?redirect_to=https%3A%2F%2Fblog.komforthouse.com.br%2Fwp-admin%2Findex.php&reauth=1 HTTP/1.1" 200 9441 "https://blog.komforthouse.com.br/wp-login.php" "Mozilla/5.0 (Macintosh; Intel Mac OS X 13_6_1) AppleWebKit/537.36 (KHTML, like Gecko) Chrome/118.0.0.0 Safari/537.36"
141.98.11.182 - - [16/Aug/2025:01:14:29 -0300] "POST /wp-login.php HTTP/1.1" 200 9711 "https://blog.komforthouse.com.br/wp-login.php" "Mozilla/5.0 (Windows NT 10.0; Win64; x64) AppleWebKit/537.36 (KHTML, like Gecko) Chrome/119.0.0.0 Safari/537.36"
141.98.11.182 - - [16/Aug/2025:01:14:30 -0300] "GET /wp-admin/index.php HTTP/1.1" 302 - "https://blog.komforthouse.com.br/wp-login.php" "Mozilla/5.0 (Macintosh; Intel Mac OS X 10_15_7) AppleWebKit/605.1.15 (KHTML, like Gecko) Version/16.6 Safari/605.1.15"
141.98.11.182 - - [16/Aug/2025:01:14:31 -0300] "GET /wp-login.php?redirect_to=https%3A%2F%2Fblog.komforthouse.com.br%2Fwp-admin%2Findex.php&reauth=1 HTTP/1.1" 200 9441 "https://blog.komforthouse.com.br/wp-login.php" "Mozilla/5.0 (Macintosh; Intel Mac OS X 10_15_7) AppleWebKit/605.1.15 (KHTML, like Gecko) Version/16.6 Safari/605.1.15"
141.98.11.182 - - [16/Aug/2025:01:14:32 -0300] "POST /wp-login.php HTTP/1.1" 200 9706 "https://blog.komforthouse.com.br/wp-login.php" "Mozilla/5.0 (Macintosh; Intel Mac OS X 13_6_1; rv:119.0) Gecko/20100101 Firefox/119.0"
141.98.11.182 - - [16/Aug/2025:01:14:33 -0300] "GET /wp-admin/index.php HTTP/1.1" 302 - "https://blog.komforthouse.com.br/wp-login.php" "Mozilla/5.0 (Macintosh; Intel Mac OS X 13_6_1; rv:119.0) Gecko/20100101 Firefox/119.0"
141.98.11.182 - - [16/Aug/2025:01:14:34 -0300] "GET /wp-login.php?redirect_to=https%3A%2F%2Fblog.komforthouse.com.br%2Fwp-admin%2Findex.php&reauth=1 HTTP/1.1" 200 9441 "https://blog.komforthouse.com.br/wp-login.php" "Mozilla/5.0 (Macintosh; Intel Mac OS X 13_6_1; rv:119.0) Gecko/20100101 Firefox/119.0"
141.98.11.182 - - [16/Aug/2025:01:14:35 -0300] "POST /wp-login.php HTTP/1.1" 200 9706 "https://blog.komforthouse.com.br/wp-login.php" "Mozilla/5.0 (X11; Ubuntu; Linux x86_64) AppleWebKit/537.36 (KHTML, like Gecko) Chrome/119.0.0.0 Safari/537.36"
141.98.11.182 - - [16/Aug/2025:01:14:36 -0300] "GET /wp-admin/index.php HTTP/1.1" 302 - "https://blog.komforthouse.com.br/wp-login.php" "Mozilla/5.0 (X11; Ubuntu; Linux x86_64) AppleWebKit/537.36 (KHTML, like Gecko) Chrome/118.0.0.0 Safari/537.36"
143.255.242.128 - - [16/Aug/2025:01:14:37 -0300] "GET /category-sitemap.xml HTTP/1.1" 200 1795 "-" "python-requests/2.32.3"
168.228.93.247 - - [16/Aug/2025:01:14:37 -0300] "GET /page-sitemap.xml HTTP/1.1" 200 4097 "-" "python-requests/2.32.3"
141.98.11.182 - - [16/Aug/2025:01:14:38 -0300] "GET /wp-login.php?redirect_to=https%3A%2F%2Fblog.komforthouse.com.br%2Fwp-admin%2Findex.php&reauth=1 HTTP/1.1" 200 9441 "https://blog.komforthouse.com.br/wp-login.php" "Mozilla/5.0 (X11; Ubuntu; Linux x86_64) AppleWebKit/537.36 (KHTML, like Gecko) Chrome/118.0.0.0 Safari/537.36"
162.214.27.60 - - [16/Aug/2025:01:14:40 -0300] "POST /wp-cron.php?doing_wp_cron=1755317680.1819860935211181640625 HTTP/1.1" 200 - "-" "WordPress/6.8.2; https://blog.komforthouse.com.br"
141.98.11.182 - - [16/Aug/2025:01:14:39 -0300] "POST /wp-login.php HTTP/1.1" 200 9706 "https://blog.komforthouse.com.br/wp-login.php" "Mozilla/5.0 (Windows NT 10.0; Win64; x64; rv:119.0) Gecko/20100101 Firefox/119.0"
141.98.11.182 - - [16/Aug/2025:01:14:41 -0300] "GET /wp-admin/index.php HTTP/1.1" 302 - "https://blog.komforthouse.com.br/wp-login.php" "Mozilla/5.0 (Macintosh; Intel Mac OS X 10_15_7; rv:121.0) Gecko/20100101 Firefox/121.0"
141.98.11.182 - - [16/Aug/2025:01:14:42 -0300] "GET /wp-login.php?redirect_to=https%3A%2F%2Fblog.komforthouse.com.br%2Fwp-admin%2Findex.php&reauth=1 HTTP/1.1" 200 9441 "https://blog.komforthouse.com.br/wp-login.php" "Mozilla/5.0 (Macintosh; Intel Mac OS X 10_15_7; rv:121.0) Gecko/20100101 Firefox/121.0"
141.98.11.182 - - [16/Aug/2025:01:14:44 -0300] "POST /wp-login.php HTTP/1.1" 200 9706 "https://blog.komforthouse.com.br/wp-login.php" "Mozilla/5.0 (Macintosh; Intel Mac OS X 10_15_7) AppleWebKit/605.1.15 (KHTML, like Gecko) Version/17.2 Safari/605.1.15"
162.214.27.60 - - [16/Aug/2025:01:14:44 -0300] "POST /wp-cron.php?doing_wp_cron=1755317684.7831459045410156250000 HTTP/1.1" 200 - "-" "WordPress/6.8.2; https://blog.komforthouse.com.br"
162.214.27.60 - - [16/Aug/2025:01:14:45 -0300] "POST /wp-admin/admin-ajax.php?action=async_litespeed&nonce=5VlhM22s7Oy4MNTxn6q4OHxdKV8HicLV&litespeed_type=imgoptm HTTP/1.1" 200 1 "-" "WordPress/6.8.2; https://blog.komforthouse.com.br"
141.98.11.182 - - [16/Aug/2025:01:14:46 -0300] "GET /wp-admin/index.php HTTP/1.1" 302 - "https://blog.komforthouse.com.br/wp-login.php" "Mozilla/5.0 (Macintosh; Intel Mac OS X 10_15_7; rv:119.0) Gecko/20100101 Firefox/119.0"
141.98.11.182 - - [16/Aug/2025:01:14:47 -0300] "GET /wp-login.php?redirect_to=https%3A%2F%2Fblog.komforthouse.com.br%2Fwp-admin%2Findex.php&reauth=1 HTTP/1.1" 200 9441 "https://blog.komforthouse.com.br/wp-login.php" "Mozilla/5.0 (Macintosh; Intel Mac OS X 10_15_7; rv:119.0) Gecko/20100101 Firefox/119.0"
141.98.11.182 - - [16/Aug/2025:01:14:48 -0300] "POST /wp-login.php HTTP/1.1" 200 9706 "https://blog.komforthouse.com.br/wp-login.php" "Mozilla/5.0 (Macintosh; Intel Mac OS X 10_15_7; rv:118.0) Gecko/20100101 Firefox/118.0"
141.98.11.182 - - [16/Aug/2025:01:14:49 -0300] "GET /wp-admin/index.php HTTP/1.1" 302 - "https://blog.komforthouse.com.br/wp-login.php" "Mozilla/5.0 (X11; Ubuntu; Linux x86_64) AppleWebKit/537.36 (KHTML, like Gecko) Chrome/121.0.0.0 Safari/537.36"
141.98.11.182 - - [16/Aug/2025:01:14:50 -0300] "GET /wp-login.php?redirect_to=https%3A%2F%2Fblog.komforthouse.com.br%2Fwp-admin%2Findex.php&reauth=1 HTTP/1.1" 200 9441 "https://blog.komforthouse.com.br/wp-login.php" "Mozilla/5.0 (X11; Ubuntu; Linux x86_64) AppleWebKit/537.36 (KHTML, like Gecko) Chrome/121.0.0.0 Safari/537.36"
141.98.11.182 - - [16/Aug/2025:01:14:51 -0300] "POST /wp-login.php HTTP/1.1" 200 9706 "https://blog.komforthouse.com.br/wp-login.php" "Mozilla/5.0 (X11; Linux x86_64) AppleWebKit/537.36 (KHTML, like Gecko) Chrome/121.0.0.0 Safari/537.36"
141.98.11.182 - - [16/Aug/2025:01:14:52 -0300] "GET /wp-admin/index.php HTTP/1.1" 302 - "https://blog.komforthouse.com.br/wp-login.php" "Mozilla/5.0 (Macintosh; Intel Mac OS X 13_6_1) AppleWebKit/605.1.15 (KHTML, like Gecko) Version/16.6 Safari/605.1.15"
141.98.11.182 - - [16/Aug/2025:01:14:53 -0300] "GET /wp-login.php?redirect_to=https%3A%2F%2Fblog.komforthouse.com.br%2Fwp-admin%2Findex.php&reauth=1 HTTP/1.1" 200 9441 "https://blog.komforthouse.com.br/wp-login.php" "Mozilla/5.0 (Macintosh; Intel Mac OS X 13_6_1) AppleWebKit/605.1.15 (KHTML, like Gecko) Version/16.6 Safari/605.1.15"
141.98.11.182 - - [16/Aug/2025:01:14:54 -0300] "POST /wp-login.php HTTP/1.1" 200 9706 "https://blog.komforthouse.com.br/wp-login.php" "Mozilla/5.0 (Windows NT 11.0; Win64; x64; rv:119.0) Gecko/20100101 Firefox/119.0"
141.98.11.182 - - [16/Aug/2025:01:14:55 -0300] "GET /wp-admin/index.php HTTP/1.1" 302 - "https://blog.komforthouse.com.br/wp-login.php" "Mozilla/5.0 (Windows NT 10.0; Win64; x64; rv:120.0) Gecko/20100101 Firefox/120.0"
141.98.11.182 - - [16/Aug/2025:01:14:56 -0300] "GET /wp-login.php?redirect_to=https%3A%2F%2Fblog.komforthouse.com.br%2Fwp-admin%2Findex.php&reauth=1 HTTP/1.1" 200 9441 "https://blog.komforthouse.com.br/wp-login.php" "Mozilla/5.0 (Windows NT 10.0; Win64; x64; rv:120.0) Gecko/20100101 Firefox/120.0"
141.98.11.182 - - [16/Aug/2025:01:14:58 -0300] "POST /wp-login.php HTTP/1.1" 200 9706 "https://blog.komforthouse.com.br/wp-login.php" "Mozilla/5.0 (Macintosh; Intel Mac OS X 10_15_7) AppleWebKit/537.36 (KHTML, like Gecko) Chrome/119.0.0.0 Safari/537.36"
141.98.11.182 - - [16/Aug/2025:01:14:59 -0300] "GET /wp-admin/index.php HTTP/1.1" 302 - "https://blog.komforthouse.com.br/wp-login.php" "Mozilla/5.0 (X11; Ubuntu; Linux x86_64) AppleWebKit/537.36 (KHTML, like Gecko) Chrome/120.0.0.0 Safari/537.36"
141.98.11.182 - - [16/Aug/2025:01:15:00 -0300] "GET /wp-login.php?redirect_to=https%3A%2F%2Fblog.komforthouse.com.br%2Fwp-admin%2Findex.php&reauth=1 HTTP/1.1" 200 9441 "https://blog.komforthouse.com.br/wp-login.php" "Mozilla/5.0 (X11; Ubuntu; Linux x86_64) AppleWebKit/537.36 (KHTML, like Gecko) Chrome/120.0.0.0 Safari/537.36"
141.98.11.182 - - [16/Aug/2025:01:15:01 -0300] "POST /wp-login.php HTTP/1.1" 200 9706 "https://blog.komforthouse.com.br/wp-login.php" "Mozilla/5.0 (Macintosh; Intel Mac OS X 13_6_1) AppleWebKit/605.1.15 (KHTML, like Gecko) Version/17.2 Safari/605.1.15"
141.98.11.182 - - [16/Aug/2025:01:15:02 -0300] "GET /wp-admin/index.php HTTP/1.1" 302 - "https://blog.komforthouse.com.br/wp-login.php" "Mozilla/5.0 (X11; Linux x86_64) AppleWebKit/537.36 (KHTML, like Gecko) Chrome/120.0.0.0 Safari/537.36"
141.98.11.182 - - [16/Aug/2025:01:15:03 -0300] "GET /wp-login.php?redirect_to=https%3A%2F%2Fblog.komforthouse.com.br%2Fwp-admin%2Findex.php&reauth=1 HTTP/1.1" 200 9441 "https://blog.komforthouse.com.br/wp-login.php" "Mozilla/5.0 (X11; Linux x86_64) AppleWebKit/537.36 (KHTML, like Gecko) Chrome/120.0.0.0 Safari/537.36"
141.98.11.182 - - [16/Aug/2025:01:15:04 -0300] "POST /wp-login.php HTTP/1.1" 200 9706 "https://blog.komforthouse.com.br/wp-login.php" "Mozilla/5.0 (Macintosh; Intel Mac OS X 10_15_7; rv:119.0) Gecko/20100101 Firefox/119.0"
141.98.11.182 - - [16/Aug/2025:01:15:05 -0300] "GET /wp-admin/index.php HTTP/1.1" 302 - "https://blog.komforthouse.com.br/wp-login.php" "Mozilla/5.0 (Macintosh; Intel Mac OS X 10_15_7) AppleWebKit/605.1.15 (KHTML, like Gecko) Version/17.0 Safari/605.1.15"
141.98.11.182 - - [16/Aug/2025:01:15:06 -0300] "GET /wp-login.php?redirect_to=https%3A%2F%2Fblog.komforthouse.com.br%2Fwp-admin%2Findex.php&reauth=1 HTTP/1.1" 200 9441 "https://blog.komforthouse.com.br/wp-login.php" "Mozilla/5.0 (Macintosh; Intel Mac OS X 10_15_7) AppleWebKit/605.1.15 (KHTML, like Gecko) Version/17.0 Safari/605.1.15"
141.98.11.182 - - [16/Aug/2025:01:15:07 -0300] "POST /wp-login.php HTTP/1.1" 200 9706 "https://blog.komforthouse.com.br/wp-login.php" "Mozilla/5.0 (Macintosh; Intel Mac OS X 10_15_7) AppleWebKit/605.1.15 (KHTML, like Gecko) Version/17.0 Safari/605.1.15"
141.98.11.182 - - [16/Aug/2025:01:15:08 -0300] "GET /wp-admin/index.php HTTP/1.1" 302 - "https://blog.komforthouse.com.br/wp-login.php" "Mozilla/5.0 (Windows NT 11.0; Win64; x64) AppleWebKit/537.36 (KHTML, like Gecko) Chrome/120.0.0.0 Safari/537.36"
177.148.86.72 - - [16/Aug/2025:01:15:08 -0300] "GET /post-sitemap.xml HTTP/1.1" 200 10816 "-" "python-requests/2.32.3"
141.98.11.182 - - [16/Aug/2025:01:15:09 -0300] "GET /wp-login.php?redirect_to=https%3A%2F%2Fblog.komforthouse.com.br%2Fwp-admin%2Findex.php&reauth=1 HTTP/1.1" 200 9441 "https://blog.komforthouse.com.br/wp-login.php" "Mozilla/5.0 (Windows NT 11.0; Win64; x64) AppleWebKit/537.36 (KHTML, like Gecko) Chrome/120.0.0.0 Safari/537.36"
196.251.69.55 - - [16/Aug/2025:01:16:49 -0300] "POST /wp-login.php HTTP/1.1" 200 9733 "-" "Mozilla/5.0"
162.214.27.60 - - [16/Aug/2025:01:16:51 -0300] "POST /wp-cron.php?doing_wp_cron=1755317811.7779850959777832031250 HTTP/1.1" 200 - "-" "WordPress/6.8.2; https://blog.komforthouse.com.br"
162.214.27.60 - - [16/Aug/2025:01:16:52 -0300] "POST /wp-admin/admin-ajax.php?action=async_litespeed&nonce=Lzykh3dycPa4zzDFVjIaY1yPIxDDDUEN&litespeed_type=imgoptm HTTP/1.1" 200 1 "-" "WordPress/6.8.2; https://blog.komforthouse.com.br"
14.186.132.175 - - [16/Aug/2025:01:17:15 -0300] "GET /sitemap_index.xml HTTP/1.1" 200 693 "-" "python-requests/2.32.3"
74.207.233.173 - - [16/Aug/2025:01:17:34 -0300] "GET /wp-json/wp/v2/posts/?per_page=50 HTTP/1.0" 200 315210 "-" "Mozilla/5.0 (compatible; Googlebot/2.1; +http://www.google.com/bot.html)"
123.21.134.203 - - [16/Aug/2025:01:18:42 -0300] "GET /sitemap_index.xml HTTP/1.1" 200 693 "-" "python-requests/2.32.3"
162.214.27.60 - - [16/Aug/2025:01:18:44 -0300] "POST /wp-admin/admin-ajax.php?action=async_litespeed&nonce=RXYwifBJhq9Tesl4tEvESN7BrS3UdZuS&litespeed_type=imgoptm HTTP/1.1" 200 1 "-" "WordPress/6.8.2; https://blog.komforthouse.com.br"
162.214.27.60 - - [16/Aug/2025:01:18:43 -0300] "POST /wp-cron.php?doing_wp_cron=1755317923.5105330944061279296875 HTTP/1.1" 200 - "-" "WordPress/6.8.2; https://blog.komforthouse.com.br"
36.79.221.251 - - [16/Aug/2025:01:19:57 -0300] "GET /sitemap_index.xml HTTP/1.1" 200 693 "-" "python-requests/2.32.3"
162.214.27.60 - - [16/Aug/2025:01:19:59 -0300] "POST /wp-admin/admin-ajax.php?action=async_litespeed&nonce=mzw7zpVFzKODFnOC7l0U9lGzcv1o5XaY&litespeed_type=imgoptm HTTP/1.1" 200 1 "-" "WordPress/6.8.2; https://blog.komforthouse.com.br"
162.214.27.60 - - [16/Aug/2025:01:19:58 -0300] "POST /wp-cron.php?doing_wp_cron=1755317998.2235291004180908203125 HTTP/1.1" 200 - "-" "WordPress/6.8.2; https://blog.komforthouse.com.br"
201.79.26.141 - - [16/Aug/2025:01:21:38 -0300] "GET /sitemap_index.xml HTTP/1.1" 200 693 "-" "python-requests/2.32.3"
162.214.27.60 - - [16/Aug/2025:01:21:39 -0300] "POST /wp-cron.php?doing_wp_cron=1755318099.1876931190490722656250 HTTP/1.1" 200 - "-" "WordPress/6.8.2; https://blog.komforthouse.com.br"
162.214.27.60 - - [16/Aug/2025:01:21:40 -0300] "POST /wp-admin/admin-ajax.php?action=async_litespeed&nonce=IKgF2bK2mtBuBe03WBHnQb4xWA754PjR&litespeed_type=imgoptm HTTP/1.1" 200 1 "-" "WordPress/6.8.2; https://blog.komforthouse.com.br"
162.214.27.60 - - [16/Aug/2025:01:23:28 -0300] "POST /wp-admin/admin-ajax.php?action=async_litespeed&nonce=QpE4XAJS9cUnYnLIA8h0NOIpLgWZxF2Q&litespeed_type=imgoptm HTTP/1.1" 200 1 "-" "WordPress/6.8.2; https://blog.komforthouse.com.br"
193.186.4.237 - - [16/Aug/2025:01:23:27 -0300] "GET /sofas-de-couro-vs-tecido/ HTTP/1.1" 200 81280 "https://www.google.com/" "Mozilla/5.0 (Linux; Android 10; K) AppleWebKit/537.36 (KHTML, like Gecko) Chrome/139.0.0.0 Mobile Safari/537.36"
162.214.27.60 - - [16/Aug/2025:01:23:27 -0300] "POST /wp-cron.php?doing_wp_cron=1755318207.9426050186157226562500 HTTP/1.1" 200 - "-" "WordPress/6.8.2; https://blog.komforthouse.com.br"
162.214.27.60 - - [16/Aug/2025:01:23:42 -0300] "POST /wp-cron.php?doing_wp_cron=1755318222.1323308944702148437500 HTTP/1.1" 200 - "-" "WordPress/6.8.2; https://blog.komforthouse.com.br"
186.235.56.248 - - [16/Aug/2025:01:23:41 -0300] "GET /sitemap_index.xml HTTP/1.1" 200 693 "-" "python-requests/2.32.3"
128.201.160.59 - - [16/Aug/2025:01:25:15 -0300] "GET /category-sitemap.xml HTTP/1.1" 200 1795 "-" "python-requests/2.32.3"
179.215.122.224 - - [16/Aug/2025:01:25:15 -0300] "GET /post-sitemap.xml HTTP/1.1" 200 10816 "-" "python-requests/2.32.3"
186.134.30.253 - - [16/Aug/2025:01:25:16 -0300] "GET /page-sitemap.xml HTTP/1.1" 200 4097 "-" "python-requests/2.32.3"
162.214.27.60 - - [16/Aug/2025:01:25:15 -0300] "POST /wp-cron.php?doing_wp_cron=1755318315.7295250892639160156250 HTTP/1.1" 200 - "-" "WordPress/6.8.2; https://blog.komforthouse.com.br"
162.214.27.60 - - [16/Aug/2025:01:25:16 -0300] "POST /wp-admin/admin-ajax.php?action=async_litespeed&nonce=IFnNjJWhhQC3F3y10ON13uyRy9cCpdzy&litespeed_type=imgoptm HTTP/1.1" 200 1 "-" "WordPress/6.8.2; https://blog.komforthouse.com.br"
207.248.23.58 - - [16/Aug/2025:01:26:37 -0300] "GET /sitemap_index.xml HTTP/1.1" 200 693 "-" "python-requests/2.32.3"
162.214.27.60 - - [16/Aug/2025:01:26:38 -0300] "POST /wp-cron.php?doing_wp_cron=1755318398.0278630256652832031250 HTTP/1.1" 200 - "-" "WordPress/6.8.2; https://blog.komforthouse.com.br"
162.214.27.60 - - [16/Aug/2025:01:26:38 -0300] "POST /wp-admin/admin-ajax.php?action=async_litespeed&nonce=2SeH7FRWdDrlpdLWzvnvlFi47CT8ZSlF&litespeed_type=imgoptm HTTP/1.1" 200 1 "-" "WordPress/6.8.2; https://blog.komforthouse.com.br"
196.251.112.104 - - [16/Aug/2025:01:26:57 -0300] "POST /wp-login.php HTTP/1.1" 200 9733 "-" "Mozilla/5.0"
162.214.27.60 - - [16/Aug/2025:01:26:58 -0300] "POST /wp-cron.php?doing_wp_cron=1755318418.4733409881591796875000 HTTP/1.1" 200 - "-" "WordPress/6.8.2; https://blog.komforthouse.com.br"
162.214.27.60 - - [16/Aug/2025:01:26:59 -0300] "POST /wp-admin/admin-ajax.php?action=async_litespeed&nonce=Vpsv5iSiNq17WnexBzuVx2FQI9WUWRxg&litespeed_type=imgoptm HTTP/1.1" 200 1 "-" "WordPress/6.8.2; https://blog.komforthouse.com.br"
14.189.71.82 - - [16/Aug/2025:01:27:13 -0300] "GET /page-sitemap.xml HTTP/1.1" 200 4097 "-" "python-requests/2.32.3"
161.248.22.61 - - [16/Aug/2025:01:27:14 -0300] "GET /post-sitemap.xml HTTP/1.1" 200 10816 "-" "python-requests/2.32.3"
186.26.69.75 - - [16/Aug/2025:01:27:14 -0300] "GET /category-sitemap.xml HTTP/1.1" 200 1795 "-" "python-requests/2.32.3"
196.251.69.55 - - [16/Aug/2025:01:28:01 -0300] "POST /wp-login.php HTTP/1.1" 200 9733 "-" "Mozilla/5.0"
162.214.27.60 - - [16/Aug/2025:01:28:02 -0300] "POST /wp-cron.php?doing_wp_cron=1755318482.0809619426727294921875 HTTP/1.1" 200 - "-" "WordPress/6.8.2; https://blog.komforthouse.com.br"
162.214.27.60 - - [16/Aug/2025:01:28:02 -0300] "POST /wp-admin/admin-ajax.php?action=async_litespeed&nonce=bnGJfbIaINzhOdFht2cEfjTvFp0uV8Nz&litespeed_type=imgoptm HTTP/1.1" 200 1 "-" "WordPress/6.8.2; https://blog.komforthouse.com.br"
189.113.67.221 - - [16/Aug/2025:01:28:26 -0300] "GET /sitemap_index.xml HTTP/1.1" 200 693 "-" "python-requests/2.32.3"
14.186.84.43 - - [16/Aug/2025:01:29:46 -0300] "GET /sitemap_index.xml HTTP/1.1" 200 693 "-" "python-requests/2.32.3"
162.214.27.60 - - [16/Aug/2025:01:29:47 -0300] "POST /wp-cron.php?doing_wp_cron=1755318587.2285990715026855468750 HTTP/1.1" 200 - "-" "WordPress/6.8.2; https://blog.komforthouse.com.br"
162.214.27.60 - - [16/Aug/2025:01:29:48 -0300] "POST /wp-admin/admin-ajax.php?action=async_litespeed&nonce=R0LjzeGM4vJeLa6Q5aodtV13N8z3fafv&litespeed_type=imgoptm HTTP/1.1" 200 1 "-" "WordPress/6.8.2; https://blog.komforthouse.com.br"
113.161.66.241 - - [16/Aug/2025:01:31:09 -0300] "GET /sitemap_index.xml HTTP/1.1" 200 693 "-" "python-requests/2.32.3"
162.214.27.60 - - [16/Aug/2025:01:31:11 -0300] "POST /wp-admin/admin-ajax.php?action=async_litespeed&nonce=kmg5oBjZZn3FU0OYsX9dlKy0rwOTPHYj&litespeed_type=imgoptm HTTP/1.1" 200 1 "-" "WordPress/6.8.2; https://blog.komforthouse.com.br"
162.214.27.60 - - [16/Aug/2025:01:31:10 -0300] "POST /wp-cron.php?doing_wp_cron=1755318670.2673590183258056640625 HTTP/1.1" 200 - "-" "WordPress/6.8.2; https://blog.komforthouse.com.br"
212.34.112.62 - - [16/Aug/2025:01:31:43 -0300] "GET /post-sitemap.xml HTTP/1.1" 200 10816 "-" "python-requests/2.32.3"
113.172.162.157 - - [16/Aug/2025:01:31:43 -0300] "GET /page-sitemap.xml HTTP/1.1" 200 4097 "-" "python-requests/2.32.3"
179.25.145.88 - - [16/Aug/2025:01:31:44 -0300] "GET /category-sitemap.xml HTTP/1.1" 200 1795 "-" "python-requests/2.32.3"
162.214.27.60 - - [16/Aug/2025:01:31:45 -0300] "POST /wp-admin/admin-ajax.php?action=async_litespeed&nonce=TyHmPX3Q9PgRCApCqNALpkEuma9UviNI&litespeed_type=imgoptm HTTP/1.1" 200 1 "-" "WordPress/6.8.2; https://blog.komforthouse.com.br"
162.214.27.60 - - [16/Aug/2025:01:31:44 -0300] "POST /wp-cron.php?doing_wp_cron=1755318704.1669030189514160156250 HTTP/1.1" 200 - "-" "WordPress/6.8.2; https://blog.komforthouse.com.br"
162.214.27.60 - - [16/Aug/2025:01:34:25 -0300] "POST /wp-admin/admin-ajax.php?action=async_litespeed&nonce=y2NcCOlBcJ72mZ526fQAocBDavqH7G7o&litespeed_type=imgoptm HTTP/1.1" 200 1 "-" "WordPress/6.8.2; https://blog.komforthouse.com.br"
162.214.27.60 - - [16/Aug/2025:01:34:24 -0300] "POST /wp-cron.php?doing_wp_cron=1755318864.2309629917144775390625 HTTP/1.1" 200 - "-" "WordPress/6.8.2; https://blog.komforthouse.com.br"
44.221.227.90 - - [16/Aug/2025:01:34:23 -0300] "GET / HTTP/1.1" 200 127418 "-" "Mozilla/5.0 AppleWebKit/537.36 (KHTML, like Gecko; compatible; Amazonbot/0.1; +https://developer.amazon.com/support/amazonbot) Chrome/119.0.6045.214 Safari/537.36"
200.138.11.94 - - [16/Aug/2025:01:37:13 -0300] "GET /sitemap_index.xml HTTP/1.1" 200 693 "-" "python-requests/2.32.3"
162.214.27.60 - - [16/Aug/2025:01:37:14 -0300] "POST /wp-admin/admin-ajax.php?action=async_litespeed&nonce=FjoGaXmyXBOfao6xR7URirXBK1kLmtg4&litespeed_type=imgoptm HTTP/1.1" 200 1 "-" "WordPress/6.8.2; https://blog.komforthouse.com.br"
162.214.27.60 - - [16/Aug/2025:01:37:14 -0300] "POST /wp-cron.php?doing_wp_cron=1755319034.2171099185943603515625 HTTP/1.1" 200 - "-" "WordPress/6.8.2; https://blog.komforthouse.com.br"
139.0.242.104 - - [16/Aug/2025:01:38:19 -0300] "GET /sitemap_index.xml HTTP/1.1" 200 693 "-" "python-requests/2.32.3"
162.214.27.60 - - [16/Aug/2025:01:38:20 -0300] "POST /wp-admin/admin-ajax.php?action=async_litespeed&nonce=BwR7HMwFwZA2OPTwikYS9twSiPU6SXQ6&litespeed_type=imgoptm HTTP/1.1" 200 1 "-" "WordPress/6.8.2; https://blog.komforthouse.com.br"
162.214.27.60 - - [16/Aug/2025:01:38:19 -0300] "POST /wp-cron.php?doing_wp_cron=1755319099.8484768867492675781250 HTTP/1.1" 200 - "-" "WordPress/6.8.2; https://blog.komforthouse.com.br"
196.251.69.55 - - [16/Aug/2025:01:39:11 -0300] "POST /wp-login.php HTTP/1.1" 200 9733 "-" "Mozilla/5.0"
162.214.27.60 - - [16/Aug/2025:01:39:12 -0300] "POST /wp-admin/admin-ajax.php?action=async_litespeed&nonce=2Q9EBPIt8ts035c10WrYRlRaPlUV3sS9&litespeed_type=imgoptm HTTP/1.1" 200 1 "-" "WordPress/6.8.2; https://blog.komforthouse.com.br"
162.214.27.60 - - [16/Aug/2025:01:39:11 -0300] "POST /wp-cron.php?doing_wp_cron=1755319151.9838869571685791015625 HTTP/1.1" 200 - "-" "WordPress/6.8.2; https://blog.komforthouse.com.br"
162.214.27.60 - - [16/Aug/2025:01:41:03 -0300] "POST /wp-cron.php?doing_wp_cron=1755319263.5836439132690429687500 HTTP/1.1" 200 - "-" "WordPress/6.8.2; https://blog.komforthouse.com.br"
74.207.233.173 - - [16/Aug/2025:01:41:02 -0300] "GET /wp-json/wp/v2/posts/?per_page=50 HTTP/1.0" 200 315210 "-" "Mozilla/5.0 (compatible; Googlebot/2.1; +http://www.google.com/bot.html)"
162.214.27.60 - - [16/Aug/2025:01:41:04 -0300] "POST /wp-admin/admin-ajax.php?action=async_litespeed&nonce=vkQ9HLqjkpJvGFbdWhm29HCv2l8Hhxmu&litespeed_type=imgoptm HTTP/1.1" 200 1 "-" "WordPress/6.8.2; https://blog.komforthouse.com.br"
196.251.112.104 - - [16/Aug/2025:01:43:48 -0300] "POST /wp-login.php HTTP/1.1" 200 9733 "-" "Mozilla/5.0"
162.214.27.60 - - [16/Aug/2025:01:43:49 -0300] "POST /wp-admin/admin-ajax.php?action=async_litespeed&nonce=MlDPwB7BLqYr9EaIfwBGPMSii8NZaood&litespeed_type=imgoptm HTTP/1.1" 200 1 "-" "WordPress/6.8.2; https://blog.komforthouse.com.br"
162.214.27.60 - - [16/Aug/2025:01:43:48 -0300] "POST /wp-cron.php?doing_wp_cron=1755319428.6789939403533935546875 HTTP/1.1" 200 - "-" "WordPress/6.8.2; https://blog.komforthouse.com.br"
66.249.66.164 - - [16/Aug/2025:01:47:59 -0300] "GET /2023/08/24/cupim-no-sofa-como-identificar-prevenir-e-eliminar/ HTTP/1.1" 301 - "-" "Mozilla/5.0 (Linux; Android 6.0.1; Nexus 5X Build/MMB29P) AppleWebKit/537.36 (KHTML, like Gecko) Chrome/138.0.7204.183 Mobile Safari/537.36 (compatible; Googlebot/2.1; +http://www.google.com/bot.html)"
162.214.27.60 - - [16/Aug/2025:01:48:00 -0300] "POST /wp-admin/admin-ajax.php?action=async_litespeed&nonce=LTyhZKBpirGGARbAAW0a8OyF2OkW8pU3&litespeed_type=imgoptm HTTP/1.1" 200 1 "-" "WordPress/6.8.2; https://blog.komforthouse.com.br"
162.214.27.60 - - [16/Aug/2025:01:47:59 -0300] "POST /wp-cron.php?doing_wp_cron=1755319679.9569139480590820312500 HTTP/1.1" 200 - "-" "WordPress/6.8.2; https://blog.komforthouse.com.br"
66.249.66.164 - - [16/Aug/2025:01:48:01 -0300] "GET /cupim-no-sofa-como-identificar-prevenir-e-eliminar/ HTTP/1.1" 200 100132 "-" "Mozilla/5.0 (Linux; Android 6.0.1; Nexus 5X Build/MMB29P) AppleWebKit/537.36 (KHTML, like Gecko) Chrome/138.0.7204.183 Mobile Safari/537.36 (compatible; Googlebot/2.1; +http://www.google.com/bot.html)"
162.214.27.60 - - [16/Aug/2025:01:49:09 -0300] "POST /wp-cron.php?doing_wp_cron=1755319749.0393640995025634765625 HTTP/1.1" 200 - "-" "WordPress/6.8.2; https://blog.komforthouse.com.br"
162.214.27.60 - - [16/Aug/2025:01:49:09 -0300] "POST /wp-admin/admin-ajax.php?action=async_litespeed&nonce=sSvxEcg7Ce3A724EaMcaAa0uS3gbPQE2&litespeed_type=imgoptm HTTP/1.1" 200 1 "-" "WordPress/6.8.2; https://blog.komforthouse.com.br"
100.28.204.82 - - [16/Aug/2025:01:49:08 -0300] "GET / HTTP/1.1" 200 127418 "-" "Mozilla/5.0 AppleWebKit/537.36 (KHTML, like Gecko; compatible; Amazonbot/0.1; +https://developer.amazon.com/support/amazonbot) Chrome/119.0.6045.214 Safari/537.36"
196.251.69.55 - - [16/Aug/2025:01:50:22 -0300] "POST /wp-login.php HTTP/1.1" 200 9733 "-" "Mozilla/5.0"
162.214.27.60 - - [16/Aug/2025:01:50:23 -0300] "POST /wp-admin/admin-ajax.php?action=async_litespeed&nonce=By1tVviyLOaDur8jP66wUihehCFnLLQV&litespeed_type=imgoptm HTTP/1.1" 200 1 "-" "WordPress/6.8.2; https://blog.komforthouse.com.br"
162.214.27.60 - - [16/Aug/2025:01:50:22 -0300] "POST /wp-cron.php?doing_wp_cron=1755319822.9195990562438964843750 HTTP/1.1" 200 - "-" "WordPress/6.8.2; https://blog.komforthouse.com.br"
66.249.66.165 - - [16/Aug/2025:01:50:45 -0300] "GET /wp-includes/js/jquery/ui/core.min.js?ver=1.13.3 HTTP/1.1" 200 21464 "https://blog.komforthouse.com.br/cupim-no-sofa-como-identificar-prevenir-e-eliminar/" "Mozilla/5.0 (Linux; Android 6.0.1; Nexus 5X Build/MMB29P) AppleWebKit/537.36 (KHTML, like Gecko) Chrome/138.0.7204.183 Mobile Safari/537.36 (compatible; Googlebot/2.1; +http://www.google.com/bot.html)"
104.210.140.138 - - [16/Aug/2025:01:52:26 -0300] "GET /robots.txt HTTP/1.1" 200 128 "-" "Mozilla/5.0 (Macintosh; Intel Mac OS X 10_15_7) AppleWebKit/537.36 (KHTML, like Gecko) Chrome/131.0.0.0 Safari/537.36; compatible; OAI-SearchBot/1.0; +https://openai.com/searchbot"
162.214.27.60 - - [16/Aug/2025:01:52:27 -0300] "POST /wp-admin/admin-ajax.php?action=async_litespeed&nonce=euZeTMpnI9SIgVc4Wm0QoWfzJdQs99pX&litespeed_type=imgoptm HTTP/1.1" 200 1 "-" "WordPress/6.8.2; https://blog.komforthouse.com.br"
162.214.27.60 - - [16/Aug/2025:01:52:27 -0300] "POST /wp-cron.php?doing_wp_cron=1755319947.0441799163818359375000 HTTP/1.1" 200 - "-" "WordPress/6.8.2; https://blog.komforthouse.com.br"
162.214.27.60 - - [16/Aug/2025:01:57:18 -0300] "POST /wp-cron.php?doing_wp_cron=1755320238.4644320011138916015625 HTTP/1.1" 200 - "-" "WordPress/6.8.2; https://blog.komforthouse.com.br"
74.207.233.173 - - [16/Aug/2025:01:57:17 -0300] "GET /wp-json/wp/v2/posts/?per_page=50 HTTP/1.0" 200 315210 "-" "Mozilla/5.0 (compatible; Googlebot/2.1; +http://www.google.com/bot.html)"
162.214.27.60 - - [16/Aug/2025:01:57:19 -0300] "POST /wp-admin/admin-ajax.php?action=async_litespeed&nonce=bwNE8ctaSstR8D33bQKPuwEgclAf0Vws&litespeed_type=imgoptm HTTP/1.1" 200 1 "-" "WordPress/6.8.2; https://blog.komforthouse.com.br"
196.251.112.104 - - [16/Aug/2025:02:00:54 -0300] "POST /wp-login.php HTTP/1.1" 200 9733 "-" "Mozilla/5.0"
162.214.27.60 - - [16/Aug/2025:02:00:55 -0300] "POST /wp-cron.php?doing_wp_cron=1755320455.2021479606628417968750 HTTP/1.1" 200 - "-" "WordPress/6.8.2; https://blog.komforthouse.com.br"
162.214.27.60 - - [16/Aug/2025:02:00:56 -0300] "POST /wp-admin/admin-ajax.php?action=async_litespeed&nonce=ustkHcu4EBRyGQRgEnnyCoeOxEEOCfg5&litespeed_type=imgoptm HTTP/1.1" 200 1 "-" "WordPress/6.8.2; https://blog.komforthouse.com.br"
196.251.69.55 - - [16/Aug/2025:02:01:35 -0300] "POST /wp-login.php HTTP/1.1" 200 9733 "-" "Mozilla/5.0"
162.214.27.60 - - [16/Aug/2025:02:06:08 -0300] "POST /wp-cron.php?doing_wp_cron=1755320768.3595399856567382812500 HTTP/1.1" 200 - "-" "WordPress/6.8.2; https://blog.komforthouse.com.br"
162.214.27.60 - - [16/Aug/2025:02:06:09 -0300] "POST /wp-admin/admin-ajax.php?action=async_litespeed&nonce=MIWVbC9B50lGBbo97hb3ydsb7gNvvWNm&litespeed_type=imgoptm HTTP/1.1" 200 1 "-" "WordPress/6.8.2; https://blog.komforthouse.com.br"
100.25.120.246 - - [16/Aug/2025:02:06:07 -0300] "GET / HTTP/1.1" 200 127418 "-" "Mozilla/5.0 AppleWebKit/537.36 (KHTML, like Gecko; compatible; Amazonbot/0.1; +https://developer.amazon.com/support/amazonbot) Chrome/119.0.6045.214 Safari/537.36"
196.251.69.55 - - [16/Aug/2025:02:12:48 -0300] "POST /wp-login.php HTTP/1.1" 200 9733 "-" "Mozilla/5.0"
162.214.27.60 - - [16/Aug/2025:02:12:49 -0300] "POST /wp-cron.php?doing_wp_cron=1755321169.6548581123352050781250 HTTP/1.1" 200 - "-" "WordPress/6.8.2; https://blog.komforthouse.com.br"
162.214.27.60 - - [16/Aug/2025:02:12:50 -0300] "POST /wp-admin/admin-ajax.php?action=async_litespeed&nonce=1MRg6fybhQRs1uS4YQeZtA4L5Qdj6HeT&litespeed_type=imgoptm HTTP/1.1" 200 1 "-" "WordPress/6.8.2; https://blog.komforthouse.com.br"
45.79.200.178 - - [16/Aug/2025:02:13:37 -0300] "GET /wp-json/wp/v2/posts/?per_page=50 HTTP/1.0" 200 315210 "-" "Mozilla/5.0 (compatible; Googlebot/2.1; +http://www.google.com/bot.html)"
162.214.27.60 - - [16/Aug/2025:02:14:32 -0300] "POST /wp-cron.php?doing_wp_cron=1755321272.9206149578094482421875 HTTP/1.1" 200 - "-" "WordPress/6.8.2; https://blog.komforthouse.com.br"
162.214.27.60 - - [16/Aug/2025:02:14:33 -0300] "POST /wp-admin/admin-ajax.php?action=async_litespeed&nonce=2MpnDyI9TAktVbCUY4WtTgCLJx5PrGSc&litespeed_type=imgoptm HTTP/1.1" 200 1 "-" "WordPress/6.8.2; https://blog.komforthouse.com.br"
114.119.156.115 - - [16/Aug/2025:02:14:32 -0300] "GET /ideias-de-decoracao-para-sua-sala-de-estar-transformando-espacos-com-sofisticacao/ HTTP/1.1" 200 92641 "https://blog.komforthouse.com.br/page/2/?C=N%3BO%3DD" "Mozilla/5.0 (Linux; Android 7.0;) AppleWebKit/537.36 (KHTML, like Gecko) Mobile Safari/537.36 (compatible; PetalBot;+https://webmaster.petalsearch.com/site/petalbot)"
196.251.112.104 - - [16/Aug/2025:02:18:04 -0300] "POST /wp-login.php HTTP/1.1" 200 9733 "-" "Mozilla/5.0"
162.214.27.60 - - [16/Aug/2025:02:18:05 -0300] "POST /wp-cron.php?doing_wp_cron=1755321485.0657498836517333984375 HTTP/1.1" 200 - "-" "WordPress/6.8.2; https://blog.komforthouse.com.br"
162.214.27.60 - - [16/Aug/2025:02:18:05 -0300] "POST /wp-admin/admin-ajax.php?action=async_litespeed&nonce=DOExJxeIGe7WVnUIlpJjFCJ8JeLab1Py&litespeed_type=imgoptm HTTP/1.1" 200 1 "-" "WordPress/6.8.2; https://blog.komforthouse.com.br"
162.214.27.60 - - [16/Aug/2025:02:21:04 -0300] "POST /wp-cron.php?doing_wp_cron=1755321664.7251911163330078125000 HTTP/1.1" 200 - "-" "WordPress/6.8.2; https://blog.komforthouse.com.br"
162.214.27.60 - - [16/Aug/2025:02:21:05 -0300] "POST /wp-admin/admin-ajax.php?action=async_litespeed&nonce=vSkLeeQpRidIJuhy0CKjhN5ACew0F8aw&litespeed_type=imgoptm HTTP/1.1" 200 1 "-" "WordPress/6.8.2; https://blog.komforthouse.com.br"
98.84.131.195 - - [16/Aug/2025:02:21:03 -0300] "GET / HTTP/1.1" 200 127418 "-" "Mozilla/5.0 AppleWebKit/537.36 (KHTML, like Gecko; compatible; Amazonbot/0.1; +https://developer.amazon.com/support/amazonbot) Chrome/119.0.6045.214 Safari/537.36"
162.214.27.60 - - [16/Aug/2025:02:22:04 -0300] "POST /wp-admin/admin-ajax.php?action=async_litespeed&nonce=r5TrKdnMXojAsMG6eUWra4Qww8jQwT9O&litespeed_type=imgoptm HTTP/1.1" 200 1 "-" "WordPress/6.8.2; https://blog.komforthouse.com.br"
196.251.69.55 - - [16/Aug/2025:02:23:55 -0300] "POST /wp-login.php HTTP/1.1" 200 9733 "-" "Mozilla/5.0"
162.214.27.60 - - [16/Aug/2025:02:23:57 -0300] "POST /wp-admin/admin-ajax.php?action=async_litespeed&nonce=HRG268vb9KysT0J8ahT2dh2OtwGPwh92&litespeed_type=imgoptm HTTP/1.1" 200 1 "-" "WordPress/6.8.2; https://blog.komforthouse.com.br"
162.214.27.60 - - [16/Aug/2025:02:23:56 -0300] "POST /wp-cron.php?doing_wp_cron=1755321836.3052139282226562500000 HTTP/1.1" 200 - "-" "WordPress/6.8.2; https://blog.komforthouse.com.br"
196.251.69.55 - - [16/Aug/2025:02:35:01 -0300] "POST /wp-login.php HTTP/1.1" 200 9733 "-" "Mozilla/5.0"
162.214.27.60 - - [16/Aug/2025:02:35:03 -0300] "POST /wp-admin/admin-ajax.php?action=async_litespeed&nonce=2LLucl89IT4seZqQpyoCjHG1TBBbyUFU&litespeed_type=imgoptm HTTP/1.1" 200 1 "-" "WordPress/6.8.2; https://blog.komforthouse.com.br"
162.214.27.60 - - [16/Aug/2025:02:35:02 -0300] "POST /wp-cron.php?doing_wp_cron=1755322502.6758620738983154296875 HTTP/1.1" 200 - "-" "WordPress/6.8.2; https://blog.komforthouse.com.br"
196.251.112.104 - - [16/Aug/2025:02:35:09 -0300] "POST /wp-login.php HTTP/1.1" 200 9733 "-" "Mozilla/5.0"
162.214.27.60 - - [16/Aug/2025:02:37:20 -0300] "POST /wp-cron.php?doing_wp_cron=1755322640.5521550178527832031250 HTTP/1.1" 200 - "-" "WordPress/6.8.2; https://blog.komforthouse.com.br"
100.29.34.97 - - [16/Aug/2025:02:37:19 -0300] "GET / HTTP/1.1" 200 127418 "-" "Mozilla/5.0 AppleWebKit/537.36 (KHTML, like Gecko; compatible; Amazonbot/0.1; +https://developer.amazon.com/support/amazonbot) Chrome/119.0.6045.214 Safari/537.36"
162.214.27.60 - - [16/Aug/2025:02:37:21 -0300] "POST /wp-admin/admin-ajax.php?action=async_litespeed&nonce=LZlZ6bwTG5yOZDek9DqfzLXaaXvm7vnu&litespeed_type=imgoptm HTTP/1.1" 200 1 "-" "WordPress/6.8.2; https://blog.komforthouse.com.br"
3.209.174.110 - - [16/Aug/2025:02:37:27 -0300] "GET /quer-comprar-um-sofa-novo-mas-nao-sabe-por-onde-comecar/ HTTP/1.1" 200 92237 "-" "Mozilla/5.0 AppleWebKit/537.36 (KHTML, like Gecko; compatible; Amazonbot/0.1; +https://developer.amazon.com/support/amazonbot) Chrome/119.0.6045.214 Safari/537.36"
52.7.33.248 - - [16/Aug/2025:02:37:28 -0300] "GET /escolhendo-a-cor-perfeita-para-o-seu-sofa-dicas-e-inspiracoes/ HTTP/1.1" 200 95526 "-" "Mozilla/5.0 AppleWebKit/537.36 (KHTML, like Gecko; compatible; Amazonbot/0.1; +https://developer.amazon.com/support/amazonbot) Chrome/119.0.6045.214 Safari/537.36"
34.204.150.196 - - [16/Aug/2025:02:37:29 -0300] "GET /page/3/ HTTP/1.1" 200 120077 "-" "Mozilla/5.0 AppleWebKit/537.36 (KHTML, like Gecko; compatible; Amazonbot/0.1; +https://developer.amazon.com/support/amazonbot) Chrome/119.0.6045.214 Safari/537.36"
17.241.227.83 - - [16/Aug/2025:02:37:43 -0300] "GET /como-deixar-uma-sala-mais-elegante/ HTTP/1.1" 200 89539 "-" "Mozilla/5.0 (Macintosh; Intel Mac OS X 10_15_7) AppleWebKit/605.1.15 (KHTML, like Gecko) Version/17.4 Safari/605.1.15 (Applebot/0.1; +http://www.apple.com/go/applebot)"
162.214.27.60 - - [16/Aug/2025:02:37:44 -0300] "POST /wp-cron.php?doing_wp_cron=1755322663.9770379066467285156250 HTTP/1.1" 200 - "-" "WordPress/6.8.2; https://blog.komforthouse.com.br"
162.214.27.60 - - [16/Aug/2025:02:37:45 -0300] "POST /wp-admin/admin-ajax.php?action=async_litespeed&nonce=5riwHXwVljLuwVvSEUPqZN0B77SPbuGx&litespeed_type=imgoptm HTTP/1.1" 200 1 "-" "WordPress/6.8.2; https://blog.komforthouse.com.br"
196.251.69.55 - - [16/Aug/2025:02:46:16 -0300] "POST /wp-login.php HTTP/1.1" 200 9733 "-" "Mozilla/5.0"
162.214.27.60 - - [16/Aug/2025:02:46:17 -0300] "POST /wp-cron.php?doing_wp_cron=1755323177.3507509231567382812500 HTTP/1.1" 200 - "-" "WordPress/6.8.2; https://blog.komforthouse.com.br"
162.214.27.60 - - [16/Aug/2025:02:46:18 -0300] "POST /wp-admin/admin-ajax.php?action=async_litespeed&nonce=15Nl5paL2J0H3nucqs3g7lFLfcs6Grw2&litespeed_type=imgoptm HTTP/1.1" 200 1 "-" "WordPress/6.8.2; https://blog.komforthouse.com.br"
170.187.159.57 - - [16/Aug/2025:02:46:17 -0300] "GET /wp-json/wp/v2/posts/?per_page=50 HTTP/1.0" 200 315210 "-" "Mozilla/5.0 (compatible; Googlebot/2.1; +http://www.google.com/bot.html)"
17.241.75.141 - - [16/Aug/2025:02:48:24 -0300] "GET /wp-content/plugins/elementor/assets/css/frontend.min.css?ver=3.26.4 HTTP/1.1" 200 53257 "https://blog.komforthouse.com.br/como-deixar-uma-sala-mais-elegante/" "Mozilla/5.0 (Macintosh; Intel Mac OS X 10_15_7) AppleWebKit/605.1.15 (KHTML, like Gecko) Version/17.4 Safari/605.1.15 (Applebot/0.1; +http://www.apple.com/go/applebot)"
17.241.227.160 - - [16/Aug/2025:02:48:25 -0300] "GET /wp-content/themes/hello-elementor/theme.min.css?ver=3.2.1 HTTP/1.1" 200 5069 "https://blog.komforthouse.com.br/como-deixar-uma-sala-mais-elegante/" "Mozilla/5.0 (Macintosh; Intel Mac OS X 10_15_7) AppleWebKit/605.1.15 (KHTML, like Gecko) Version/17.4 Safari/605.1.15 (Applebot/0.1; +http://www.apple.com/go/applebot)"
17.241.219.91 - - [16/Aug/2025:02:48:25 -0300] "GET /wp-content/themes/hello-elementor/style.min.css?ver=3.2.1 HTTP/1.1" 200 5501 "https://blog.komforthouse.com.br/como-deixar-uma-sala-mais-elegante/" "Mozilla/5.0 (Macintosh; Intel Mac OS X 10_15_7) AppleWebKit/605.1.15 (KHTML, like Gecko) Version/17.4 Safari/605.1.15 (Applebot/0.1; +http://www.apple.com/go/applebot)"
17.241.219.19 - - [16/Aug/2025:02:48:26 -0300] "GET /wp-includes/css/dist/block-library/style.min.css?ver=6.8.2 HTTP/1.1" 200 116345 "https://blog.komforthouse.com.br/como-deixar-uma-sala-mais-elegante/" "Mozilla/5.0 (Macintosh; Intel Mac OS X 10_15_7) AppleWebKit/605.1.15 (KHTML, like Gecko) Version/17.4 Safari/605.1.15 (Applebot/0.1; +http://www.apple.com/go/applebot)"
17.241.227.244 - - [16/Aug/2025:02:48:26 -0300] "GET /wp-content/themes/hello-elementor/header-footer.min.css?ver=3.2.1 HTTP/1.1" 200 7212 "https://blog.komforthouse.com.br/como-deixar-uma-sala-mais-elegante/" "Mozilla/5.0 (Macintosh; Intel Mac OS X 10_15_7) AppleWebKit/605.1.15 (KHTML, like Gecko) Version/17.4 Safari/605.1.15 (Applebot/0.1; +http://www.apple.com/go/applebot)"
17.241.227.140 - - [16/Aug/2025:02:48:27 -0300] "GET /wp-content/uploads/elementor/css/post-1256.css?ver=1736279802 HTTP/1.1" 200 2099 "https://blog.komforthouse.com.br/como-deixar-uma-sala-mais-elegante/" "Mozilla/5.0 (Macintosh; Intel Mac OS X 10_15_7) AppleWebKit/605.1.15 (KHTML, like Gecko) Version/17.4 Safari/605.1.15 (Applebot/0.1; +http://www.apple.com/go/applebot)"
17.241.75.141 - - [16/Aug/2025:02:48:27 -0300] "GET /wp-content/plugins/elementor/assets/css/widget-image.min.css?ver=3.26.4 HTTP/1.1" 200 254 "https://blog.komforthouse.com.br/como-deixar-uma-sala-mais-elegante/" "Mozilla/5.0 (Macintosh; Intel Mac OS X 10_15_7) AppleWebKit/605.1.15 (KHTML, like Gecko) Version/17.4 Safari/605.1.15 (Applebot/0.1; +http://www.apple.com/go/applebot)"
17.241.219.4 - - [16/Aug/2025:02:48:28 -0300] "GET /wp-content/plugins/elementor/assets/lib/animations/styles/e-animation-pulse.min.css?ver=3.26.4 HTTP/1.1" 200 318 "https://blog.komforthouse.com.br/como-deixar-uma-sala-mais-elegante/" "Mozilla/5.0 (Macintosh; Intel Mac OS X 10_15_7) AppleWebKit/605.1.15 (KHTML, like Gecko) Version/17.4 Safari/605.1.15 (Applebot/0.1; +http://www.apple.com/go/applebot)"
17.241.75.87 - - [16/Aug/2025:02:48:28 -0300] "GET /wp-content/plugins/elementor-pro/assets/css/widget-nav-menu.min.css?ver=3.26.3 HTTP/1.1" 200 26859 "https://blog.komforthouse.com.br/como-deixar-uma-sala-mais-elegante/" "Mozilla/5.0 (Macintosh; Intel Mac OS X 10_15_7) AppleWebKit/605.1.15 (KHTML, like Gecko) Version/17.4 Safari/605.1.15 (Applebot/0.1; +http://www.apple.com/go/applebot)"
17.241.219.19 - - [16/Aug/2025:02:48:29 -0300] "GET /wp-content/plugins/elementor/assets/css/widget-heading.min.css?ver=3.26.4 HTTP/1.1" 200 600 "https://blog.komforthouse.com.br/como-deixar-uma-sala-mais-elegante/" "Mozilla/5.0 (Macintosh; Intel Mac OS X 10_15_7) AppleWebKit/605.1.15 (KHTML, like Gecko) Version/17.4 Safari/605.1.15 (Applebot/0.1; +http://www.apple.com/go/applebot)"
17.241.219.220 - - [16/Aug/2025:02:48:29 -0300] "GET /wp-content/plugins/elementor/assets/css/widget-icon-list.min.css?ver=3.26.4 HTTP/1.1" 200 10310 "https://blog.komforthouse.com.br/como-deixar-uma-sala-mais-elegante/" "Mozilla/5.0 (Macintosh; Intel Mac OS X 10_15_7) AppleWebKit/605.1.15 (KHTML, like Gecko) Version/17.4 Safari/605.1.15 (Applebot/0.1; +http://www.apple.com/go/applebot)"
17.241.75.166 - - [16/Aug/2025:02:48:30 -0300] "GET /wp-content/plugins/elementor-pro/assets/css/widget-progress-tracker.min.css?ver=3.26.3 HTTP/1.1" 200 2844 "https://blog.komforthouse.com.br/como-deixar-uma-sala-mais-elegante/" "Mozilla/5.0 (Macintosh; Intel Mac OS X 10_15_7) AppleWebKit/605.1.15 (KHTML, like Gecko) Version/17.4 Safari/605.1.15 (Applebot/0.1; +http://www.apple.com/go/applebot)"
17.241.227.244 - - [16/Aug/2025:02:48:30 -0300] "GET /wp-content/plugins/elementor/assets/lib/swiper/v8/css/swiper.min.css?ver=8.4.5 HTTP/1.1" 200 16471 "https://blog.komforthouse.com.br/como-deixar-uma-sala-mais-elegante/" "Mozilla/5.0 (Macintosh; Intel Mac OS X 10_15_7) AppleWebKit/605.1.15 (KHTML, like Gecko) Version/17.4 Safari/605.1.15 (Applebot/0.1; +http://www.apple.com/go/applebot)"
17.241.227.72 - - [16/Aug/2025:02:48:31 -0300] "GET /wp-content/plugins/elementor/assets/css/conditionals/e-swiper.min.css?ver=3.26.4 HTTP/1.1" 200 5486 "https://blog.komforthouse.com.br/como-deixar-uma-sala-mais-elegante/" "Mozilla/5.0 (Macintosh; Intel Mac OS X 10_15_7) AppleWebKit/605.1.15 (KHTML, like Gecko) Version/17.4 Safari/605.1.15 (Applebot/0.1; +http://www.apple.com/go/applebot)"
17.241.75.196 - - [16/Aug/2025:02:48:31 -0300] "GET /wp-content/plugins/elementor/assets/lib/animations/styles/bounceIn.min.css?ver=3.26.4 HTTP/1.1" 200 367 "https://blog.komforthouse.com.br/como-deixar-uma-sala-mais-elegante/" "Mozilla/5.0 (Macintosh; Intel Mac OS X 10_15_7) AppleWebKit/605.1.15 (KHTML, like Gecko) Version/17.4 Safari/605.1.15 (Applebot/0.1; +http://www.apple.com/go/applebot)"
17.241.75.107 - - [16/Aug/2025:02:48:32 -0300] "GET /wp-content/plugins/elementor/assets/css/widget-image-carousel.min.css?ver=3.26.4 HTTP/1.1" 200 382 "https://blog.komforthouse.com.br/como-deixar-uma-sala-mais-elegante/" "Mozilla/5.0 (Macintosh; Intel Mac OS X 10_15_7) AppleWebKit/605.1.15 (KHTML, like Gecko) Version/17.4 Safari/605.1.15 (Applebot/0.1; +http://www.apple.com/go/applebot)"
17.241.75.29 - - [16/Aug/2025:02:48:32 -0300] "GET /wp-content/plugins/elementor-pro/assets/css/widget-posts.min.css?ver=3.26.3 HTTP/1.1" 200 16983 "https://blog.komforthouse.com.br/como-deixar-uma-sala-mais-elegante/" "Mozilla/5.0 (Macintosh; Intel Mac OS X 10_15_7) AppleWebKit/605.1.15 (KHTML, like Gecko) Version/17.4 Safari/605.1.15 (Applebot/0.1; +http://www.apple.com/go/applebot)"
17.241.75.127 - - [16/Aug/2025:02:48:33 -0300] "GET /wp-content/plugins/elementor/assets/css/widget-social-icons.min.css?ver=3.26.4 HTTP/1.1" 200 5150 "https://blog.komforthouse.com.br/como-deixar-uma-sala-mais-elegante/" "Mozilla/5.0 (Macintosh; Intel Mac OS X 10_15_7) AppleWebKit/605.1.15 (KHTML, like Gecko) Version/17.4 Safari/605.1.15 (Applebot/0.1; +http://www.apple.com/go/applebot)"
17.241.75.19 - - [16/Aug/2025:02:48:33 -0300] "GET /wp-content/plugins/elementor/assets/css/conditionals/apple-webkit.min.css?ver=3.26.4 HTTP/1.1" 200 7025 "https://blog.komforthouse.com.br/como-deixar-uma-sala-mais-elegante/" "Mozilla/5.0 (Macintosh; Intel Mac OS X 10_15_7) AppleWebKit/605.1.15 (KHTML, like Gecko) Version/17.4 Safari/605.1.15 (Applebot/0.1; +http://www.apple.com/go/applebot)"
17.241.227.72 - - [16/Aug/2025:02:48:34 -0300] "GET /wp-content/plugins/elementor-pro/assets/css/conditionals/popup.min.css?ver=3.26.3 HTTP/1.1" 200 995 "https://blog.komforthouse.com.br/como-deixar-uma-sala-mais-elegante/" "Mozilla/5.0 (Macintosh; Intel Mac OS X 10_15_7) AppleWebKit/605.1.15 (KHTML, like Gecko) Version/17.4 Safari/605.1.15 (Applebot/0.1; +http://www.apple.com/go/applebot)"
17.241.75.196 - - [16/Aug/2025:02:48:34 -0300] "GET /wp-content/uploads/elementor/css/post-1283.css?ver=1736279802 HTTP/1.1" 200 13014 "https://blog.komforthouse.com.br/como-deixar-uma-sala-mais-elegante/" "Mozilla/5.0 (Macintosh; Intel Mac OS X 10_15_7) AppleWebKit/605.1.15 (KHTML, like Gecko) Version/17.4 Safari/605.1.15 (Applebot/0.1; +http://www.apple.com/go/applebot)"
17.241.75.107 - - [16/Aug/2025:02:48:35 -0300] "GET /wp-content/uploads/elementor/css/post-1334.css?ver=1736279802 HTTP/1.1" 200 16917 "https://blog.komforthouse.com.br/como-deixar-uma-sala-mais-elegante/" "Mozilla/5.0 (Macintosh; Intel Mac OS X 10_15_7) AppleWebKit/605.1.15 (KHTML, like Gecko) Version/17.4 Safari/605.1.15 (Applebot/0.1; +http://www.apple.com/go/applebot)"
17.241.219.246 - - [16/Aug/2025:02:48:35 -0300] "GET /wp-content/uploads/elementor/css/post-1473.css?ver=1737152742 HTTP/1.1" 200 11104 "https://blog.komforthouse.com.br/como-deixar-uma-sala-mais-elegante/" "Mozilla/5.0 (Macintosh; Intel Mac OS X 10_15_7) AppleWebKit/605.1.15 (KHTML, like Gecko) Version/17.4 Safari/605.1.15 (Applebot/0.1; +http://www.apple.com/go/applebot)"
17.241.75.29 - - [16/Aug/2025:02:48:36 -0300] "GET /wp-content/uploads/elementor/css/post-1681.css?ver=1736279802 HTTP/1.1" 200 3790 "https://blog.komforthouse.com.br/como-deixar-uma-sala-mais-elegante/" "Mozilla/5.0 (Macintosh; Intel Mac OS X 10_15_7) AppleWebKit/605.1.15 (KHTML, like Gecko) Version/17.4 Safari/605.1.15 (Applebot/0.1; +http://www.apple.com/go/applebot)"
17.241.75.105 - - [16/Aug/2025:02:48:36 -0300] "GET /wp-includes/js/jquery/jquery.min.js?ver=3.7.1 HTTP/1.1" 200 87553 "https://blog.komforthouse.com.br/como-deixar-uma-sala-mais-elegante/" "Mozilla/5.0 (Macintosh; Intel Mac OS X 10_15_7) AppleWebKit/605.1.15 (KHTML, like Gecko) Version/17.4 Safari/605.1.15 (Applebot/0.1; +http://www.apple.com/go/applebot)"
17.241.75.95 - - [16/Aug/2025:02:48:37 -0300] "GET /wp-includes/js/jquery/jquery-migrate.min.js?ver=3.4.1 HTTP/1.1" 200 13577 "https://blog.komforthouse.com.br/como-deixar-uma-sala-mais-elegante/" "Mozilla/5.0 (Macintosh; Intel Mac OS X 10_15_7) AppleWebKit/605.1.15 (KHTML, like Gecko) Version/17.4 Safari/605.1.15 (Applebot/0.1; +http://www.apple.com/go/applebot)"
17.241.75.228 - - [16/Aug/2025:02:48:37 -0300] "GET /wp-content/themes/hello-elementor/assets/js/hello-frontend.min.js?ver=3.2.1 HTTP/1.1" 200 1936 "https://blog.komforthouse.com.br/como-deixar-uma-sala-mais-elegante/" "Mozilla/5.0 (Macintosh; Intel Mac OS X 10_15_7) AppleWebKit/605.1.15 (KHTML, like Gecko) Version/17.4 Safari/605.1.15 (Applebot/0.1; +http://www.apple.com/go/applebot)"
17.241.227.154 - - [16/Aug/2025:02:48:38 -0300] "GET /wp-content/plugins/elementor-pro/assets/lib/smartmenus/jquery.smartmenus.min.js?ver=1.2.1 HTTP/1.1" 200 24109 "https://blog.komforthouse.com.br/como-deixar-uma-sala-mais-elegante/" "Mozilla/5.0 (Macintosh; Intel Mac OS X 10_15_7) AppleWebKit/605.1.15 (KHTML, like Gecko) Version/17.4 Safari/605.1.15 (Applebot/0.1; +http://www.apple.com/go/applebot)"
17.241.219.91 - - [16/Aug/2025:02:48:38 -0300] "GET /wp-includes/js/imagesloaded.min.js?ver=5.0.0 HTTP/1.1" 200 5520 "https://blog.komforthouse.com.br/como-deixar-uma-sala-mais-elegante/" "Mozilla/5.0 (Macintosh; Intel Mac OS X 10_15_7) AppleWebKit/605.1.15 (KHTML, like Gecko) Version/17.4 Safari/605.1.15 (Applebot/0.1; +http://www.apple.com/go/applebot)"
17.241.75.29 - - [16/Aug/2025:02:48:39 -0300] "GET /wp-content/plugins/elementor-pro/assets/js/webpack-pro.runtime.min.js?ver=3.26.3 HTTP/1.1" 200 6263 "https://blog.komforthouse.com.br/como-deixar-uma-sala-mais-elegante/" "Mozilla/5.0 (Macintosh; Intel Mac OS X 10_15_7) AppleWebKit/605.1.15 (KHTML, like Gecko) Version/17.4 Safari/605.1.15 (Applebot/0.1; +http://www.apple.com/go/applebot)"
