17.241.227.4 - - [16/Aug/2025:02:48:39 -0300] "GET /wp-content/plugins/elementor/assets/js/webpack.runtime.min.js?ver=3.26.4 HTTP/1.1" 200 5326 "https://blog.komforthouse.com.br/como-deixar-uma-sala-mais-elegante/" "Mozilla/5.0 (Macintosh; Intel Mac OS X 10_15_7) AppleWebKit/605.1.15 (KHTML, like Gecko) Version/17.4 Safari/605.1.15 (Applebot/0.1; +http://www.apple.com/go/applebot)"
17.241.219.16 - - [16/Aug/2025:02:48:40 -0300] "GET /wp-content/plugins/elementor/assets/js/frontend-modules.min.js?ver=3.26.4 HTTP/1.1" 200 52754 "https://blog.komforthouse.com.br/como-deixar-uma-sala-mais-elegante/" "Mozilla/5.0 (Macintosh; Intel Mac OS X 10_15_7) AppleWebKit/605.1.15 (KHTML, like Gecko) Version/17.4 Safari/605.1.15 (Applebot/0.1; +http://www.apple.com/go/applebot)"
17.241.219.246 - - [16/Aug/2025:02:48:40 -0300] "GET /wp-includes/js/dist/hooks.min.js?ver=4d63a3d491d11ffd8ac6 HTTP/1.1" 200 4776 "https://blog.komforthouse.com.br/como-deixar-uma-sala-mais-elegante/" "Mozilla/5.0 (Macintosh; Intel Mac OS X 10_15_7) AppleWebKit/605.1.15 (KHTML, like Gecko) Version/17.4 Safari/605.1.15 (Applebot/0.1; +http://www.apple.com/go/applebot)"
17.241.75.95 - - [16/Aug/2025:02:48:41 -0300] "GET /wp-includes/js/dist/i18n.min.js?ver=5e580eb46a90c2b997e6 HTTP/1.1" 200 9141 "https://blog.komforthouse.com.br/como-deixar-uma-sala-mais-elegante/" "Mozilla/5.0 (Macintosh; Intel Mac OS X 10_15_7) AppleWebKit/605.1.15 (KHTML, like Gecko) Version/17.4 Safari/605.1.15 (Applebot/0.1; +http://www.apple.com/go/applebot)"
17.241.219.91 - - [16/Aug/2025:02:48:41 -0300] "GET /wp-content/plugins/elementor-pro/assets/js/frontend.min.js?ver=3.26.3 HTTP/1.1" 200 24210 "https://blog.komforthouse.com.br/como-deixar-uma-sala-mais-elegante/" "Mozilla/5.0 (Macintosh; Intel Mac OS X 10_15_7) AppleWebKit/605.1.15 (KHTML, like Gecko) Version/17.4 Safari/605.1.15 (Applebot/0.1; +http://www.apple.com/go/applebot)"
17.241.75.92 - - [16/Aug/2025:02:48:42 -0300] "GET /wp-includes/js/jquery/ui/core.min.js?ver=1.13.3 HTTP/1.1" 200 21464 "https://blog.komforthouse.com.br/como-deixar-uma-sala-mais-elegante/" "Mozilla/5.0 (Macintosh; Intel Mac OS X 10_15_7) AppleWebKit/605.1.15 (KHTML, like Gecko) Version/17.4 Safari/605.1.15 (Applebot/0.1; +http://www.apple.com/go/applebot)"
17.241.219.77 - - [16/Aug/2025:02:48:42 -0300] "GET /wp-content/plugins/elementor/assets/js/frontend.min.js?ver=3.26.4 HTTP/1.1" 200 45428 "https://blog.komforthouse.com.br/como-deixar-uma-sala-mais-elegante/" "Mozilla/5.0 (Macintosh; Intel Mac OS X 10_15_7) AppleWebKit/605.1.15 (KHTML, like Gecko) Version/17.4 Safari/605.1.15 (Applebot/0.1; +http://www.apple.com/go/applebot)"
17.241.227.75 - - [16/Aug/2025:02:48:43 -0300] "GET /wp-content/plugins/elementor-pro/assets/js/elements-handlers.min.js?ver=3.26.3 HTTP/1.1" 200 44624 "https://blog.komforthouse.com.br/como-deixar-uma-sala-mais-elegante/" "Mozilla/5.0 (Macintosh; Intel Mac OS X 10_15_7) AppleWebKit/605.1.15 (KHTML, like Gecko) Version/17.4 Safari/605.1.15 (Applebot/0.1; +http://www.apple.com/go/applebot)"
17.241.75.60 - - [16/Aug/2025:02:48:44 -0300] "GET /wp-includes/js/wp-emoji-release.min.js?ver=6.8.2 HTTP/1.1" 200 19251 "https://blog.komforthouse.com.br/como-deixar-uma-sala-mais-elegante/" "Mozilla/5.0 (Macintosh; Intel Mac OS X 10_15_7) AppleWebKit/605.1.15 (KHTML, like Gecko) Version/17.4 Safari/605.1.15 (Applebot/0.1; +http://www.apple.com/go/applebot)"
17.241.227.75 - - [16/Aug/2025:02:48:44 -0300] "GET /wp-content/plugins/elementor/assets/lib/dialog/dialog.min.js?ver=4.9.3 HTTP/1.1" 200 11286 "https://blog.komforthouse.com.br/como-deixar-uma-sala-mais-elegante/" "Mozilla/5.0 (Macintosh; Intel Mac OS X 10_15_7) AppleWebKit/605.1.15 (KHTML, like Gecko) Version/17.4 Safari/605.1.15 (Applebot/0.1; +http://www.apple.com/go/applebot)"
17.241.219.123 - - [16/Aug/2025:02:48:44 -0300] "GET /wp-content/plugins/elementor-pro/assets/js/nav-menu.a23fbd67486c5bedf26c.bundle.min.js HTTP/1.1" 200 5282 "https://blog.komforthouse.com.br/como-deixar-uma-sala-mais-elegante/" "Mozilla/5.0 (Macintosh; Intel Mac OS X 10_15_7) AppleWebKit/605.1.15 (KHTML, like Gecko) Version/17.4 Safari/605.1.15 (Applebot/0.1; +http://www.apple.com/go/applebot)"
17.241.219.93 - - [16/Aug/2025:02:48:45 -0300] "GET /wp-content/plugins/elementor-pro/assets/js/progress-tracker.8cccdda9737c272489fc.bundle.min.js HTTP/1.1" 200 5237 "https://blog.komforthouse.com.br/como-deixar-uma-sala-mais-elegante/" "Mozilla/5.0 (Macintosh; Intel Mac OS X 10_15_7) AppleWebKit/605.1.15 (KHTML, like Gecko) Version/17.4 Safari/605.1.15 (Applebot/0.1; +http://www.apple.com/go/applebot)"
17.241.75.79 - - [16/Aug/2025:02:48:45 -0300] "GET /wp-content/plugins/elementor/assets/js/image-carousel.78b881f3c7818111c2d7.bundle.min.js HTTP/1.1" 200 432 "https://blog.komforthouse.com.br/como-deixar-uma-sala-mais-elegante/" "Mozilla/5.0 (Macintosh; Intel Mac OS X 10_15_7) AppleWebKit/605.1.15 (KHTML, like Gecko) Version/17.4 Safari/605.1.15 (Applebot/0.1; +http://www.apple.com/go/applebot)"
17.241.75.149 - - [16/Aug/2025:02:48:46 -0300] "GET /wp-content/plugins/elementor-pro/assets/js/load-more.8b46f464e573feab5dd7.bundle.min.js HTTP/1.1" 200 5346 "https://blog.komforthouse.com.br/como-deixar-uma-sala-mais-elegante/" "Mozilla/5.0 (Macintosh; Intel Mac OS X 10_15_7) AppleWebKit/605.1.15 (KHTML, like Gecko) Version/17.4 Safari/605.1.15 (Applebot/0.1; +http://www.apple.com/go/applebot)"
17.241.227.6 - - [16/Aug/2025:02:48:47 -0300] "GET /wp-content/plugins/elementor-pro/assets/js/posts.aec59265318492b89cb5.bundle.min.js HTTP/1.1" 200 3317 "https://blog.komforthouse.com.br/como-deixar-uma-sala-mais-elegante/" "Mozilla/5.0 (Macintosh; Intel Mac OS X 10_15_7) AppleWebKit/605.1.15 (KHTML, like Gecko) Version/17.4 Safari/605.1.15 (Applebot/0.1; +http://www.apple.com/go/applebot)"
196.251.112.104 - - [16/Aug/2025:02:52:09 -0300] "POST /wp-login.php HTTP/1.1" 200 9733 "-" "Mozilla/5.0"
162.214.27.60 - - [16/Aug/2025:02:52:11 -0300] "POST /wp-admin/admin-ajax.php?action=async_litespeed&nonce=VeoBWFyWC4COC2BDd2CVEMKCToTGhcD1&litespeed_type=imgoptm HTTP/1.1" 200 1 "-" "WordPress/6.8.2; https://blog.komforthouse.com.br"
162.214.27.60 - - [16/Aug/2025:02:52:10 -0300] "POST /wp-cron.php?doing_wp_cron=1755323530.2317609786987304687500 HTTP/1.1" 200 - "-" "WordPress/6.8.2; https://blog.komforthouse.com.br"
162.214.27.60 - - [16/Aug/2025:02:53:24 -0300] "POST /wp-cron.php?doing_wp_cron=1755323604.7464261054992675781250 HTTP/1.1" 200 - "-" "WordPress/6.8.2; https://blog.komforthouse.com.br"
162.214.27.60 - - [16/Aug/2025:02:53:25 -0300] "POST /wp-admin/admin-ajax.php?action=async_litespeed&nonce=rLgFv79pQnSGNDAYy5oAVo23tgiOkpR1&litespeed_type=imgoptm HTTP/1.1" 200 1 "-" "WordPress/6.8.2; https://blog.komforthouse.com.br"
34.231.77.232 - - [16/Aug/2025:02:53:23 -0300] "GET / HTTP/1.1" 200 127418 "-" "Mozilla/5.0 AppleWebKit/537.36 (KHTML, like Gecko; compatible; Amazonbot/0.1; +https://developer.amazon.com/support/amazonbot) Chrome/119.0.6045.214 Safari/537.36"
196.251.69.55 - - [16/Aug/2025:02:57:30 -0300] "POST /wp-login.php HTTP/1.1" 200 9733 "-" "Mozilla/5.0"
162.214.27.60 - - [16/Aug/2025:02:57:30 -0300] "POST /wp-cron.php?doing_wp_cron=1755323850.9720129966735839843750 HTTP/1.1" 200 - "-" "WordPress/6.8.2; https://blog.komforthouse.com.br"
162.214.27.60 - - [16/Aug/2025:02:57:31 -0300] "POST /wp-admin/admin-ajax.php?action=async_litespeed&nonce=kbMBdrTzUhaBJrMtlLi1fhyzgyPrfKpd&litespeed_type=imgoptm HTTP/1.1" 200 1 "-" "WordPress/6.8.2; https://blog.komforthouse.com.br"
162.214.27.60 - - [16/Aug/2025:02:57:44 -0300] "POST /wp-cron.php?doing_wp_cron=1755323864.3316099643707275390625 HTTP/1.1" 200 - "-" "WordPress/6.8.2; https://blog.komforthouse.com.br"
162.214.27.60 - - [16/Aug/2025:02:57:45 -0300] "POST /wp-admin/admin-ajax.php?action=async_litespeed&nonce=n7boRrroqI6heDQKztEzyX9sTDkPYf9M&litespeed_type=imgoptm HTTP/1.1" 200 1 "-" "WordPress/6.8.2; https://blog.komforthouse.com.br"
45.79.200.178 - - [16/Aug/2025:02:57:43 -0300] "GET /wp-json/wp/v2/posts/?per_page=50 HTTP/1.0" 200 315210 "-" "Mozilla/5.0 (compatible; Googlebot/2.1; +http://www.google.com/bot.html)"
196.251.69.55 - - [16/Aug/2025:03:08:44 -0300] "POST /wp-login.php HTTP/1.1" 200 9733 "-" "Mozilla/5.0"
162.214.27.60 - - [16/Aug/2025:03:08:46 -0300] "POST /wp-admin/admin-ajax.php?action=async_litespeed&nonce=fjxjQLCEkG6vyfCu9o3TCU46mzqXOcze&litespeed_type=imgoptm HTTP/1.1" 200 1 "-" "WordPress/6.8.2; https://blog.komforthouse.com.br"
162.214.27.60 - - [16/Aug/2025:03:08:45 -0300] "POST /wp-cron.php?doing_wp_cron=1755324525.6269950866699218750000 HTTP/1.1" 200 - "-" "WordPress/6.8.2; https://blog.komforthouse.com.br"
196.251.112.104 - - [16/Aug/2025:03:09:10 -0300] "POST /wp-login.php HTTP/1.1" 200 9733 "-" "Mozilla/5.0"
44.221.180.179 - - [16/Aug/2025:03:10:15 -0300] "GET / HTTP/1.1" 200 127418 "-" "Mozilla/5.0 AppleWebKit/537.36 (KHTML, like Gecko; compatible; Amazonbot/0.1; +https://developer.amazon.com/support/amazonbot) Chrome/119.0.6045.214 Safari/537.36"
162.214.27.60 - - [16/Aug/2025:03:10:16 -0300] "POST /wp-cron.php?doing_wp_cron=1755324616.2729458808898925781250 HTTP/1.1" 200 - "-" "WordPress/6.8.2; https://blog.komforthouse.com.br"
162.214.27.60 - - [16/Aug/2025:03:10:17 -0300] "POST /wp-admin/admin-ajax.php?action=async_litespeed&nonce=PJGOp20cwuw4GsX9mzvVJD3lLtkSLlKs&litespeed_type=imgoptm HTTP/1.1" 200 1 "-" "WordPress/6.8.2; https://blog.komforthouse.com.br"
162.214.27.60 - - [16/Aug/2025:03:14:32 -0300] "POST /wp-admin/admin-ajax.php?action=async_litespeed&nonce=FzvGuUnY9k3NgIWGEkRQYrIYq0wMub00&litespeed_type=imgoptm HTTP/1.1" 200 1 "-" "WordPress/6.8.2; https://blog.komforthouse.com.br"
162.214.27.60 - - [16/Aug/2025:03:17:32 -0300] "POST /wp-cron.php?doing_wp_cron=1755325052.4382979869842529296875 HTTP/1.1" 200 - "-" "WordPress/6.8.2; https://blog.komforthouse.com.br"
162.214.27.60 - - [16/Aug/2025:03:17:33 -0300] "POST /wp-admin/admin-ajax.php?action=async_litespeed&nonce=rm9IslOS1Na4DK0oYAZwq0830hxlmoUo&litespeed_type=imgoptm HTTP/1.1" 200 1 "-" "WordPress/6.8.2; https://blog.komforthouse.com.br"
170.187.159.57 - - [16/Aug/2025:03:17:31 -0300] "GET /wp-json/wp/v2/posts/?per_page=50 HTTP/1.0" 200 315210 "-" "Mozilla/5.0 (compatible; Googlebot/2.1; +http://www.google.com/bot.html)"
196.251.69.55 - - [16/Aug/2025:03:19:59 -0300] "POST /wp-login.php HTTP/1.1" 200 9733 "-" "Mozilla/5.0"
162.214.27.60 - - [16/Aug/2025:03:20:00 -0300] "POST /wp-cron.php?doing_wp_cron=1755325200.4243619441986083984375 HTTP/1.1" 200 - "-" "WordPress/6.8.2; https://blog.komforthouse.com.br"
162.214.27.60 - - [16/Aug/2025:03:20:01 -0300] "POST /wp-admin/admin-ajax.php?action=async_litespeed&nonce=RNexNvQlQFHK5vvT0FSROUdkFVf3f1W0&litespeed_type=imgoptm HTTP/1.1" 200 1 "-" "WordPress/6.8.2; https://blog.komforthouse.com.br"
162.214.27.60 - - [16/Aug/2025:03:26:04 -0300] "POST /wp-cron.php?doing_wp_cron=1755325564.5018329620361328125000 HTTP/1.1" 200 - "-" "WordPress/6.8.2; https://blog.komforthouse.com.br"
34.195.60.66 - - [16/Aug/2025:03:26:03 -0300] "GET / HTTP/1.1" 200 127418 "-" "Mozilla/5.0 AppleWebKit/537.36 (KHTML, like Gecko; compatible; Amazonbot/0.1; +https://developer.amazon.com/support/amazonbot) Chrome/119.0.6045.214 Safari/537.36"
162.214.27.60 - - [16/Aug/2025:03:26:05 -0300] "POST /wp-admin/admin-ajax.php?action=async_litespeed&nonce=qjq0eFIV8YZzpogqVlXtw1NBq8b7GBwG&litespeed_type=imgoptm HTTP/1.1" 200 1 "-" "WordPress/6.8.2; https://blog.komforthouse.com.br"
196.251.112.104 - - [16/Aug/2025:03:26:05 -0300] "POST /wp-login.php HTTP/1.1" 200 9733 "-" "Mozilla/5.0"
196.251.69.55 - - [16/Aug/2025:03:31:14 -0300] "POST /wp-login.php HTTP/1.1" 200 9733 "-" "Mozilla/5.0"
162.214.27.60 - - [16/Aug/2025:03:31:15 -0300] "POST /wp-admin/admin-ajax.php?action=async_litespeed&nonce=vWlM5qItzvpl0PTtM6eQJCQFUtBgkNHW&litespeed_type=imgoptm HTTP/1.1" 200 1 "-" "WordPress/6.8.2; https://blog.komforthouse.com.br"
162.214.27.60 - - [16/Aug/2025:03:31:15 -0300] "POST /wp-cron.php?doing_wp_cron=1755325875.0137989521026611328125 HTTP/1.1" 200 - "-" "WordPress/6.8.2; https://blog.komforthouse.com.br"
162.214.27.60 - - [16/Aug/2025:03:39:18 -0300] "POST /wp-cron.php?doing_wp_cron=1755326358.6692531108856201171875 HTTP/1.1" 200 - "-" "WordPress/6.8.2; https://blog.komforthouse.com.br"
54.185.68.243 - - [16/Aug/2025:03:39:17 -0300] "GET / HTTP/1.1" 200 127418 "-" "parisbot"
162.214.27.60 - - [16/Aug/2025:03:39:19 -0300] "POST /wp-admin/admin-ajax.php?action=async_litespeed&nonce=Kz6IUXh7wKV9K5ZNZhL0qOcsfL5B3hrU&litespeed_type=imgoptm HTTP/1.1" 200 1 "-" "WordPress/6.8.2; https://blog.komforthouse.com.br"
162.214.27.60 - - [16/Aug/2025:03:41:20 -0300] "POST /wp-admin/admin-ajax.php?action=async_litespeed&nonce=9HKz96Tl1CRw0QIesgqqyxnTLCqwTqkc&litespeed_type=imgoptm HTTP/1.1" 200 1 "-" "WordPress/6.8.2; https://blog.komforthouse.com.br"
162.214.27.60 - - [16/Aug/2025:03:41:19 -0300] "POST /wp-cron.php?doing_wp_cron=1755326479.5779900550842285156250 HTTP/1.1" 200 - "-" "WordPress/6.8.2; https://blog.komforthouse.com.br"
104.237.128.119 - - [16/Aug/2025:03:41:18 -0300] "GET /wp-json/wp/v2/posts/?per_page=50 HTTP/1.0" 200 315210 "-" "Mozilla/5.0 (compatible; Googlebot/2.1; +http://www.google.com/bot.html)"
34.194.165.45 - - [16/Aug/2025:03:41:48 -0300] "GET / HTTP/1.1" 200 127418 "-" "Mozilla/5.0 AppleWebKit/537.36 (KHTML, like Gecko; compatible; Amazonbot/0.1; +https://developer.amazon.com/support/amazonbot) Chrome/119.0.6045.214 Safari/537.36"
162.214.27.60 - - [16/Aug/2025:03:41:49 -0300] "POST /wp-cron.php?doing_wp_cron=1755326509.1845750808715820312500 HTTP/1.1" 200 - "-" "WordPress/6.8.2; https://blog.komforthouse.com.br"
162.214.27.60 - - [16/Aug/2025:03:41:50 -0300] "POST /wp-admin/admin-ajax.php?action=async_litespeed&nonce=BFcStP9DIrtQiDhBOnplMUFKa1PocELQ&litespeed_type=imgoptm HTTP/1.1" 200 1 "-" "WordPress/6.8.2; https://blog.komforthouse.com.br"
196.251.69.55 - - [16/Aug/2025:03:42:37 -0300] "POST /wp-login.php HTTP/1.1" 200 9733 "-" "Mozilla/5.0"
196.251.112.104 - - [16/Aug/2025:03:43:22 -0300] "POST /wp-login.php HTTP/1.1" 200 9733 "-" "Mozilla/5.0"
162.214.27.60 - - [16/Aug/2025:03:43:23 -0300] "POST /wp-cron.php?doing_wp_cron=1755326603.9268639087677001953125 HTTP/1.1" 200 - "-" "WordPress/6.8.2; https://blog.komforthouse.com.br"
162.214.27.60 - - [16/Aug/2025:03:43:24 -0300] "POST /wp-admin/admin-ajax.php?action=async_litespeed&nonce=tpxtiXYvZNLrpbqd629WNF8Wp6Jvh9ct&litespeed_type=imgoptm HTTP/1.1" 200 1 "-" "WordPress/6.8.2; https://blog.komforthouse.com.br"
51.222.253.20 - - [16/Aug/2025:03:43:34 -0300] "GET /robots.txt HTTP/1.1" 200 128 "-" "Mozilla/5.0 (compatible; AhrefsBot/7.0; +http://ahrefs.com/robot/)"
51.222.253.10 - - [16/Aug/2025:03:43:36 -0300] "GET /category/escritorio/ HTTP/1.1" 200 87012 "-" "Mozilla/5.0 (compatible; AhrefsBot/7.0; +http://ahrefs.com/robot/)"
66.249.66.165 - - [16/Aug/2025:03:51:25 -0300] "GET /2023/08/29/faca-um-blog-com-o-tema-quais-as-medidas-ideais-para-um-sofa-de-3-lugares-em-um-apartamento/ HTTP/1.1" 301 - "-" "Mozilla/5.0 (Linux; Android 6.0.1; Nexus 5X Build/MMB29P) AppleWebKit/537.36 (KHTML, like Gecko) Chrome/138.0.7204.183 Mobile Safari/537.36 (compatible; Googlebot/2.1; +http://www.google.com/bot.html)"
162.214.27.60 - - [16/Aug/2025:03:51:26 -0300] "POST /wp-cron.php?doing_wp_cron=1755327086.3135030269622802734375 HTTP/1.1" 200 - "-" "WordPress/6.8.2; https://blog.komforthouse.com.br"
162.214.27.60 - - [16/Aug/2025:03:51:27 -0300] "POST /wp-admin/admin-ajax.php?action=async_litespeed&nonce=SfR55ut7QuP2WyjQP9Yju2ym1hwKOQA4&litespeed_type=imgoptm HTTP/1.1" 200 1 "-" "WordPress/6.8.2; https://blog.komforthouse.com.br"
66.249.66.164 - - [16/Aug/2025:03:51:27 -0300] "GET /quais-as-medidas-ideais-para-um-sofa-de-3-lugares-em-um-apartamento/ HTTP/1.1" 200 90143 "-" "Mozilla/5.0 (Linux; Android 6.0.1; Nexus 5X Build/MMB29P) AppleWebKit/537.36 (KHTML, like Gecko) Chrome/138.0.7204.183 Mobile Safari/537.36 (compatible; Googlebot/2.1; +http://www.google.com/bot.html)"
162.214.27.60 - - [16/Aug/2025:03:52:25 -0300] "POST /wp-cron.php?doing_wp_cron=1755327145.6254060268402099609375 HTTP/1.1" 200 - "-" "WordPress/6.8.2; https://blog.komforthouse.com.br"
162.214.27.60 - - [16/Aug/2025:03:52:26 -0300] "POST /wp-admin/admin-ajax.php?action=async_litespeed&nonce=Mwn1lFy2w4UNWwTm7yXKNxczs7MyQYOl&litespeed_type=imgoptm HTTP/1.1" 200 1 "-" "WordPress/6.8.2; https://blog.komforthouse.com.br"
104.237.128.119 - - [16/Aug/2025:03:52:24 -0300] "GET /wp-json/wp/v2/posts/?per_page=50 HTTP/1.0" 200 315210 "-" "Mozilla/5.0 (compatible; Googlebot/2.1; +http://www.google.com/bot.html)"
196.251.69.55 - - [16/Aug/2025:03:53:52 -0300] "POST /wp-login.php HTTP/1.1" 200 9733 "-" "Mozilla/5.0"
162.214.27.60 - - [16/Aug/2025:03:53:53 -0300] "POST /wp-admin/admin-ajax.php?action=async_litespeed&nonce=hYv2Vm3NNqA36D7cMaBYu37iSSpAxfSP&litespeed_type=imgoptm HTTP/1.1" 200 1 "-" "WordPress/6.8.2; https://blog.komforthouse.com.br"
162.214.27.60 - - [16/Aug/2025:03:53:52 -0300] "POST /wp-cron.php?doing_wp_cron=1755327232.7603700160980224609375 HTTP/1.1" 200 - "-" "WordPress/6.8.2; https://blog.komforthouse.com.br"
162.214.27.60 - - [16/Aug/2025:03:57:45 -0300] "POST /wp-admin/admin-ajax.php?action=async_litespeed&nonce=2NseWVsneWP5cyPHtQAIsdO4uAF5B565&litespeed_type=imgoptm HTTP/1.1" 200 1 "-" "WordPress/6.8.2; https://blog.komforthouse.com.br"
162.214.27.60 - - [16/Aug/2025:03:57:44 -0300] "POST /wp-cron.php?doing_wp_cron=1755327464.3625729084014892578125 HTTP/1.1" 200 - "-" "WordPress/6.8.2; https://blog.komforthouse.com.br"
52.204.71.8 - - [16/Aug/2025:03:57:43 -0300] "GET / HTTP/1.1" 200 127418 "-" "Mozilla/5.0 AppleWebKit/537.36 (KHTML, like Gecko; compatible; Amazonbot/0.1; +https://developer.amazon.com/support/amazonbot) Chrome/119.0.6045.214 Safari/537.36"
196.251.112.104 - - [16/Aug/2025:04:00:30 -0300] "POST /wp-login.php HTTP/1.1" 200 9733 "-" "Mozilla/5.0"
162.214.27.60 - - [16/Aug/2025:04:00:31 -0300] "POST /wp-cron.php?doing_wp_cron=1755327631.5643990039825439453125 HTTP/1.1" 200 - "-" "WordPress/6.8.2; https://blog.komforthouse.com.br"
162.214.27.60 - - [16/Aug/2025:04:00:32 -0300] "POST /wp-admin/admin-ajax.php?action=async_litespeed&nonce=fNKXCGVbZY1WeKO64Ids7DOWLXjcbN00&litespeed_type=imgoptm HTTP/1.1" 200 1 "-" "WordPress/6.8.2; https://blog.komforthouse.com.br"
213.232.87.232 - - [16/Aug/2025:04:04:54 -0300] "GET /config/production.json HTTP/1.1" 500 2431 "-" "Go-http-client/1.1"
213.232.87.232 - - [16/Aug/2025:04:04:54 -0300] "GET /database_backup.sql HTTP/1.1" 500 2431 "-" "Go-http-client/1.1"
213.232.87.232 - - [16/Aug/2025:04:04:54 -0300] "GET /.env.production HTTP/1.1" 500 2431 "-" "Go-http-client/1.1"
213.232.87.232 - - [16/Aug/2025:04:04:54 -0300] "GET / HTTP/1.1" 500 2431 "-" "Go-http-client/1.1"
213.232.87.232 - - [16/Aug/2025:04:04:54 -0300] "GET /cloud-config.yml HTTP/1.1" 500 2431 "-" "Go-http-client/1.1"
213.232.87.232 - - [16/Aug/2025:04:04:54 -0300] "GET /config.json HTTP/1.1" 500 2431 "-" "Go-http-client/1.1"
213.232.87.232 - - [16/Aug/2025:04:04:54 -0300] "GET /etc/ssl/private/server.key HTTP/1.1" 500 2431 "-" "Go-http-client/1.1"
213.232.87.232 - - [16/Aug/2025:04:04:54 -0300] "GET /server.key HTTP/1.1" 500 2431 "-" "Go-http-client/1.1"
213.232.87.232 - - [16/Aug/2025:04:04:54 -0300] "GET /.ssh/id_ecdsa HTTP/1.1" 500 2431 "-" "Go-http-client/1.1"
213.232.87.232 - - [16/Aug/2025:04:04:54 -0300] "GET /wp-admin/setup-config.php HTTP/1.1" 409 2665 "-" "Go-http-client/1.1"
213.232.87.232 - - [16/Aug/2025:04:04:54 -0300] "GET /feed HTTP/1.1" 301 - "-" "Go-http-client/1.1"
213.232.87.232 - - [16/Aug/2025:04:04:54 -0300] "GET /.aws/credentials HTTP/1.1" 404 69731 "-" "Go-http-client/1.1"
213.232.87.232 - - [16/Aug/2025:04:04:54 -0300] "GET /config.php HTTP/1.1" 500 2431 "-" "Go-http-client/1.1"
213.232.87.232 - - [16/Aug/2025:04:04:54 -0300] "GET /server-status HTTP/1.1" 404 69731 "-" "Go-http-client/1.1"
213.232.87.232 - - [16/Aug/2025:04:04:54 -0300] "GET /.ssh/id_ed25519 HTTP/1.1" 404 69731 "-" "Go-http-client/1.1"
213.232.87.232 - - [16/Aug/2025:04:04:54 -0300] "GET /docker-compose.yml HTTP/1.1" 404 69731 "-" "Go-http-client/1.1"
213.232.87.232 - - [16/Aug/2025:04:04:54 -0300] "GET /phpinfo.php HTTP/1.1" 404 69731 "-" "Go-http-client/1.1"
213.232.87.232 - - [16/Aug/2025:04:04:54 -0300] "GET /.env HTTP/1.1" 404 69731 "-" "Go-http-client/1.1"
213.232.87.232 - - [16/Aug/2025:04:04:54 -0300] "GET /.vscode/sftp.json HTTP/1.1" 404 69731 "-" "Go-http-client/1.1"
213.232.87.232 - - [16/Aug/2025:04:04:54 -0300] "GET /secrets.json HTTP/1.1" 404 69731 "-" "Go-http-client/1.1"
213.232.87.232 - - [16/Aug/2025:04:04:54 -0300] "GET /wp-config.php HTTP/1.1" 200 - "-" "Go-http-client/1.1"
213.232.87.232 - - [16/Aug/2025:04:04:54 -0300] "GET /config.yml HTTP/1.1" 404 69731 "-" "Go-http-client/1.1"
213.232.87.232 - - [16/Aug/2025:04:04:54 -0300] "GET /settings.py HTTP/1.1" 404 69731 "-" "Go-http-client/1.1"
213.232.87.232 - - [16/Aug/2025:04:04:54 -0300] "GET /backup.tar.gz HTTP/1.1" 500 2431 "-" "Go-http-client/1.1"
213.232.87.232 - - [16/Aug/2025:04:04:54 -0300] "GET /config.yaml HTTP/1.1" 404 69731 "-" "Go-http-client/1.1"
213.232.87.232 - - [16/Aug/2025:04:04:54 -0300] "GET /dump.sql HTTP/1.1" 404 69731 "-" "Go-http-client/1.1"
213.232.87.232 - - [16/Aug/2025:04:04:54 -0300] "GET /config.xml HTTP/1.1" 404 69731 "-" "Go-http-client/1.1"
213.232.87.232 - - [16/Aug/2025:04:04:54 -0300] "GET /user_secrets.yml HTTP/1.1" 404 69731 "-" "Go-http-client/1.1"
213.232.87.232 - - [16/Aug/2025:04:04:54 -0300] "GET /.ssh/id_rsa HTTP/1.1" 404 69731 "-" "Go-http-client/1.1"
213.232.87.232 - - [16/Aug/2025:04:04:54 -0300] "GET /backup.zip HTTP/1.1" 404 69731 "-" "Go-http-client/1.1"
213.232.87.232 - - [16/Aug/2025:04:04:54 -0300] "GET /web.config HTTP/1.1" 500 2431 "-" "Go-http-client/1.1"
213.232.87.232 - - [16/Aug/2025:04:04:54 -0300] "GET /database.sql HTTP/1.1" 404 69731 "-" "Go-http-client/1.1"
213.232.87.232 - - [16/Aug/2025:04:04:54 -0300] "GET /api/.env HTTP/1.1" 404 69731 "-" "Go-http-client/1.1"
213.232.87.232 - - [16/Aug/2025:04:04:54 -0300] "GET /.svn/wc.db HTTP/1.1" 404 69731 "-" "Go-http-client/1.1"
213.232.87.232 - - [16/Aug/2025:04:04:54 -0300] "GET /backup.sql HTTP/1.1" 404 69731 "-" "Go-http-client/1.1"
213.232.87.232 - - [16/Aug/2025:04:04:54 -0300] "GET /db/schema.rb HTTP/1.1" 404 69731 "-" "Go-http-client/1.1"
213.232.87.232 - - [16/Aug/2025:04:04:54 -0300] "GET /.git/HEAD HTTP/1.1" 404 69731 "-" "Go-http-client/1.1"
213.232.87.232 - - [16/Aug/2025:04:04:54 -0300] "GET /_vti_pvt/service.pwd HTTP/1.1" 404 69731 "-" "Go-http-client/1.1"
162.214.27.60 - - [16/Aug/2025:04:04:58 -0300] "POST /wp-cron.php?doing_wp_cron=1755327898.8678660392761230468750 HTTP/1.1" 200 - "-" "WordPress/6.8.2; https://blog.komforthouse.com.br"
213.232.87.232 - - [16/Aug/2025:04:05:00 -0300] "GET /feed/ HTTP/1.1" 200 87005 "https://blog.komforthouse.com.br/feed" "Go-http-client/1.1"
162.214.27.60 - - [16/Aug/2025:04:05:02 -0300] "POST /wp-admin/admin-ajax.php?action=async_litespeed&nonce=LFVucT1wXuSJdlHB7bbgTRlNNHbfunp4&litespeed_type=imgoptm HTTP/1.1" 200 1 "-" "WordPress/6.8.2; https://blog.komforthouse.com.br"
196.251.69.55 - - [16/Aug/2025:04:05:12 -0300] "POST /wp-login.php HTTP/1.1" 200 9733 "-" "Mozilla/5.0"
68.221.75.18 - - [16/Aug/2025:04:08:32 -0300] "GET /quais-as-medidas-ideais-para-um-sofa-de-3-lugares-em-um-apartamento/ HTTP/1.1" 200 90143 "-" "Mozilla/5.0 AppleWebKit/537.36 (KHTML, like Gecko); compatible; ChatGPT-User/1.0; +https://openai.com/bot"
68.221.75.21 - - [16/Aug/2025:04:08:33 -0300] "GET / HTTP/1.1" 200 95669 "-" "Mozilla/5.0 AppleWebKit/537.36 (KHTML, like Gecko); compatible; ChatGPT-User/1.0; +https://openai.com/bot"
162.214.27.60 - - [16/Aug/2025:04:08:33 -0300] "POST /wp-cron.php?doing_wp_cron=1755328113.5240991115570068359375 HTTP/1.1" 200 - "-" "WordPress/6.8.2; https://blog.komforthouse.com.br"
162.214.27.60 - - [16/Aug/2025:04:08:34 -0300] "POST /wp-admin/admin-ajax.php?action=async_litespeed&nonce=WP19K7Hpki7Xf1Dw7J23wFnkgcS1Wams&litespeed_type=imgoptm HTTP/1.1" 200 1 "-" "WordPress/6.8.2; https://blog.komforthouse.com.br"
66.249.66.164 - - [16/Aug/2025:04:08:47 -0300] "GET /wp-content/plugins/elementor-pro/assets/js/load-more.8b46f464e573feab5dd7.bundle.min.js HTTP/1.1" 200 5346 "https://blog.komforthouse.com.br/quais-as-medidas-ideais-para-um-sofa-de-3-lugares-em-um-apartamento/" "Mozilla/5.0 (Linux; Android 6.0.1; Nexus 5X Build/MMB29P) AppleWebKit/537.36 (KHTML, like Gecko) Chrome/138.0.7204.183 Mobile Safari/537.36 (compatible; Googlebot/2.1; +http://www.google.com/bot.html)"
66.249.66.165 - - [16/Aug/2025:04:08:48 -0300] "GET /wp-content/plugins/elementor-pro/assets/js/posts.aec59265318492b89cb5.bundle.min.js HTTP/1.1" 200 3317 "https://blog.komforthouse.com.br/quais-as-medidas-ideais-para-um-sofa-de-3-lugares-em-um-apartamento/" "Mozilla/5.0 (Linux; Android 6.0.1; Nexus 5X Build/MMB29P) AppleWebKit/537.36 (KHTML, like Gecko) Chrome/138.0.7204.183 Mobile Safari/537.36 (compatible; Googlebot/2.1; +http://www.google.com/bot.html)"
162.214.27.60 - - [16/Aug/2025:04:13:48 -0300] "POST /wp-cron.php?doing_wp_cron=1755328428.7264668941497802734375 HTTP/1.1" 200 - "-" "WordPress/6.8.2; https://blog.komforthouse.com.br"
162.214.27.60 - - [16/Aug/2025:04:13:49 -0300] "POST /wp-admin/admin-ajax.php?action=async_litespeed&nonce=8NFNt21qzMtDDKrMH8InN4e8UuoQjBfj&litespeed_type=imgoptm HTTP/1.1" 200 1 "-" "WordPress/6.8.2; https://blog.komforthouse.com.br"
23.23.213.182 - - [16/Aug/2025:04:13:47 -0300] "GET / HTTP/1.1" 200 127418 "-" "Mozilla/5.0 AppleWebKit/537.36 (KHTML, like Gecko; compatible; Amazonbot/0.1; +https://developer.amazon.com/support/amazonbot) Chrome/119.0.6045.214 Safari/537.36"
196.251.69.55 - - [16/Aug/2025:04:16:39 -0300] "POST /wp-login.php HTTP/1.1" 200 9733 "-" "Mozilla/5.0"
162.214.27.60 - - [16/Aug/2025:04:16:41 -0300] "POST /wp-admin/admin-ajax.php?action=async_litespeed&nonce=FiH63wpAvnjcR6hvFS9tTaRNqhQi0LzA&litespeed_type=imgoptm HTTP/1.1" 200 1 "-" "WordPress/6.8.2; https://blog.komforthouse.com.br"
162.214.27.60 - - [16/Aug/2025:04:16:40 -0300] "POST /wp-cron.php?doing_wp_cron=1755328600.6105270385742187500000 HTTP/1.1" 200 - "-" "WordPress/6.8.2; https://blog.komforthouse.com.br"
196.251.112.104 - - [16/Aug/2025:04:17:40 -0300] "POST /wp-login.php HTTP/1.1" 200 9733 "-" "Mozilla/5.0"
162.214.27.60 - - [16/Aug/2025:04:17:41 -0300] "POST /wp-cron.php?doing_wp_cron=1755328661.6128530502319335937500 HTTP/1.1" 200 - "-" "WordPress/6.8.2; https://blog.komforthouse.com.br"
162.214.27.60 - - [16/Aug/2025:04:17:42 -0300] "POST /wp-admin/admin-ajax.php?action=async_litespeed&nonce=tUzGfEB5aUWQY9xdajNw2bGrWPKamGoI&litespeed_type=imgoptm HTTP/1.1" 200 1 "-" "WordPress/6.8.2; https://blog.komforthouse.com.br"
44.249.166.219 - - [16/Aug/2025:04:23:27 -0300] "GET / HTTP/1.1" 301 - "-" "Mozilla/5.0 (Windows NT 6.1; WOW64) AppleWebKit/537.36 (KHTML, like Gecko) Chrome/74.0.3729.157 Safari/537.36"
162.214.27.60 - - [16/Aug/2025:04:23:29 -0300] "POST /wp-admin/admin-ajax.php?action=async_litespeed&nonce=kG31dvVLuXgkJNeeNPp6b6dqguMh2G3n&litespeed_type=imgoptm HTTP/1.1" 200 1 "-" "WordPress/6.8.2; https://blog.komforthouse.com.br"
162.214.27.60 - - [16/Aug/2025:04:23:28 -0300] "POST /wp-cron.php?doing_wp_cron=1755329008.1361119747161865234375 HTTP/1.1" 200 - "-" "WordPress/6.8.2; https://blog.komforthouse.com.br"
162.214.27.60 - - [16/Aug/2025:04:24:09 -0300] "POST /wp-cron.php?doing_wp_cron=1755329049.8517029285430908203125 HTTP/1.1" 200 - "-" "WordPress/6.8.2; https://blog.komforthouse.com.br"
162.214.27.60 - - [16/Aug/2025:04:24:10 -0300] "POST /wp-admin/admin-ajax.php?action=async_litespeed&nonce=yddfE2jqKKLdiAVgoupcC7swtKHcx0RN&litespeed_type=imgoptm HTTP/1.1" 200 1 "-" "WordPress/6.8.2; https://blog.komforthouse.com.br"
173.230.132.133 - - [16/Aug/2025:04:24:08 -0300] "GET /wp-json/wp/v2/posts/?per_page=50 HTTP/1.0" 200 315210 "-" "Mozilla/5.0 (compatible; Googlebot/2.1; +http://www.google.com/bot.html)"
196.251.69.55 - - [16/Aug/2025:04:28:09 -0300] "POST /wp-login.php HTTP/1.1" 200 9733 "-" "Mozilla/5.0"
162.214.27.60 - - [16/Aug/2025:04:28:10 -0300] "POST /wp-cron.php?doing_wp_cron=1755329290.1986150741577148437500 HTTP/1.1" 200 - "-" "WordPress/6.8.2; https://blog.komforthouse.com.br"
162.214.27.60 - - [16/Aug/2025:04:28:11 -0300] "POST /wp-admin/admin-ajax.php?action=async_litespeed&nonce=qj6rpV3GjeWHAL1ywq47bFVroq15M7nD&litespeed_type=imgoptm HTTP/1.1" 200 1 "-" "WordPress/6.8.2; https://blog.komforthouse.com.br"
52.7.33.248 - - [16/Aug/2025:04:28:27 -0300] "GET / HTTP/1.1" 200 127418 "-" "Mozilla/5.0 AppleWebKit/537.36 (KHTML, like Gecko; compatible; Amazonbot/0.1; +https://developer.amazon.com/support/amazonbot) Chrome/119.0.6045.214 Safari/537.36"
196.251.112.104 - - [16/Aug/2025:04:34:53 -0300] "POST /wp-login.php HTTP/1.1" 200 9733 "-" "Mozilla/5.0"
162.214.27.60 - - [16/Aug/2025:04:34:55 -0300] "POST /wp-admin/admin-ajax.php?action=async_litespeed&nonce=MT57kvJMt9B99I4hOaPphAX876iQ3uP2&litespeed_type=imgoptm HTTP/1.1" 200 1 "-" "WordPress/6.8.2; https://blog.komforthouse.com.br"
162.214.27.60 - - [16/Aug/2025:04:34:54 -0300] "POST /wp-cron.php?doing_wp_cron=1755329694.3222899436950683593750 HTTP/1.1" 200 - "-" "WordPress/6.8.2; https://blog.komforthouse.com.br"
196.251.69.55 - - [16/Aug/2025:04:39:30 -0300] "POST /wp-login.php HTTP/1.1" 200 9733 "-" "Mozilla/5.0"
162.214.27.60 - - [16/Aug/2025:04:39:31 -0300] "POST /wp-cron.php?doing_wp_cron=1755329971.6713900566101074218750 HTTP/1.1" 200 - "-" "WordPress/6.8.2; https://blog.komforthouse.com.br"
162.214.27.60 - - [16/Aug/2025:04:39:32 -0300] "POST /wp-admin/admin-ajax.php?action=async_litespeed&nonce=ZbjW0W5YenlaDMfYnWSOJIvdZRTuLiCg&litespeed_type=imgoptm HTTP/1.1" 200 1 "-" "WordPress/6.8.2; https://blog.komforthouse.com.br"
162.214.27.60 - - [16/Aug/2025:04:46:12 -0300] "POST /wp-cron.php?doing_wp_cron=1755330372.9627509117126464843750 HTTP/1.1" 200 - "-" "WordPress/6.8.2; https://blog.komforthouse.com.br"
18.215.24.66 - - [16/Aug/2025:04:46:12 -0300] "GET / HTTP/1.1" 200 127418 "-" "Mozilla/5.0 AppleWebKit/537.36 (KHTML, like Gecko; compatible; Amazonbot/0.1; +https://developer.amazon.com/support/amazonbot) Chrome/119.0.6045.214 Safari/537.36"
162.214.27.60 - - [16/Aug/2025:04:46:13 -0300] "POST /wp-admin/admin-ajax.php?action=async_litespeed&nonce=TS6UjKcAqi0GoR6UISHsqmxCuI56LteA&litespeed_type=imgoptm HTTP/1.1" 200 1 "-" "WordPress/6.8.2; https://blog.komforthouse.com.br"
162.214.27.60 - - [16/Aug/2025:04:48:02 -0300] "POST /wp-cron.php?doing_wp_cron=1755330482.6805140972137451171875 HTTP/1.1" 200 - "-" "WordPress/6.8.2; https://blog.komforthouse.com.br"
173.230.132.133 - - [16/Aug/2025:04:48:01 -0300] "GET /wp-json/wp/v2/posts/?per_page=50 HTTP/1.0" 200 315210 "-" "Mozilla/5.0 (compatible; Googlebot/2.1; +http://www.google.com/bot.html)"
162.214.27.60 - - [16/Aug/2025:04:48:03 -0300] "POST /wp-admin/admin-ajax.php?action=async_litespeed&nonce=ZXQocgLfNoIKJZrDdut1U8bYlYlbqJtb&litespeed_type=imgoptm HTTP/1.1" 200 1 "-" "WordPress/6.8.2; https://blog.komforthouse.com.br"
196.251.69.55 - - [16/Aug/2025:04:50:50 -0300] "POST /wp-login.php HTTP/1.1" 200 9733 "-" "Mozilla/5.0"
162.214.27.60 - - [16/Aug/2025:04:50:51 -0300] "POST /wp-cron.php?doing_wp_cron=1755330651.4735660552978515625000 HTTP/1.1" 200 - "-" "WordPress/6.8.2; https://blog.komforthouse.com.br"
162.214.27.60 - - [16/Aug/2025:04:50:52 -0300] "POST /wp-admin/admin-ajax.php?action=async_litespeed&nonce=yoVBMZa82gV4R1vLQWE9XNXOs1Ttt4Ub&litespeed_type=imgoptm HTTP/1.1" 200 1 "-" "WordPress/6.8.2; https://blog.komforthouse.com.br"
196.251.112.104 - - [16/Aug/2025:04:51:45 -0300] "POST /wp-login.php HTTP/1.1" 200 9733 "-" "Mozilla/5.0"
162.214.27.60 - - [16/Aug/2025:04:51:46 -0300] "POST /wp-cron.php?doing_wp_cron=1755330706.4685521125793457031250 HTTP/1.1" 200 - "-" "WordPress/6.8.2; https://blog.komforthouse.com.br"
162.214.27.60 - - [16/Aug/2025:04:51:47 -0300] "POST /wp-admin/admin-ajax.php?action=async_litespeed&nonce=g2JpM7P5ApTsy2k5tzWqjRgmsqPmZZna&litespeed_type=imgoptm HTTP/1.1" 200 1 "-" "WordPress/6.8.2; https://blog.komforthouse.com.br"
162.214.27.60 - - [16/Aug/2025:05:00:04 -0300] "POST /wp-cron.php?doing_wp_cron=1755331204.2558250427246093750000 HTTP/1.1" 200 - "-" "WordPress/6.8.2; https://blog.komforthouse.com.br"
184.73.167.217 - - [16/Aug/2025:05:00:03 -0300] "GET / HTTP/1.1" 200 127418 "-" "Mozilla/5.0 AppleWebKit/537.36 (KHTML, like Gecko; compatible; Amazonbot/0.1; +https://developer.amazon.com/support/amazonbot) Chrome/119.0.6045.214 Safari/537.36"
162.214.27.60 - - [16/Aug/2025:05:00:05 -0300] "POST /wp-admin/admin-ajax.php?action=async_litespeed&nonce=HdMbVWXv4KCT7kt6U6xCQgtYsyMqNLoh&litespeed_type=imgoptm HTTP/1.1" 200 1 "-" "WordPress/6.8.2; https://blog.komforthouse.com.br"
196.251.69.55 - - [16/Aug/2025:05:02:10 -0300] "POST /wp-login.php HTTP/1.1" 200 9733 "-" "Mozilla/5.0"
162.214.27.60 - - [16/Aug/2025:05:02:11 -0300] "POST /wp-cron.php?doing_wp_cron=1755331331.1201269626617431640625 HTTP/1.1" 200 - "-" "WordPress/6.8.2; https://blog.komforthouse.com.br"
162.214.27.60 - - [16/Aug/2025:05:02:12 -0300] "POST /wp-admin/admin-ajax.php?action=async_litespeed&nonce=5JLkUCGLeMigcrI5iCol0Iskh7XJLeN8&litespeed_type=imgoptm HTTP/1.1" 200 1 "-" "WordPress/6.8.2; https://blog.komforthouse.com.br"
196.251.112.104 - - [16/Aug/2025:05:09:08 -0300] "POST /wp-login.php HTTP/1.1" 200 9733 "-" "Mozilla/5.0"
162.214.27.60 - - [16/Aug/2025:05:09:09 -0300] "POST /wp-cron.php?doing_wp_cron=1755331749.0059380531311035156250 HTTP/1.1" 200 - "-" "WordPress/6.8.2; https://blog.komforthouse.com.br"
162.214.27.60 - - [16/Aug/2025:05:09:10 -0300] "POST /wp-admin/admin-ajax.php?action=async_litespeed&nonce=pFuet5Z865zK9EBeozBgGpMtJwHb6jss&litespeed_type=imgoptm HTTP/1.1" 200 1 "-" "WordPress/6.8.2; https://blog.komforthouse.com.br"
178.156.178.211 - - [16/Aug/2025:05:09:50 -0300] "GET /cupim-no-sofa-como-identificar-prevenir-e-eliminar/ HTTP/1.1" 200 100132 "-" "Mozilla/5.0 (Windows NT 10.0; Win64; x64) AppleWebKit/537.36 (KHTML, like Gecko) Chrome/84.0.4147.105 Safari/537.36"
162.214.27.60 - - [16/Aug/2025:05:09:52 -0300] "POST /wp-admin/admin-ajax.php?action=async_litespeed&nonce=PZjT4DxIS7ZUuOXhjiG4Wwarn7koSORu&litespeed_type=imgoptm HTTP/1.1" 200 1 "-" "WordPress/6.8.2; https://blog.komforthouse.com.br"
162.214.27.60 - - [16/Aug/2025:05:09:51 -0300] "POST /wp-cron.php?doing_wp_cron=1755331791.5391058921813964843750 HTTP/1.1" 200 - "-" "WordPress/6.8.2; https://blog.komforthouse.com.br"
196.251.69.55 - - [16/Aug/2025:05:13:34 -0300] "POST /wp-login.php HTTP/1.1" 200 9733 "-" "Mozilla/5.0"
162.214.27.60 - - [16/Aug/2025:05:13:35 -0300] "POST /wp-admin/admin-ajax.php?action=async_litespeed&nonce=hVqhto3Qf4kVYwzsbU3DHQceGGsAtAFE&litespeed_type=imgoptm HTTP/1.1" 200 1 "-" "WordPress/6.8.2; https://blog.komforthouse.com.br"
162.214.27.60 - - [16/Aug/2025:05:13:35 -0300] "POST /wp-cron.php?doing_wp_cron=1755332015.0505380630493164062500 HTTP/1.1" 200 - "-" "WordPress/6.8.2; https://blog.komforthouse.com.br"
162.214.27.60 - - [16/Aug/2025:05:15:41 -0300] "POST /wp-admin/admin-ajax.php?action=async_litespeed&nonce=R3G9Tv5dN5P8TjMLOvqZavZc2aMMCKYo&litespeed_type=imgoptm HTTP/1.1" 200 1 "-" "WordPress/6.8.2; https://blog.komforthouse.com.br"
162.214.27.60 - - [16/Aug/2025:05:15:41 -0300] "POST /wp-cron.php?doing_wp_cron=1755332141.0159509181976318359375 HTTP/1.1" 200 - "-" "WordPress/6.8.2; https://blog.komforthouse.com.br"
34.238.45.183 - - [16/Aug/2025:05:15:40 -0300] "GET / HTTP/1.1" 200 127418 "-" "Mozilla/5.0 AppleWebKit/537.36 (KHTML, like Gecko; compatible; Amazonbot/0.1; +https://developer.amazon.com/support/amazonbot) Chrome/119.0.6045.214 Safari/537.36"
162.214.27.60 - - [16/Aug/2025:05:19:30 -0300] "POST /wp-admin/admin-ajax.php?action=async_litespeed&nonce=w7TuVuvrFMIzIk80bUJSc0CHGy8Sbn9h&litespeed_type=imgoptm HTTP/1.1" 200 1 "-" "WordPress/6.8.2; https://blog.komforthouse.com.br"
162.214.27.60 - - [16/Aug/2025:05:19:30 -0300] "POST /wp-cron.php?doing_wp_cron=1755332370.1452319622039794921875 HTTP/1.1" 200 - "-" "WordPress/6.8.2; https://blog.komforthouse.com.br"
66.249.92.163 - - [16/Aug/2025:05:19:29 -0300] "GET /category/sofas/ HTTP/1.1" 200 96547 "-" "Mozilla/5.0 (Linux; Android 6.0.1; Nexus 5X Build/MMB29P) AppleWebKit/537.36 (KHTML, like Gecko) Chrome/138.0.7204.183 Mobile Safari/537.36 (compatible; AdsBot-Google-Mobile; +http://www.google.com/mobile/adsbot.html)"
66.249.92.163 - - [16/Aug/2025:05:20:32 -0300] "GET /wp-content/uploads/elementor/css/post-1591.css?ver=1736305139 HTTP/1.1" 200 19506 "https://blog.komforthouse.com.br/category/sofas/" "AdsBot-Google (+http://www.google.com/adsbot.html)"
66.249.92.165 - - [16/Aug/2025:05:20:34 -0300] "GET /wp-content/plugins/elementor/assets/css/frontend.min.css?ver=3.26.4 HTTP/1.1" 200 53257 "https://blog.komforthouse.com.br/category/sofas/" "AdsBot-Google (+http://www.google.com/adsbot.html)"
66.249.92.163 - - [16/Aug/2025:05:20:36 -0300] "GET /wp-content/plugins/elementor/assets/css/widget-image.min.css?ver=3.26.4 HTTP/1.1" 200 254 "https://blog.komforthouse.com.br/category/sofas/" "AdsBot-Google (+http://www.google.com/adsbot.html)"
66.249.92.163 - - [16/Aug/2025:05:20:38 -0300] "GET /wp-content/themes/hello-elementor/style.min.css?ver=3.2.1 HTTP/1.1" 200 5501 "https://blog.komforthouse.com.br/category/sofas/" "AdsBot-Google (+http://www.google.com/adsbot.html)"
66.249.92.164 - - [16/Aug/2025:05:20:40 -0300] "GET /wp-content/plugins/elementor/assets/lib/animations/styles/e-animation-pulse.min.css?ver=3.26.4 HTTP/1.1" 200 318 "https://blog.komforthouse.com.br/category/sofas/" "AdsBot-Google (+http://www.google.com/adsbot.html)"
66.249.92.163 - - [16/Aug/2025:05:20:43 -0300] "GET /wp-content/plugins/elementor/assets/lib/swiper/v8/css/swiper.min.css?ver=8.4.5 HTTP/1.1" 200 16471 "https://blog.komforthouse.com.br/category/sofas/" "AdsBot-Google (+http://www.google.com/adsbot.html)"
66.249.92.163 - - [16/Aug/2025:05:20:45 -0300] "GET /wp-content/plugins/elementor/assets/lib/animations/styles/bounceIn.min.css?ver=3.26.4 HTTP/1.1" 200 367 "https://blog.komforthouse.com.br/category/sofas/" "AdsBot-Google (+http://www.google.com/adsbot.html)"
66.249.92.163 - - [16/Aug/2025:05:20:48 -0300] "GET /wp-content/plugins/elementor-pro/assets/css/conditionals/popup.min.css?ver=3.26.3 HTTP/1.1" 200 995 "https://blog.komforthouse.com.br/category/sofas/" "AdsBot-Google (+http://www.google.com/adsbot.html)"
66.249.92.163 - - [16/Aug/2025:05:20:50 -0300] "GET /wp-content/uploads/elementor/css/post-1681.css?ver=1736279802 HTTP/1.1" 200 3790 "https://blog.komforthouse.com.br/category/sofas/" "AdsBot-Google (+http://www.google.com/adsbot.html)"
66.249.92.163 - - [16/Aug/2025:05:20:53 -0300] "GET /wp-content/uploads/elementor/css/post-1283.css?ver=1736279802 HTTP/1.1" 200 13014 "https://blog.komforthouse.com.br/category/sofas/" "AdsBot-Google (+http://www.google.com/adsbot.html)"
66.249.92.163 - - [16/Aug/2025:05:20:55 -0300] "GET /wp-content/themes/hello-elementor/theme.min.css?ver=3.2.1 HTTP/1.1" 200 5069 "https://blog.komforthouse.com.br/category/sofas/" "AdsBot-Google (+http://www.google.com/adsbot.html)"
66.249.92.163 - - [16/Aug/2025:05:20:58 -0300] "GET /wp-content/plugins/elementor/assets/css/widget-image-carousel.min.css?ver=3.26.4 HTTP/1.1" 200 382 "https://blog.komforthouse.com.br/category/sofas/" "AdsBot-Google (+http://www.google.com/adsbot.html)"
66.249.92.163 - - [16/Aug/2025:05:21:00 -0300] "GET /wp-content/uploads/elementor/css/post-1334.css?ver=1736279802 HTTP/1.1" 200 16917 "https://blog.komforthouse.com.br/category/sofas/" "AdsBot-Google (+http://www.google.com/adsbot.html)"
66.249.92.163 - - [16/Aug/2025:05:21:03 -0300] "GET /wp-includes/js/imagesloaded.min.js?ver=5.0.0 HTTP/1.1" 200 5520 "https://blog.komforthouse.com.br/category/sofas/" "AdsBot-Google (+http://www.google.com/adsbot.html)"
66.249.92.163 - - [16/Aug/2025:05:21:05 -0300] "GET /wp-content/plugins/elementor-pro/assets/js/webpack-pro.runtime.min.js?ver=3.26.3 HTTP/1.1" 200 6263 "https://blog.komforthouse.com.br/category/sofas/" "AdsBot-Google (+http://www.google.com/adsbot.html)"
66.249.92.163 - - [16/Aug/2025:05:21:07 -0300] "GET /wp-content/plugins/elementor/assets/js/webpack.runtime.min.js?ver=3.26.4 HTTP/1.1" 200 5326 "https://blog.komforthouse.com.br/category/sofas/" "AdsBot-Google (+http://www.google.com/adsbot.html)"
66.249.92.163 - - [16/Aug/2025:05:21:10 -0300] "GET /wp-content/plugins/elementor/assets/js/frontend-modules.min.js?ver=3.26.4 HTTP/1.1" 200 52754 "https://blog.komforthouse.com.br/category/sofas/" "AdsBot-Google (+http://www.google.com/adsbot.html)"
66.249.92.163 - - [16/Aug/2025:05:21:12 -0300] "GET /wp-includes/js/dist/hooks.min.js?ver=4d63a3d491d11ffd8ac6 HTTP/1.1" 200 4776 "https://blog.komforthouse.com.br/category/sofas/" "AdsBot-Google (+http://www.google.com/adsbot.html)"
66.249.92.163 - - [16/Aug/2025:05:21:14 -0300] "GET /wp-includes/js/dist/i18n.min.js?ver=5e580eb46a90c2b997e6 HTTP/1.1" 200 9141 "https://blog.komforthouse.com.br/category/sofas/" "AdsBot-Google (+http://www.google.com/adsbot.html)"
66.249.92.163 - - [16/Aug/2025:05:21:17 -0300] "GET /wp-content/plugins/elementor-pro/assets/js/frontend.min.js?ver=3.26.3 HTTP/1.1" 200 24210 "https://blog.komforthouse.com.br/category/sofas/" "AdsBot-Google (+http://www.google.com/adsbot.html)"
66.249.92.163 - - [16/Aug/2025:05:21:19 -0300] "GET /wp-includes/js/jquery/ui/core.min.js?ver=1.13.3 HTTP/1.1" 200 21464 "https://blog.komforthouse.com.br/category/sofas/" "AdsBot-Google (+http://www.google.com/adsbot.html)"
66.249.92.163 - - [16/Aug/2025:05:21:21 -0300] "GET /wp-content/plugins/elementor/assets/js/frontend.min.js?ver=3.26.4 HTTP/1.1" 200 45428 "https://blog.komforthouse.com.br/category/sofas/" "AdsBot-Google (+http://www.google.com/adsbot.html)"
66.249.92.163 - - [16/Aug/2025:05:21:23 -0300] "GET /wp-content/plugins/elementor-pro/assets/js/elements-handlers.min.js?ver=3.26.3 HTTP/1.1" 200 44624 "https://blog.komforthouse.com.br/category/sofas/" "AdsBot-Google (+http://www.google.com/adsbot.html)"
66.249.92.163 - - [16/Aug/2025:05:21:26 -0300] "GET /wp-includes/js/wp-emoji-release.min.js?ver=6.8.2 HTTP/1.1" 200 19251 "https://blog.komforthouse.com.br/category/sofas/" "AdsBot-Google (+http://www.google.com/adsbot.html)"
162.214.27.60 - - [16/Aug/2025:05:24:32 -0300] "POST /wp-admin/admin-ajax.php?action=async_litespeed&nonce=Grk1OoKODOLqLQBR1fMC62geMzFfVC4N&litespeed_type=imgoptm HTTP/1.1" 200 1 "-" "WordPress/6.8.2; https://blog.komforthouse.com.br"
162.214.27.60 - - [16/Aug/2025:05:24:31 -0300] "POST /wp-cron.php?doing_wp_cron=1755332671.5245409011840820312500 HTTP/1.1" 200 - "-" "WordPress/6.8.2; https://blog.komforthouse.com.br"
198.74.52.240 - - [16/Aug/2025:05:24:30 -0300] "GET /wp-json/wp/v2/posts/?per_page=50 HTTP/1.0" 200 315210 "-" "Mozilla/5.0 (compatible; Googlebot/2.1; +http://www.google.com/bot.html)"
196.251.69.55 - - [16/Aug/2025:05:25:03 -0300] "POST /wp-login.php HTTP/1.1" 200 9733 "-" "Mozilla/5.0"
162.214.27.60 - - [16/Aug/2025:05:25:05 -0300] "POST /wp-admin/admin-ajax.php?action=async_litespeed&nonce=WUlLNzYVBfdQL7f3mbokCucjjNfhXXgs&litespeed_type=imgoptm HTTP/1.1" 200 1 "-" "WordPress/6.8.2; https://blog.komforthouse.com.br"
162.214.27.60 - - [16/Aug/2025:05:25:04 -0300] "POST /wp-cron.php?doing_wp_cron=1755332704.6164751052856445312500 HTTP/1.1" 200 - "-" "WordPress/6.8.2; https://blog.komforthouse.com.br"
162.214.27.60 - - [16/Aug/2025:05:30:00 -0300] "POST /wp-cron.php?doing_wp_cron=1755333000.1856560707092285156250 HTTP/1.1" 200 - "-" "WordPress/6.8.2; https://blog.komforthouse.com.br"
162.214.27.60 - - [16/Aug/2025:05:30:01 -0300] "POST /wp-admin/admin-ajax.php?action=async_litespeed&nonce=SB5UAwvGDk0UDM5mKUe6ryHeypgqgme0&litespeed_type=imgoptm HTTP/1.1" 200 1 "-" "WordPress/6.8.2; https://blog.komforthouse.com.br"
98.84.60.17 - - [16/Aug/2025:05:29:59 -0300] "GET / HTTP/1.1" 200 127418 "-" "Mozilla/5.0 AppleWebKit/537.36 (KHTML, like Gecko; compatible; Amazonbot/0.1; +https://developer.amazon.com/support/amazonbot) Chrome/119.0.6045.214 Safari/537.36"
196.251.112.104 - - [16/Aug/2025:05:31:36 -0300] "POST /wp-login.php HTTP/1.1" 200 9733 "-" "Mozilla/5.0"
162.214.27.60 - - [16/Aug/2025:05:31:39 -0300] "POST /wp-cron.php?doing_wp_cron=1755333099.0910310745239257812500 HTTP/1.1" 200 - "-" "WordPress/6.8.2; https://blog.komforthouse.com.br"
162.214.27.60 - - [16/Aug/2025:05:31:40 -0300] "POST /wp-admin/admin-ajax.php?action=async_litespeed&nonce=3gZc743iwAspH3kXeSS27vtkfdVg0Qvl&litespeed_type=imgoptm HTTP/1.1" 200 1 "-" "WordPress/6.8.2; https://blog.komforthouse.com.br"
196.251.69.55 - - [16/Aug/2025:05:36:38 -0300] "POST /wp-login.php HTTP/1.1" 200 9733 "-" "Mozilla/5.0"
162.214.27.60 - - [16/Aug/2025:05:36:40 -0300] "POST /wp-admin/admin-ajax.php?action=async_litespeed&nonce=GEzTQmhYA01EeSG0L3Ijv0DKXrskZs5L&litespeed_type=imgoptm HTTP/1.1" 200 1 "-" "WordPress/6.8.2; https://blog.komforthouse.com.br"
162.214.27.60 - - [16/Aug/2025:05:36:39 -0300] "POST /wp-cron.php?doing_wp_cron=1755333399.4056580066680908203125 HTTP/1.1" 200 - "-" "WordPress/6.8.2; https://blog.komforthouse.com.br"
162.214.27.60 - - [16/Aug/2025:05:43:28 -0300] "POST /wp-cron.php?doing_wp_cron=1755333808.1757059097290039062500 HTTP/1.1" 200 - "-" "WordPress/6.8.2; https://blog.komforthouse.com.br"
162.214.27.60 - - [16/Aug/2025:05:43:28 -0300] "POST /wp-admin/admin-ajax.php?action=async_litespeed&nonce=B70hNoRQTkxhA24eTTnlidybTi4wbTBQ&litespeed_type=imgoptm HTTP/1.1" 200 1 "-" "WordPress/6.8.2; https://blog.komforthouse.com.br"
52.73.142.41 - - [16/Aug/2025:05:43:27 -0300] "GET / HTTP/1.1" 200 127418 "-" "Mozilla/5.0 AppleWebKit/537.36 (KHTML, like Gecko; compatible; Amazonbot/0.1; +https://developer.amazon.com/support/amazonbot) Chrome/119.0.6045.214 Safari/537.36"
216.73.216.37 - - [16/Aug/2025:05:44:36 -0300] "GET /robots.txt HTTP/1.1" 200 128 "-" "Mozilla/5.0 AppleWebKit/537.36 (KHTML, like Gecko; compatible; ClaudeBot/1.0; +claudebot@anthropic.com)"
162.214.27.60 - - [16/Aug/2025:05:44:37 -0300] "POST /wp-cron.php?doing_wp_cron=1755333877.3487849235534667968750 HTTP/1.1" 200 - "-" "WordPress/6.8.2; https://blog.komforthouse.com.br"
162.214.27.60 - - [16/Aug/2025:05:44:38 -0300] "POST /wp-admin/admin-ajax.php?action=async_litespeed&nonce=4jlxUQvbDYWHs8YOQuKUFxNuyI0LUrwj&litespeed_type=imgoptm HTTP/1.1" 200 1 "-" "WordPress/6.8.2; https://blog.komforthouse.com.br"
216.73.216.37 - - [16/Aug/2025:05:44:38 -0300] "GET /sitemap_index.xml HTTP/1.1" 200 693 "-" "Mozilla/5.0 AppleWebKit/537.36 (KHTML, like Gecko; compatible; ClaudeBot/1.0; +claudebot@anthropic.com)"
162.214.27.60 - - [16/Aug/2025:05:47:22 -0300] "POST /wp-admin/admin-ajax.php?action=async_litespeed&nonce=oBtqqXKX2PcW4y5w2DJgONRX9VXSevPJ&litespeed_type=imgoptm HTTP/1.1" 200 1 "-" "WordPress/6.8.2; https://blog.komforthouse.com.br"
54.173.59.230 - - [16/Aug/2025:05:47:22 -0300] "GET / HTTP/1.1" 200 127418 "-" "Mozilla/5.0 (Windows NT 10.0; Win64; x64) AppleWebKit/537.36 (KHTML, like Gecko) Chrome/78.0.3904.108 Safari/537.36"
54.173.59.230 - - [16/Aug/2025:05:47:24 -0300] "GET //wp-includes/wlwmanifest.xml HTTP/1.1" 301 - "-" "Mozilla/5.0 (Windows NT 10.0; Win64; x64) AppleWebKit/537.36 (KHTML, like Gecko) Chrome/78.0.3904.108 Safari/537.36"
54.173.59.230 - - [16/Aug/2025:05:47:25 -0300] "GET //xmlrpc.php?rsd HTTP/1.1" 200 858 "-" "Mozilla/5.0 (Windows NT 10.0; Win64; x64) AppleWebKit/537.36 (KHTML, like Gecko) Chrome/78.0.3904.108 Safari/537.36"
54.173.59.230 - - [16/Aug/2025:05:47:26 -0300] "GET //?author=1 HTTP/1.1" 301 - "-" "Mozilla/5.0 (Windows NT 10.0; Win64; x64) AppleWebKit/537.36 (KHTML, like Gecko) Chrome/78.0.3904.108 Safari/537.36"
54.173.59.230 - - [16/Aug/2025:05:47:27 -0300] "GET //?author=2 HTTP/1.1" 301 - "-" "Mozilla/5.0 (Windows NT 10.0; Win64; x64) AppleWebKit/537.36 (KHTML, like Gecko) Chrome/78.0.3904.108 Safari/537.36"
54.173.59.230 - - [16/Aug/2025:05:47:28 -0300] "GET //wp-json/wp/v2/users/ HTTP/1.1" 200 2306 "-" "Mozilla/5.0 (Windows NT 10.0; Win64; x64) AppleWebKit/537.36 (KHTML, like Gecko) Chrome/78.0.3904.108 Safari/537.36"
54.173.59.230 - - [16/Aug/2025:05:47:29 -0300] "POST //xmlrpc.php HTTP/1.1" 200 407 "-" "Mozilla/5.0 (Windows NT 10.0; Win64; x64) AppleWebKit/537.36 (KHTML, like Gecko) Chrome/78.0.3904.108 Safari/537.36"
54.173.59.230 - - [16/Aug/2025:05:47:30 -0300] "POST //xmlrpc.php HTTP/1.1" 200 407 "-" "Mozilla/5.0 (Windows NT 10.0; Win64; x64) AppleWebKit/537.36 (KHTML, like Gecko) Chrome/78.0.3904.108 Safari/537.36"
54.173.59.230 - - [16/Aug/2025:05:47:32 -0300] "POST //xmlrpc.php HTTP/1.1" 200 407 "-" "Mozilla/5.0 (Windows NT 10.0; Win64; x64) AppleWebKit/537.36 (KHTML, like Gecko) Chrome/78.0.3904.108 Safari/537.36"
54.173.59.230 - - [16/Aug/2025:05:47:33 -0300] "POST //xmlrpc.php HTTP/1.1" 200 407 "-" "Mozilla/5.0 (Windows NT 10.0; Win64; x64) AppleWebKit/537.36 (KHTML, like Gecko) Chrome/78.0.3904.108 Safari/537.36"
54.173.59.230 - - [16/Aug/2025:05:47:34 -0300] "POST //xmlrpc.php HTTP/1.1" 200 407 "-" "Mozilla/5.0 (Windows NT 10.0; Win64; x64) AppleWebKit/537.36 (KHTML, like Gecko) Chrome/78.0.3904.108 Safari/537.36"
54.173.59.230 - - [16/Aug/2025:05:47:35 -0300] "POST //xmlrpc.php HTTP/1.1" 200 407 "-" "Mozilla/5.0 (Windows NT 10.0; Win64; x64) AppleWebKit/537.36 (KHTML, like Gecko) Chrome/78.0.3904.108 Safari/537.36"
54.173.59.230 - - [16/Aug/2025:05:47:37 -0300] "POST //xmlrpc.php HTTP/1.1" 200 407 "-" "Mozilla/5.0 (Windows NT 10.0; Win64; x64) AppleWebKit/537.36 (KHTML, like Gecko) Chrome/78.0.3904.108 Safari/537.36"
54.173.59.230 - - [16/Aug/2025:05:47:38 -0300] "POST //xmlrpc.php HTTP/1.1" 200 407 "-" "Mozilla/5.0 (Windows NT 10.0; Win64; x64) AppleWebKit/537.36 (KHTML, like Gecko) Chrome/78.0.3904.108 Safari/537.36"
162.214.27.60 - - [16/Aug/2025:05:47:40 -0300] "POST /wp-cron.php?doing_wp_cron=1755334060.5651700496673583984375 HTTP/1.1" 200 - "-" "WordPress/6.8.2; https://blog.komforthouse.com.br"
