181.218.77.159 - - [15/Aug/2025:14:35:49 -0300] "GET /wp-content/plugins/elementor/assets/css/widget-image-carousel.min.css?ver=3.26.4 HTTP/1.1" 200 382 "https://blog.komforthouse.com.br/a-psicologia-das-cores-para-sofas/" "Mozilla/5.0 (Linux; Android 10; K) AppleWebKit/537.36 (KHTML, like Gecko) Chrome/139.0.0.0 Mobile Safari/537.36"
181.218.77.159 - - [15/Aug/2025:14:35:49 -0300] "GET /wp-content/plugins/elementor-pro/assets/css/widget-posts.min.css?ver=3.26.3 HTTP/1.1" 200 16983 "https://blog.komforthouse.com.br/a-psicologia-das-cores-para-sofas/" "Mozilla/5.0 (Linux; Android 10; K) AppleWebKit/537.36 (KHTML, like Gecko) Chrome/139.0.0.0 Mobile Safari/537.36"
181.218.77.159 - - [15/Aug/2025:14:35:49 -0300] "GET /wp-content/plugins/elementor/assets/css/widget-social-icons.min.css?ver=3.26.4 HTTP/1.1" 200 5150 "https://blog.komforthouse.com.br/a-psicologia-das-cores-para-sofas/" "Mozilla/5.0 (Linux; Android 10; K) AppleWebKit/537.36 (KHTML, like Gecko) Chrome/139.0.0.0 Mobile Safari/537.36"
181.218.77.159 - - [15/Aug/2025:14:35:49 -0300] "GET /wp-content/plugins/elementor/assets/css/conditionals/apple-webkit.min.css?ver=3.26.4 HTTP/1.1" 200 7025 "https://blog.komforthouse.com.br/a-psicologia-das-cores-para-sofas/" "Mozilla/5.0 (Linux; Android 10; K) AppleWebKit/537.36 (KHTML, like Gecko) Chrome/139.0.0.0 Mobile Safari/537.36"
181.218.77.159 - - [15/Aug/2025:14:35:49 -0300] "GET /wp-content/plugins/elementor-pro/assets/css/conditionals/popup.min.css?ver=3.26.3 HTTP/1.1" 200 995 "https://blog.komforthouse.com.br/a-psicologia-das-cores-para-sofas/" "Mozilla/5.0 (Linux; Android 10; K) AppleWebKit/537.36 (KHTML, like Gecko) Chrome/139.0.0.0 Mobile Safari/537.36"
181.218.77.159 - - [15/Aug/2025:14:35:49 -0300] "GET /wp-content/uploads/elementor/css/post-1283.css?ver=1736279802 HTTP/1.1" 200 13014 "https://blog.komforthouse.com.br/a-psicologia-das-cores-para-sofas/" "Mozilla/5.0 (Linux; Android 10; K) AppleWebKit/537.36 (KHTML, like Gecko) Chrome/139.0.0.0 Mobile Safari/537.36"
181.218.77.159 - - [15/Aug/2025:14:35:49 -0300] "GET /wp-content/uploads/elementor/css/post-1334.css?ver=1736279802 HTTP/1.1" 200 16917 "https://blog.komforthouse.com.br/a-psicologia-das-cores-para-sofas/" "Mozilla/5.0 (Linux; Android 10; K) AppleWebKit/537.36 (KHTML, like Gecko) Chrome/139.0.0.0 Mobile Safari/537.36"
181.218.77.159 - - [15/Aug/2025:14:35:50 -0300] "GET /wp-content/uploads/elementor/css/post-1473.css?ver=1737152742 HTTP/1.1" 200 11104 "https://blog.komforthouse.com.br/a-psicologia-das-cores-para-sofas/" "Mozilla/5.0 (Linux; Android 10; K) AppleWebKit/537.36 (KHTML, like Gecko) Chrome/139.0.0.0 Mobile Safari/537.36"
181.218.77.159 - - [15/Aug/2025:14:35:50 -0300] "GET /wp-content/uploads/elementor/css/post-1681.css?ver=1736279802 HTTP/1.1" 200 3790 "https://blog.komforthouse.com.br/a-psicologia-das-cores-para-sofas/" "Mozilla/5.0 (Linux; Android 10; K) AppleWebKit/537.36 (KHTML, like Gecko) Chrome/139.0.0.0 Mobile Safari/537.36"
181.218.77.159 - - [15/Aug/2025:14:35:50 -0300] "GET /wp-includes/js/jquery/jquery-migrate.min.js?ver=3.4.1 HTTP/1.1" 200 13577 "https://blog.komforthouse.com.br/a-psicologia-das-cores-para-sofas/" "Mozilla/5.0 (Linux; Android 10; K) AppleWebKit/537.36 (KHTML, like Gecko) Chrome/139.0.0.0 Mobile Safari/537.36"
181.218.77.159 - - [15/Aug/2025:14:35:50 -0300] "GET /wp-content/uploads/2024/06/komfort-house-logo.png HTTP/1.1" 200 23742 "https://blog.komforthouse.com.br/a-psicologia-das-cores-para-sofas/" "Mozilla/5.0 (Linux; Android 10; K) AppleWebKit/537.36 (KHTML, like Gecko) Chrome/139.0.0.0 Mobile Safari/537.36"
181.218.77.159 - - [15/Aug/2025:14:35:50 -0300] "GET /wp-includes/js/jquery/jquery.min.js?ver=3.7.1 HTTP/1.1" 200 87553 "https://blog.komforthouse.com.br/a-psicologia-das-cores-para-sofas/" "Mozilla/5.0 (Linux; Android 10; K) AppleWebKit/537.36 (KHTML, like Gecko) Chrome/139.0.0.0 Mobile Safari/537.36"
181.218.77.159 - - [15/Aug/2025:14:35:50 -0300] "GET /wp-content/uploads/2024/06/logo-komfort-house-sofas-branco-1536x367.png HTTP/1.1" 200 41654 "https://blog.komforthouse.com.br/a-psicologia-das-cores-para-sofas/" "Mozilla/5.0 (Linux; Android 10; K) AppleWebKit/537.36 (KHTML, like Gecko) Chrome/139.0.0.0 Mobile Safari/537.36"
181.218.77.159 - - [15/Aug/2025:14:35:50 -0300] "GET /wp-content/themes/hello-elementor/assets/js/hello-frontend.min.js?ver=3.2.1 HTTP/1.1" 200 1936 "https://blog.komforthouse.com.br/a-psicologia-das-cores-para-sofas/" "Mozilla/5.0 (Linux; Android 10; K) AppleWebKit/537.36 (KHTML, like Gecko) Chrome/139.0.0.0 Mobile Safari/537.36"
181.218.77.159 - - [15/Aug/2025:14:35:50 -0300] "GET /wp-content/uploads/2025/01/Moscou-1.jpg HTTP/1.1" 200 180871 "https://blog.komforthouse.com.br/a-psicologia-das-cores-para-sofas/" "Mozilla/5.0 (Linux; Android 10; K) AppleWebKit/537.36 (KHTML, like Gecko) Chrome/139.0.0.0 Mobile Safari/537.36"
181.218.77.159 - - [15/Aug/2025:14:35:50 -0300] "GET /wp-includes/js/imagesloaded.min.js?ver=5.0.0 HTTP/1.1" 200 5520 "https://blog.komforthouse.com.br/a-psicologia-das-cores-para-sofas/" "Mozilla/5.0 (Linux; Android 10; K) AppleWebKit/537.36 (KHTML, like Gecko) Chrome/139.0.0.0 Mobile Safari/537.36"
181.218.77.159 - - [15/Aug/2025:14:35:50 -0300] "GET /wp-content/plugins/elementor-pro/assets/lib/smartmenus/jquery.smartmenus.min.js?ver=1.2.1 HTTP/1.1" 200 24109 "https://blog.komforthouse.com.br/a-psicologia-das-cores-para-sofas/" "Mozilla/5.0 (Linux; Android 10; K) AppleWebKit/537.36 (KHTML, like Gecko) Chrome/139.0.0.0 Mobile Safari/537.36"
181.218.77.159 - - [15/Aug/2025:14:35:50 -0300] "GET /wp-content/plugins/elementor-pro/assets/js/webpack-pro.runtime.min.js?ver=3.26.3 HTTP/1.1" 200 6263 "https://blog.komforthouse.com.br/a-psicologia-das-cores-para-sofas/" "Mozilla/5.0 (Linux; Android 10; K) AppleWebKit/537.36 (KHTML, like Gecko) Chrome/139.0.0.0 Mobile Safari/537.36"
181.218.77.159 - - [15/Aug/2025:14:35:50 -0300] "GET /wp-content/plugins/elementor/assets/js/webpack.runtime.min.js?ver=3.26.4 HTTP/1.1" 200 5326 "https://blog.komforthouse.com.br/a-psicologia-das-cores-para-sofas/" "Mozilla/5.0 (Linux; Android 10; K) AppleWebKit/537.36 (KHTML, like Gecko) Chrome/139.0.0.0 Mobile Safari/537.36"
181.218.77.159 - - [15/Aug/2025:14:35:51 -0300] "GET /wp-includes/js/dist/hooks.min.js?ver=4d63a3d491d11ffd8ac6 HTTP/1.1" 200 4776 "https://blog.komforthouse.com.br/a-psicologia-das-cores-para-sofas/" "Mozilla/5.0 (Linux; Android 10; K) AppleWebKit/537.36 (KHTML, like Gecko) Chrome/139.0.0.0 Mobile Safari/537.36"
181.218.77.159 - - [15/Aug/2025:14:35:51 -0300] "GET /wp-content/uploads/2023/08/psicologia-das-cores-para-sofas.webp HTTP/1.1" 200 4914 "https://blog.komforthouse.com.br/a-psicologia-das-cores-para-sofas/" "Mozilla/5.0 (Linux; Android 10; K) AppleWebKit/537.36 (KHTML, like Gecko) Chrome/139.0.0.0 Mobile Safari/537.36"
181.218.77.159 - - [15/Aug/2025:14:35:50 -0300] "GET /wp-content/plugins/elementor/assets/js/frontend-modules.min.js?ver=3.26.4 HTTP/1.1" 200 52754 "https://blog.komforthouse.com.br/a-psicologia-das-cores-para-sofas/" "Mozilla/5.0 (Linux; Android 10; K) AppleWebKit/537.36 (KHTML, like Gecko) Chrome/139.0.0.0 Mobile Safari/537.36"
181.218.77.159 - - [15/Aug/2025:14:35:51 -0300] "GET /wp-content/plugins/elementor-pro/assets/js/frontend.min.js?ver=3.26.3 HTTP/1.1" 200 24210 "https://blog.komforthouse.com.br/a-psicologia-das-cores-para-sofas/" "Mozilla/5.0 (Linux; Android 10; K) AppleWebKit/537.36 (KHTML, like Gecko) Chrome/139.0.0.0 Mobile Safari/537.36"
181.218.77.159 - - [15/Aug/2025:14:35:51 -0300] "GET /wp-includes/js/dist/i18n.min.js?ver=5e580eb46a90c2b997e6 HTTP/1.1" 200 9141 "https://blog.komforthouse.com.br/a-psicologia-das-cores-para-sofas/" "Mozilla/5.0 (Linux; Android 10; K) AppleWebKit/537.36 (KHTML, like Gecko) Chrome/139.0.0.0 Mobile Safari/537.36"
181.218.77.159 - - [15/Aug/2025:14:35:51 -0300] "GET /wp-content/plugins/elementor-pro/assets/js/elements-handlers.min.js?ver=3.26.3 HTTP/1.1" 200 44624 "https://blog.komforthouse.com.br/a-psicologia-das-cores-para-sofas/" "Mozilla/5.0 (Linux; Android 10; K) AppleWebKit/537.36 (KHTML, like Gecko) Chrome/139.0.0.0 Mobile Safari/537.36"
181.218.77.159 - - [15/Aug/2025:14:35:51 -0300] "GET /wp-content/plugins/elementor/assets/js/frontend.min.js?ver=3.26.4 HTTP/1.1" 200 45428 "https://blog.komforthouse.com.br/a-psicologia-das-cores-para-sofas/" "Mozilla/5.0 (Linux; Android 10; K) AppleWebKit/537.36 (KHTML, like Gecko) Chrome/139.0.0.0 Mobile Safari/537.36"
181.218.77.159 - - [15/Aug/2025:14:35:52 -0300] "GET /wp-includes/js/jquery/ui/core.min.js?ver=1.13.3 HTTP/1.1" 200 21464 "https://blog.komforthouse.com.br/a-psicologia-das-cores-para-sofas/" "Mozilla/5.0 (Linux; Android 10; K) AppleWebKit/537.36 (KHTML, like Gecko) Chrome/139.0.0.0 Mobile Safari/537.36"
181.218.77.159 - - [15/Aug/2025:14:35:52 -0300] "GET /wp-includes/js/wp-emoji-release.min.js?ver=6.8.2 HTTP/1.1" 200 19251 "https://blog.komforthouse.com.br/a-psicologia-das-cores-para-sofas/" "Mozilla/5.0 (Linux; Android 10; K) AppleWebKit/537.36 (KHTML, like Gecko) Chrome/139.0.0.0 Mobile Safari/537.36"
181.218.77.159 - - [15/Aug/2025:14:35:52 -0300] "GET /wp-content/plugins/elementor/assets/lib/dialog/dialog.min.js?ver=4.9.3 HTTP/1.1" 200 11286 "https://blog.komforthouse.com.br/a-psicologia-das-cores-para-sofas/" "Mozilla/5.0 (Linux; Android 10; K) AppleWebKit/537.36 (KHTML, like Gecko) Chrome/139.0.0.0 Mobile Safari/537.36"
181.218.77.159 - - [15/Aug/2025:14:35:52 -0300] "GET /wp-content/plugins/elementor-pro/assets/js/nav-menu.a23fbd67486c5bedf26c.bundle.min.js HTTP/1.1" 200 5282 "https://blog.komforthouse.com.br/a-psicologia-das-cores-para-sofas/" "Mozilla/5.0 (Linux; Android 10; K) AppleWebKit/537.36 (KHTML, like Gecko) Chrome/139.0.0.0 Mobile Safari/537.36"
181.218.77.159 - - [15/Aug/2025:14:35:52 -0300] "GET /wp-content/plugins/elementor-pro/assets/js/progress-tracker.8cccdda9737c272489fc.bundle.min.js HTTP/1.1" 200 5237 "https://blog.komforthouse.com.br/a-psicologia-das-cores-para-sofas/" "Mozilla/5.0 (Linux; Android 10; K) AppleWebKit/537.36 (KHTML, like Gecko) Chrome/139.0.0.0 Mobile Safari/537.36"
181.218.77.159 - - [15/Aug/2025:14:35:52 -0300] "GET /wp-content/plugins/elementor/assets/js/image-carousel.78b881f3c7818111c2d7.bundle.min.js HTTP/1.1" 200 432 "https://blog.komforthouse.com.br/a-psicologia-das-cores-para-sofas/" "Mozilla/5.0 (Linux; Android 10; K) AppleWebKit/537.36 (KHTML, like Gecko) Chrome/139.0.0.0 Mobile Safari/537.36"
181.218.77.159 - - [15/Aug/2025:14:35:52 -0300] "GET /wp-content/plugins/elementor-pro/assets/js/load-more.8b46f464e573feab5dd7.bundle.min.js HTTP/1.1" 200 5346 "https://blog.komforthouse.com.br/a-psicologia-das-cores-para-sofas/" "Mozilla/5.0 (Linux; Android 10; K) AppleWebKit/537.36 (KHTML, like Gecko) Chrome/139.0.0.0 Mobile Safari/537.36"
181.218.77.159 - - [15/Aug/2025:14:35:52 -0300] "GET /wp-content/plugins/elementor-pro/assets/js/posts.aec59265318492b89cb5.bundle.min.js HTTP/1.1" 200 3317 "https://blog.komforthouse.com.br/a-psicologia-das-cores-para-sofas/" "Mozilla/5.0 (Linux; Android 10; K) AppleWebKit/537.36 (KHTML, like Gecko) Chrome/139.0.0.0 Mobile Safari/537.36"
181.218.77.159 - - [15/Aug/2025:14:35:52 -0300] "GET /wp-content/uploads/2024/05/cropped-komfort-house-sofas-1-180x180.png HTTP/1.1" 200 3406 "https://blog.komforthouse.com.br/a-psicologia-das-cores-para-sofas/" "Mozilla/5.0 (Linux; Android 10; K) AppleWebKit/537.36 (KHTML, like Gecko) Chrome/139.0.0.0 Mobile Safari/537.36"
181.218.77.159 - - [15/Aug/2025:14:35:52 -0300] "GET /wp-content/uploads/2024/05/cropped-komfort-house-sofas-1-192x192.png HTTP/1.1" 200 3681 "https://blog.komforthouse.com.br/a-psicologia-das-cores-para-sofas/" "Mozilla/5.0 (Linux; Android 10; K) AppleWebKit/537.36 (KHTML, like Gecko) Chrome/139.0.0.0 Mobile Safari/537.36"
196.251.112.104 - - [15/Aug/2025:14:37:35 -0300] "POST /wp-login.php HTTP/1.1" 200 9733 "-" "Mozilla/5.0"
162.214.27.60 - - [15/Aug/2025:14:37:36 -0300] "POST /wp-cron.php?doing_wp_cron=1755279456.6329450607299804687500 HTTP/1.1" 200 - "-" "WordPress/6.8.2; https://blog.komforthouse.com.br"
162.214.27.60 - - [15/Aug/2025:14:37:37 -0300] "POST /wp-admin/admin-ajax.php?action=async_litespeed&nonce=QDvLUGHJVMZEEGXgGt72dNn1fe9iwKRB&litespeed_type=imgoptm HTTP/1.1" 200 1 "-" "WordPress/6.8.2; https://blog.komforthouse.com.br"
196.251.69.55 - - [15/Aug/2025:14:41:18 -0300] "POST /wp-login.php HTTP/1.1" 200 9733 "-" "Mozilla/5.0"
162.214.27.60 - - [15/Aug/2025:14:41:20 -0300] "POST /wp-admin/admin-ajax.php?action=async_litespeed&nonce=xXQQgMGzMjltQuINcyI6htGn5WiRorYT&litespeed_type=imgoptm HTTP/1.1" 200 1 "-" "WordPress/6.8.2; https://blog.komforthouse.com.br"
162.214.27.60 - - [15/Aug/2025:14:41:19 -0300] "POST /wp-cron.php?doing_wp_cron=1755279679.8547949790954589843750 HTTP/1.1" 200 - "-" "WordPress/6.8.2; https://blog.komforthouse.com.br"
162.214.27.60 - - [15/Aug/2025:14:44:09 -0300] "POST /wp-cron.php?doing_wp_cron=1755279849.9363119602203369140625 HTTP/1.1" 200 - "-" "WordPress/6.8.2; https://blog.komforthouse.com.br"
201.46.24.149 - - [15/Aug/2025:14:44:09 -0300] "GET /como-eliminar-acaros-dos-sofas/ HTTP/1.1" 200 91644 "https://blog.komforthouse.com.br/" "Mozilla/5.0 (Windows NT 10.0; Win64; x64) AppleWebKit/537.36 (KHTML, like Gecko) Chrome/138.0.0.0 Safari/537.36"
201.46.24.149 - - [15/Aug/2025:14:44:12 -0300] "GET /wp-content/plugins/elementor-pro/assets/css/widget-progress-tracker.min.css?ver=3.26.3 HTTP/1.1" 200 2844 "https://blog.komforthouse.com.br/como-eliminar-acaros-dos-sofas/" "Mozilla/5.0 (Windows NT 10.0; Win64; x64) AppleWebKit/537.36 (KHTML, like Gecko) Chrome/138.0.0.0 Safari/537.36"
162.214.27.60 - - [15/Aug/2025:14:44:10 -0300] "POST /wp-admin/admin-ajax.php?action=async_litespeed&nonce=YQa2YsQ5E1cEc1bJrbumhGxQx9kkFdzA&litespeed_type=imgoptm HTTP/1.1" 200 1 "-" "WordPress/6.8.2; https://blog.komforthouse.com.br"
201.46.24.149 - - [15/Aug/2025:14:44:12 -0300] "GET /wp-content/plugins/elementor/assets/css/widget-social-icons.min.css?ver=3.26.4 HTTP/1.1" 200 5150 "https://blog.komforthouse.com.br/como-eliminar-acaros-dos-sofas/" "Mozilla/5.0 (Windows NT 10.0; Win64; x64) AppleWebKit/537.36 (KHTML, like Gecko) Chrome/138.0.0.0 Safari/537.36"
201.46.24.149 - - [15/Aug/2025:14:44:12 -0300] "GET /wp-content/uploads/elementor/css/post-1473.css?ver=1737152742 HTTP/1.1" 200 11104 "https://blog.komforthouse.com.br/como-eliminar-acaros-dos-sofas/" "Mozilla/5.0 (Windows NT 10.0; Win64; x64) AppleWebKit/537.36 (KHTML, like Gecko) Chrome/138.0.0.0 Safari/537.36"
201.46.24.149 - - [15/Aug/2025:14:44:12 -0300] "GET /wp-content/plugins/elementor/assets/css/conditionals/apple-webkit.min.css?ver=3.26.4 HTTP/1.1" 200 7025 "https://blog.komforthouse.com.br/como-eliminar-acaros-dos-sofas/" "Mozilla/5.0 (Windows NT 10.0; Win64; x64) AppleWebKit/537.36 (KHTML, like Gecko) Chrome/138.0.0.0 Safari/537.36"
201.46.24.149 - - [15/Aug/2025:14:44:12 -0300] "GET /wp-includes/css/dist/block-library/style.min.css?ver=6.8.2 HTTP/1.1" 200 116345 "https://blog.komforthouse.com.br/como-eliminar-acaros-dos-sofas/" "Mozilla/5.0 (Windows NT 10.0; Win64; x64) AppleWebKit/537.36 (KHTML, like Gecko) Chrome/138.0.0.0 Safari/537.36"
201.46.24.149 - - [15/Aug/2025:14:44:13 -0300] "GET /wp-content/plugins/elementor-pro/assets/js/progress-tracker.8cccdda9737c272489fc.bundle.min.js HTTP/1.1" 200 5237 "https://blog.komforthouse.com.br/como-eliminar-acaros-dos-sofas/" "Mozilla/5.0 (Windows NT 10.0; Win64; x64) AppleWebKit/537.36 (KHTML, like Gecko) Chrome/138.0.0.0 Safari/537.36"
201.46.24.149 - - [15/Aug/2025:14:45:37 -0300] "GET /category/sofas/ HTTP/1.1" 200 96547 "https://blog.komforthouse.com.br/como-eliminar-acaros-dos-sofas/" "Mozilla/5.0 (Windows NT 10.0; Win64; x64) AppleWebKit/537.36 (KHTML, like Gecko) Chrome/138.0.0.0 Safari/537.36"
201.46.24.149 - - [15/Aug/2025:14:45:40 -0300] "GET /wp-content/plugins/elementor-pro/assets/css/widget-search-form.min.css?ver=3.26.3 HTTP/1.1" 200 4827 "https://blog.komforthouse.com.br/category/sofas/" "Mozilla/5.0 (Windows NT 10.0; Win64; x64) AppleWebKit/537.36 (KHTML, like Gecko) Chrome/138.0.0.0 Safari/537.36"
201.46.24.149 - - [15/Aug/2025:14:45:40 -0300] "GET /wp-content/uploads/elementor/css/post-1591.css?ver=1736305139 HTTP/1.1" 200 19506 "https://blog.komforthouse.com.br/category/sofas/" "Mozilla/5.0 (Windows NT 10.0; Win64; x64) AppleWebKit/537.36 (KHTML, like Gecko) Chrome/138.0.0.0 Safari/537.36"
162.214.27.60 - - [15/Aug/2025:14:45:38 -0300] "POST /wp-cron.php?doing_wp_cron=1755279938.5912868976593017578125 HTTP/1.1" 200 - "-" "WordPress/6.8.2; https://blog.komforthouse.com.br"
162.214.27.60 - - [15/Aug/2025:14:45:40 -0300] "POST /wp-admin/admin-ajax.php?action=async_litespeed&nonce=4wx7XV9Uqb7yFYeId47JWiAGe62JbUay&litespeed_type=imgoptm HTTP/1.1" 200 1 "-" "WordPress/6.8.2; https://blog.komforthouse.com.br"
201.46.24.149 - - [15/Aug/2025:14:45:41 -0300] "GET /wp-content/plugins/elementor-pro/assets/js/archive-posts.16a93245d08246e5e540.bundle.min.js HTTP/1.1" 200 8106 "https://blog.komforthouse.com.br/category/sofas/" "Mozilla/5.0 (Windows NT 10.0; Win64; x64) AppleWebKit/537.36 (KHTML, like Gecko) Chrome/138.0.0.0 Safari/537.36"
201.46.24.149 - - [15/Aug/2025:14:45:41 -0300] "GET /wp-content/plugins/elementor-pro/assets/js/search-form.b7065999d77832a1b764.bundle.min.js HTTP/1.1" 200 2124 "https://blog.komforthouse.com.br/category/sofas/" "Mozilla/5.0 (Windows NT 10.0; Win64; x64) AppleWebKit/537.36 (KHTML, like Gecko) Chrome/138.0.0.0 Safari/537.36"
50.116.42.210 - - [15/Aug/2025:14:45:40 -0300] "GET /wp-json/wp/v2/posts/?per_page=50 HTTP/1.0" 200 315210 "-" "Mozilla/5.0 (compatible; Googlebot/2.1; +http://www.google.com/bot.html)"
201.46.24.149 - - [15/Aug/2025:14:45:41 -0300] "GET /wp-content/uploads/2024/09/colchao-black-friday-4.png HTTP/1.1" 200 1905350 "https://blog.komforthouse.com.br/category/sofas/" "Mozilla/5.0 (Windows NT 10.0; Win64; x64) AppleWebKit/537.36 (KHTML, like Gecko) Chrome/138.0.0.0 Safari/537.36"
201.46.24.149 - - [15/Aug/2025:14:45:41 -0300] "GET /wp-content/uploads/2024/09/colchao-black-friday-2.png HTTP/1.1" 200 1879999 "https://blog.komforthouse.com.br/category/sofas/" "Mozilla/5.0 (Windows NT 10.0; Win64; x64) AppleWebKit/537.36 (KHTML, like Gecko) Chrome/138.0.0.0 Safari/537.36"
201.46.24.149 - - [15/Aug/2025:14:45:41 -0300] "GET /wp-content/uploads/2024/09/colchao-black-friday-3.png HTTP/1.1" 200 1704551 "https://blog.komforthouse.com.br/category/sofas/" "Mozilla/5.0 (Windows NT 10.0; Win64; x64) AppleWebKit/537.36 (KHTML, like Gecko) Chrome/138.0.0.0 Safari/537.36"
201.46.24.149 - - [15/Aug/2025:14:45:41 -0300] "GET /wp-content/uploads/2024/09/colchao-black-friday-1.png HTTP/1.1" 200 2003953 "https://blog.komforthouse.com.br/category/sofas/" "Mozilla/5.0 (Windows NT 10.0; Win64; x64) AppleWebKit/537.36 (KHTML, like Gecko) Chrome/138.0.0.0 Safari/537.36"
162.214.27.60 - - [15/Aug/2025:14:45:52 -0300] "POST /wp-cron.php?doing_wp_cron=1755279952.8038320541381835937500 HTTP/1.1" 200 - "-" "WordPress/6.8.2; https://blog.komforthouse.com.br"
201.46.24.149 - - [15/Aug/2025:14:45:51 -0300] "GET /o-que-nao-fazer-na-decoracao-da-sua-sala/ HTTP/1.1" 200 88956 "https://blog.komforthouse.com.br/category/sofas/" "Mozilla/5.0 (Windows NT 10.0; Win64; x64) AppleWebKit/537.36 (KHTML, like Gecko) Chrome/138.0.0.0 Safari/537.36"
162.214.27.60 - - [15/Aug/2025:14:45:53 -0300] "POST /wp-admin/admin-ajax.php?action=async_litespeed&nonce=Otv7HoLCuVDY5QXMlubbG5gBMZaAMg2B&litespeed_type=imgoptm HTTP/1.1" 200 1 "-" "WordPress/6.8.2; https://blog.komforthouse.com.br"
162.214.27.60 - - [15/Aug/2025:14:48:35 -0300] "POST /wp-cron.php?doing_wp_cron=1755280115.8234999179840087890625 HTTP/1.1" 200 - "-" "WordPress/6.8.2; https://blog.komforthouse.com.br"
162.214.27.60 - - [15/Aug/2025:14:48:36 -0300] "POST /wp-admin/admin-ajax.php?action=async_litespeed&nonce=8jisQLjVLgEFXmtCaHOJGG35rKK1IsYd&litespeed_type=imgoptm HTTP/1.1" 200 1 "-" "WordPress/6.8.2; https://blog.komforthouse.com.br"
34.233.219.155 - - [15/Aug/2025:14:48:35 -0300] "GET / HTTP/1.1" 200 127418 "-" "Mozilla/5.0 AppleWebKit/537.36 (KHTML, like Gecko; compatible; Amazonbot/0.1; +https://developer.amazon.com/support/amazonbot) Chrome/119.0.6045.214 Safari/537.36"
196.251.69.55 - - [15/Aug/2025:14:52:28 -0300] "POST /wp-login.php HTTP/1.1" 200 9733 "-" "Mozilla/5.0"
162.214.27.60 - - [15/Aug/2025:14:52:29 -0300] "POST /wp-cron.php?doing_wp_cron=1755280349.0870749950408935546875 HTTP/1.1" 200 - "-" "WordPress/6.8.2; https://blog.komforthouse.com.br"
162.214.27.60 - - [15/Aug/2025:14:52:30 -0300] "POST /wp-admin/admin-ajax.php?action=async_litespeed&nonce=UmhTNYPS35TpXc2UAbCz7YGeGwdDNR2A&litespeed_type=imgoptm HTTP/1.1" 200 1 "-" "WordPress/6.8.2; https://blog.komforthouse.com.br"
162.214.27.60 - - [15/Aug/2025:14:52:46 -0300] "POST /wp-cron.php?doing_wp_cron=1755280366.7138729095458984375000 HTTP/1.1" 200 - "-" "WordPress/6.8.2; https://blog.komforthouse.com.br"
162.214.27.60 - - [15/Aug/2025:14:52:47 -0300] "POST /wp-admin/admin-ajax.php?action=async_litespeed&nonce=QmpwNdKmxKnz739gtyW2vQQbGtAtxN9u&litespeed_type=imgoptm HTTP/1.1" 200 1 "-" "WordPress/6.8.2; https://blog.komforthouse.com.br"
201.46.24.149 - - [15/Aug/2025:14:52:45 -0300] "GET /category/sala-de-estar/ HTTP/1.1" 200 95207 "https://blog.komforthouse.com.br/o-que-nao-fazer-na-decoracao-da-sua-sala/" "Mozilla/5.0 (Windows NT 10.0; Win64; x64) AppleWebKit/537.36 (KHTML, like Gecko) Chrome/138.0.0.0 Safari/537.36"
201.46.24.149 - - [15/Aug/2025:14:52:49 -0300] "GET /wp-content/uploads/2023/08/Sofas-3-lugares-em-um-apartamento-e1723408420633.webp HTTP/1.1" 200 31112 "https://blog.komforthouse.com.br/category/sala-de-estar/" "Mozilla/5.0 (Windows NT 10.0; Win64; x64) AppleWebKit/537.36 (KHTML, like Gecko) Chrome/138.0.0.0 Safari/537.36"
201.46.24.149 - - [15/Aug/2025:14:52:49 -0300] "GET /wp-content/uploads/2024/06/categorias-sofas-1-e1723405682916.jpg HTTP/1.1" 200 64643 "https://blog.komforthouse.com.br/category/sala-de-estar/" "Mozilla/5.0 (Windows NT 10.0; Win64; x64) AppleWebKit/537.36 (KHTML, like Gecko) Chrome/138.0.0.0 Safari/537.36"
201.46.24.149 - - [15/Aug/2025:14:52:49 -0300] "GET /wp-content/uploads/2023/09/sofa-3-lugares-como-escolher-um-sofa-perfeito-e1723407715801.webp HTTP/1.1" 200 42654 "https://blog.komforthouse.com.br/category/sala-de-estar/" "Mozilla/5.0 (Windows NT 10.0; Win64; x64) AppleWebKit/537.36 (KHTML, like Gecko) Chrome/138.0.0.0 Safari/537.36"
201.46.24.149 - - [15/Aug/2025:14:53:34 -0300] "GET /quer-comprar-um-sofa-novo-mas-nao-sabe-por-onde-comecar/ HTTP/1.1" 200 92237 "https://blog.komforthouse.com.br/category/sala-de-estar/" "Mozilla/5.0 (Windows NT 10.0; Win64; x64) AppleWebKit/537.36 (KHTML, like Gecko) Chrome/138.0.0.0 Safari/537.36"
201.46.24.149 - - [15/Aug/2025:14:53:37 -0300] "GET /wp-content/uploads/2024/11/image6-1536x1024.jpg HTTP/1.1" 200 184783 "https://blog.komforthouse.com.br/quer-comprar-um-sofa-novo-mas-nao-sabe-por-onde-comecar/" "Mozilla/5.0 (Windows NT 10.0; Win64; x64) AppleWebKit/537.36 (KHTML, like Gecko) Chrome/138.0.0.0 Safari/537.36"
196.251.112.104 - - [15/Aug/2025:14:54:56 -0300] "POST /wp-login.php HTTP/1.1" 200 9733 "-" "Mozilla/5.0"
162.214.27.60 - - [15/Aug/2025:14:54:57 -0300] "POST /wp-admin/admin-ajax.php?action=async_litespeed&nonce=YTgV0mr7xCxSSgePqfUOeHyorGg7QPYj&litespeed_type=imgoptm HTTP/1.1" 200 1 "-" "WordPress/6.8.2; https://blog.komforthouse.com.br"
162.214.27.60 - - [15/Aug/2025:14:54:57 -0300] "POST /wp-cron.php?doing_wp_cron=1755280497.0481200218200683593750 HTTP/1.1" 200 - "-" "WordPress/6.8.2; https://blog.komforthouse.com.br"
54.36.148.163 - - [15/Aug/2025:14:57:33 -0300] "GET /robots.txt HTTP/1.1" 200 128 "-" "Mozilla/5.0 (compatible; AhrefsBot/7.0; +http://ahrefs.com/robot/)"
162.214.27.60 - - [15/Aug/2025:14:57:34 -0300] "POST /wp-admin/admin-ajax.php?action=async_litespeed&nonce=r4cyZCkEqzsp9PtRb9KvQ2YUdaQzeq4G&litespeed_type=imgoptm HTTP/1.1" 200 1 "-" "WordPress/6.8.2; https://blog.komforthouse.com.br"
162.214.27.60 - - [15/Aug/2025:14:57:34 -0300] "POST /wp-cron.php?doing_wp_cron=1755280654.0790081024169921875000 HTTP/1.1" 200 - "-" "WordPress/6.8.2; https://blog.komforthouse.com.br"
51.222.253.7 - - [15/Aug/2025:14:57:36 -0300] "GET / HTTP/1.1" 200 127418 "-" "Mozilla/5.0 (compatible; AhrefsBot/7.0; +http://ahrefs.com/robot/)"
162.214.27.60 - - [15/Aug/2025:14:59:55 -0300] "POST /wp-cron.php?doing_wp_cron=1755280795.4331259727478027343750 HTTP/1.1" 200 - "-" "WordPress/6.8.2; https://blog.komforthouse.com.br"
162.120.186.81 - - [15/Aug/2025:14:59:54 -0300] "GET /cores-tendencia-para-sofa-em-2025/ HTTP/1.1" 200 90591 "-" "Mozilla/5.0 (Linux; Android 10; K) AppleWebKit/537.36 (KHTML, like Gecko) Chrome/139.0.0.0 Mobile Safari/537.36"
162.214.27.60 - - [15/Aug/2025:14:59:56 -0300] "POST /wp-admin/admin-ajax.php?action=async_litespeed&nonce=YGfRnlBEEmhGAtea5u7bDrBtHzuovk67&litespeed_type=imgoptm HTTP/1.1" 200 1 "-" "WordPress/6.8.2; https://blog.komforthouse.com.br"
201.46.24.149 - - [15/Aug/2025:15:00:05 -0300] "GET / HTTP/1.1" 200 127418 "https://www.komforthouse.com.br/" "Mozilla/5.0 (Windows NT 10.0; Win64; x64) AppleWebKit/537.36 (KHTML, like Gecko) Chrome/138.0.0.0 Safari/537.36"
162.214.27.60 - - [15/Aug/2025:15:02:36 -0300] "POST /wp-admin/admin-ajax.php?action=async_litespeed&nonce=X9iyO0TzHnb6F7jAkhaLKEuryKUOwFUp&litespeed_type=imgoptm HTTP/1.1" 200 1 "-" "WordPress/6.8.2; https://blog.komforthouse.com.br"
162.214.27.60 - - [15/Aug/2025:15:02:35 -0300] "POST /wp-cron.php?doing_wp_cron=1755280955.2715480327606201171875 HTTP/1.1" 200 - "-" "WordPress/6.8.2; https://blog.komforthouse.com.br"
18.215.112.101 - - [15/Aug/2025:15:02:34 -0300] "GET / HTTP/1.1" 200 127418 "-" "Mozilla/5.0 AppleWebKit/537.36 (KHTML, like Gecko; compatible; Amazonbot/0.1; +https://developer.amazon.com/support/amazonbot) Chrome/119.0.6045.214 Safari/537.36"
196.251.69.55 - - [15/Aug/2025:15:03:40 -0300] "POST /wp-login.php HTTP/1.1" 200 9733 "-" "Mozilla/5.0"
162.214.27.60 - - [15/Aug/2025:15:03:41 -0300] "POST /wp-admin/admin-ajax.php?action=async_litespeed&nonce=q5sKijI3vd56ZECzcOoc8u9xlRRDRoOr&litespeed_type=imgoptm HTTP/1.1" 200 1 "-" "WordPress/6.8.2; https://blog.komforthouse.com.br"
162.214.27.60 - - [15/Aug/2025:15:03:41 -0300] "POST /wp-cron.php?doing_wp_cron=1755281021.1264169216156005859375 HTTP/1.1" 200 - "-" "WordPress/6.8.2; https://blog.komforthouse.com.br"
191.178.174.54 - - [15/Aug/2025:15:04:59 -0300] "GET /wp-content/uploads/2024/11/image3.jpg HTTP/1.1" 200 282326 "https://www.google.com/" "Mozilla/5.0 (iPhone; CPU iPhone OS 18_5 like Mac OS X) AppleWebKit/605.1.15 (KHTML, like Gecko) Version/18.5 Mobile/15E148 Safari/604.1"
191.178.174.54 - - [15/Aug/2025:15:05:03 -0300] "GET /cores-tendencia-para-sofa-em-2025/ HTTP/1.1" 200 90591 "https://www.google.com/" "Mozilla/5.0 (iPhone; CPU iPhone OS 18_5 like Mac OS X) AppleWebKit/605.1.15 (KHTML, like Gecko) Version/18.5 Mobile/15E148 Safari/604.1"
162.214.27.60 - - [15/Aug/2025:15:05:04 -0300] "POST /wp-cron.php?doing_wp_cron=1755281104.5357871055603027343750 HTTP/1.1" 200 - "-" "WordPress/6.8.2; https://blog.komforthouse.com.br"
162.214.27.60 - - [15/Aug/2025:15:05:05 -0300] "POST /wp-admin/admin-ajax.php?action=async_litespeed&nonce=LoC3gFuYmXR26xvAD33Sg08ZONXBMlkl&litespeed_type=imgoptm HTTP/1.1" 200 1 "-" "WordPress/6.8.2; https://blog.komforthouse.com.br"
45.79.205.118 - - [15/Aug/2025:15:05:05 -0300] "GET /wp-json/wp/v2/posts/?per_page=50 HTTP/1.0" 200 315210 "-" "Mozilla/5.0 (compatible; Googlebot/2.1; +http://www.google.com/bot.html)"
191.178.174.54 - - [15/Aug/2025:15:05:06 -0300] "GET /cores-tendencia-para-sofa-em-2025/ HTTP/1.1" 200 90591 "https://www.google.com/" "Mozilla/5.0 (iPhone; CPU iPhone OS 18_5 like Mac OS X) AppleWebKit/605.1.15 (KHTML, like Gecko) Version/18.5 Mobile/15E148 Safari/604.1"
191.178.174.54 - - [15/Aug/2025:15:05:09 -0300] "GET /wp-content/themes/hello-elementor/theme.min.css?ver=3.2.1 HTTP/1.1" 200 5069 "https://blog.komforthouse.com.br/" "Mozilla/5.0 (iPhone; CPU iPhone OS 18_5 like Mac OS X) AppleWebKit/605.1.15 (KHTML, like Gecko) Version/18.5 Mobile/15E148 Safari/604.1"
191.178.174.54 - - [15/Aug/2025:15:05:09 -0300] "GET /wp-content/themes/hello-elementor/header-footer.min.css?ver=3.2.1 HTTP/1.1" 200 7212 "https://blog.komforthouse.com.br/" "Mozilla/5.0 (iPhone; CPU iPhone OS 18_5 like Mac OS X) AppleWebKit/605.1.15 (KHTML, like Gecko) Version/18.5 Mobile/15E148 Safari/604.1"
191.178.174.54 - - [15/Aug/2025:15:05:09 -0300] "GET /wp-content/themes/hello-elementor/style.min.css?ver=3.2.1 HTTP/1.1" 200 5501 "https://blog.komforthouse.com.br/" "Mozilla/5.0 (iPhone; CPU iPhone OS 18_5 like Mac OS X) AppleWebKit/605.1.15 (KHTML, like Gecko) Version/18.5 Mobile/15E148 Safari/604.1"
191.178.174.54 - - [15/Aug/2025:15:05:09 -0300] "GET /wp-content/uploads/elementor/css/post-1256.css?ver=1736279802 HTTP/1.1" 200 2099 "https://blog.komforthouse.com.br/" "Mozilla/5.0 (iPhone; CPU iPhone OS 18_5 like Mac OS X) AppleWebKit/605.1.15 (KHTML, like Gecko) Version/18.5 Mobile/15E148 Safari/604.1"
191.178.174.54 - - [15/Aug/2025:15:05:09 -0300] "GET /wp-includes/css/dist/block-library/style.min.css?ver=6.8.2 HTTP/1.1" 200 116345 "https://blog.komforthouse.com.br/" "Mozilla/5.0 (iPhone; CPU iPhone OS 18_5 like Mac OS X) AppleWebKit/605.1.15 (KHTML, like Gecko) Version/18.5 Mobile/15E148 Safari/604.1"
191.178.174.54 - - [15/Aug/2025:15:05:09 -0300] "GET /wp-content/plugins/elementor/assets/css/widget-image.min.css?ver=3.26.4 HTTP/1.1" 200 254 "https://blog.komforthouse.com.br/" "Mozilla/5.0 (iPhone; CPU iPhone OS 18_5 like Mac OS X) AppleWebKit/605.1.15 (KHTML, like Gecko) Version/18.5 Mobile/15E148 Safari/604.1"
191.178.174.54 - - [15/Aug/2025:15:05:09 -0300] "GET /wp-content/plugins/elementor/assets/lib/animations/styles/e-animation-pulse.min.css?ver=3.26.4 HTTP/1.1" 200 318 "https://blog.komforthouse.com.br/" "Mozilla/5.0 (iPhone; CPU iPhone OS 18_5 like Mac OS X) AppleWebKit/605.1.15 (KHTML, like Gecko) Version/18.5 Mobile/15E148 Safari/604.1"
191.178.174.54 - - [15/Aug/2025:15:05:09 -0300] "GET /wp-content/plugins/elementor/assets/css/widget-heading.min.css?ver=3.26.4 HTTP/1.1" 200 600 "https://blog.komforthouse.com.br/" "Mozilla/5.0 (iPhone; CPU iPhone OS 18_5 like Mac OS X) AppleWebKit/605.1.15 (KHTML, like Gecko) Version/18.5 Mobile/15E148 Safari/604.1"
191.178.174.54 - - [15/Aug/2025:15:05:09 -0300] "GET /wp-content/plugins/elementor-pro/assets/css/widget-progress-tracker.min.css?ver=3.26.3 HTTP/1.1" 200 2844 "https://blog.komforthouse.com.br/" "Mozilla/5.0 (iPhone; CPU iPhone OS 18_5 like Mac OS X) AppleWebKit/605.1.15 (KHTML, like Gecko) Version/18.5 Mobile/15E148 Safari/604.1"
191.178.174.54 - - [15/Aug/2025:15:05:09 -0300] "GET /wp-content/plugins/elementor/assets/css/widget-icon-list.min.css?ver=3.26.4 HTTP/1.1" 200 10310 "https://blog.komforthouse.com.br/" "Mozilla/5.0 (iPhone; CPU iPhone OS 18_5 like Mac OS X) AppleWebKit/605.1.15 (KHTML, like Gecko) Version/18.5 Mobile/15E148 Safari/604.1"
191.178.174.54 - - [15/Aug/2025:15:05:09 -0300] "GET /wp-content/plugins/elementor/assets/css/frontend.min.css?ver=3.26.4 HTTP/1.1" 200 53257 "https://blog.komforthouse.com.br/" "Mozilla/5.0 (iPhone; CPU iPhone OS 18_5 like Mac OS X) AppleWebKit/605.1.15 (KHTML, like Gecko) Version/18.5 Mobile/15E148 Safari/604.1"
191.178.174.54 - - [15/Aug/2025:15:05:09 -0300] "GET /wp-content/plugins/elementor-pro/assets/css/widget-nav-menu.min.css?ver=3.26.3 HTTP/1.1" 200 26859 "https://blog.komforthouse.com.br/" "Mozilla/5.0 (iPhone; CPU iPhone OS 18_5 like Mac OS X) AppleWebKit/605.1.15 (KHTML, like Gecko) Version/18.5 Mobile/15E148 Safari/604.1"
191.178.174.54 - - [15/Aug/2025:15:05:09 -0300] "GET /wp-content/plugins/elementor/assets/lib/swiper/v8/css/swiper.min.css?ver=8.4.5 HTTP/1.1" 200 16471 "https://blog.komforthouse.com.br/" "Mozilla/5.0 (iPhone; CPU iPhone OS 18_5 like Mac OS X) AppleWebKit/605.1.15 (KHTML, like Gecko) Version/18.5 Mobile/15E148 Safari/604.1"
191.178.174.54 - - [15/Aug/2025:15:05:09 -0300] "GET /wp-content/plugins/elementor/assets/css/conditionals/e-swiper.min.css?ver=3.26.4 HTTP/1.1" 200 5486 "https://blog.komforthouse.com.br/" "Mozilla/5.0 (iPhone; CPU iPhone OS 18_5 like Mac OS X) AppleWebKit/605.1.15 (KHTML, like Gecko) Version/18.5 Mobile/15E148 Safari/604.1"
191.178.174.54 - - [15/Aug/2025:15:05:09 -0300] "GET /wp-content/plugins/elementor/assets/lib/animations/styles/bounceIn.min.css?ver=3.26.4 HTTP/1.1" 200 367 "https://blog.komforthouse.com.br/" "Mozilla/5.0 (iPhone; CPU iPhone OS 18_5 like Mac OS X) AppleWebKit/605.1.15 (KHTML, like Gecko) Version/18.5 Mobile/15E148 Safari/604.1"
191.178.174.54 - - [15/Aug/2025:15:05:09 -0300] "GET /wp-content/plugins/elementor/assets/css/widget-image-carousel.min.css?ver=3.26.4 HTTP/1.1" 200 382 "https://blog.komforthouse.com.br/" "Mozilla/5.0 (iPhone; CPU iPhone OS 18_5 like Mac OS X) AppleWebKit/605.1.15 (KHTML, like Gecko) Version/18.5 Mobile/15E148 Safari/604.1"
191.178.174.54 - - [15/Aug/2025:15:05:09 -0300] "GET /wp-content/plugins/elementor-pro/assets/css/widget-posts.min.css?ver=3.26.3 HTTP/1.1" 200 16983 "https://blog.komforthouse.com.br/" "Mozilla/5.0 (iPhone; CPU iPhone OS 18_5 like Mac OS X) AppleWebKit/605.1.15 (KHTML, like Gecko) Version/18.5 Mobile/15E148 Safari/604.1"
191.178.174.54 - - [15/Aug/2025:15:05:10 -0300] "GET /wp-content/plugins/elementor/assets/css/conditionals/apple-webkit.min.css?ver=3.26.4 HTTP/1.1" 200 7025 "https://blog.komforthouse.com.br/" "Mozilla/5.0 (iPhone; CPU iPhone OS 18_5 like Mac OS X) AppleWebKit/605.1.15 (KHTML, like Gecko) Version/18.5 Mobile/15E148 Safari/604.1"
191.178.174.54 - - [15/Aug/2025:15:05:10 -0300] "GET /wp-content/plugins/elementor-pro/assets/css/conditionals/popup.min.css?ver=3.26.3 HTTP/1.1" 200 995 "https://blog.komforthouse.com.br/" "Mozilla/5.0 (iPhone; CPU iPhone OS 18_5 like Mac OS X) AppleWebKit/605.1.15 (KHTML, like Gecko) Version/18.5 Mobile/15E148 Safari/604.1"
191.178.174.54 - - [15/Aug/2025:15:05:10 -0300] "GET /wp-content/uploads/elementor/css/post-1283.css?ver=1736279802 HTTP/1.1" 200 13014 "https://blog.komforthouse.com.br/" "Mozilla/5.0 (iPhone; CPU iPhone OS 18_5 like Mac OS X) AppleWebKit/605.1.15 (KHTML, like Gecko) Version/18.5 Mobile/15E148 Safari/604.1"
191.178.174.54 - - [15/Aug/2025:15:05:10 -0300] "GET /wp-content/plugins/elementor/assets/css/widget-social-icons.min.css?ver=3.26.4 HTTP/1.1" 200 5150 "https://blog.komforthouse.com.br/" "Mozilla/5.0 (iPhone; CPU iPhone OS 18_5 like Mac OS X) AppleWebKit/605.1.15 (KHTML, like Gecko) Version/18.5 Mobile/15E148 Safari/604.1"
191.178.174.54 - - [15/Aug/2025:15:05:10 -0300] "GET /wp-content/uploads/elementor/css/post-1334.css?ver=1736279802 HTTP/1.1" 200 16917 "https://blog.komforthouse.com.br/" "Mozilla/5.0 (iPhone; CPU iPhone OS 18_5 like Mac OS X) AppleWebKit/605.1.15 (KHTML, like Gecko) Version/18.5 Mobile/15E148 Safari/604.1"
191.178.174.54 - - [15/Aug/2025:15:05:10 -0300] "GET /wp-content/uploads/elementor/css/post-1473.css?ver=1737152742 HTTP/1.1" 200 11104 "https://blog.komforthouse.com.br/" "Mozilla/5.0 (iPhone; CPU iPhone OS 18_5 like Mac OS X) AppleWebKit/605.1.15 (KHTML, like Gecko) Version/18.5 Mobile/15E148 Safari/604.1"
191.178.174.54 - - [15/Aug/2025:15:05:10 -0300] "GET /wp-content/uploads/elementor/css/post-1681.css?ver=1736279802 HTTP/1.1" 200 3790 "https://blog.komforthouse.com.br/" "Mozilla/5.0 (iPhone; CPU iPhone OS 18_5 like Mac OS X) AppleWebKit/605.1.15 (KHTML, like Gecko) Version/18.5 Mobile/15E148 Safari/604.1"
191.178.174.54 - - [15/Aug/2025:15:05:10 -0300] "GET /wp-includes/js/jquery/jquery-migrate.min.js?ver=3.4.1 HTTP/1.1" 200 13577 "https://blog.komforthouse.com.br/" "Mozilla/5.0 (iPhone; CPU iPhone OS 18_5 like Mac OS X) AppleWebKit/605.1.15 (KHTML, like Gecko) Version/18.5 Mobile/15E148 Safari/604.1"
191.178.174.54 - - [15/Aug/2025:15:05:10 -0300] "GET /wp-content/uploads/2024/11/image5.png HTTP/1.1" 200 27647 "https://blog.komforthouse.com.br/" "Mozilla/5.0 (iPhone; CPU iPhone OS 18_5 like Mac OS X) AppleWebKit/605.1.15 (KHTML, like Gecko) Version/18.5 Mobile/15E148 Safari/604.1"
191.178.174.54 - - [15/Aug/2025:15:05:10 -0300] "GET /wp-content/themes/hello-elementor/assets/js/hello-frontend.min.js?ver=3.2.1 HTTP/1.1" 200 1936 "https://blog.komforthouse.com.br/" "Mozilla/5.0 (iPhone; CPU iPhone OS 18_5 like Mac OS X) AppleWebKit/605.1.15 (KHTML, like Gecko) Version/18.5 Mobile/15E148 Safari/604.1"
191.178.174.54 - - [15/Aug/2025:15:05:10 -0300] "GET /wp-includes/js/imagesloaded.min.js?ver=5.0.0 HTTP/1.1" 200 5520 "https://blog.komforthouse.com.br/" "Mozilla/5.0 (iPhone; CPU iPhone OS 18_5 like Mac OS X) AppleWebKit/605.1.15 (KHTML, like Gecko) Version/18.5 Mobile/15E148 Safari/604.1"
191.178.174.54 - - [15/Aug/2025:15:05:10 -0300] "GET /wp-content/plugins/elementor-pro/assets/js/webpack-pro.runtime.min.js?ver=3.26.3 HTTP/1.1" 200 6263 "https://blog.komforthouse.com.br/" "Mozilla/5.0 (iPhone; CPU iPhone OS 18_5 like Mac OS X) AppleWebKit/605.1.15 (KHTML, like Gecko) Version/18.5 Mobile/15E148 Safari/604.1"
191.178.174.54 - - [15/Aug/2025:15:05:10 -0300] "GET /wp-content/plugins/elementor-pro/assets/lib/smartmenus/jquery.smartmenus.min.js?ver=1.2.1 HTTP/1.1" 200 24109 "https://blog.komforthouse.com.br/" "Mozilla/5.0 (iPhone; CPU iPhone OS 18_5 like Mac OS X) AppleWebKit/605.1.15 (KHTML, like Gecko) Version/18.5 Mobile/15E148 Safari/604.1"
191.178.174.54 - - [15/Aug/2025:15:05:10 -0300] "GET /wp-content/plugins/elementor/assets/js/webpack.runtime.min.js?ver=3.26.4 HTTP/1.1" 200 5326 "https://blog.komforthouse.com.br/" "Mozilla/5.0 (iPhone; CPU iPhone OS 18_5 like Mac OS X) AppleWebKit/605.1.15 (KHTML, like Gecko) Version/18.5 Mobile/15E148 Safari/604.1"
191.178.174.54 - - [15/Aug/2025:15:05:10 -0300] "GET /wp-includes/js/jquery/jquery.min.js?ver=3.7.1 HTTP/1.1" 200 87553 "https://blog.komforthouse.com.br/" "Mozilla/5.0 (iPhone; CPU iPhone OS 18_5 like Mac OS X) AppleWebKit/605.1.15 (KHTML, like Gecko) Version/18.5 Mobile/15E148 Safari/604.1"
191.178.174.54 - - [15/Aug/2025:15:05:10 -0300] "GET /wp-includes/js/dist/i18n.min.js?ver=5e580eb46a90c2b997e6 HTTP/1.1" 200 9141 "https://blog.komforthouse.com.br/" "Mozilla/5.0 (iPhone; CPU iPhone OS 18_5 like Mac OS X) AppleWebKit/605.1.15 (KHTML, like Gecko) Version/18.5 Mobile/15E148 Safari/604.1"
191.178.174.54 - - [15/Aug/2025:15:05:10 -0300] "GET /wp-includes/js/dist/hooks.min.js?ver=4d63a3d491d11ffd8ac6 HTTP/1.1" 200 4776 "https://blog.komforthouse.com.br/" "Mozilla/5.0 (iPhone; CPU iPhone OS 18_5 like Mac OS X) AppleWebKit/605.1.15 (KHTML, like Gecko) Version/18.5 Mobile/15E148 Safari/604.1"
191.178.174.54 - - [15/Aug/2025:15:05:10 -0300] "GET /wp-includes/js/jquery/ui/core.min.js?ver=1.13.3 HTTP/1.1" 200 21464 "https://blog.komforthouse.com.br/" "Mozilla/5.0 (iPhone; CPU iPhone OS 18_5 like Mac OS X) AppleWebKit/605.1.15 (KHTML, like Gecko) Version/18.5 Mobile/15E148 Safari/604.1"
191.178.174.54 - - [15/Aug/2025:15:05:10 -0300] "GET /wp-content/plugins/elementor-pro/assets/js/frontend.min.js?ver=3.26.3 HTTP/1.1" 200 24210 "https://blog.komforthouse.com.br/" "Mozilla/5.0 (iPhone; CPU iPhone OS 18_5 like Mac OS X) AppleWebKit/605.1.15 (KHTML, like Gecko) Version/18.5 Mobile/15E148 Safari/604.1"
191.178.174.54 - - [15/Aug/2025:15:05:10 -0300] "GET /wp-content/plugins/elementor/assets/js/frontend-modules.min.js?ver=3.26.4 HTTP/1.1" 200 52754 "https://blog.komforthouse.com.br/" "Mozilla/5.0 (iPhone; CPU iPhone OS 18_5 like Mac OS X) AppleWebKit/605.1.15 (KHTML, like Gecko) Version/18.5 Mobile/15E148 Safari/604.1"
191.178.174.54 - - [15/Aug/2025:15:05:10 -0300] "GET /wp-content/plugins/elementor/assets/js/frontend.min.js?ver=3.26.4 HTTP/1.1" 200 45428 "https://blog.komforthouse.com.br/" "Mozilla/5.0 (iPhone; CPU iPhone OS 18_5 like Mac OS X) AppleWebKit/605.1.15 (KHTML, like Gecko) Version/18.5 Mobile/15E148 Safari/604.1"
191.178.174.54 - - [15/Aug/2025:15:05:10 -0300] "GET /wp-content/plugins/elementor-pro/assets/js/elements-handlers.min.js?ver=3.26.3 HTTP/1.1" 200 44624 "https://blog.komforthouse.com.br/" "Mozilla/5.0 (iPhone; CPU iPhone OS 18_5 like Mac OS X) AppleWebKit/605.1.15 (KHTML, like Gecko) Version/18.5 Mobile/15E148 Safari/604.1"
191.178.174.54 - - [15/Aug/2025:15:05:11 -0300] "GET /wp-content/uploads/2024/06/komfort-house-logo.png HTTP/1.1" 200 23742 "https://blog.komforthouse.com.br/" "Mozilla/5.0 (iPhone; CPU iPhone OS 18_5 like Mac OS X) AppleWebKit/605.1.15 (KHTML, like Gecko) Version/18.5 Mobile/15E148 Safari/604.1"
191.178.174.54 - - [15/Aug/2025:15:05:11 -0300] "GET /wp-content/plugins/elementor/assets/lib/dialog/dialog.min.js?ver=4.9.3 HTTP/1.1" 200 11286 "https://blog.komforthouse.com.br/" "Mozilla/5.0 (iPhone; CPU iPhone OS 18_5 like Mac OS X) AppleWebKit/605.1.15 (KHTML, like Gecko) Version/18.5 Mobile/15E148 Safari/604.1"
191.178.174.54 - - [15/Aug/2025:15:05:11 -0300] "GET /wp-content/plugins/elementor-pro/assets/js/nav-menu.a23fbd67486c5bedf26c.bundle.min.js HTTP/1.1" 200 5282 "https://blog.komforthouse.com.br/" "Mozilla/5.0 (iPhone; CPU iPhone OS 18_5 like Mac OS X) AppleWebKit/605.1.15 (KHTML, like Gecko) Version/18.5 Mobile/15E148 Safari/604.1"
191.178.174.54 - - [15/Aug/2025:15:05:11 -0300] "GET /wp-content/plugins/elementor-pro/assets/js/progress-tracker.8cccdda9737c272489fc.bundle.min.js HTTP/1.1" 200 5237 "https://blog.komforthouse.com.br/" "Mozilla/5.0 (iPhone; CPU iPhone OS 18_5 like Mac OS X) AppleWebKit/605.1.15 (KHTML, like Gecko) Version/18.5 Mobile/15E148 Safari/604.1"
191.178.174.54 - - [15/Aug/2025:15:05:11 -0300] "GET /wp-content/plugins/elementor/assets/js/image-carousel.78b881f3c7818111c2d7.bundle.min.js HTTP/1.1" 200 432 "https://blog.komforthouse.com.br/" "Mozilla/5.0 (iPhone; CPU iPhone OS 18_5 like Mac OS X) AppleWebKit/605.1.15 (KHTML, like Gecko) Version/18.5 Mobile/15E148 Safari/604.1"
191.178.174.54 - - [15/Aug/2025:15:05:11 -0300] "GET /wp-content/plugins/elementor-pro/assets/js/load-more.8b46f464e573feab5dd7.bundle.min.js HTTP/1.1" 200 5346 "https://blog.komforthouse.com.br/" "Mozilla/5.0 (iPhone; CPU iPhone OS 18_5 like Mac OS X) AppleWebKit/605.1.15 (KHTML, like Gecko) Version/18.5 Mobile/15E148 Safari/604.1"
191.178.174.54 - - [15/Aug/2025:15:05:11 -0300] "GET /wp-content/plugins/elementor-pro/assets/js/posts.aec59265318492b89cb5.bundle.min.js HTTP/1.1" 200 3317 "https://blog.komforthouse.com.br/" "Mozilla/5.0 (iPhone; CPU iPhone OS 18_5 like Mac OS X) AppleWebKit/605.1.15 (KHTML, like Gecko) Version/18.5 Mobile/15E148 Safari/604.1"
191.178.174.54 - - [15/Aug/2025:15:05:10 -0300] "GET /wp-content/uploads/2024/11/image3.jpg HTTP/1.1" 200 282326 "https://blog.komforthouse.com.br/" "Mozilla/5.0 (iPhone; CPU iPhone OS 18_5 like Mac OS X) AppleWebKit/605.1.15 (KHTML, like Gecko) Version/18.5 Mobile/15E148 Safari/604.1"
191.178.174.54 - - [15/Aug/2025:15:05:11 -0300] "GET /wp-content/uploads/2024/11/image3-1536x1153.jpg HTTP/1.1" 200 199268 "https://blog.komforthouse.com.br/" "Mozilla/5.0 (iPhone; CPU iPhone OS 18_5 like Mac OS X) AppleWebKit/605.1.15 (KHTML, like Gecko) Version/18.5 Mobile/15E148 Safari/604.1"
191.178.174.54 - - [15/Aug/2025:15:05:11 -0300] "GET /wp-content/uploads/2025/01/Moscou-1.jpg HTTP/1.1" 200 180871 "https://blog.komforthouse.com.br/" "Mozilla/5.0 (iPhone; CPU iPhone OS 18_5 like Mac OS X) AppleWebKit/605.1.15 (KHTML, like Gecko) Version/18.5 Mobile/15E148 Safari/604.1"
191.178.174.54 - - [15/Aug/2025:15:05:12 -0300] "GET /wp-content/uploads/2024/05/cropped-komfort-house-sofas-1-192x192.png HTTP/1.1" 200 3681 "https://blog.komforthouse.com.br/" "Mozilla/5.0 (iPhone; CPU iPhone OS 18_5 like Mac OS X) AppleWebKit/605.1.15 (KHTML, like Gecko) Version/18.5 Mobile/15E148 Safari/604.1"
191.178.174.54 - - [15/Aug/2025:15:05:12 -0300] "GET /wp-content/uploads/2024/05/cropped-komfort-house-sofas-1-32x32.png HTTP/1.1" 200 592 "https://blog.komforthouse.com.br/" "Mozilla/5.0 (iPhone; CPU iPhone OS 18_5 like Mac OS X) AppleWebKit/605.1.15 (KHTML, like Gecko) Version/18.5 Mobile/15E148 Safari/604.1"
196.251.112.104 - - [15/Aug/2025:15:12:10 -0300] "POST /wp-login.php HTTP/1.1" 200 9733 "-" "Mozilla/5.0"
162.214.27.60 - - [15/Aug/2025:15:12:11 -0300] "POST /wp-cron.php?doing_wp_cron=1755281531.3280949592590332031250 HTTP/1.1" 200 - "-" "WordPress/6.8.2; https://blog.komforthouse.com.br"
162.214.27.60 - - [15/Aug/2025:15:12:12 -0300] "POST /wp-admin/admin-ajax.php?action=async_litespeed&nonce=hMmRcs6WXVEOTrvmALFNC7ZxOhwZOe8g&litespeed_type=imgoptm HTTP/1.1" 200 1 "-" "WordPress/6.8.2; https://blog.komforthouse.com.br"
191.178.174.54 - - [15/Aug/2025:15:13:35 -0300] "GET /wp-content/uploads/2024/06/logo-komfort-house-sofas-branco-1536x367.png HTTP/1.1" 200 41654 "https://blog.komforthouse.com.br/" "Mozilla/5.0 (iPhone; CPU iPhone OS 18_5 like Mac OS X) AppleWebKit/605.1.15 (KHTML, like Gecko) Version/18.5 Mobile/15E148 Safari/604.1"
196.251.69.55 - - [15/Aug/2025:15:14:50 -0300] "POST /wp-login.php HTTP/1.1" 200 9733 "-" "Mozilla/5.0"
162.214.27.60 - - [15/Aug/2025:15:14:51 -0300] "POST /wp-admin/admin-ajax.php?action=async_litespeed&nonce=xvxNfWjt7crFpbmcTef3oWVlDNlMCboW&litespeed_type=imgoptm HTTP/1.1" 200 1 "-" "WordPress/6.8.2; https://blog.komforthouse.com.br"
162.214.27.60 - - [15/Aug/2025:15:14:50 -0300] "POST /wp-cron.php?doing_wp_cron=1755281690.7992360591888427734375 HTTP/1.1" 200 - "-" "WordPress/6.8.2; https://blog.komforthouse.com.br"
3.229.164.203 - - [15/Aug/2025:15:19:47 -0300] "GET / HTTP/1.1" 200 127418 "-" "Mozilla/5.0 AppleWebKit/537.36 (KHTML, like Gecko; compatible; Amazonbot/0.1; +https://developer.amazon.com/support/amazonbot) Chrome/119.0.6045.214 Safari/537.36"
162.214.27.60 - - [15/Aug/2025:15:19:48 -0300] "POST /wp-cron.php?doing_wp_cron=1755281988.4804248809814453125000 HTTP/1.1" 200 - "-" "WordPress/6.8.2; https://blog.komforthouse.com.br"
162.214.27.60 - - [15/Aug/2025:15:19:49 -0300] "POST /wp-admin/admin-ajax.php?action=async_litespeed&nonce=2io83w1RRvyHHGwc6Dy4EDDXJ2fcZT2Q&litespeed_type=imgoptm HTTP/1.1" 200 1 "-" "WordPress/6.8.2; https://blog.komforthouse.com.br"
196.251.69.55 - - [15/Aug/2025:15:25:58 -0300] "POST /wp-login.php HTTP/1.1" 200 9733 "-" "Mozilla/5.0"
162.214.27.60 - - [15/Aug/2025:15:26:00 -0300] "POST /wp-admin/admin-ajax.php?action=async_litespeed&nonce=XxvIsqmCcpU1OG40uVpvzWZUoUkcOpn7&litespeed_type=imgoptm HTTP/1.1" 200 1 "-" "WordPress/6.8.2; https://blog.komforthouse.com.br"
162.214.27.60 - - [15/Aug/2025:15:25:59 -0300] "POST /wp-cron.php?doing_wp_cron=1755282359.0070860385894775390625 HTTP/1.1" 200 - "-" "WordPress/6.8.2; https://blog.komforthouse.com.br"
196.251.112.104 - - [15/Aug/2025:15:28:54 -0300] "POST /wp-login.php HTTP/1.1" 200 9733 "-" "Mozilla/5.0"
162.214.27.60 - - [15/Aug/2025:15:28:55 -0300] "POST /wp-cron.php?doing_wp_cron=1755282535.2898249626159667968750 HTTP/1.1" 200 - "-" "WordPress/6.8.2; https://blog.komforthouse.com.br"
162.214.27.60 - - [15/Aug/2025:15:28:56 -0300] "POST /wp-admin/admin-ajax.php?action=async_litespeed&nonce=qDEna3trVGLXOpj1Kni1Y09WSI9hy3sv&litespeed_type=imgoptm HTTP/1.1" 200 1 "-" "WordPress/6.8.2; https://blog.komforthouse.com.br"
45.79.205.118 - - [15/Aug/2025:15:34:35 -0300] "GET /wp-json/wp/v2/posts/?per_page=50 HTTP/1.0" 200 315210 "-" "Mozilla/5.0 (compatible; Googlebot/2.1; +http://www.google.com/bot.html)"
162.214.27.60 - - [15/Aug/2025:15:34:37 -0300] "POST /wp-admin/admin-ajax.php?action=async_litespeed&nonce=gtUoELWkJ9DyZCvBpWv48ErB0IVetowp&litespeed_type=imgoptm HTTP/1.1" 200 1 "-" "WordPress/6.8.2; https://blog.komforthouse.com.br"
162.214.27.60 - - [15/Aug/2025:15:34:36 -0300] "POST /wp-cron.php?doing_wp_cron=1755282876.0447719097137451171875 HTTP/1.1" 200 - "-" "WordPress/6.8.2; https://blog.komforthouse.com.br"
162.214.27.60 - - [15/Aug/2025:15:35:33 -0300] "POST /wp-admin/admin-ajax.php?action=async_litespeed&nonce=o3TYRJUBofp369WRZDCRMjQIxltPHn30&litespeed_type=imgoptm HTTP/1.1" 200 1 "-" "WordPress/6.8.2; https://blog.komforthouse.com.br"
162.214.27.60 - - [15/Aug/2025:15:35:32 -0300] "POST /wp-cron.php?doing_wp_cron=1755282932.6901850700378417968750 HTTP/1.1" 200 - "-" "WordPress/6.8.2; https://blog.komforthouse.com.br"
18.205.213.231 - - [15/Aug/2025:15:35:31 -0300] "GET / HTTP/1.1" 200 127418 "-" "Mozilla/5.0 AppleWebKit/537.36 (KHTML, like Gecko; compatible; Amazonbot/0.1; +https://developer.amazon.com/support/amazonbot) Chrome/119.0.6045.214 Safari/537.36"
196.251.69.55 - - [15/Aug/2025:15:37:08 -0300] "POST /wp-login.php HTTP/1.1" 200 9733 "-" "Mozilla/5.0"
162.214.27.60 - - [15/Aug/2025:15:37:09 -0300] "POST /wp-cron.php?doing_wp_cron=1755283029.6908059120178222656250 HTTP/1.1" 200 - "-" "WordPress/6.8.2; https://blog.komforthouse.com.br"
162.214.27.60 - - [15/Aug/2025:15:37:10 -0300] "POST /wp-admin/admin-ajax.php?action=async_litespeed&nonce=i4X6t0pfb4ENPyN9xkXY3J9osAkJebLP&litespeed_type=imgoptm HTTP/1.1" 200 1 "-" "WordPress/6.8.2; https://blog.komforthouse.com.br"
162.214.27.60 - - [15/Aug/2025:15:37:55 -0300] "POST /wp-cron.php?doing_wp_cron=1755283075.5092279911041259765625 HTTP/1.1" 200 - "-" "WordPress/6.8.2; https://blog.komforthouse.com.br"
45.164.99.110 - - [15/Aug/2025:15:37:54 -0300] "GET /cores-tendencia-para-sofa-em-2025/ HTTP/1.1" 200 90591 "https://www.google.com/" "Mozilla/5.0 (Linux; Android 10; K) AppleWebKit/537.36 (KHTML, like Gecko) Chrome/139.0.0.0 Mobile Safari/537.36"
162.214.27.60 - - [15/Aug/2025:15:37:56 -0300] "POST /wp-admin/admin-ajax.php?action=async_litespeed&nonce=057y4gZBehte2PnRgxeqEuKSwT24Ggpz&litespeed_type=imgoptm HTTP/1.1" 200 1 "-" "WordPress/6.8.2; https://blog.komforthouse.com.br"
45.164.99.110 - - [15/Aug/2025:15:37:58 -0300] "GET /wp-content/themes/hello-elementor/style.min.css?ver=3.2.1 HTTP/1.1" 200 5501 "https://blog.komforthouse.com.br/cores-tendencia-para-sofa-em-2025/" "Mozilla/5.0 (Linux; Android 10; K) AppleWebKit/537.36 (KHTML, like Gecko) Chrome/139.0.0.0 Mobile Safari/537.36"
