%PDF- %PDF-
Mini Shell

Mini Shell

Direktori : /home/komfo908/access-logs/
Upload File :
Create Path :
Current File : /home/komfo908/access-logs/blog.komforthouse.com.br-ssl_log

162.214.27.60 - - [15/Aug/2025:09:14:35 -0300] "POST /wp-cron.php?doing_wp_cron=1755260075.0737450122833251953125 HTTP/1.1" 200 - "-" "WordPress/6.8.2; https://blog.komforthouse.com.br"
162.214.27.60 - - [15/Aug/2025:09:14:37 -0300] "POST /wp-admin/admin-ajax.php?action=async_litespeed&nonce=IiYB2hKH7K7SIuuPcwjylLsBZZ3GvWfj&litespeed_type=imgoptm HTTP/1.1" 200 1 "-" "WordPress/6.8.2; https://blog.komforthouse.com.br"
193.186.4.240 - - [15/Aug/2025:09:13:36 -0300] "GET /cores-tendencia-para-sofa-em-2025/ HTTP/1.1" 200 90591 "https://www.google.com/" "Mozilla/5.0 (Windows NT 10.0; Win64; x64) AppleWebKit/537.36 (KHTML, like Gecko) Chrome/139.0.0.0 Safari/537.36"
193.186.4.238 - - [15/Aug/2025:09:16:38 -0300] "GET /escolhendo-a-cor-perfeita-para-o-seu-sofa-dicas-e-inspiracoes/ HTTP/1.1" 200 95526 "https://www.google.com/" "Mozilla/5.0 (Linux; Android 10; K) AppleWebKit/537.36 (KHTML, like Gecko) Chrome/139.0.0.0 Mobile Safari/537.36"
162.214.27.60 - - [15/Aug/2025:09:16:52 -0300] "POST /wp-admin/admin-ajax.php?action=async_litespeed&nonce=Dbn4aPXLhS5ErJdGfPKbDpBhjtReYGj7&litespeed_type=imgoptm HTTP/1.1" 200 1 "-" "WordPress/6.8.2; https://blog.komforthouse.com.br"
162.214.27.60 - - [15/Aug/2025:09:16:45 -0300] "POST /wp-cron.php?doing_wp_cron=1755260205.4273960590362548828125 HTTP/1.1" 200 - "-" "WordPress/6.8.2; https://blog.komforthouse.com.br"
196.251.69.55 - - [15/Aug/2025:09:16:59 -0300] "POST /wp-login.php HTTP/1.1" 200 9733 "-" "Mozilla/5.0"
196.251.112.104 - - [15/Aug/2025:09:17:03 -0300] "POST /wp-login.php HTTP/1.1" 200 9733 "-" "Mozilla/5.0"
162.214.27.60 - - [15/Aug/2025:09:17:52 -0300] "POST /wp-cron.php?doing_wp_cron=1755260272.1344299316406250000000 HTTP/1.1" 200 - "-" "WordPress/6.8.2; https://blog.komforthouse.com.br"
192.178.6.99 - - [15/Aug/2025:09:17:51 -0300] "GET /cupim-no-sofa-como-identificar-prevenir/ HTTP/1.1" 200 85919 "-" "Mozilla/5.0 (Linux; Android 6.0.1; Nexus 5X Build/MMB29P) AppleWebKit/537.36 (KHTML, like Gecko) Chrome/138.0.7204.183 Mobile Safari/537.36 (compatible; Googlebot/2.1; +http://www.google.com/bot.html)"
162.214.27.60 - - [15/Aug/2025:09:17:52 -0300] "POST /wp-admin/admin-ajax.php?action=async_litespeed&nonce=eW4MRDB3wrpztP1aSGEgW82ixJADbTqc&litespeed_type=imgoptm HTTP/1.1" 200 1 "-" "WordPress/6.8.2; https://blog.komforthouse.com.br"
192.178.6.100 - - [15/Aug/2025:09:17:56 -0300] "GET /wp-content/uploads/elementor/css/post-1256.css?ver=1736279802 HTTP/1.1" 200 2099 "https://blog.komforthouse.com.br/cupim-no-sofa-como-identificar-prevenir/" "Mozilla/5.0 (Linux; Android 6.0.1; Nexus 5X Build/MMB29P) AppleWebKit/537.36 (KHTML, like Gecko) Chrome/137.0.7151.119 Mobile Safari/537.36 (compatible; Googlebot/2.1; +http://www.google.com/bot.html)"
192.178.6.100 - - [15/Aug/2025:09:17:58 -0300] "GET /wp-content/plugins/elementor-pro/assets/js/webpack-pro.runtime.min.js?ver=3.26.3 HTTP/1.1" 200 6263 "https://blog.komforthouse.com.br/cupim-no-sofa-como-identificar-prevenir/" "Mozilla/5.0 (Linux; Android 6.0.1; Nexus 5X Build/MMB29P) AppleWebKit/537.36 (KHTML, like Gecko) Chrome/137.0.7151.119 Mobile Safari/537.36 (compatible; Googlebot/2.1; +http://www.google.com/bot.html)"
192.178.6.100 - - [15/Aug/2025:09:18:00 -0300] "GET /wp-content/plugins/elementor-pro/assets/js/elements-handlers.min.js?ver=3.26.3 HTTP/1.1" 200 44624 "https://blog.komforthouse.com.br/cupim-no-sofa-como-identificar-prevenir/" "Mozilla/5.0 (Linux; Android 6.0.1; Nexus 5X Build/MMB29P) AppleWebKit/537.36 (KHTML, like Gecko) Chrome/137.0.7151.119 Mobile Safari/537.36 (compatible; Googlebot/2.1; +http://www.google.com/bot.html)"
193.186.4.201 - - [15/Aug/2025:09:18:37 -0300] "GET /escolhendo-a-cor-perfeita-para-o-seu-sofa-dicas-e-inspiracoes/ HTTP/1.1" 200 95526 "https://www.google.com/" "Mozilla/5.0 (Linux; Android 10; K) AppleWebKit/537.36 (KHTML, like Gecko) Chrome/139.0.0.0 Mobile Safari/537.36"
162.214.27.60 - - [15/Aug/2025:09:18:46 -0300] "POST /wp-cron.php?doing_wp_cron=1755260326.0451989173889160156250 HTTP/1.1" 200 - "-" "WordPress/6.8.2; https://blog.komforthouse.com.br"
162.214.27.60 - - [15/Aug/2025:09:18:46 -0300] "POST /wp-admin/admin-ajax.php?action=async_litespeed&nonce=Xeiq2XchsJa7evNJmYWxLtowZ2GKD3Ll&litespeed_type=imgoptm HTTP/1.1" 200 1 "-" "WordPress/6.8.2; https://blog.komforthouse.com.br"
100.28.49.152 - - [15/Aug/2025:09:18:45 -0300] "GET / HTTP/1.1" 200 127418 "-" "Mozilla/5.0 AppleWebKit/537.36 (KHTML, like Gecko; compatible; Amazonbot/0.1; +https://developer.amazon.com/support/amazonbot) Chrome/119.0.6045.214 Safari/537.36"
162.214.27.60 - - [15/Aug/2025:09:20:13 -0300] "POST /wp-cron.php?doing_wp_cron=1755260413.7803568840026855468750 HTTP/1.1" 200 - "-" "WordPress/6.8.2; https://blog.komforthouse.com.br"
162.214.27.60 - - [15/Aug/2025:09:20:15 -0300] "POST /wp-admin/admin-ajax.php?action=async_litespeed&nonce=kTEZATFQDwWYwulKFwJVVL4oE4wHGI8f&litespeed_type=imgoptm HTTP/1.1" 200 1 "-" "WordPress/6.8.2; https://blog.komforthouse.com.br"
193.186.4.203 - - [15/Aug/2025:09:20:05 -0300] "GET /cores-tendencia-para-sofa-em-2025/ HTTP/1.1" 200 90591 "https://www.google.com/" "Mozilla/5.0 (Windows NT 10.0; Win64; x64) AppleWebKit/537.36 (KHTML, like Gecko) Chrome/139.0.0.0 Safari/537.36"
193.186.4.200 - - [15/Aug/2025:09:22:25 -0300] "GET /quais-as-medidas-ideais-para-um-sofa-de-3-lugares-em-um-apartamento/ HTTP/1.1" 200 90143 "https://www.google.com/" "Mozilla/5.0 (Windows NT 10.0; Win64; x64) AppleWebKit/537.36 (KHTML, like Gecko) Chrome/139.0.0.0 Safari/537.36"
162.214.27.60 - - [15/Aug/2025:09:22:26 -0300] "POST /wp-admin/admin-ajax.php?action=async_litespeed&nonce=YuhgGxF6ULRrjdC2Q5XB06rPUwo3ewnA&litespeed_type=imgoptm HTTP/1.1" 200 1 "-" "WordPress/6.8.2; https://blog.komforthouse.com.br"
162.214.27.60 - - [15/Aug/2025:09:22:26 -0300] "POST /wp-cron.php?doing_wp_cron=1755260546.1624410152435302734375 HTTP/1.1" 200 - "-" "WordPress/6.8.2; https://blog.komforthouse.com.br"
162.214.27.60 - - [15/Aug/2025:09:22:41 -0300] "POST /wp-cron.php?doing_wp_cron=1755260561.0902678966522216796875 HTTP/1.1" 200 - "-" "WordPress/6.8.2; https://blog.komforthouse.com.br"
45.56.115.196 - - [15/Aug/2025:09:22:40 -0300] "GET /wp-json/wp/v2/posts/?per_page=50 HTTP/1.0" 200 315210 "-" "Mozilla/5.0 (compatible; Googlebot/2.1; +http://www.google.com/bot.html)"
196.251.69.55 - - [15/Aug/2025:09:28:05 -0300] "POST /wp-login.php HTTP/1.1" 200 9733 "-" "Mozilla/5.0"
162.214.27.60 - - [15/Aug/2025:09:28:06 -0300] "POST /wp-cron.php?doing_wp_cron=1755260886.1762061119079589843750 HTTP/1.1" 200 - "-" "WordPress/6.8.2; https://blog.komforthouse.com.br"
162.214.27.60 - - [15/Aug/2025:09:28:07 -0300] "POST /wp-admin/admin-ajax.php?action=async_litespeed&nonce=mJLqbPskYCi3qriaCl1DotDcOyORudzU&litespeed_type=imgoptm HTTP/1.1" 200 1 "-" "WordPress/6.8.2; https://blog.komforthouse.com.br"
52.203.65.83 - - [15/Aug/2025:09:32:44 -0300] "GET /robots.txt HTTP/1.1" 200 128 "-" "Mozilla/5.0 AppleWebKit/537.36 (KHTML, like Gecko; compatible; Amazonbot/0.1; +https://developer.amazon.com/support/amazonbot) Chrome/119.0.6045.214 Safari/537.36"
162.214.27.60 - - [15/Aug/2025:09:32:45 -0300] "POST /wp-cron.php?doing_wp_cron=1755261165.8838670253753662109375 HTTP/1.1" 200 - "-" "WordPress/6.8.2; https://blog.komforthouse.com.br"
162.214.27.60 - - [15/Aug/2025:09:32:47 -0300] "POST /wp-admin/admin-ajax.php?action=async_litespeed&nonce=VW9gYV8TQb9cXMT8fBml8lZnEZicBmDH&litespeed_type=imgoptm HTTP/1.1" 200 1 "-" "WordPress/6.8.2; https://blog.komforthouse.com.br"
52.45.15.233 - - [15/Aug/2025:09:32:47 -0300] "GET / HTTP/1.1" 200 127418 "-" "Mozilla/5.0 AppleWebKit/537.36 (KHTML, like Gecko; compatible; Amazonbot/0.1; +https://developer.amazon.com/support/amazonbot) Chrome/119.0.6045.214 Safari/537.36"
196.251.112.104 - - [15/Aug/2025:09:34:09 -0300] "POST /wp-login.php HTTP/1.1" 200 9733 "-" "Mozilla/5.0"
162.214.27.60 - - [15/Aug/2025:09:34:10 -0300] "POST /wp-cron.php?doing_wp_cron=1755261250.0242509841918945312500 HTTP/1.1" 200 - "-" "WordPress/6.8.2; https://blog.komforthouse.com.br"
162.214.27.60 - - [15/Aug/2025:09:34:11 -0300] "POST /wp-admin/admin-ajax.php?action=async_litespeed&nonce=MryGcyPwc4WIDSKlvcuec2CQuRHhysxT&litespeed_type=imgoptm HTTP/1.1" 200 1 "-" "WordPress/6.8.2; https://blog.komforthouse.com.br"
179.214.127.96 - - [15/Aug/2025:09:38:52 -0300] "GET /como-eliminar-acaros-dos-sofas/?utm_source=Google+&utm_medium=PMAX&utm_campaign=V4_PMAX_ECOMM&utm_term=&utm_content=&gad_campaignid=21672468636&wbraid=ClQKCQjwkvbEBhDjARJDANy9yupguFrgKEmRmNQ25bEG_VaNl8_jn_ex9uWKu0oJRQqwjy9ejIMWXMXbt6tpeHtHL-clhg2WL68ROy6IVPQ2SBoCk0g HTTP/1.1" 200 15605 "-" "Mozilla/5.0 (iPhone; CPU iPhone OS 16_7_11 like Mac OS X) AppleWebKit/605.1.15 (KHTML, like Gecko) Version/16.6.1 Mobile/15E148 Safari/604.1"
162.214.27.60 - - [15/Aug/2025:09:38:53 -0300] "POST /wp-cron.php?doing_wp_cron=1755261533.3064739704132080078125 HTTP/1.1" 200 - "-" "WordPress/6.8.2; https://blog.komforthouse.com.br"
162.214.27.60 - - [15/Aug/2025:09:38:54 -0300] "POST /wp-admin/admin-ajax.php?action=async_litespeed&nonce=2Nb26xL9a8dYZK1SRTEtNsc7jTBeV6wx&litespeed_type=imgoptm HTTP/1.1" 200 1 "-" "WordPress/6.8.2; https://blog.komforthouse.com.br"
196.251.69.55 - - [15/Aug/2025:09:39:02 -0300] "POST /wp-login.php HTTP/1.1" 200 9733 "-" "Mozilla/5.0"
162.214.27.60 - - [15/Aug/2025:09:43:20 -0300] "POST /wp-admin/admin-ajax.php?action=async_litespeed&nonce=1hdg0K0NX8vlaTdLgt4ldgPNEXB080Gi&litespeed_type=imgoptm HTTP/1.1" 200 1 "-" "WordPress/6.8.2; https://blog.komforthouse.com.br"
162.214.27.60 - - [15/Aug/2025:09:43:19 -0300] "POST /wp-cron.php?doing_wp_cron=1755261799.3307681083679199218750 HTTP/1.1" 200 - "-" "WordPress/6.8.2; https://blog.komforthouse.com.br"
45.56.115.196 - - [15/Aug/2025:09:43:18 -0300] "GET /wp-json/wp/v2/posts/?per_page=50 HTTP/1.0" 200 315210 "-" "Mozilla/5.0 (compatible; Googlebot/2.1; +http://www.google.com/bot.html)"
18.209.201.119 - - [15/Aug/2025:09:46:56 -0300] "GET / HTTP/1.1" 200 127418 "-" "Mozilla/5.0 AppleWebKit/537.36 (KHTML, like Gecko; compatible; Amazonbot/0.1; +https://developer.amazon.com/support/amazonbot) Chrome/119.0.6045.214 Safari/537.36"
162.214.27.60 - - [15/Aug/2025:09:46:57 -0300] "POST /wp-cron.php?doing_wp_cron=1755262017.8781700134277343750000 HTTP/1.1" 200 - "-" "WordPress/6.8.2; https://blog.komforthouse.com.br"
162.214.27.60 - - [15/Aug/2025:09:46:59 -0300] "POST /wp-admin/admin-ajax.php?action=async_litespeed&nonce=ipdC8RMaDylOQEE5Eum9ztpuNzqkvoxO&litespeed_type=imgoptm HTTP/1.1" 200 1 "-" "WordPress/6.8.2; https://blog.komforthouse.com.br"
40.116.73.214 - - [15/Aug/2025:09:48:16 -0300] "GET /cores-tendencia-para-sofa-em-2025/ HTTP/1.1" 200 90591 "-" "Mozilla/5.0 AppleWebKit/537.36 (KHTML, like Gecko); compatible; ChatGPT-User/1.0; +https://openai.com/bot"
162.214.27.60 - - [15/Aug/2025:09:48:18 -0300] "POST /wp-admin/admin-ajax.php?action=async_litespeed&nonce=zqLgc6pr84mCWs5LyGr8iKfYxcEnOSOi&litespeed_type=imgoptm HTTP/1.1" 200 1 "-" "WordPress/6.8.2; https://blog.komforthouse.com.br"
162.214.27.60 - - [15/Aug/2025:09:48:17 -0300] "POST /wp-cron.php?doing_wp_cron=1755262097.6643350124359130859375 HTTP/1.1" 200 - "-" "WordPress/6.8.2; https://blog.komforthouse.com.br"
40.116.73.214 - - [15/Aug/2025:09:48:20 -0300] "GET / HTTP/1.1" 200 127418 "-" "Mozilla/5.0 AppleWebKit/537.36 (KHTML, like Gecko); compatible; ChatGPT-User/1.0; +https://openai.com/bot"
177.73.94.9 - - [15/Aug/2025:09:48:21 -0300] "GET /wp-content/uploads/2024/11/image3.jpg HTTP/1.1" 200 282326 "-" "ChatGPT/1.2025.217 (Android 14; SM-A055M; build 2521710)"
196.251.69.55 - - [15/Aug/2025:09:50:02 -0300] "POST /wp-login.php HTTP/1.1" 200 9733 "-" "Mozilla/5.0"
162.214.27.60 - - [15/Aug/2025:09:50:04 -0300] "POST /wp-cron.php?doing_wp_cron=1755262204.8976240158081054687500 HTTP/1.1" 200 - "-" "WordPress/6.8.2; https://blog.komforthouse.com.br"
162.214.27.60 - - [15/Aug/2025:09:50:05 -0300] "POST /wp-admin/admin-ajax.php?action=async_litespeed&nonce=G7jEX70nJsX18QCRKB7RvjJTpEr03ypA&litespeed_type=imgoptm HTTP/1.1" 200 1 "-" "WordPress/6.8.2; https://blog.komforthouse.com.br"
4.227.36.34 - - [15/Aug/2025:09:50:52 -0300] "GET /robots.txt HTTP/1.1" 301 - "-" "Mozilla/5.0 AppleWebKit/537.36 (KHTML, like Gecko; compatible; GPTBot/1.2; +https://openai.com/gptbot)"
20.171.207.180 - - [15/Aug/2025:09:50:52 -0300] "GET / HTTP/1.1" 301 - "-" "Mozilla/5.0 AppleWebKit/537.36 (KHTML, like Gecko; compatible; GPTBot/1.2; +https://openai.com/gptbot)"
4.227.36.34 - - [15/Aug/2025:09:50:54 -0300] "GET /robots.txt HTTP/1.1" 200 128 "https://www.blog.komforthouse.com.br/robots.txt" "Mozilla/5.0 AppleWebKit/537.36 (KHTML, like Gecko; compatible; GPTBot/1.2; +https://openai.com/gptbot)"
162.214.27.60 - - [15/Aug/2025:09:50:53 -0300] "POST /wp-cron.php?doing_wp_cron=1755262253.3559019565582275390625 HTTP/1.1" 200 - "-" "WordPress/6.8.2; https://blog.komforthouse.com.br"
162.214.27.60 - - [15/Aug/2025:09:50:54 -0300] "POST /wp-admin/admin-ajax.php?action=async_litespeed&nonce=V6e4ceiCCtCtVAJ9sYQkZCL5qoqqgAt2&litespeed_type=imgoptm HTTP/1.1" 200 1 "-" "WordPress/6.8.2; https://blog.komforthouse.com.br"
196.251.112.104 - - [15/Aug/2025:09:50:59 -0300] "POST /wp-login.php HTTP/1.1" 200 9733 "-" "Mozilla/5.0"
162.214.27.60 - - [15/Aug/2025:09:53:24 -0300] "POST /wp-admin/admin-ajax.php?action=async_litespeed&nonce=Xmqs5XwiSGVFuLwS7dnOZMZTDlbJ5vro&litespeed_type=imgoptm HTTP/1.1" 200 1 "-" "WordPress/6.8.2; https://blog.komforthouse.com.br"
141.98.11.25 - - [15/Aug/2025:09:53:25 -0300] "GET / HTTP/1.1" 200 127418 "-" "Mozilla/5.0 (Windows NT 10.0; Win64; x64) AppleWebKit/537.36 (KHTML, like Gecko) Chrome/98.0.4758.102 Safari/537.36"
141.98.11.25 - - [15/Aug/2025:09:53:29 -0300] "GET /wp-config.php~ HTTP/1.1" 404 69731 "-" "Mozilla/5.0 (Windows NT 10.0; Win64; x64) AppleWebKit/537.36 (KHTML, like Gecko) Chrome/98.0.4758.102 Safari/537.36"
141.98.11.25 - - [15/Aug/2025:09:53:31 -0300] "GET /wp-config.php_ HTTP/1.1" 404 69731 "-" "Mozilla/5.0 (Windows NT 10.0; Win64; x64) AppleWebKit/537.36 (KHTML, like Gecko) Chrome/98.0.4758.102 Safari/537.36"
141.98.11.25 - - [15/Aug/2025:09:53:34 -0300] "GET /wp-config.php2 HTTP/1.1" 404 69731 "-" "Mozilla/5.0 (Windows NT 10.0; Win64; x64) AppleWebKit/537.36 (KHTML, like Gecko) Chrome/98.0.4758.102 Safari/537.36"
141.98.11.25 - - [15/Aug/2025:09:53:37 -0300] "GET /wp-config.php.backup HTTP/1.1" 404 69731 "-" "Mozilla/5.0 (Windows NT 10.0; Win64; x64) AppleWebKit/537.36 (KHTML, like Gecko) Chrome/98.0.4758.102 Safari/537.36"
162.214.27.60 - - [15/Aug/2025:09:53:40 -0300] "POST /wp-cron.php?doing_wp_cron=1755262420.7526669502258300781250 HTTP/1.1" 200 - "-" "WordPress/6.8.2; https://blog.komforthouse.com.br"
141.98.11.25 - - [15/Aug/2025:09:53:39 -0300] "GET /wp-config.php_backup HTTP/1.1" 404 69731 "-" "Mozilla/5.0 (Windows NT 10.0; Win64; x64) AppleWebKit/537.36 (KHTML, like Gecko) Chrome/98.0.4758.102 Safari/537.36"
187.123.163.145 - - [15/Aug/2025:09:53:44 -0300] "GET /wp-content/uploads/2024/11/image3.jpg HTTP/1.1" 200 282326 "https://chatgpt.com/" "Mozilla/5.0 (Windows NT 10.0; Win64; x64) AppleWebKit/537.36 (KHTML, like Gecko) Chrome/139.0.0.0 Safari/537.36"
141.98.11.25 - - [15/Aug/2025:09:53:43 -0300] "GET /wp-config.php.bak HTTP/1.1" 404 69731 "-" "Mozilla/5.0 (Windows NT 10.0; Win64; x64) AppleWebKit/537.36 (KHTML, like Gecko) Chrome/98.0.4758.102 Safari/537.36"
162.214.27.60 - - [15/Aug/2025:09:53:44 -0300] "POST /wp-cron.php?doing_wp_cron=1755262424.8314700126647949218750 HTTP/1.1" 200 - "-" "WordPress/6.8.2; https://blog.komforthouse.com.br"
162.214.27.60 - - [15/Aug/2025:09:53:45 -0300] "POST /wp-admin/admin-ajax.php?action=async_litespeed&nonce=imJ1kVNclUcyObTmC52d9ltebSMMktcE&litespeed_type=imgoptm HTTP/1.1" 200 1 "-" "WordPress/6.8.2; https://blog.komforthouse.com.br"
141.98.11.25 - - [15/Aug/2025:09:53:48 -0300] "GET /wp-config.phpbak HTTP/1.1" 404 69731 "-" "Mozilla/5.0 (Windows NT 10.0; Win64; x64) AppleWebKit/537.36 (KHTML, like Gecko) Chrome/98.0.4758.102 Safari/537.36"
141.98.11.25 - - [15/Aug/2025:09:53:51 -0300] "GET /wp-config.php_bak HTTP/1.1" 404 69731 "-" "Mozilla/5.0 (Windows NT 10.0; Win64; x64) AppleWebKit/537.36 (KHTML, like Gecko) Chrome/98.0.4758.102 Safari/537.36"
141.98.11.25 - - [15/Aug/2025:09:53:53 -0300] "GET /wp-config.php.old HTTP/1.1" 404 69731 "-" "Mozilla/5.0 (Windows NT 10.0; Win64; x64) AppleWebKit/537.36 (KHTML, like Gecko) Chrome/98.0.4758.102 Safari/537.36"
141.98.11.25 - - [15/Aug/2025:09:53:56 -0300] "GET /wp-config.phpold HTTP/1.1" 404 69731 "-" "Mozilla/5.0 (Windows NT 10.0; Win64; x64) AppleWebKit/537.36 (KHTML, like Gecko) Chrome/98.0.4758.102 Safari/537.36"
141.98.11.25 - - [15/Aug/2025:09:54:00 -0300] "GET /wp-config.php_old HTTP/1.1" 404 69731 "-" "Mozilla/5.0 (Windows NT 10.0; Win64; x64) AppleWebKit/537.36 (KHTML, like Gecko) Chrome/98.0.4758.102 Safari/537.36"
141.98.11.25 - - [15/Aug/2025:09:54:03 -0300] "GET /wp-config.php.BAK HTTP/1.1" 404 69731 "-" "Mozilla/5.0 (Windows NT 10.0; Win64; x64) AppleWebKit/537.36 (KHTML, like Gecko) Chrome/98.0.4758.102 Safari/537.36"
141.98.11.25 - - [15/Aug/2025:09:54:06 -0300] "GET /wp-config.phpBAK HTTP/1.1" 404 69731 "-" "Mozilla/5.0 (Windows NT 10.0; Win64; x64) AppleWebKit/537.36 (KHTML, like Gecko) Chrome/98.0.4758.102 Safari/537.36"
141.98.11.25 - - [15/Aug/2025:09:54:09 -0300] "GET /wp-config.php_BAK HTTP/1.1" 404 69731 "-" "Mozilla/5.0 (Windows NT 10.0; Win64; x64) AppleWebKit/537.36 (KHTML, like Gecko) Chrome/98.0.4758.102 Safari/537.36"
141.98.11.25 - - [15/Aug/2025:09:54:12 -0300] "GET /wp-config.php.OLD HTTP/1.1" 404 69731 "-" "Mozilla/5.0 (Windows NT 10.0; Win64; x64) AppleWebKit/537.36 (KHTML, like Gecko) Chrome/98.0.4758.102 Safari/537.36"
141.98.11.25 - - [15/Aug/2025:09:54:15 -0300] "GET /wp-config.phpOLD HTTP/1.1" 404 69731 "-" "Mozilla/5.0 (Windows NT 10.0; Win64; x64) AppleWebKit/537.36 (KHTML, like Gecko) Chrome/98.0.4758.102 Safari/537.36"
141.98.11.25 - - [15/Aug/2025:09:54:17 -0300] "GET /wp-config.php_OLD HTTP/1.1" 404 69731 "-" "Mozilla/5.0 (Windows NT 10.0; Win64; x64) AppleWebKit/537.36 (KHTML, like Gecko) Chrome/98.0.4758.102 Safari/537.36"
141.98.11.25 - - [15/Aug/2025:09:54:20 -0300] "GET /wp-config.php_orig HTTP/1.1" 404 69731 "-" "Mozilla/5.0 (Windows NT 10.0; Win64; x64) AppleWebKit/537.36 (KHTML, like Gecko) Chrome/98.0.4758.102 Safari/537.36"
141.98.11.25 - - [15/Aug/2025:09:54:23 -0300] "GET /wp-config.php.orig HTTP/1.1" 404 69731 "-" "Mozilla/5.0 (Windows NT 10.0; Win64; x64) AppleWebKit/537.36 (KHTML, like Gecko) Chrome/98.0.4758.102 Safari/537.36"
141.98.11.25 - - [15/Aug/2025:09:54:27 -0300] "GET /MYzoomsounds/?action=dzsap_download&link=./wp-config.php HTTP/1.1" 404 69731 "-" "Mozilla/5.0 (Windows NT 10.0; Win64; x64) AppleWebKit/537.36 (KHTML, like Gecko) Chrome/98.0.4758.102 Safari/537.36"
141.98.11.25 - - [15/Aug/2025:09:54:31 -0300] "GET /wp-admin/admin-ajax.php?action=revslider_show_image&img=../wp-config.php HTTP/1.1" 400 1 "-" "Mozilla/5.0 (Windows NT 10.0; Win64; x64) AppleWebKit/537.36 (KHTML, like Gecko) Chrome/98.0.4758.102 Safari/537.36"
141.98.11.25 - - [15/Aug/2025:09:54:35 -0300] "GET /wp-admin/admin-ajax.php?action=duplicator_download&file=../wp-config.php HTTP/1.1" 400 1 "-" "Mozilla/5.0 (Windows NT 10.0; Win64; x64) AppleWebKit/537.36 (KHTML, like Gecko) Chrome/98.0.4758.102 Safari/537.36"
162.214.27.60 - - [15/Aug/2025:09:54:40 -0300] "POST /wp-cron.php?doing_wp_cron=1755262480.3554899692535400390625 HTTP/1.1" 200 - "-" "WordPress/6.8.2; https://blog.komforthouse.com.br"
141.98.11.25 - - [15/Aug/2025:09:54:38 -0300] "GET /wp-content/themes/lote27/download.php?download=../../wp-config.php HTTP/1.1" 404 69731 "-" "Mozilla/5.0 (Windows NT 10.0; Win64; x64) AppleWebKit/537.36 (KHTML, like Gecko) Chrome/98.0.4758.102 Safari/537.36"
162.214.27.60 - - [15/Aug/2025:09:54:45 -0300] "POST /wp-cron.php?doing_wp_cron=1755262485.6692728996276855468750 HTTP/1.1" 200 - "-" "WordPress/6.8.2; https://blog.komforthouse.com.br"
162.214.27.60 - - [15/Aug/2025:09:54:46 -0300] "POST /wp-admin/admin-ajax.php?action=async_litespeed&nonce=pKSWtyohgJkMBgqwrtTs0zWxWGh7UoKK&litespeed_type=imgoptm HTTP/1.1" 200 1 "-" "WordPress/6.8.2; https://blog.komforthouse.com.br"
141.98.11.25 - - [15/Aug/2025:09:54:44 -0300] "GET /wp-content/themes/mTheme-Unus/css/css.php?files=../../../../wp-config.php HTTP/1.1" 404 69731 "-" "Mozilla/5.0 (Windows NT 10.0; Win64; x64) AppleWebKit/537.36 (KHTML, like Gecko) Chrome/98.0.4758.102 Safari/537.36"
141.98.11.25 - - [15/Aug/2025:09:54:50 -0300] "GET /?aam-media=./wp-config.php HTTP/1.1" 301 - "-" "Mozilla/5.0 (Windows NT 10.0; Win64; x64) AppleWebKit/537.36 (KHTML, like Gecko) Chrome/98.0.4758.102 Safari/537.36"
141.98.11.25 - - [15/Aug/2025:09:54:51 -0300] "GET /?aam-media=.%2Fwp-config.php HTTP/1.1" 200 127502 "-" "Mozilla/5.0 (Windows NT 10.0; Win64; x64) AppleWebKit/537.36 (KHTML, like Gecko) Chrome/98.0.4758.102 Safari/537.36"
141.98.11.25 - - [15/Aug/2025:09:54:56 -0300] "GET /wp-content/plugins/recent-backups/download-file.php?file_link=../../../wp-config.php HTTP/1.1" 404 69731 "-" "Mozilla/5.0 (Windows NT 10.0; Win64; x64) AppleWebKit/537.36 (KHTML, like Gecko) Chrome/98.0.4758.102 Safari/537.36"
141.98.11.25 - - [15/Aug/2025:09:54:59 -0300] "GET /xmlrpc.php HTTP/1.1" 405 42 "-" "Mozilla/5.0 (Windows NT 10.0; Win64; x64) AppleWebKit/537.36 (KHTML, like Gecko) Chrome/98.0.4758.102 Safari/537.36"
141.98.11.25 - - [15/Aug/2025:09:55:00 -0300] "GET /?author=1 HTTP/1.1" 301 - "-" "Mozilla/5.0 (Windows NT 10.0; Win64; x64) AppleWebKit/537.36 (KHTML, like Gecko) Chrome/98.0.4758.102 Safari/537.36"
141.98.11.25 - - [15/Aug/2025:09:55:01 -0300] "GET /author/bloguser/ HTTP/1.1" 200 71324 "-" "Mozilla/5.0 (Windows NT 10.0; Win64; x64) AppleWebKit/537.36 (KHTML, like Gecko) Chrome/98.0.4758.102 Safari/537.36"
141.98.11.25 - - [15/Aug/2025:09:55:04 -0300] "POST /xmlrpc.php HTTP/1.1" 200 409 "-" "Mozilla/5.0 (Windows NT 10.0; Win64; x64) AppleWebKit/537.36 (KHTML, like Gecko) Chrome/98.0.4758.102 Safari/537.36"
141.98.11.25 - - [15/Aug/2025:09:55:06 -0300] "POST /xmlrpc.php HTTP/1.1" 200 409 "-" "Mozilla/5.0 (Windows NT 10.0; Win64; x64) AppleWebKit/537.36 (KHTML, like Gecko) Chrome/98.0.4758.102 Safari/537.36"
141.98.11.25 - - [15/Aug/2025:09:55:08 -0300] "POST /xmlrpc.php HTTP/1.1" 200 409 "-" "Mozilla/5.0 (Windows NT 10.0; Win64; x64) AppleWebKit/537.36 (KHTML, like Gecko) Chrome/98.0.4758.102 Safari/537.36"
141.98.11.25 - - [15/Aug/2025:09:55:09 -0300] "POST /xmlrpc.php HTTP/1.1" 200 409 "-" "Mozilla/5.0 (Windows NT 10.0; Win64; x64) AppleWebKit/537.36 (KHTML, like Gecko) Chrome/98.0.4758.102 Safari/537.36"
177.67.171.77 - - [15/Aug/2025:09:55:08 -0300] "GET /como-eliminar-acaros-dos-sofas/ HTTP/1.1" 200 91644 "https://www.google.com/url?q=https://blog.komforthouse.com.br/como-eliminar-acaros-dos-sofas/&sa=U&sqi=2&ved=2ahUKEwjkrs6r7oyPAxVmP7kGHf0cDDQQFnoECCoQAQ&usg=AOvVaw334M8CIWyUEbd_qrWtdhte" "Mozilla/5.0 (iPhone; CPU iPhone OS 18_5_0 like Mac OS X) AppleWebKit/605.1.15 (KHTML, like Gecko) GSA/365.1.750410080 Mobile/15E148 Safari/604.1"
177.67.171.77 - - [15/Aug/2025:09:55:10 -0300] "GET /wp-content/themes/hello-elementor/header-footer.min.css?ver=3.2.1 HTTP/1.1" 200 7212 "https://blog.komforthouse.com.br/como-eliminar-acaros-dos-sofas/" "Mozilla/5.0 (iPhone; CPU iPhone OS 18_5_0 like Mac OS X) AppleWebKit/605.1.15 (KHTML, like Gecko) GSA/365.1.750410080 Mobile/15E148 Safari/604.1"
177.67.171.77 - - [15/Aug/2025:09:55:10 -0300] "GET /wp-content/themes/hello-elementor/style.min.css?ver=3.2.1 HTTP/1.1" 200 5501 "https://blog.komforthouse.com.br/como-eliminar-acaros-dos-sofas/" "Mozilla/5.0 (iPhone; CPU iPhone OS 18_5_0 like Mac OS X) AppleWebKit/605.1.15 (KHTML, like Gecko) GSA/365.1.750410080 Mobile/15E148 Safari/604.1"
177.67.171.77 - - [15/Aug/2025:09:55:10 -0300] "GET /wp-content/themes/hello-elementor/theme.min.css?ver=3.2.1 HTTP/1.1" 200 5069 "https://blog.komforthouse.com.br/como-eliminar-acaros-dos-sofas/" "Mozilla/5.0 (iPhone; CPU iPhone OS 18_5_0 like Mac OS X) AppleWebKit/605.1.15 (KHTML, like Gecko) GSA/365.1.750410080 Mobile/15E148 Safari/604.1"
177.67.171.77 - - [15/Aug/2025:09:55:11 -0300] "GET /wp-content/uploads/elementor/css/post-1256.css?ver=1736279802 HTTP/1.1" 200 2099 "https://blog.komforthouse.com.br/como-eliminar-acaros-dos-sofas/" "Mozilla/5.0 (iPhone; CPU iPhone OS 18_5_0 like Mac OS X) AppleWebKit/605.1.15 (KHTML, like Gecko) GSA/365.1.750410080 Mobile/15E148 Safari/604.1"
177.67.171.77 - - [15/Aug/2025:09:55:11 -0300] "GET /wp-content/plugins/elementor/assets/css/widget-image.min.css?ver=3.26.4 HTTP/1.1" 200 254 "https://blog.komforthouse.com.br/como-eliminar-acaros-dos-sofas/" "Mozilla/5.0 (iPhone; CPU iPhone OS 18_5_0 like Mac OS X) AppleWebKit/605.1.15 (KHTML, like Gecko) GSA/365.1.750410080 Mobile/15E148 Safari/604.1"
177.67.171.77 - - [15/Aug/2025:09:55:11 -0300] "GET /wp-content/plugins/elementor/assets/lib/animations/styles/e-animation-pulse.min.css?ver=3.26.4 HTTP/1.1" 200 318 "https://blog.komforthouse.com.br/como-eliminar-acaros-dos-sofas/" "Mozilla/5.0 (iPhone; CPU iPhone OS 18_5_0 like Mac OS X) AppleWebKit/605.1.15 (KHTML, like Gecko) GSA/365.1.750410080 Mobile/15E148 Safari/604.1"
177.67.171.77 - - [15/Aug/2025:09:55:11 -0300] "GET /wp-content/plugins/elementor/assets/css/widget-heading.min.css?ver=3.26.4 HTTP/1.1" 200 600 "https://blog.komforthouse.com.br/como-eliminar-acaros-dos-sofas/" "Mozilla/5.0 (iPhone; CPU iPhone OS 18_5_0 like Mac OS X) AppleWebKit/605.1.15 (KHTML, like Gecko) GSA/365.1.750410080 Mobile/15E148 Safari/604.1"
177.67.171.77 - - [15/Aug/2025:09:55:10 -0300] "GET /wp-content/plugins/elementor/assets/css/frontend.min.css?ver=3.26.4 HTTP/1.1" 200 53257 "https://blog.komforthouse.com.br/como-eliminar-acaros-dos-sofas/" "Mozilla/5.0 (iPhone; CPU iPhone OS 18_5_0 like Mac OS X) AppleWebKit/605.1.15 (KHTML, like Gecko) GSA/365.1.750410080 Mobile/15E148 Safari/604.1"
177.67.171.77 - - [15/Aug/2025:09:55:11 -0300] "GET /wp-content/plugins/elementor-pro/assets/css/widget-nav-menu.min.css?ver=3.26.3 HTTP/1.1" 200 26859 "https://blog.komforthouse.com.br/como-eliminar-acaros-dos-sofas/" "Mozilla/5.0 (iPhone; CPU iPhone OS 18_5_0 like Mac OS X) AppleWebKit/605.1.15 (KHTML, like Gecko) GSA/365.1.750410080 Mobile/15E148 Safari/604.1"
177.67.171.77 - - [15/Aug/2025:09:55:11 -0300] "GET /wp-content/plugins/elementor/assets/css/widget-icon-list.min.css?ver=3.26.4 HTTP/1.1" 200 10310 "https://blog.komforthouse.com.br/como-eliminar-acaros-dos-sofas/" "Mozilla/5.0 (iPhone; CPU iPhone OS 18_5_0 like Mac OS X) AppleWebKit/605.1.15 (KHTML, like Gecko) GSA/365.1.750410080 Mobile/15E148 Safari/604.1"
177.67.171.77 - - [15/Aug/2025:09:55:11 -0300] "GET /wp-content/plugins/elementor-pro/assets/css/widget-progress-tracker.min.css?ver=3.26.3 HTTP/1.1" 200 2844 "https://blog.komforthouse.com.br/como-eliminar-acaros-dos-sofas/" "Mozilla/5.0 (iPhone; CPU iPhone OS 18_5_0 like Mac OS X) AppleWebKit/605.1.15 (KHTML, like Gecko) GSA/365.1.750410080 Mobile/15E148 Safari/604.1"
177.67.171.77 - - [15/Aug/2025:09:55:10 -0300] "GET /wp-includes/css/dist/block-library/style.min.css?ver=6.8.2 HTTP/1.1" 200 116345 "https://blog.komforthouse.com.br/como-eliminar-acaros-dos-sofas/" "Mozilla/5.0 (iPhone; CPU iPhone OS 18_5_0 like Mac OS X) AppleWebKit/605.1.15 (KHTML, like Gecko) GSA/365.1.750410080 Mobile/15E148 Safari/604.1"
177.67.171.77 - - [15/Aug/2025:09:55:11 -0300] "GET /wp-content/plugins/elementor/assets/lib/swiper/v8/css/swiper.min.css?ver=8.4.5 HTTP/1.1" 200 16471 "https://blog.komforthouse.com.br/como-eliminar-acaros-dos-sofas/" "Mozilla/5.0 (iPhone; CPU iPhone OS 18_5_0 like Mac OS X) AppleWebKit/605.1.15 (KHTML, like Gecko) GSA/365.1.750410080 Mobile/15E148 Safari/604.1"
177.67.171.77 - - [15/Aug/2025:09:55:11 -0300] "GET /wp-content/plugins/elementor/assets/css/widget-image-carousel.min.css?ver=3.26.4 HTTP/1.1" 200 382 "https://blog.komforthouse.com.br/como-eliminar-acaros-dos-sofas/" "Mozilla/5.0 (iPhone; CPU iPhone OS 18_5_0 like Mac OS X) AppleWebKit/605.1.15 (KHTML, like Gecko) GSA/365.1.750410080 Mobile/15E148 Safari/604.1"
177.67.171.77 - - [15/Aug/2025:09:55:11 -0300] "GET /wp-content/plugins/elementor/assets/css/conditionals/e-swiper.min.css?ver=3.26.4 HTTP/1.1" 200 5486 "https://blog.komforthouse.com.br/como-eliminar-acaros-dos-sofas/" "Mozilla/5.0 (iPhone; CPU iPhone OS 18_5_0 like Mac OS X) AppleWebKit/605.1.15 (KHTML, like Gecko) GSA/365.1.750410080 Mobile/15E148 Safari/604.1"
177.67.171.77 - - [15/Aug/2025:09:55:11 -0300] "GET /wp-content/plugins/elementor/assets/lib/animations/styles/bounceIn.min.css?ver=3.26.4 HTTP/1.1" 200 367 "https://blog.komforthouse.com.br/como-eliminar-acaros-dos-sofas/" "Mozilla/5.0 (iPhone; CPU iPhone OS 18_5_0 like Mac OS X) AppleWebKit/605.1.15 (KHTML, like Gecko) GSA/365.1.750410080 Mobile/15E148 Safari/604.1"
177.67.171.77 - - [15/Aug/2025:09:55:11 -0300] "GET /wp-content/plugins/elementor-pro/assets/css/widget-posts.min.css?ver=3.26.3 HTTP/1.1" 200 16983 "https://blog.komforthouse.com.br/como-eliminar-acaros-dos-sofas/" "Mozilla/5.0 (iPhone; CPU iPhone OS 18_5_0 like Mac OS X) AppleWebKit/605.1.15 (KHTML, like Gecko) GSA/365.1.750410080 Mobile/15E148 Safari/604.1"
177.67.171.77 - - [15/Aug/2025:09:55:11 -0300] "GET /wp-content/plugins/elementor/assets/css/widget-social-icons.min.css?ver=3.26.4 HTTP/1.1" 200 5150 "https://blog.komforthouse.com.br/como-eliminar-acaros-dos-sofas/" "Mozilla/5.0 (iPhone; CPU iPhone OS 18_5_0 like Mac OS X) AppleWebKit/605.1.15 (KHTML, like Gecko) GSA/365.1.750410080 Mobile/15E148 Safari/604.1"
177.67.171.77 - - [15/Aug/2025:09:55:11 -0300] "GET /wp-content/plugins/elementor/assets/css/conditionals/apple-webkit.min.css?ver=3.26.4 HTTP/1.1" 200 7025 "https://blog.komforthouse.com.br/como-eliminar-acaros-dos-sofas/" "Mozilla/5.0 (iPhone; CPU iPhone OS 18_5_0 like Mac OS X) AppleWebKit/605.1.15 (KHTML, like Gecko) GSA/365.1.750410080 Mobile/15E148 Safari/604.1"
177.67.171.77 - - [15/Aug/2025:09:55:11 -0300] "GET /wp-content/uploads/elementor/css/post-1283.css?ver=1736279802 HTTP/1.1" 200 13014 "https://blog.komforthouse.com.br/como-eliminar-acaros-dos-sofas/" "Mozilla/5.0 (iPhone; CPU iPhone OS 18_5_0 like Mac OS X) AppleWebKit/605.1.15 (KHTML, like Gecko) GSA/365.1.750410080 Mobile/15E148 Safari/604.1"
177.67.171.77 - - [15/Aug/2025:09:55:11 -0300] "GET /wp-content/plugins/elementor-pro/assets/css/conditionals/popup.min.css?ver=3.26.3 HTTP/1.1" 200 995 "https://blog.komforthouse.com.br/como-eliminar-acaros-dos-sofas/" "Mozilla/5.0 (iPhone; CPU iPhone OS 18_5_0 like Mac OS X) AppleWebKit/605.1.15 (KHTML, like Gecko) GSA/365.1.750410080 Mobile/15E148 Safari/604.1"
177.67.171.77 - - [15/Aug/2025:09:55:11 -0300] "GET /wp-content/uploads/elementor/css/post-1334.css?ver=1736279802 HTTP/1.1" 200 16917 "https://blog.komforthouse.com.br/como-eliminar-acaros-dos-sofas/" "Mozilla/5.0 (iPhone; CPU iPhone OS 18_5_0 like Mac OS X) AppleWebKit/605.1.15 (KHTML, like Gecko) GSA/365.1.750410080 Mobile/15E148 Safari/604.1"
177.67.171.77 - - [15/Aug/2025:09:55:11 -0300] "GET /wp-content/uploads/elementor/css/post-1473.css?ver=1737152742 HTTP/1.1" 200 11104 "https://blog.komforthouse.com.br/como-eliminar-acaros-dos-sofas/" "Mozilla/5.0 (iPhone; CPU iPhone OS 18_5_0 like Mac OS X) AppleWebKit/605.1.15 (KHTML, like Gecko) GSA/365.1.750410080 Mobile/15E148 Safari/604.1"
177.67.171.77 - - [15/Aug/2025:09:55:11 -0300] "GET /wp-content/uploads/elementor/css/post-1681.css?ver=1736279802 HTTP/1.1" 200 3790 "https://blog.komforthouse.com.br/como-eliminar-acaros-dos-sofas/" "Mozilla/5.0 (iPhone; CPU iPhone OS 18_5_0 like Mac OS X) AppleWebKit/605.1.15 (KHTML, like Gecko) GSA/365.1.750410080 Mobile/15E148 Safari/604.1"
177.67.171.77 - - [15/Aug/2025:09:55:11 -0300] "GET /wp-includes/js/jquery/jquery-migrate.min.js?ver=3.4.1 HTTP/1.1" 200 13577 "https://blog.komforthouse.com.br/como-eliminar-acaros-dos-sofas/" "Mozilla/5.0 (iPhone; CPU iPhone OS 18_5_0 like Mac OS X) AppleWebKit/605.1.15 (KHTML, like Gecko) GSA/365.1.750410080 Mobile/15E148 Safari/604.1"
177.67.171.77 - - [15/Aug/2025:09:55:11 -0300] "GET /wp-content/themes/hello-elementor/assets/js/hello-frontend.min.js?ver=3.2.1 HTTP/1.1" 200 1936 "https://blog.komforthouse.com.br/como-eliminar-acaros-dos-sofas/" "Mozilla/5.0 (iPhone; CPU iPhone OS 18_5_0 like Mac OS X) AppleWebKit/605.1.15 (KHTML, like Gecko) GSA/365.1.750410080 Mobile/15E148 Safari/604.1"
177.67.171.77 - - [15/Aug/2025:09:55:11 -0300] "GET /wp-content/plugins/elementor-pro/assets/lib/smartmenus/jquery.smartmenus.min.js?ver=1.2.1 HTTP/1.1" 200 24109 "https://blog.komforthouse.com.br/como-eliminar-acaros-dos-sofas/" "Mozilla/5.0 (iPhone; CPU iPhone OS 18_5_0 like Mac OS X) AppleWebKit/605.1.15 (KHTML, like Gecko) GSA/365.1.750410080 Mobile/15E148 Safari/604.1"
177.67.171.77 - - [15/Aug/2025:09:55:11 -0300] "GET /wp-includes/js/imagesloaded.min.js?ver=5.0.0 HTTP/1.1" 200 5520 "https://blog.komforthouse.com.br/como-eliminar-acaros-dos-sofas/" "Mozilla/5.0 (iPhone; CPU iPhone OS 18_5_0 like Mac OS X) AppleWebKit/605.1.15 (KHTML, like Gecko) GSA/365.1.750410080 Mobile/15E148 Safari/604.1"
177.67.171.77 - - [15/Aug/2025:09:55:11 -0300] "GET /wp-includes/js/jquery/jquery.min.js?ver=3.7.1 HTTP/1.1" 200 87553 "https://blog.komforthouse.com.br/como-eliminar-acaros-dos-sofas/" "Mozilla/5.0 (iPhone; CPU iPhone OS 18_5_0 like Mac OS X) AppleWebKit/605.1.15 (KHTML, like Gecko) GSA/365.1.750410080 Mobile/15E148 Safari/604.1"
177.67.171.77 - - [15/Aug/2025:09:55:11 -0300] "GET /wp-content/plugins/elementor/assets/js/webpack.runtime.min.js?ver=3.26.4 HTTP/1.1" 200 5326 "https://blog.komforthouse.com.br/como-eliminar-acaros-dos-sofas/" "Mozilla/5.0 (iPhone; CPU iPhone OS 18_5_0 like Mac OS X) AppleWebKit/605.1.15 (KHTML, like Gecko) GSA/365.1.750410080 Mobile/15E148 Safari/604.1"
177.67.171.77 - - [15/Aug/2025:09:55:11 -0300] "GET /wp-content/plugins/elementor-pro/assets/js/webpack-pro.runtime.min.js?ver=3.26.3 HTTP/1.1" 200 6263 "https://blog.komforthouse.com.br/como-eliminar-acaros-dos-sofas/" "Mozilla/5.0 (iPhone; CPU iPhone OS 18_5_0 like Mac OS X) AppleWebKit/605.1.15 (KHTML, like Gecko) GSA/365.1.750410080 Mobile/15E148 Safari/604.1"
177.67.171.77 - - [15/Aug/2025:09:55:12 -0300] "GET /wp-includes/js/dist/hooks.min.js?ver=4d63a3d491d11ffd8ac6 HTTP/1.1" 200 4776 "https://blog.komforthouse.com.br/como-eliminar-acaros-dos-sofas/" "Mozilla/5.0 (iPhone; CPU iPhone OS 18_5_0 like Mac OS X) AppleWebKit/605.1.15 (KHTML, like Gecko) GSA/365.1.750410080 Mobile/15E148 Safari/604.1"
177.67.171.77 - - [15/Aug/2025:09:55:12 -0300] "GET /wp-includes/js/dist/i18n.min.js?ver=5e580eb46a90c2b997e6 HTTP/1.1" 200 9141 "https://blog.komforthouse.com.br/como-eliminar-acaros-dos-sofas/" "Mozilla/5.0 (iPhone; CPU iPhone OS 18_5_0 like Mac OS X) AppleWebKit/605.1.15 (KHTML, like Gecko) GSA/365.1.750410080 Mobile/15E148 Safari/604.1"
177.67.171.77 - - [15/Aug/2025:09:55:11 -0300] "GET /wp-content/plugins/elementor/assets/js/frontend-modules.min.js?ver=3.26.4 HTTP/1.1" 200 52754 "https://blog.komforthouse.com.br/como-eliminar-acaros-dos-sofas/" "Mozilla/5.0 (iPhone; CPU iPhone OS 18_5_0 like Mac OS X) AppleWebKit/605.1.15 (KHTML, like Gecko) GSA/365.1.750410080 Mobile/15E148 Safari/604.1"
177.67.171.77 - - [15/Aug/2025:09:55:12 -0300] "GET /wp-content/plugins/elementor-pro/assets/js/frontend.min.js?ver=3.26.3 HTTP/1.1" 200 24210 "https://blog.komforthouse.com.br/como-eliminar-acaros-dos-sofas/" "Mozilla/5.0 (iPhone; CPU iPhone OS 18_5_0 like Mac OS X) AppleWebKit/605.1.15 (KHTML, like Gecko) GSA/365.1.750410080 Mobile/15E148 Safari/604.1"
177.67.171.77 - - [15/Aug/2025:09:55:12 -0300] "GET /wp-includes/js/jquery/ui/core.min.js?ver=1.13.3 HTTP/1.1" 200 21464 "https://blog.komforthouse.com.br/como-eliminar-acaros-dos-sofas/" "Mozilla/5.0 (iPhone; CPU iPhone OS 18_5_0 like Mac OS X) AppleWebKit/605.1.15 (KHTML, like Gecko) GSA/365.1.750410080 Mobile/15E148 Safari/604.1"
177.67.171.77 - - [15/Aug/2025:09:55:12 -0300] "GET /wp-content/plugins/elementor/assets/js/frontend.min.js?ver=3.26.4 HTTP/1.1" 200 45428 "https://blog.komforthouse.com.br/como-eliminar-acaros-dos-sofas/" "Mozilla/5.0 (iPhone; CPU iPhone OS 18_5_0 like Mac OS X) AppleWebKit/605.1.15 (KHTML, like Gecko) GSA/365.1.750410080 Mobile/15E148 Safari/604.1"
177.67.171.77 - - [15/Aug/2025:09:55:12 -0300] "GET /wp-content/uploads/2024/06/komfort-house-logo.png HTTP/1.1" 200 23742 "https://blog.komforthouse.com.br/como-eliminar-acaros-dos-sofas/" "Mozilla/5.0 (iPhone; CPU iPhone OS 18_5_0 like Mac OS X) AppleWebKit/605.1.15 (KHTML, like Gecko) GSA/365.1.750410080 Mobile/15E148 Safari/604.1"
177.67.171.77 - - [15/Aug/2025:09:55:12 -0300] "GET /wp-content/plugins/elementor-pro/assets/js/elements-handlers.min.js?ver=3.26.3 HTTP/1.1" 200 44624 "https://blog.komforthouse.com.br/como-eliminar-acaros-dos-sofas/" "Mozilla/5.0 (iPhone; CPU iPhone OS 18_5_0 like Mac OS X) AppleWebKit/605.1.15 (KHTML, like Gecko) GSA/365.1.750410080 Mobile/15E148 Safari/604.1"
141.98.11.25 - - [15/Aug/2025:09:55:11 -0300] "POST /xmlrpc.php HTTP/1.1" 200 409 "-" "Mozilla/5.0 (Windows NT 10.0; Win64; x64) AppleWebKit/537.36 (KHTML, like Gecko) Chrome/98.0.4758.102 Safari/537.36"
177.67.171.77 - - [15/Aug/2025:09:55:12 -0300] "GET /wp-content/plugins/elementor-pro/assets/js/nav-menu.a23fbd67486c5bedf26c.bundle.min.js HTTP/1.1" 200 5282 "https://blog.komforthouse.com.br/como-eliminar-acaros-dos-sofas/" "Mozilla/5.0 (iPhone; CPU iPhone OS 18_5_0 like Mac OS X) AppleWebKit/605.1.15 (KHTML, like Gecko) GSA/365.1.750410080 Mobile/15E148 Safari/604.1"
177.67.171.77 - - [15/Aug/2025:09:55:12 -0300] "GET /wp-content/plugins/elementor/assets/lib/dialog/dialog.min.js?ver=4.9.3 HTTP/1.1" 200 11286 "https://blog.komforthouse.com.br/como-eliminar-acaros-dos-sofas/" "Mozilla/5.0 (iPhone; CPU iPhone OS 18_5_0 like Mac OS X) AppleWebKit/605.1.15 (KHTML, like Gecko) GSA/365.1.750410080 Mobile/15E148 Safari/604.1"
177.67.171.77 - - [15/Aug/2025:09:55:12 -0300] "GET /wp-content/plugins/elementor-pro/assets/js/progress-tracker.8cccdda9737c272489fc.bundle.min.js HTTP/1.1" 200 5237 "https://blog.komforthouse.com.br/como-eliminar-acaros-dos-sofas/" "Mozilla/5.0 (iPhone; CPU iPhone OS 18_5_0 like Mac OS X) AppleWebKit/605.1.15 (KHTML, like Gecko) GSA/365.1.750410080 Mobile/15E148 Safari/604.1"
177.67.171.77 - - [15/Aug/2025:09:55:12 -0300] "GET /wp-content/plugins/elementor/assets/js/image-carousel.78b881f3c7818111c2d7.bundle.min.js HTTP/1.1" 200 432 "https://blog.komforthouse.com.br/como-eliminar-acaros-dos-sofas/" "Mozilla/5.0 (iPhone; CPU iPhone OS 18_5_0 like Mac OS X) AppleWebKit/605.1.15 (KHTML, like Gecko) GSA/365.1.750410080 Mobile/15E148 Safari/604.1"
177.67.171.77 - - [15/Aug/2025:09:55:12 -0300] "GET /wp-content/plugins/elementor-pro/assets/js/load-more.8b46f464e573feab5dd7.bundle.min.js HTTP/1.1" 200 5346 "https://blog.komforthouse.com.br/como-eliminar-acaros-dos-sofas/" "Mozilla/5.0 (iPhone; CPU iPhone OS 18_5_0 like Mac OS X) AppleWebKit/605.1.15 (KHTML, like Gecko) GSA/365.1.750410080 Mobile/15E148 Safari/604.1"
177.67.171.77 - - [15/Aug/2025:09:55:12 -0300] "GET /wp-content/plugins/elementor-pro/assets/js/posts.aec59265318492b89cb5.bundle.min.js HTTP/1.1" 200 3317 "https://blog.komforthouse.com.br/como-eliminar-acaros-dos-sofas/" "Mozilla/5.0 (iPhone; CPU iPhone OS 18_5_0 like Mac OS X) AppleWebKit/605.1.15 (KHTML, like Gecko) GSA/365.1.750410080 Mobile/15E148 Safari/604.1"
177.67.171.77 - - [15/Aug/2025:09:55:12 -0300] "GET /wp-content/uploads/2025/01/Moscou-1.jpg HTTP/1.1" 200 180871 "https://blog.komforthouse.com.br/como-eliminar-acaros-dos-sofas/" "Mozilla/5.0 (iPhone; CPU iPhone OS 18_5_0 like Mac OS X) AppleWebKit/605.1.15 (KHTML, like Gecko) GSA/365.1.750410080 Mobile/15E148 Safari/604.1"
177.67.171.77 - - [15/Aug/2025:09:55:13 -0300] "GET /wp-content/uploads/2024/06/logo-komfort-house-sofas-branco-1536x367.png HTTP/1.1" 200 41654 "https://blog.komforthouse.com.br/como-eliminar-acaros-dos-sofas/" "Mozilla/5.0 (iPhone; CPU iPhone OS 18_5_0 like Mac OS X) AppleWebKit/605.1.15 (KHTML, like Gecko) GSA/365.1.750410080 Mobile/15E148 Safari/604.1"
177.67.171.77 - - [15/Aug/2025:09:55:12 -0300] "GET /wp-content/uploads/2024/06/categorias-sofas-4.jpg HTTP/1.1" 200 464814 "https://blog.komforthouse.com.br/como-eliminar-acaros-dos-sofas/" "Mozilla/5.0 (iPhone; CPU iPhone OS 18_5_0 like Mac OS X) AppleWebKit/605.1.15 (KHTML, like Gecko) GSA/365.1.750410080 Mobile/15E148 Safari/604.1"
141.98.11.25 - - [15/Aug/2025:09:55:13 -0300] "POST /xmlrpc.php HTTP/1.1" 200 409 "-" "Mozilla/5.0 (Windows NT 10.0; Win64; x64) AppleWebKit/537.36 (KHTML, like Gecko) Chrome/98.0.4758.102 Safari/537.36"
141.98.11.25 - - [15/Aug/2025:09:55:14 -0300] "POST /xmlrpc.php HTTP/1.1" 200 409 "-" "Mozilla/5.0 (Windows NT 10.0; Win64; x64) AppleWebKit/537.36 (KHTML, like Gecko) Chrome/98.0.4758.102 Safari/537.36"
141.98.11.25 - - [15/Aug/2025:09:55:17 -0300] "POST /xmlrpc.php HTTP/1.1" 200 409 "-" "Mozilla/5.0 (Windows NT 10.0; Win64; x64) AppleWebKit/537.36 (KHTML, like Gecko) Chrome/98.0.4758.102 Safari/537.36"
141.98.11.25 - - [15/Aug/2025:09:55:18 -0300] "POST /xmlrpc.php HTTP/1.1" 200 409 "-" "Mozilla/5.0 (Windows NT 10.0; Win64; x64) AppleWebKit/537.36 (KHTML, like Gecko) Chrome/98.0.4758.102 Safari/537.36"
141.98.11.25 - - [15/Aug/2025:09:55:20 -0300] "POST /xmlrpc.php HTTP/1.1" 200 409 "-" "Mozilla/5.0 (Windows NT 10.0; Win64; x64) AppleWebKit/537.36 (KHTML, like Gecko) Chrome/98.0.4758.102 Safari/537.36"
141.98.11.25 - - [15/Aug/2025:09:55:21 -0300] "POST /xmlrpc.php HTTP/1.1" 200 409 "-" "Mozilla/5.0 (Windows NT 10.0; Win64; x64) AppleWebKit/537.36 (KHTML, like Gecko) Chrome/98.0.4758.102 Safari/537.36"
141.98.11.25 - - [15/Aug/2025:09:55:23 -0300] "POST /xmlrpc.php HTTP/1.1" 200 409 "-" "Mozilla/5.0 (Windows NT 10.0; Win64; x64) AppleWebKit/537.36 (KHTML, like Gecko) Chrome/98.0.4758.102 Safari/537.36"
141.98.11.25 - - [15/Aug/2025:09:55:25 -0300] "POST /xmlrpc.php HTTP/1.1" 200 409 "-" "Mozilla/5.0 (Windows NT 10.0; Win64; x64) AppleWebKit/537.36 (KHTML, like Gecko) Chrome/98.0.4758.102 Safari/537.36"
141.98.11.25 - - [15/Aug/2025:09:55:27 -0300] "POST /xmlrpc.php HTTP/1.1" 200 409 "-" "Mozilla/5.0 (Windows NT 10.0; Win64; x64) AppleWebKit/537.36 (KHTML, like Gecko) Chrome/98.0.4758.102 Safari/537.36"
141.98.11.25 - - [15/Aug/2025:09:55:29 -0300] "POST /xmlrpc.php HTTP/1.1" 200 409 "-" "Mozilla/5.0 (Windows NT 10.0; Win64; x64) AppleWebKit/537.36 (KHTML, like Gecko) Chrome/98.0.4758.102 Safari/537.36"
141.98.11.25 - - [15/Aug/2025:09:55:30 -0300] "POST /xmlrpc.php HTTP/1.1" 200 409 "-" "Mozilla/5.0 (Windows NT 10.0; Win64; x64) AppleWebKit/537.36 (KHTML, like Gecko) Chrome/98.0.4758.102 Safari/537.36"
141.98.11.25 - - [15/Aug/2025:09:55:35 -0300] "POST /xmlrpc.php HTTP/1.1" 200 409 "-" "Mozilla/5.0 (Windows NT 10.0; Win64; x64) AppleWebKit/537.36 (KHTML, like Gecko) Chrome/98.0.4758.102 Safari/537.36"
141.98.11.25 - - [15/Aug/2025:09:55:37 -0300] "POST /xmlrpc.php HTTP/1.1" 200 409 "-" "Mozilla/5.0 (Windows NT 10.0; Win64; x64) AppleWebKit/537.36 (KHTML, like Gecko) Chrome/98.0.4758.102 Safari/537.36"
141.98.11.25 - - [15/Aug/2025:09:55:38 -0300] "POST /xmlrpc.php HTTP/1.1" 200 409 "-" "Mozilla/5.0 (Windows NT 10.0; Win64; x64) AppleWebKit/537.36 (KHTML, like Gecko) Chrome/98.0.4758.102 Safari/537.36"
141.98.11.25 - - [15/Aug/2025:09:55:40 -0300] "POST /xmlrpc.php HTTP/1.1" 200 409 "-" "Mozilla/5.0 (Windows NT 10.0; Win64; x64) AppleWebKit/537.36 (KHTML, like Gecko) Chrome/98.0.4758.102 Safari/537.36"
162.214.27.60 - - [15/Aug/2025:09:55:41 -0300] "POST /wp-cron.php?doing_wp_cron=1755262541.0906729698181152343750 HTTP/1.1" 200 - "-" "WordPress/6.8.2; https://blog.komforthouse.com.br"
141.98.11.25 - - [15/Aug/2025:09:55:42 -0300] "POST /xmlrpc.php HTTP/1.1" 200 409 "-" "Mozilla/5.0 (Windows NT 10.0; Win64; x64) AppleWebKit/537.36 (KHTML, like Gecko) Chrome/98.0.4758.102 Safari/537.36"
141.98.11.25 - - [15/Aug/2025:09:55:44 -0300] "POST /xmlrpc.php HTTP/1.1" 200 409 "-" "Mozilla/5.0 (Windows NT 10.0; Win64; x64) AppleWebKit/537.36 (KHTML, like Gecko) Chrome/98.0.4758.102 Safari/537.36"
162.214.27.60 - - [15/Aug/2025:09:55:45 -0300] "POST /wp-cron.php?doing_wp_cron=1755262545.2689919471740722656250 HTTP/1.1" 200 - "-" "WordPress/6.8.2; https://blog.komforthouse.com.br"
162.214.27.60 - - [15/Aug/2025:09:55:46 -0300] "POST /wp-admin/admin-ajax.php?action=async_litespeed&nonce=l9hop6ODzJ3kdl5yqzZNTLRUjLMgE4QQ&litespeed_type=imgoptm HTTP/1.1" 200 1 "-" "WordPress/6.8.2; https://blog.komforthouse.com.br"
141.98.11.25 - - [15/Aug/2025:09:55:48 -0300] "POST /xmlrpc.php HTTP/1.1" 200 409 "-" "Mozilla/5.0 (Windows NT 10.0; Win64; x64) AppleWebKit/537.36 (KHTML, like Gecko) Chrome/98.0.4758.102 Safari/537.36"
141.98.11.25 - - [15/Aug/2025:09:55:49 -0300] "POST /xmlrpc.php HTTP/1.1" 200 409 "-" "Mozilla/5.0 (Windows NT 10.0; Win64; x64) AppleWebKit/537.36 (KHTML, like Gecko) Chrome/98.0.4758.102 Safari/537.36"
141.98.11.25 - - [15/Aug/2025:09:55:52 -0300] "POST /xmlrpc.php HTTP/1.1" 200 409 "-" "Mozilla/5.0 (Windows NT 10.0; Win64; x64) AppleWebKit/537.36 (KHTML, like Gecko) Chrome/98.0.4758.102 Safari/537.36"
141.98.11.25 - - [15/Aug/2025:09:55:53 -0300] "POST /xmlrpc.php HTTP/1.1" 200 409 "-" "Mozilla/5.0 (Windows NT 10.0; Win64; x64) AppleWebKit/537.36 (KHTML, like Gecko) Chrome/98.0.4758.102 Safari/537.36"
141.98.11.25 - - [15/Aug/2025:09:55:56 -0300] "POST /xmlrpc.php HTTP/1.1" 200 409 "-" "Mozilla/5.0 (Windows NT 10.0; Win64; x64) AppleWebKit/537.36 (KHTML, like Gecko) Chrome/98.0.4758.102 Safari/537.36"
141.98.11.25 - - [15/Aug/2025:09:55:58 -0300] "POST /xmlrpc.php HTTP/1.1" 200 409 "-" "Mozilla/5.0 (Windows NT 10.0; Win64; x64) AppleWebKit/537.36 (KHTML, like Gecko) Chrome/98.0.4758.102 Safari/537.36"
141.98.11.25 - - [15/Aug/2025:09:56:00 -0300] "POST /xmlrpc.php HTTP/1.1" 200 409 "-" "Mozilla/5.0 (Windows NT 10.0; Win64; x64) AppleWebKit/537.36 (KHTML, like Gecko) Chrome/98.0.4758.102 Safari/537.36"
141.98.11.25 - - [15/Aug/2025:09:56:01 -0300] "POST /xmlrpc.php HTTP/1.1" 200 409 "-" "Mozilla/5.0 (Windows NT 10.0; Win64; x64) AppleWebKit/537.36 (KHTML, like Gecko) Chrome/98.0.4758.102 Safari/537.36"
141.98.11.25 - - [15/Aug/2025:09:56:03 -0300] "POST /xmlrpc.php HTTP/1.1" 200 409 "-" "Mozilla/5.0 (Windows NT 10.0; Win64; x64) AppleWebKit/537.36 (KHTML, like Gecko) Chrome/98.0.4758.102 Safari/537.36"
141.98.11.25 - - [15/Aug/2025:09:56:04 -0300] "POST /xmlrpc.php HTTP/1.1" 200 409 "-" "Mozilla/5.0 (Windows NT 10.0; Win64; x64) AppleWebKit/537.36 (KHTML, like Gecko) Chrome/98.0.4758.102 Safari/537.36"
141.98.11.25 - - [15/Aug/2025:09:56:06 -0300] "POST /xmlrpc.php HTTP/1.1" 200 409 "-" "Mozilla/5.0 (Windows NT 10.0; Win64; x64) AppleWebKit/537.36 (KHTML, like Gecko) Chrome/98.0.4758.102 Safari/537.36"
141.98.11.25 - - [15/Aug/2025:09:56:08 -0300] "POST /xmlrpc.php HTTP/1.1" 200 409 "-" "Mozilla/5.0 (Windows NT 10.0; Win64; x64) AppleWebKit/537.36 (KHTML, like Gecko) Chrome/98.0.4758.102 Safari/537.36"
141.98.11.25 - - [15/Aug/2025:09:56:09 -0300] "POST /xmlrpc.php HTTP/1.1" 200 409 "-" "Mozilla/5.0 (Windows NT 10.0; Win64; x64) AppleWebKit/537.36 (KHTML, like Gecko) Chrome/98.0.4758.102 Safari/537.36"
141.98.11.25 - - [15/Aug/2025:09:56:11 -0300] "POST /xmlrpc.php HTTP/1.1" 200 409 "-" "Mozilla/5.0 (Windows NT 10.0; Win64; x64) AppleWebKit/537.36 (KHTML, like Gecko) Chrome/98.0.4758.102 Safari/537.36"
141.98.11.25 - - [15/Aug/2025:09:56:13 -0300] "POST /xmlrpc.php HTTP/1.1" 200 409 "-" "Mozilla/5.0 (Windows NT 10.0; Win64; x64) AppleWebKit/537.36 (KHTML, like Gecko) Chrome/98.0.4758.102 Safari/537.36"
141.98.11.25 - - [15/Aug/2025:09:56:15 -0300] "POST /xmlrpc.php HTTP/1.1" 200 409 "-" "Mozilla/5.0 (Windows NT 10.0; Win64; x64) AppleWebKit/537.36 (KHTML, like Gecko) Chrome/98.0.4758.102 Safari/537.36"
141.98.11.25 - - [15/Aug/2025:09:56:17 -0300] "POST /xmlrpc.php HTTP/1.1" 200 409 "-" "Mozilla/5.0 (Windows NT 10.0; Win64; x64) AppleWebKit/537.36 (KHTML, like Gecko) Chrome/98.0.4758.102 Safari/537.36"
141.98.11.25 - - [15/Aug/2025:09:56:18 -0300] "POST /xmlrpc.php HTTP/1.1" 200 409 "-" "Mozilla/5.0 (Windows NT 10.0; Win64; x64) AppleWebKit/537.36 (KHTML, like Gecko) Chrome/98.0.4758.102 Safari/537.36"
141.98.11.25 - - [15/Aug/2025:09:56:20 -0300] "POST /xmlrpc.php HTTP/1.1" 200 409 "-" "Mozilla/5.0 (Windows NT 10.0; Win64; x64) AppleWebKit/537.36 (KHTML, like Gecko) Chrome/98.0.4758.102 Safari/537.36"
141.98.11.25 - - [15/Aug/2025:09:56:22 -0300] "POST /xmlrpc.php HTTP/1.1" 200 409 "-" "Mozilla/5.0 (Windows NT 10.0; Win64; x64) AppleWebKit/537.36 (KHTML, like Gecko) Chrome/98.0.4758.102 Safari/537.36"
141.98.11.25 - - [15/Aug/2025:09:56:23 -0300] "POST /xmlrpc.php HTTP/1.1" 200 409 "-" "Mozilla/5.0 (Windows NT 10.0; Win64; x64) AppleWebKit/537.36 (KHTML, like Gecko) Chrome/98.0.4758.102 Safari/537.36"
141.98.11.25 - - [15/Aug/2025:09:56:25 -0300] "POST /xmlrpc.php HTTP/1.1" 200 409 "-" "Mozilla/5.0 (Windows NT 10.0; Win64; x64) AppleWebKit/537.36 (KHTML, like Gecko) Chrome/98.0.4758.102 Safari/537.36"
141.98.11.25 - - [15/Aug/2025:09:56:27 -0300] "POST /xmlrpc.php HTTP/1.1" 200 409 "-" "Mozilla/5.0 (Windows NT 10.0; Win64; x64) AppleWebKit/537.36 (KHTML, like Gecko) Chrome/98.0.4758.102 Safari/537.36"
141.98.11.25 - - [15/Aug/2025:09:56:28 -0300] "POST /xmlrpc.php HTTP/1.1" 200 409 "-" "Mozilla/5.0 (Windows NT 10.0; Win64; x64) AppleWebKit/537.36 (KHTML, like Gecko) Chrome/98.0.4758.102 Safari/537.36"
141.98.11.25 - - [15/Aug/2025:09:56:30 -0300] "POST /xmlrpc.php HTTP/1.1" 200 409 "-" "Mozilla/5.0 (Windows NT 10.0; Win64; x64) AppleWebKit/537.36 (KHTML, like Gecko) Chrome/98.0.4758.102 Safari/537.36"
141.98.11.25 - - [15/Aug/2025:09:56:32 -0300] "POST /xmlrpc.php HTTP/1.1" 200 409 "-" "Mozilla/5.0 (Windows NT 10.0; Win64; x64) AppleWebKit/537.36 (KHTML, like Gecko) Chrome/98.0.4758.102 Safari/537.36"
