162.214.27.60 - - [15/Aug/2025:17:30:14 -0300] "POST /wp-admin/admin-ajax.php?action=async_litespeed&nonce=XKpKdkVutQZle6gx5FkdkOX77dCecTAn&litespeed_type=imgoptm HTTP/1.1" 200 1 "-" "WordPress/6.8.2; https://blog.komforthouse.com.br"
136.243.228.194 - - [15/Aug/2025:17:30:15 -0300] "GET / HTTP/1.1" 200 127418 "-" "Mozilla/5.0 (compatible; DataForSeoBot/1.0; +https://dataforseo.com/dataforseo-bot)"
162.214.27.60 - - [15/Aug/2025:17:30:17 -0300] "POST /wp-cron.php?doing_wp_cron=1755289817.7239689826965332031250 HTTP/1.1" 200 - "-" "WordPress/6.8.2; https://blog.komforthouse.com.br"
136.243.228.194 - - [15/Aug/2025:17:30:16 -0300] "GET /sitemap_index.xml HTTP/1.1" 200 693 "-" "Mozilla/5.0 (compatible; DataForSeoBot/1.0; +https://dataforseo.com/dataforseo-bot)"
178.156.178.120 - - [15/Aug/2025:17:31:19 -0300] "GET /a-psicologia-das-cores-para-sofas/ HTTP/1.1" 200 91929 "-" "Mozilla/5.0 (Windows NT 10.0; Win64; x64) AppleWebKit/537.36 (KHTML, like Gecko) Chrome/84.0.4147.105 Safari/537.36"
162.214.27.60 - - [15/Aug/2025:17:31:20 -0300] "POST /wp-cron.php?doing_wp_cron=1755289880.1537001132965087890625 HTTP/1.1" 200 - "-" "WordPress/6.8.2; https://blog.komforthouse.com.br"
162.214.27.60 - - [15/Aug/2025:17:31:21 -0300] "POST /wp-admin/admin-ajax.php?action=async_litespeed&nonce=yoQs4A3IaAhpSImjGy77v9uT7ZqVSxWu&litespeed_type=imgoptm HTTP/1.1" 200 1 "-" "WordPress/6.8.2; https://blog.komforthouse.com.br"
162.214.27.60 - - [15/Aug/2025:17:31:47 -0300] "POST /wp-cron.php?doing_wp_cron=1755289907.8677399158477783203125 HTTP/1.1" 200 - "-" "WordPress/6.8.2; https://blog.komforthouse.com.br"
162.214.27.60 - - [15/Aug/2025:17:31:48 -0300] "POST /wp-admin/admin-ajax.php?action=async_litespeed&nonce=3phtWXPi3TWXsmd8lXAPd5S8zsQWclyu&litespeed_type=imgoptm HTTP/1.1" 200 1 "-" "WordPress/6.8.2; https://blog.komforthouse.com.br"
136.243.228.194 - - [15/Aug/2025:17:31:47 -0300] "GET /page/3/ HTTP/1.1" 200 120077 "-" "Mozilla/5.0 (compatible; DataForSeoBot/1.0; +https://dataforseo.com/dataforseo-bot)"
136.243.228.194 - - [15/Aug/2025:17:31:52 -0300] "GET /page/2/ HTTP/1.1" 200 127028 "-" "Mozilla/5.0 (compatible; DataForSeoBot/1.0; +https://dataforseo.com/dataforseo-bot)"
136.243.228.194 - - [15/Aug/2025:17:31:56 -0300] "GET /category/reforma/ HTTP/1.1" 200 83749 "-" "Mozilla/5.0 (compatible; DataForSeoBot/1.0; +https://dataforseo.com/dataforseo-bot)"
136.243.228.194 - - [15/Aug/2025:17:31:59 -0300] "GET /o-que-nao-fazer-na-decoracao-da-sua-sala/ HTTP/1.1" 200 88956 "-" "Mozilla/5.0 (compatible; DataForSeoBot/1.0; +https://dataforseo.com/dataforseo-bot)"
136.243.228.194 - - [15/Aug/2025:17:32:03 -0300] "GET /category/saude-e-bem-estar/ HTTP/1.1" 301 - "-" "Mozilla/5.0 (compatible; DataForSeoBot/1.0; +https://dataforseo.com/dataforseo-bot)"
136.243.228.194 - - [15/Aug/2025:17:32:07 -0300] "GET /category/cabeceiras/ HTTP/1.1" 200 83800 "-" "Mozilla/5.0 (compatible; DataForSeoBot/1.0; +https://dataforseo.com/dataforseo-bot)"
136.243.228.194 - - [15/Aug/2025:17:32:12 -0300] "GET /cores-tendencia-para-sofa-em-2025/ HTTP/1.1" 200 90591 "-" "Mozilla/5.0 (compatible; DataForSeoBot/1.0; +https://dataforseo.com/dataforseo-bot)"
136.243.228.194 - - [15/Aug/2025:17:32:16 -0300] "GET /category/sala-de-jantar/ HTTP/1.1" 200 84022 "-" "Mozilla/5.0 (compatible; DataForSeoBot/1.0; +https://dataforseo.com/dataforseo-bot)"
136.243.228.194 - - [15/Aug/2025:17:32:20 -0300] "GET /como-eliminar-acaros-dos-sofas/ HTTP/1.1" 200 91644 "-" "Mozilla/5.0 (compatible; DataForSeoBot/1.0; +https://dataforseo.com/dataforseo-bot)"
136.243.228.194 - - [15/Aug/2025:17:32:24 -0300] "GET /category/cama-e-colchoes/ HTTP/1.1" 200 84009 "-" "Mozilla/5.0 (compatible; DataForSeoBot/1.0; +https://dataforseo.com/dataforseo-bot)"
136.243.228.194 - - [15/Aug/2025:17:32:28 -0300] "GET /como-deixar-uma-sala-mais-elegante/ HTTP/1.1" 200 89539 "-" "Mozilla/5.0 (compatible; DataForSeoBot/1.0; +https://dataforseo.com/dataforseo-bot)"
136.243.228.194 - - [15/Aug/2025:17:32:32 -0300] "GET /quer-comprar-um-sofa-novo-mas-nao-sabe-por-onde-comecar/ HTTP/1.1" 200 92237 "-" "Mozilla/5.0 (compatible; DataForSeoBot/1.0; +https://dataforseo.com/dataforseo-bot)"
136.243.228.194 - - [15/Aug/2025:17:32:36 -0300] "GET /ideias-de-decoracao-para-combinar-com-diferentes-estilos-de-sofas/ HTTP/1.1" 200 96782 "-" "Mozilla/5.0 (compatible; DataForSeoBot/1.0; +https://dataforseo.com/dataforseo-bot)"
162.214.27.60 - - [15/Aug/2025:17:32:41 -0300] "POST /wp-cron.php?doing_wp_cron=1755289961.1743741035461425781250 HTTP/1.1" 200 - "-" "WordPress/6.8.2; https://blog.komforthouse.com.br"
136.243.228.194 - - [15/Aug/2025:17:32:40 -0300] "GET /category/quartos/ HTTP/1.1" 200 84193 "-" "Mozilla/5.0 (compatible; DataForSeoBot/1.0; +https://dataforseo.com/dataforseo-bot)"
162.214.27.60 - - [15/Aug/2025:17:32:46 -0300] "POST /wp-admin/admin-ajax.php?action=async_litespeed&nonce=r9l0rrvuJPzWALHJJX8Yhrb94k9JAx3l&litespeed_type=imgoptm HTTP/1.1" 200 1 "-" "WordPress/6.8.2; https://blog.komforthouse.com.br"
162.214.27.60 - - [15/Aug/2025:17:32:46 -0300] "POST /wp-cron.php?doing_wp_cron=1755289966.0608599185943603515625 HTTP/1.1" 200 - "-" "WordPress/6.8.2; https://blog.komforthouse.com.br"
136.243.228.194 - - [15/Aug/2025:17:32:45 -0300] "GET /category/decoracao/ HTTP/1.1" 200 96229 "-" "Mozilla/5.0 (compatible; DataForSeoBot/1.0; +https://dataforseo.com/dataforseo-bot)"
136.243.228.194 - - [15/Aug/2025:17:32:49 -0300] "GET /a-psicologia-das-cores-para-sofas/ HTTP/1.1" 200 91929 "-" "Mozilla/5.0 (compatible; DataForSeoBot/1.0; +https://dataforseo.com/dataforseo-bot)"
136.243.228.194 - - [15/Aug/2025:17:32:53 -0300] "GET /explorando-a-elegancia-e-conforto-do-tecido-suede-para-sofas/ HTTP/1.1" 200 90229 "-" "Mozilla/5.0 (compatible; DataForSeoBot/1.0; +https://dataforseo.com/dataforseo-bot)"
136.243.228.194 - - [15/Aug/2025:17:32:58 -0300] "GET /category/acessorios/ HTTP/1.1" 200 85559 "-" "Mozilla/5.0 (compatible; DataForSeoBot/1.0; +https://dataforseo.com/dataforseo-bot)"
136.243.228.194 - - [15/Aug/2025:17:33:02 -0300] "GET /category/escritorio/ HTTP/1.1" 200 87012 "-" "Mozilla/5.0 (compatible; DataForSeoBot/1.0; +https://dataforseo.com/dataforseo-bot)"
34.206.193.60 - - [15/Aug/2025:17:33:04 -0300] "GET / HTTP/1.1" 200 127418 "-" "Mozilla/5.0 AppleWebKit/537.36 (KHTML, like Gecko; compatible; Amazonbot/0.1; +https://developer.amazon.com/support/amazonbot) Chrome/119.0.6045.214 Safari/537.36"
136.243.228.194 - - [15/Aug/2025:17:33:06 -0300] "GET /category/apartamentos/ HTTP/1.1" 200 92849 "-" "Mozilla/5.0 (compatible; DataForSeoBot/1.0; +https://dataforseo.com/dataforseo-bot)"
136.243.228.194 - - [15/Aug/2025:17:33:10 -0300] "GET /category/tendencias/ HTTP/1.1" 200 87754 "-" "Mozilla/5.0 (compatible; DataForSeoBot/1.0; +https://dataforseo.com/dataforseo-bot)"
136.243.228.194 - - [15/Aug/2025:17:33:14 -0300] "GET /inspiracao-sofa-para-sala-de-estar/ HTTP/1.1" 200 95370 "-" "Mozilla/5.0 (compatible; DataForSeoBot/1.0; +https://dataforseo.com/dataforseo-bot)"
136.243.228.194 - - [15/Aug/2025:17:33:17 -0300] "GET /category/sofas/ HTTP/1.1" 200 96547 "-" "Mozilla/5.0 (compatible; DataForSeoBot/1.0; +https://dataforseo.com/dataforseo-bot)"
136.243.228.194 - - [15/Aug/2025:17:33:21 -0300] "GET /escolhendo-a-cor-perfeita-para-o-seu-sofa-dicas-e-inspiracoes/ HTTP/1.1" 200 95526 "-" "Mozilla/5.0 (compatible; DataForSeoBot/1.0; +https://dataforseo.com/dataforseo-bot)"
136.243.228.194 - - [15/Aug/2025:17:33:26 -0300] "GET /category/sala-de-estar/ HTTP/1.1" 200 95207 "-" "Mozilla/5.0 (compatible; DataForSeoBot/1.0; +https://dataforseo.com/dataforseo-bot)"
136.243.228.194 - - [15/Aug/2025:17:33:30 -0300] "GET /mobiliando-com-estilo-para-dentista/ HTTP/1.1" 200 100233 "-" "Mozilla/5.0 (compatible; DataForSeoBot/1.0; +https://dataforseo.com/dataforseo-bot)"
136.243.228.194 - - [15/Aug/2025:17:33:34 -0300] "GET /category/decoracao/page/2/ HTTP/1.1" 200 94006 "-" "Mozilla/5.0 (compatible; DataForSeoBot/1.0; +https://dataforseo.com/dataforseo-bot)"
162.214.27.60 - - [15/Aug/2025:17:33:48 -0300] "POST /wp-admin/admin-ajax.php?action=async_litespeed&nonce=lk2ruh82N6HMk0G04i7JjRAMllDxmtY1&litespeed_type=imgoptm HTTP/1.1" 200 1 "-" "WordPress/6.8.2; https://blog.komforthouse.com.br"
162.214.27.60 - - [15/Aug/2025:17:33:47 -0300] "POST /wp-cron.php?doing_wp_cron=1755290027.5822849273681640625000 HTTP/1.1" 200 - "-" "WordPress/6.8.2; https://blog.komforthouse.com.br"
136.243.228.194 - - [15/Aug/2025:17:33:46 -0300] "GET /tendencias-em-design-de-sofas-para-apartamentos/ HTTP/1.1" 200 98764 "-" "Mozilla/5.0 (compatible; DataForSeoBot/1.0; +https://dataforseo.com/dataforseo-bot)"
136.243.228.194 - - [15/Aug/2025:17:33:50 -0300] "GET /tendencias-em-design-de-sofas-para-2023/ HTTP/1.1" 200 95360 "-" "Mozilla/5.0 (compatible; DataForSeoBot/1.0; +https://dataforseo.com/dataforseo-bot)"
136.243.228.194 - - [15/Aug/2025:17:33:54 -0300] "GET /ideias-de-decoracao-para-sua-sala-de-estar-transformando-espacos-com-sofisticacao/ HTTP/1.1" 200 92641 "-" "Mozilla/5.0 (compatible; DataForSeoBot/1.0; +https://dataforseo.com/dataforseo-bot)"
136.243.228.194 - - [15/Aug/2025:17:33:59 -0300] "GET /quais-as-medidas-ideais-para-um-sofa-de-3-lugares-em-um-apartamento/ HTTP/1.1" 200 90143 "-" "Mozilla/5.0 (compatible; DataForSeoBot/1.0; +https://dataforseo.com/dataforseo-bot)"
136.243.228.194 - - [15/Aug/2025:17:34:02 -0300] "GET /category/sofas/page/2/ HTTP/1.1" 200 97089 "-" "Mozilla/5.0 (compatible; DataForSeoBot/1.0; +https://dataforseo.com/dataforseo-bot)"
136.243.228.194 - - [15/Aug/2025:17:34:07 -0300] "GET /category/sofas/page/3/ HTTP/1.1" 200 88838 "-" "Mozilla/5.0 (compatible; DataForSeoBot/1.0; +https://dataforseo.com/dataforseo-bot)"
136.243.228.194 - - [15/Aug/2025:17:34:11 -0300] "GET /sofas-retrateis-escolhendo-o-perfeito-para-a-sua-sala-de-estar/ HTTP/1.1" 200 101003 "-" "Mozilla/5.0 (compatible; DataForSeoBot/1.0; +https://dataforseo.com/dataforseo-bot)"
136.243.228.194 - - [15/Aug/2025:17:34:15 -0300] "GET /por-que-escolher-um-sofa-de-3-lugares/ HTTP/1.1" 200 94151 "-" "Mozilla/5.0 (compatible; DataForSeoBot/1.0; +https://dataforseo.com/dataforseo-bot)"
136.243.228.194 - - [15/Aug/2025:17:34:18 -0300] "GET /explorando-a-elegancia-e-o-conforto-do-tecido-boucle-indiano/ HTTP/1.1" 200 79853 "-" "Mozilla/5.0 (compatible; DataForSeoBot/1.0; +https://dataforseo.com/dataforseo-bot)"
136.243.228.194 - - [15/Aug/2025:17:34:23 -0300] "GET /melhores-materiais-para-estofamentoconforto-e-durabilidade/ HTTP/1.1" 200 94281 "-" "Mozilla/5.0 (compatible; DataForSeoBot/1.0; +https://dataforseo.com/dataforseo-bot)"
136.243.228.194 - - [15/Aug/2025:17:34:26 -0300] "GET /o-guia-completo-para-escolher-o-sofa-perfeito-para-sua-casa/ HTTP/1.1" 200 88953 "-" "Mozilla/5.0 (compatible; DataForSeoBot/1.0; +https://dataforseo.com/dataforseo-bot)"
162.214.27.60 - - [15/Aug/2025:17:35:20 -0300] "POST /wp-cron.php?doing_wp_cron=1755290120.4778048992156982421875 HTTP/1.1" 200 - "-" "WordPress/6.8.2; https://blog.komforthouse.com.br"
136.243.228.194 - - [15/Aug/2025:17:35:19 -0300] "GET /historia-e-significado-do-sofa-barcelona-explorando-a-elegancia-iconica/ HTTP/1.1" 200 88225 "-" "Mozilla/5.0 (compatible; DataForSeoBot/1.0; +https://dataforseo.com/dataforseo-bot)"
162.214.27.60 - - [15/Aug/2025:17:35:21 -0300] "POST /wp-admin/admin-ajax.php?action=async_litespeed&nonce=OoBQw5cJTE02Db3g1GRXut69gcDW4LhA&litespeed_type=imgoptm HTTP/1.1" 200 1 "-" "WordPress/6.8.2; https://blog.komforthouse.com.br"
136.243.228.194 - - [15/Aug/2025:17:35:24 -0300] "GET /cupim-no-sofa-como-identificar-prevenir-e-eliminar/ HTTP/1.1" 200 100132 "-" "Mozilla/5.0 (compatible; DataForSeoBot/1.0; +https://dataforseo.com/dataforseo-bot)"
136.243.228.194 - - [15/Aug/2025:17:35:28 -0300] "GET /dicas-de-manutencao-para-prolongar-a-vida-do-seu-sofa-2/ HTTP/1.1" 200 97295 "-" "Mozilla/5.0 (compatible; DataForSeoBot/1.0; +https://dataforseo.com/dataforseo-bot)"
136.243.228.194 - - [15/Aug/2025:17:35:32 -0300] "GET /sofa-como-escolher-o-melhor-modelo-para-sua-casa/ HTTP/1.1" 200 79282 "-" "Mozilla/5.0 (compatible; DataForSeoBot/1.0; +https://dataforseo.com/dataforseo-bot)"
162.120.186.82 - - [15/Aug/2025:17:36:29 -0300] "GET /escolhendo-a-cor-perfeita-para-o-seu-sofa-dicas-e-inspiracoes/ HTTP/1.1" 200 95526 "https://www.google.com/" "Mozilla/5.0 (Linux; Android 10; K) AppleWebKit/537.36 (KHTML, like Gecko) Chrome/139.0.0.0 Mobile Safari/537.36"
66.249.83.136 - - [15/Aug/2025:17:36:28 -0300] "GET /.well-known/traffic-advice HTTP/1.1" 404 69731 "-" "Chrome Privacy Preserving Prefetch Proxy"
162.214.27.60 - - [15/Aug/2025:17:36:30 -0300] "POST /wp-admin/admin-ajax.php?action=async_litespeed&nonce=rLOpJYo6ge3QOSx6MSXYdjQ88U9zs6sr&litespeed_type=imgoptm HTTP/1.1" 200 1 "-" "WordPress/6.8.2; https://blog.komforthouse.com.br"
162.214.27.60 - - [15/Aug/2025:17:36:29 -0300] "POST /wp-cron.php?doing_wp_cron=1755290189.7317368984222412109375 HTTP/1.1" 200 - "-" "WordPress/6.8.2; https://blog.komforthouse.com.br"
162.120.185.211 - - [15/Aug/2025:17:39:56 -0300] "GET /escolhendo-a-cor-perfeita-para-o-seu-sofa-dicas-e-inspiracoes/ HTTP/1.1" 200 95526 "https://www.google.com/" "Mozilla/5.0 (Linux; Android 10; K) AppleWebKit/537.36 (KHTML, like Gecko) Chrome/139.0.0.0 Mobile Safari/537.36"
162.214.27.60 - - [15/Aug/2025:17:39:57 -0300] "POST /wp-cron.php?doing_wp_cron=1755290397.8341829776763916015625 HTTP/1.1" 200 - "-" "WordPress/6.8.2; https://blog.komforthouse.com.br"
162.214.27.60 - - [15/Aug/2025:17:39:58 -0300] "POST /wp-admin/admin-ajax.php?action=async_litespeed&nonce=B3rarUjWpjqzWUTaV0MWLFzmw3bwJSw0&litespeed_type=imgoptm HTTP/1.1" 200 1 "-" "WordPress/6.8.2; https://blog.komforthouse.com.br"
196.251.69.55 - - [15/Aug/2025:17:41:30 -0300] "POST /wp-login.php HTTP/1.1" 200 9733 "-" "Mozilla/5.0"
162.214.27.60 - - [15/Aug/2025:17:41:31 -0300] "POST /wp-cron.php?doing_wp_cron=1755290491.6249480247497558593750 HTTP/1.1" 200 - "-" "WordPress/6.8.2; https://blog.komforthouse.com.br"
162.214.27.60 - - [15/Aug/2025:17:41:32 -0300] "POST /wp-admin/admin-ajax.php?action=async_litespeed&nonce=krRH6NNnmBdGJIllwfL00D3Aee7c4aap&litespeed_type=imgoptm HTTP/1.1" 200 1 "-" "WordPress/6.8.2; https://blog.komforthouse.com.br"
162.214.27.60 - - [15/Aug/2025:17:41:55 -0300] "POST /wp-cron.php?doing_wp_cron=1755290515.3657159805297851562500 HTTP/1.1" 200 - "-" "WordPress/6.8.2; https://blog.komforthouse.com.br"
162.214.27.60 - - [15/Aug/2025:17:41:56 -0300] "POST /wp-admin/admin-ajax.php?action=async_litespeed&nonce=1Ap1dJQmmFtdq5bk5Urf8kRW9c2cyuR8&litespeed_type=imgoptm HTTP/1.1" 200 1 "-" "WordPress/6.8.2; https://blog.komforthouse.com.br"
170.187.147.74 - - [15/Aug/2025:17:41:54 -0300] "GET /wp-json/wp/v2/posts/?per_page=50 HTTP/1.0" 200 315210 "-" "Mozilla/5.0 (compatible; Googlebot/2.1; +http://www.google.com/bot.html)"
196.251.112.104 - - [15/Aug/2025:17:42:38 -0300] "POST /wp-login.php HTTP/1.1" 200 9733 "-" "Mozilla/5.0"
34.61.244.126 - - [15/Aug/2025:17:42:39 -0300] "GET / HTTP/1.1" 200 127418 "http://www.blog.komforthouse.com.br" "Mozilla/5.0 (compatible; CMS-Checker/1.0; +https://example.com)"
188.239.198.11 - - [15/Aug/2025:17:47:07 -0300] "GET /explorando-a-elegancia-e-o-conforto-do-tecido-boucle-indiano/ HTTP/1.1" 200 79853 "-" "Mozilla/5.0 (Macintosh; Intel Mac OS X 10_9_5) AppleWebKit/537.36 (KHTML, like Gecko) Chrome/66.0.3359.181 Safari/537.36"
162.214.27.60 - - [15/Aug/2025:17:47:08 -0300] "POST /wp-cron.php?doing_wp_cron=1755290828.6487720012664794921875 HTTP/1.1" 200 - "-" "WordPress/6.8.2; https://blog.komforthouse.com.br"
162.214.27.60 - - [15/Aug/2025:17:47:10 -0300] "POST /wp-admin/admin-ajax.php?action=async_litespeed&nonce=l2a7wXc1BTF6w56O3HZGf9kEr5nOSCTS&litespeed_type=imgoptm HTTP/1.1" 200 1 "-" "WordPress/6.8.2; https://blog.komforthouse.com.br"
162.214.27.60 - - [15/Aug/2025:17:50:52 -0300] "POST /wp-cron.php?doing_wp_cron=1755291052.3510870933532714843750 HTTP/1.1" 200 - "-" "WordPress/6.8.2; https://blog.komforthouse.com.br"
162.214.27.60 - - [15/Aug/2025:17:50:53 -0300] "POST /wp-admin/admin-ajax.php?action=async_litespeed&nonce=UK8taliKHHg7XoAi3wbEvglxsCMuVe3t&litespeed_type=imgoptm HTTP/1.1" 200 1 "-" "WordPress/6.8.2; https://blog.komforthouse.com.br"
18.210.58.238 - - [15/Aug/2025:17:50:51 -0300] "GET / HTTP/1.1" 200 127418 "-" "Mozilla/5.0 AppleWebKit/537.36 (KHTML, like Gecko; compatible; Amazonbot/0.1; +https://developer.amazon.com/support/amazonbot) Chrome/119.0.6045.214 Safari/537.36"
196.251.69.55 - - [15/Aug/2025:17:52:48 -0300] "POST /wp-login.php HTTP/1.1" 200 9733 "-" "Mozilla/5.0"
162.214.27.60 - - [15/Aug/2025:17:52:49 -0300] "POST /wp-admin/admin-ajax.php?action=async_litespeed&nonce=B0hoR2d2zXbfI963f0hrJMtyDLncTWJe&litespeed_type=imgoptm HTTP/1.1" 200 1 "-" "WordPress/6.8.2; https://blog.komforthouse.com.br"
162.214.27.60 - - [15/Aug/2025:17:52:49 -0300] "POST /wp-cron.php?doing_wp_cron=1755291169.0430119037628173828125 HTTP/1.1" 200 - "-" "WordPress/6.8.2; https://blog.komforthouse.com.br"
196.251.112.104 - - [15/Aug/2025:17:59:00 -0300] "POST /wp-login.php HTTP/1.1" 200 9733 "-" "Mozilla/5.0"
162.214.27.60 - - [15/Aug/2025:17:59:01 -0300] "POST /wp-cron.php?doing_wp_cron=1755291541.1663739681243896484375 HTTP/1.1" 200 - "-" "WordPress/6.8.2; https://blog.komforthouse.com.br"
162.214.27.60 - - [15/Aug/2025:18:01:22 -0300] "POST /wp-cron.php?doing_wp_cron=1755291682.8235681056976318359375 HTTP/1.1" 200 - "-" "WordPress/6.8.2; https://blog.komforthouse.com.br"
162.214.27.60 - - [15/Aug/2025:18:01:21 -0300] "POST /wp-admin/admin-ajax.php?action=async_litespeed&nonce=yll07ZJcgY5spTCHQmll4LeWmdLHwGsR&litespeed_type=imgoptm HTTP/1.1" 200 1 "-" "WordPress/6.8.2; https://blog.komforthouse.com.br"
162.214.27.60 - - [15/Aug/2025:18:03:05 -0300] "POST /wp-admin/admin-ajax.php?action=async_litespeed&nonce=OvaBKEvrtjXLjLiFIJNxrgi6heIug4bm&litespeed_type=imgoptm HTTP/1.1" 200 1 "-" "WordPress/6.8.2; https://blog.komforthouse.com.br"
196.251.69.55 - - [15/Aug/2025:18:04:00 -0300] "POST /wp-login.php HTTP/1.1" 200 9733 "-" "Mozilla/5.0"
162.214.27.60 - - [15/Aug/2025:18:04:01 -0300] "POST /wp-cron.php?doing_wp_cron=1755291841.2869019508361816406250 HTTP/1.1" 200 - "-" "WordPress/6.8.2; https://blog.komforthouse.com.br"
162.214.27.60 - - [15/Aug/2025:18:04:02 -0300] "POST /wp-admin/admin-ajax.php?action=async_litespeed&nonce=xgfakcBK77iB8h8iCiVucEkRLDZsmCnu&litespeed_type=imgoptm HTTP/1.1" 200 1 "-" "WordPress/6.8.2; https://blog.komforthouse.com.br"
162.214.27.60 - - [15/Aug/2025:18:10:09 -0300] "POST /wp-cron.php?doing_wp_cron=1755292209.0490040779113769531250 HTTP/1.1" 200 - "-" "WordPress/6.8.2; https://blog.komforthouse.com.br"
3.208.156.9 - - [15/Aug/2025:18:10:08 -0300] "GET / HTTP/1.1" 200 127418 "-" "Mozilla/5.0 AppleWebKit/537.36 (KHTML, like Gecko; compatible; Amazonbot/0.1; +https://developer.amazon.com/support/amazonbot) Chrome/119.0.6045.214 Safari/537.36"
162.214.27.60 - - [15/Aug/2025:18:10:10 -0300] "POST /wp-admin/admin-ajax.php?action=async_litespeed&nonce=bp4gc9TbovyeYNtIEb0zTBPhOqaVzWv2&litespeed_type=imgoptm HTTP/1.1" 200 1 "-" "WordPress/6.8.2; https://blog.komforthouse.com.br"
196.251.69.55 - - [15/Aug/2025:18:15:11 -0300] "POST /wp-login.php HTTP/1.1" 200 9733 "-" "Mozilla/5.0"
162.214.27.60 - - [15/Aug/2025:18:15:12 -0300] "POST /wp-cron.php?doing_wp_cron=1755292512.4206719398498535156250 HTTP/1.1" 200 - "-" "WordPress/6.8.2; https://blog.komforthouse.com.br"
162.214.27.60 - - [15/Aug/2025:18:15:13 -0300] "POST /wp-admin/admin-ajax.php?action=async_litespeed&nonce=Tza1mzPnqQcolZemJcPGb5uFDf5Fxl7v&litespeed_type=imgoptm HTTP/1.1" 200 1 "-" "WordPress/6.8.2; https://blog.komforthouse.com.br"
196.251.112.104 - - [15/Aug/2025:18:15:38 -0300] "POST /wp-login.php HTTP/1.1" 200 9733 "-" "Mozilla/5.0"
50.116.28.205 - - [15/Aug/2025:18:20:26 -0300] "GET /wp-json/wp/v2/posts/?per_page=50 HTTP/1.0" 200 315210 "-" "Mozilla/5.0 (compatible; Googlebot/2.1; +http://www.google.com/bot.html)"
162.214.27.60 - - [15/Aug/2025:18:20:27 -0300] "POST /wp-cron.php?doing_wp_cron=1755292827.7996718883514404296875 HTTP/1.1" 200 - "-" "WordPress/6.8.2; https://blog.komforthouse.com.br"
162.214.27.60 - - [15/Aug/2025:18:20:28 -0300] "POST /wp-admin/admin-ajax.php?action=async_litespeed&nonce=k8WljK02OxNhnwxr0QyVD2qNH4cBxkPT&litespeed_type=imgoptm HTTP/1.1" 200 1 "-" "WordPress/6.8.2; https://blog.komforthouse.com.br"
72.14.201.244 - - [15/Aug/2025:18:21:28 -0300] "GET /sofas-de-couro-vs-tecido/ HTTP/1.1" 200 81280 "https://www.google.com/" "Mozilla/5.0 (Linux; Android 10; K) AppleWebKit/537.36 (KHTML, like Gecko) Chrome/139.0.0.0 Mobile Safari/537.36"
162.214.27.60 - - [15/Aug/2025:18:21:29 -0300] "POST /wp-cron.php?doing_wp_cron=1755292889.3247969150543212890625 HTTP/1.1" 200 - "-" "WordPress/6.8.2; https://blog.komforthouse.com.br"
162.214.27.60 - - [15/Aug/2025:18:21:30 -0300] "POST /wp-admin/admin-ajax.php?action=async_litespeed&nonce=38Z3fynnSwTTR1gXSJpQ6IqQuQSyO7f0&litespeed_type=imgoptm HTTP/1.1" 200 1 "-" "WordPress/6.8.2; https://blog.komforthouse.com.br"
196.251.69.55 - - [15/Aug/2025:18:26:16 -0300] "POST /wp-login.php HTTP/1.1" 200 9733 "-" "Mozilla/5.0"
162.214.27.60 - - [15/Aug/2025:18:26:17 -0300] "POST /wp-cron.php?doing_wp_cron=1755293177.2214310169219970703125 HTTP/1.1" 200 - "-" "WordPress/6.8.2; https://blog.komforthouse.com.br"
162.214.27.60 - - [15/Aug/2025:18:26:17 -0300] "POST /wp-admin/admin-ajax.php?action=async_litespeed&nonce=VWA0egDIAtH7Khkp4FFlJTXtU38oMA22&litespeed_type=imgoptm HTTP/1.1" 200 1 "-" "WordPress/6.8.2; https://blog.komforthouse.com.br"
162.214.27.60 - - [15/Aug/2025:18:27:17 -0300] "POST /wp-cron.php?doing_wp_cron=1755293237.2243099212646484375000 HTTP/1.1" 200 - "-" "WordPress/6.8.2; https://blog.komforthouse.com.br"
162.214.27.60 - - [15/Aug/2025:18:27:18 -0300] "POST /wp-admin/admin-ajax.php?action=async_litespeed&nonce=JR2ma2v5PKwEFv3f2vS4hP2dVLk17Cz1&litespeed_type=imgoptm HTTP/1.1" 200 1 "-" "WordPress/6.8.2; https://blog.komforthouse.com.br"
44.221.227.90 - - [15/Aug/2025:18:27:16 -0300] "GET / HTTP/1.1" 200 127418 "-" "Mozilla/5.0 AppleWebKit/537.36 (KHTML, like Gecko; compatible; Amazonbot/0.1; +https://developer.amazon.com/support/amazonbot) Chrome/119.0.6045.214 Safari/537.36"
162.214.27.60 - - [15/Aug/2025:18:30:55 -0300] "POST /wp-cron.php?doing_wp_cron=1755293455.8667690753936767578125 HTTP/1.1" 200 - "-" "WordPress/6.8.2; https://blog.komforthouse.com.br"
162.214.27.60 - - [15/Aug/2025:18:30:56 -0300] "POST /wp-admin/admin-ajax.php?action=async_litespeed&nonce=1lPRs1n6dwSl5KLN4OWou3EqBqghRHuB&litespeed_type=imgoptm HTTP/1.1" 200 1 "-" "WordPress/6.8.2; https://blog.komforthouse.com.br"
50.116.28.205 - - [15/Aug/2025:18:30:55 -0300] "GET /wp-json/wp/v2/posts/?per_page=50 HTTP/1.0" 200 315210 "-" "Mozilla/5.0 (compatible; Googlebot/2.1; +http://www.google.com/bot.html)"
34.61.244.126 - - [15/Aug/2025:18:31:33 -0300] "GET / HTTP/1.1" 200 127418 "-" "Mozilla/5.0 (Windows NT 10.0; Win64; x64) AppleWebKit/537.36 (KHTML, like Gecko) Chrome/78.0.3904.108 Safari/537.36"
34.61.244.126 - - [15/Aug/2025:18:31:35 -0300] "GET //wp-includes/wlwmanifest.xml HTTP/1.1" 301 - "-" "Mozilla/5.0 (Windows NT 10.0; Win64; x64) AppleWebKit/537.36 (KHTML, like Gecko) Chrome/78.0.3904.108 Safari/537.36"
34.61.244.126 - - [15/Aug/2025:18:31:36 -0300] "GET //xmlrpc.php?rsd HTTP/1.1" 200 858 "-" "Mozilla/5.0 (Windows NT 10.0; Win64; x64) AppleWebKit/537.36 (KHTML, like Gecko) Chrome/78.0.3904.108 Safari/537.36"
34.61.244.126 - - [15/Aug/2025:18:31:37 -0300] "GET //?author=1 HTTP/1.1" 301 - "-" "Mozilla/5.0 (Windows NT 10.0; Win64; x64) AppleWebKit/537.36 (KHTML, like Gecko) Chrome/78.0.3904.108 Safari/537.36"
34.61.244.126 - - [15/Aug/2025:18:31:38 -0300] "GET //?author=2 HTTP/1.1" 301 - "-" "Mozilla/5.0 (Windows NT 10.0; Win64; x64) AppleWebKit/537.36 (KHTML, like Gecko) Chrome/78.0.3904.108 Safari/537.36"
162.214.27.60 - - [15/Aug/2025:18:31:40 -0300] "POST /wp-cron.php?doing_wp_cron=1755293500.6838419437408447265625 HTTP/1.1" 200 - "-" "WordPress/6.8.2; https://blog.komforthouse.com.br"
34.61.244.126 - - [15/Aug/2025:18:31:39 -0300] "GET //wp-json/wp/v2/users/ HTTP/1.1" 200 2306 "-" "Mozilla/5.0 (Windows NT 10.0; Win64; x64) AppleWebKit/537.36 (KHTML, like Gecko) Chrome/78.0.3904.108 Safari/537.36"
34.61.244.126 - - [15/Aug/2025:18:31:41 -0300] "POST //xmlrpc.php HTTP/1.1" 200 407 "-" "Mozilla/5.0 (Windows NT 10.0; Win64; x64) AppleWebKit/537.36 (KHTML, like Gecko) Chrome/78.0.3904.108 Safari/537.36"
34.61.244.126 - - [15/Aug/2025:18:31:43 -0300] "POST //xmlrpc.php HTTP/1.1" 200 407 "-" "Mozilla/5.0 (Windows NT 10.0; Win64; x64) AppleWebKit/537.36 (KHTML, like Gecko) Chrome/78.0.3904.108 Safari/537.36"
162.214.27.60 - - [15/Aug/2025:18:31:44 -0300] "POST /wp-cron.php?doing_wp_cron=1755293504.1429750919342041015625 HTTP/1.1" 200 - "-" "WordPress/6.8.2; https://blog.komforthouse.com.br"
34.61.244.126 - - [15/Aug/2025:18:31:45 -0300] "POST //xmlrpc.php HTTP/1.1" 200 407 "-" "Mozilla/5.0 (Windows NT 10.0; Win64; x64) AppleWebKit/537.36 (KHTML, like Gecko) Chrome/78.0.3904.108 Safari/537.36"
162.214.27.60 - - [15/Aug/2025:18:31:45 -0300] "POST /wp-admin/admin-ajax.php?action=async_litespeed&nonce=0uWDhfZTwJGRgnCft9cRuqCgdhiVu2bs&litespeed_type=imgoptm HTTP/1.1" 200 1 "-" "WordPress/6.8.2; https://blog.komforthouse.com.br"
34.61.244.126 - - [15/Aug/2025:18:31:46 -0300] "POST //xmlrpc.php HTTP/1.1" 200 407 "-" "Mozilla/5.0 (Windows NT 10.0; Win64; x64) AppleWebKit/537.36 (KHTML, like Gecko) Chrome/78.0.3904.108 Safari/537.36"
34.61.244.126 - - [15/Aug/2025:18:31:47 -0300] "POST //xmlrpc.php HTTP/1.1" 200 407 "-" "Mozilla/5.0 (Windows NT 10.0; Win64; x64) AppleWebKit/537.36 (KHTML, like Gecko) Chrome/78.0.3904.108 Safari/537.36"
34.61.244.126 - - [15/Aug/2025:18:31:48 -0300] "POST //xmlrpc.php HTTP/1.1" 200 407 "-" "Mozilla/5.0 (Windows NT 10.0; Win64; x64) AppleWebKit/537.36 (KHTML, like Gecko) Chrome/78.0.3904.108 Safari/537.36"
34.61.244.126 - - [15/Aug/2025:18:31:50 -0300] "POST //xmlrpc.php HTTP/1.1" 200 407 "-" "Mozilla/5.0 (Windows NT 10.0; Win64; x64) AppleWebKit/537.36 (KHTML, like Gecko) Chrome/78.0.3904.108 Safari/537.36"
34.61.244.126 - - [15/Aug/2025:18:31:51 -0300] "POST //xmlrpc.php HTTP/1.1" 200 407 "-" "Mozilla/5.0 (Windows NT 10.0; Win64; x64) AppleWebKit/537.36 (KHTML, like Gecko) Chrome/78.0.3904.108 Safari/537.36"
34.61.244.126 - - [15/Aug/2025:18:31:52 -0300] "POST //xmlrpc.php HTTP/1.1" 200 407 "-" "Mozilla/5.0 (Windows NT 10.0; Win64; x64) AppleWebKit/537.36 (KHTML, like Gecko) Chrome/78.0.3904.108 Safari/537.36"
34.61.244.126 - - [15/Aug/2025:18:31:53 -0300] "POST //xmlrpc.php HTTP/1.1" 200 407 "-" "Mozilla/5.0 (Windows NT 10.0; Win64; x64) AppleWebKit/537.36 (KHTML, like Gecko) Chrome/78.0.3904.108 Safari/537.36"
34.61.244.126 - - [15/Aug/2025:18:31:55 -0300] "POST //xmlrpc.php HTTP/1.1" 200 407 "-" "Mozilla/5.0 (Windows NT 10.0; Win64; x64) AppleWebKit/537.36 (KHTML, like Gecko) Chrome/78.0.3904.108 Safari/537.36"
34.61.244.126 - - [15/Aug/2025:18:31:56 -0300] "POST //xmlrpc.php HTTP/1.1" 200 407 "-" "Mozilla/5.0 (Windows NT 10.0; Win64; x64) AppleWebKit/537.36 (KHTML, like Gecko) Chrome/78.0.3904.108 Safari/537.36"
34.61.244.126 - - [15/Aug/2025:18:31:57 -0300] "POST //xmlrpc.php HTTP/1.1" 200 407 "-" "Mozilla/5.0 (Windows NT 10.0; Win64; x64) AppleWebKit/537.36 (KHTML, like Gecko) Chrome/78.0.3904.108 Safari/537.36"
34.61.244.126 - - [15/Aug/2025:18:31:58 -0300] "POST //xmlrpc.php HTTP/1.1" 200 407 "-" "Mozilla/5.0 (Windows NT 10.0; Win64; x64) AppleWebKit/537.36 (KHTML, like Gecko) Chrome/78.0.3904.108 Safari/537.36"
34.61.244.126 - - [15/Aug/2025:18:32:00 -0300] "POST //xmlrpc.php HTTP/1.1" 200 407 "-" "Mozilla/5.0 (Windows NT 10.0; Win64; x64) AppleWebKit/537.36 (KHTML, like Gecko) Chrome/78.0.3904.108 Safari/537.36"
34.61.244.126 - - [15/Aug/2025:18:32:01 -0300] "POST //xmlrpc.php HTTP/1.1" 200 407 "-" "Mozilla/5.0 (Windows NT 10.0; Win64; x64) AppleWebKit/537.36 (KHTML, like Gecko) Chrome/78.0.3904.108 Safari/537.36"
34.61.244.126 - - [15/Aug/2025:18:32:02 -0300] "POST //xmlrpc.php HTTP/1.1" 200 407 "-" "Mozilla/5.0 (Windows NT 10.0; Win64; x64) AppleWebKit/537.36 (KHTML, like Gecko) Chrome/78.0.3904.108 Safari/537.36"
34.61.244.126 - - [15/Aug/2025:18:32:03 -0300] "POST //xmlrpc.php HTTP/1.1" 200 407 "-" "Mozilla/5.0 (Windows NT 10.0; Win64; x64) AppleWebKit/537.36 (KHTML, like Gecko) Chrome/78.0.3904.108 Safari/537.36"
34.61.244.126 - - [15/Aug/2025:18:32:04 -0300] "POST //xmlrpc.php HTTP/1.1" 200 407 "-" "Mozilla/5.0 (Windows NT 10.0; Win64; x64) AppleWebKit/537.36 (KHTML, like Gecko) Chrome/78.0.3904.108 Safari/537.36"
34.61.244.126 - - [15/Aug/2025:18:32:06 -0300] "POST //xmlrpc.php HTTP/1.1" 200 407 "-" "Mozilla/5.0 (Windows NT 10.0; Win64; x64) AppleWebKit/537.36 (KHTML, like Gecko) Chrome/78.0.3904.108 Safari/537.36"
196.251.112.104 - - [15/Aug/2025:18:32:07 -0300] "POST /wp-login.php HTTP/1.1" 200 9733 "-" "Mozilla/5.0"
34.61.244.126 - - [15/Aug/2025:18:32:08 -0300] "POST //xmlrpc.php HTTP/1.1" 200 407 "-" "Mozilla/5.0 (Windows NT 10.0; Win64; x64) AppleWebKit/537.36 (KHTML, like Gecko) Chrome/78.0.3904.108 Safari/537.36"
34.61.244.126 - - [15/Aug/2025:18:32:09 -0300] "POST //xmlrpc.php HTTP/1.1" 200 407 "-" "Mozilla/5.0 (Windows NT 10.0; Win64; x64) AppleWebKit/537.36 (KHTML, like Gecko) Chrome/78.0.3904.108 Safari/537.36"
34.61.244.126 - - [15/Aug/2025:18:32:10 -0300] "POST //xmlrpc.php HTTP/1.1" 200 407 "-" "Mozilla/5.0 (Windows NT 10.0; Win64; x64) AppleWebKit/537.36 (KHTML, like Gecko) Chrome/78.0.3904.108 Safari/537.36"
34.61.244.126 - - [15/Aug/2025:18:32:11 -0300] "POST //xmlrpc.php HTTP/1.1" 200 407 "-" "Mozilla/5.0 (Windows NT 10.0; Win64; x64) AppleWebKit/537.36 (KHTML, like Gecko) Chrome/78.0.3904.108 Safari/537.36"
34.61.244.126 - - [15/Aug/2025:18:32:12 -0300] "POST //xmlrpc.php HTTP/1.1" 200 407 "-" "Mozilla/5.0 (Windows NT 10.0; Win64; x64) AppleWebKit/537.36 (KHTML, like Gecko) Chrome/78.0.3904.108 Safari/537.36"
34.61.244.126 - - [15/Aug/2025:18:32:14 -0300] "POST //xmlrpc.php HTTP/1.1" 200 407 "-" "Mozilla/5.0 (Windows NT 10.0; Win64; x64) AppleWebKit/537.36 (KHTML, like Gecko) Chrome/78.0.3904.108 Safari/537.36"
34.61.244.126 - - [15/Aug/2025:18:32:15 -0300] "POST //xmlrpc.php HTTP/1.1" 200 407 "-" "Mozilla/5.0 (Windows NT 10.0; Win64; x64) AppleWebKit/537.36 (KHTML, like Gecko) Chrome/78.0.3904.108 Safari/537.36"
34.61.244.126 - - [15/Aug/2025:18:32:16 -0300] "POST //xmlrpc.php HTTP/1.1" 200 407 "-" "Mozilla/5.0 (Windows NT 10.0; Win64; x64) AppleWebKit/537.36 (KHTML, like Gecko) Chrome/78.0.3904.108 Safari/537.36"
34.61.244.126 - - [15/Aug/2025:18:32:17 -0300] "POST //xmlrpc.php HTTP/1.1" 200 407 "-" "Mozilla/5.0 (Windows NT 10.0; Win64; x64) AppleWebKit/537.36 (KHTML, like Gecko) Chrome/78.0.3904.108 Safari/537.36"
34.61.244.126 - - [15/Aug/2025:18:32:18 -0300] "POST //xmlrpc.php HTTP/1.1" 200 407 "-" "Mozilla/5.0 (Windows NT 10.0; Win64; x64) AppleWebKit/537.36 (KHTML, like Gecko) Chrome/78.0.3904.108 Safari/537.36"
34.61.244.126 - - [15/Aug/2025:18:32:19 -0300] "POST //xmlrpc.php HTTP/1.1" 200 407 "-" "Mozilla/5.0 (Windows NT 10.0; Win64; x64) AppleWebKit/537.36 (KHTML, like Gecko) Chrome/78.0.3904.108 Safari/537.36"
34.61.244.126 - - [15/Aug/2025:18:32:21 -0300] "POST //xmlrpc.php HTTP/1.1" 200 407 "-" "Mozilla/5.0 (Windows NT 10.0; Win64; x64) AppleWebKit/537.36 (KHTML, like Gecko) Chrome/78.0.3904.108 Safari/537.36"
34.61.244.126 - - [15/Aug/2025:18:32:22 -0300] "POST //xmlrpc.php HTTP/1.1" 200 407 "-" "Mozilla/5.0 (Windows NT 10.0; Win64; x64) AppleWebKit/537.36 (KHTML, like Gecko) Chrome/78.0.3904.108 Safari/537.36"
34.61.244.126 - - [15/Aug/2025:18:32:23 -0300] "POST //xmlrpc.php HTTP/1.1" 200 407 "-" "Mozilla/5.0 (Windows NT 10.0; Win64; x64) AppleWebKit/537.36 (KHTML, like Gecko) Chrome/78.0.3904.108 Safari/537.36"
34.61.244.126 - - [15/Aug/2025:18:32:24 -0300] "POST //xmlrpc.php HTTP/1.1" 200 407 "-" "Mozilla/5.0 (Windows NT 10.0; Win64; x64) AppleWebKit/537.36 (KHTML, like Gecko) Chrome/78.0.3904.108 Safari/537.36"
34.61.244.126 - - [15/Aug/2025:18:32:25 -0300] "POST //xmlrpc.php HTTP/1.1" 200 407 "-" "Mozilla/5.0 (Windows NT 10.0; Win64; x64) AppleWebKit/537.36 (KHTML, like Gecko) Chrome/78.0.3904.108 Safari/537.36"
34.61.244.126 - - [15/Aug/2025:18:32:26 -0300] "POST //xmlrpc.php HTTP/1.1" 200 407 "-" "Mozilla/5.0 (Windows NT 10.0; Win64; x64) AppleWebKit/537.36 (KHTML, like Gecko) Chrome/78.0.3904.108 Safari/537.36"
34.61.244.126 - - [15/Aug/2025:18:32:28 -0300] "POST //xmlrpc.php HTTP/1.1" 200 407 "-" "Mozilla/5.0 (Windows NT 10.0; Win64; x64) AppleWebKit/537.36 (KHTML, like Gecko) Chrome/78.0.3904.108 Safari/537.36"
34.61.244.126 - - [15/Aug/2025:18:32:29 -0300] "POST //xmlrpc.php HTTP/1.1" 200 407 "-" "Mozilla/5.0 (Windows NT 10.0; Win64; x64) AppleWebKit/537.36 (KHTML, like Gecko) Chrome/78.0.3904.108 Safari/537.36"
34.61.244.126 - - [15/Aug/2025:18:32:30 -0300] "POST //xmlrpc.php HTTP/1.1" 200 407 "-" "Mozilla/5.0 (Windows NT 10.0; Win64; x64) AppleWebKit/537.36 (KHTML, like Gecko) Chrome/78.0.3904.108 Safari/537.36"
34.61.244.126 - - [15/Aug/2025:18:32:31 -0300] "POST //xmlrpc.php HTTP/1.1" 200 407 "-" "Mozilla/5.0 (Windows NT 10.0; Win64; x64) AppleWebKit/537.36 (KHTML, like Gecko) Chrome/78.0.3904.108 Safari/537.36"
34.61.244.126 - - [15/Aug/2025:18:32:32 -0300] "POST //xmlrpc.php HTTP/1.1" 200 407 "-" "Mozilla/5.0 (Windows NT 10.0; Win64; x64) AppleWebKit/537.36 (KHTML, like Gecko) Chrome/78.0.3904.108 Safari/537.36"
34.61.244.126 - - [15/Aug/2025:18:32:34 -0300] "POST //xmlrpc.php HTTP/1.1" 200 407 "-" "Mozilla/5.0 (Windows NT 10.0; Win64; x64) AppleWebKit/537.36 (KHTML, like Gecko) Chrome/78.0.3904.108 Safari/537.36"
34.61.244.126 - - [15/Aug/2025:18:32:35 -0300] "POST //xmlrpc.php HTTP/1.1" 200 407 "-" "Mozilla/5.0 (Windows NT 10.0; Win64; x64) AppleWebKit/537.36 (KHTML, like Gecko) Chrome/78.0.3904.108 Safari/537.36"
34.61.244.126 - - [15/Aug/2025:18:32:36 -0300] "POST //xmlrpc.php HTTP/1.1" 200 407 "-" "Mozilla/5.0 (Windows NT 10.0; Win64; x64) AppleWebKit/537.36 (KHTML, like Gecko) Chrome/78.0.3904.108 Safari/537.36"
34.61.244.126 - - [15/Aug/2025:18:32:37 -0300] "POST //xmlrpc.php HTTP/1.1" 200 407 "-" "Mozilla/5.0 (Windows NT 10.0; Win64; x64) AppleWebKit/537.36 (KHTML, like Gecko) Chrome/78.0.3904.108 Safari/537.36"
34.61.244.126 - - [15/Aug/2025:18:32:38 -0300] "POST //xmlrpc.php HTTP/1.1" 200 407 "-" "Mozilla/5.0 (Windows NT 10.0; Win64; x64) AppleWebKit/537.36 (KHTML, like Gecko) Chrome/78.0.3904.108 Safari/537.36"
162.214.27.60 - - [15/Aug/2025:18:32:40 -0300] "POST /wp-cron.php?doing_wp_cron=1755293560.8808979988098144531250 HTTP/1.1" 200 - "-" "WordPress/6.8.2; https://blog.komforthouse.com.br"
34.61.244.126 - - [15/Aug/2025:18:32:39 -0300] "POST //xmlrpc.php HTTP/1.1" 200 407 "-" "Mozilla/5.0 (Windows NT 10.0; Win64; x64) AppleWebKit/537.36 (KHTML, like Gecko) Chrome/78.0.3904.108 Safari/537.36"
34.61.244.126 - - [15/Aug/2025:18:32:41 -0300] "POST //xmlrpc.php HTTP/1.1" 200 407 "-" "Mozilla/5.0 (Windows NT 10.0; Win64; x64) AppleWebKit/537.36 (KHTML, like Gecko) Chrome/78.0.3904.108 Safari/537.36"
34.61.244.126 - - [15/Aug/2025:18:32:42 -0300] "POST //xmlrpc.php HTTP/1.1" 200 407 "-" "Mozilla/5.0 (Windows NT 10.0; Win64; x64) AppleWebKit/537.36 (KHTML, like Gecko) Chrome/78.0.3904.108 Safari/537.36"
34.61.244.126 - - [15/Aug/2025:18:32:43 -0300] "POST //xmlrpc.php HTTP/1.1" 200 407 "-" "Mozilla/5.0 (Windows NT 10.0; Win64; x64) AppleWebKit/537.36 (KHTML, like Gecko) Chrome/78.0.3904.108 Safari/537.36"
162.214.27.60 - - [15/Aug/2025:18:32:44 -0300] "POST /wp-cron.php?doing_wp_cron=1755293564.5858349800109863281250 HTTP/1.1" 200 - "-" "WordPress/6.8.2; https://blog.komforthouse.com.br"
162.214.27.60 - - [15/Aug/2025:18:32:45 -0300] "POST /wp-admin/admin-ajax.php?action=async_litespeed&nonce=5wjRyGZcJxJADi28dqrjkeo2u6Z3enzI&litespeed_type=imgoptm HTTP/1.1" 200 1 "-" "WordPress/6.8.2; https://blog.komforthouse.com.br"
34.61.244.126 - - [15/Aug/2025:18:32:45 -0300] "POST //xmlrpc.php HTTP/1.1" 200 407 "-" "Mozilla/5.0 (Windows NT 10.0; Win64; x64) AppleWebKit/537.36 (KHTML, like Gecko) Chrome/78.0.3904.108 Safari/537.36"
34.61.244.126 - - [15/Aug/2025:18:32:46 -0300] "POST //xmlrpc.php HTTP/1.1" 200 407 "-" "Mozilla/5.0 (Windows NT 10.0; Win64; x64) AppleWebKit/537.36 (KHTML, like Gecko) Chrome/78.0.3904.108 Safari/537.36"
34.61.244.126 - - [15/Aug/2025:18:32:48 -0300] "POST //xmlrpc.php HTTP/1.1" 200 407 "-" "Mozilla/5.0 (Windows NT 10.0; Win64; x64) AppleWebKit/537.36 (KHTML, like Gecko) Chrome/78.0.3904.108 Safari/537.36"
34.61.244.126 - - [15/Aug/2025:18:32:49 -0300] "POST //xmlrpc.php HTTP/1.1" 200 407 "-" "Mozilla/5.0 (Windows NT 10.0; Win64; x64) AppleWebKit/537.36 (KHTML, like Gecko) Chrome/78.0.3904.108 Safari/537.36"
34.61.244.126 - - [15/Aug/2025:18:32:50 -0300] "POST //xmlrpc.php HTTP/1.1" 200 407 "-" "Mozilla/5.0 (Windows NT 10.0; Win64; x64) AppleWebKit/537.36 (KHTML, like Gecko) Chrome/78.0.3904.108 Safari/537.36"
34.61.244.126 - - [15/Aug/2025:18:32:51 -0300] "POST //xmlrpc.php HTTP/1.1" 200 407 "-" "Mozilla/5.0 (Windows NT 10.0; Win64; x64) AppleWebKit/537.36 (KHTML, like Gecko) Chrome/78.0.3904.108 Safari/537.36"
34.61.244.126 - - [15/Aug/2025:18:32:52 -0300] "POST //xmlrpc.php HTTP/1.1" 200 407 "-" "Mozilla/5.0 (Windows NT 10.0; Win64; x64) AppleWebKit/537.36 (KHTML, like Gecko) Chrome/78.0.3904.108 Safari/537.36"
34.61.244.126 - - [15/Aug/2025:18:32:53 -0300] "POST //xmlrpc.php HTTP/1.1" 200 407 "-" "Mozilla/5.0 (Windows NT 10.0; Win64; x64) AppleWebKit/537.36 (KHTML, like Gecko) Chrome/78.0.3904.108 Safari/537.36"
34.61.244.126 - - [15/Aug/2025:18:32:54 -0300] "POST //xmlrpc.php HTTP/1.1" 200 407 "-" "Mozilla/5.0 (Windows NT 10.0; Win64; x64) AppleWebKit/537.36 (KHTML, like Gecko) Chrome/78.0.3904.108 Safari/537.36"
34.61.244.126 - - [15/Aug/2025:18:32:55 -0300] "POST //xmlrpc.php HTTP/1.1" 200 407 "-" "Mozilla/5.0 (Windows NT 10.0; Win64; x64) AppleWebKit/537.36 (KHTML, like Gecko) Chrome/78.0.3904.108 Safari/537.36"
34.61.244.126 - - [15/Aug/2025:18:32:57 -0300] "POST //xmlrpc.php HTTP/1.1" 200 407 "-" "Mozilla/5.0 (Windows NT 10.0; Win64; x64) AppleWebKit/537.36 (KHTML, like Gecko) Chrome/78.0.3904.108 Safari/537.36"
34.61.244.126 - - [15/Aug/2025:18:32:58 -0300] "POST //xmlrpc.php HTTP/1.1" 200 407 "-" "Mozilla/5.0 (Windows NT 10.0; Win64; x64) AppleWebKit/537.36 (KHTML, like Gecko) Chrome/78.0.3904.108 Safari/537.36"
34.61.244.126 - - [15/Aug/2025:18:32:59 -0300] "POST //xmlrpc.php HTTP/1.1" 200 407 "-" "Mozilla/5.0 (Windows NT 10.0; Win64; x64) AppleWebKit/537.36 (KHTML, like Gecko) Chrome/78.0.3904.108 Safari/537.36"
34.61.244.126 - - [15/Aug/2025:18:33:00 -0300] "POST //xmlrpc.php HTTP/1.1" 200 407 "-" "Mozilla/5.0 (Windows NT 10.0; Win64; x64) AppleWebKit/537.36 (KHTML, like Gecko) Chrome/78.0.3904.108 Safari/537.36"
34.61.244.126 - - [15/Aug/2025:18:33:01 -0300] "POST //xmlrpc.php HTTP/1.1" 200 407 "-" "Mozilla/5.0 (Windows NT 10.0; Win64; x64) AppleWebKit/537.36 (KHTML, like Gecko) Chrome/78.0.3904.108 Safari/537.36"
34.61.244.126 - - [15/Aug/2025:18:33:02 -0300] "POST //xmlrpc.php HTTP/1.1" 200 407 "-" "Mozilla/5.0 (Windows NT 10.0; Win64; x64) AppleWebKit/537.36 (KHTML, like Gecko) Chrome/78.0.3904.108 Safari/537.36"
34.61.244.126 - - [15/Aug/2025:18:33:03 -0300] "POST //xmlrpc.php HTTP/1.1" 200 407 "-" "Mozilla/5.0 (Windows NT 10.0; Win64; x64) AppleWebKit/537.36 (KHTML, like Gecko) Chrome/78.0.3904.108 Safari/537.36"
34.61.244.126 - - [15/Aug/2025:18:33:04 -0300] "POST //xmlrpc.php HTTP/1.1" 200 407 "-" "Mozilla/5.0 (Windows NT 10.0; Win64; x64) AppleWebKit/537.36 (KHTML, like Gecko) Chrome/78.0.3904.108 Safari/537.36"
34.61.244.126 - - [15/Aug/2025:18:33:06 -0300] "POST //xmlrpc.php HTTP/1.1" 200 407 "-" "Mozilla/5.0 (Windows NT 10.0; Win64; x64) AppleWebKit/537.36 (KHTML, like Gecko) Chrome/78.0.3904.108 Safari/537.36"
34.61.244.126 - - [15/Aug/2025:18:33:06 -0300] "POST //xmlrpc.php HTTP/1.1" 200 407 "-" "Mozilla/5.0 (Windows NT 10.0; Win64; x64) AppleWebKit/537.36 (KHTML, like Gecko) Chrome/78.0.3904.108 Safari/537.36"
34.61.244.126 - - [15/Aug/2025:18:33:07 -0300] "POST //xmlrpc.php HTTP/1.1" 200 407 "-" "Mozilla/5.0 (Windows NT 10.0; Win64; x64) AppleWebKit/537.36 (KHTML, like Gecko) Chrome/78.0.3904.108 Safari/537.36"
34.61.244.126 - - [15/Aug/2025:18:33:08 -0300] "POST //xmlrpc.php HTTP/1.1" 200 407 "-" "Mozilla/5.0 (Windows NT 10.0; Win64; x64) AppleWebKit/537.36 (KHTML, like Gecko) Chrome/78.0.3904.108 Safari/537.36"
34.61.244.126 - - [15/Aug/2025:18:33:09 -0300] "POST //xmlrpc.php HTTP/1.1" 200 407 "-" "Mozilla/5.0 (Windows NT 10.0; Win64; x64) AppleWebKit/537.36 (KHTML, like Gecko) Chrome/78.0.3904.108 Safari/537.36"
34.61.244.126 - - [15/Aug/2025:18:33:10 -0300] "POST //xmlrpc.php HTTP/1.1" 200 407 "-" "Mozilla/5.0 (Windows NT 10.0; Win64; x64) AppleWebKit/537.36 (KHTML, like Gecko) Chrome/78.0.3904.108 Safari/537.36"
34.61.244.126 - - [15/Aug/2025:18:33:11 -0300] "POST //xmlrpc.php HTTP/1.1" 200 407 "-" "Mozilla/5.0 (Windows NT 10.0; Win64; x64) AppleWebKit/537.36 (KHTML, like Gecko) Chrome/78.0.3904.108 Safari/537.36"
34.61.244.126 - - [15/Aug/2025:18:33:12 -0300] "POST //xmlrpc.php HTTP/1.1" 200 407 "-" "Mozilla/5.0 (Windows NT 10.0; Win64; x64) AppleWebKit/537.36 (KHTML, like Gecko) Chrome/78.0.3904.108 Safari/537.36"
34.61.244.126 - - [15/Aug/2025:18:33:13 -0300] "POST //xmlrpc.php HTTP/1.1" 200 407 "-" "Mozilla/5.0 (Windows NT 10.0; Win64; x64) AppleWebKit/537.36 (KHTML, like Gecko) Chrome/78.0.3904.108 Safari/537.36"
34.61.244.126 - - [15/Aug/2025:18:33:14 -0300] "POST //xmlrpc.php HTTP/1.1" 200 407 "-" "Mozilla/5.0 (Windows NT 10.0; Win64; x64) AppleWebKit/537.36 (KHTML, like Gecko) Chrome/78.0.3904.108 Safari/537.36"
34.61.244.126 - - [15/Aug/2025:18:33:15 -0300] "POST //xmlrpc.php HTTP/1.1" 200 407 "-" "Mozilla/5.0 (Windows NT 10.0; Win64; x64) AppleWebKit/537.36 (KHTML, like Gecko) Chrome/78.0.3904.108 Safari/537.36"
34.61.244.126 - - [15/Aug/2025:18:33:16 -0300] "POST //xmlrpc.php HTTP/1.1" 200 407 "-" "Mozilla/5.0 (Windows NT 10.0; Win64; x64) AppleWebKit/537.36 (KHTML, like Gecko) Chrome/78.0.3904.108 Safari/537.36"
34.61.244.126 - - [15/Aug/2025:18:33:18 -0300] "POST //xmlrpc.php HTTP/1.1" 200 407 "-" "Mozilla/5.0 (Windows NT 10.0; Win64; x64) AppleWebKit/537.36 (KHTML, like Gecko) Chrome/78.0.3904.108 Safari/537.36"
34.61.244.126 - - [15/Aug/2025:18:33:20 -0300] "POST //xmlrpc.php HTTP/1.1" 200 407 "-" "Mozilla/5.0 (Windows NT 10.0; Win64; x64) AppleWebKit/537.36 (KHTML, like Gecko) Chrome/78.0.3904.108 Safari/537.36"
34.61.244.126 - - [15/Aug/2025:18:33:21 -0300] "POST //xmlrpc.php HTTP/1.1" 200 407 "-" "Mozilla/5.0 (Windows NT 10.0; Win64; x64) AppleWebKit/537.36 (KHTML, like Gecko) Chrome/78.0.3904.108 Safari/537.36"
34.61.244.126 - - [15/Aug/2025:18:33:22 -0300] "POST //xmlrpc.php HTTP/1.1" 200 407 "-" "Mozilla/5.0 (Windows NT 10.0; Win64; x64) AppleWebKit/537.36 (KHTML, like Gecko) Chrome/78.0.3904.108 Safari/537.36"
34.61.244.126 - - [15/Aug/2025:18:33:23 -0300] "POST //xmlrpc.php HTTP/1.1" 200 407 "-" "Mozilla/5.0 (Windows NT 10.0; Win64; x64) AppleWebKit/537.36 (KHTML, like Gecko) Chrome/78.0.3904.108 Safari/537.36"
34.61.244.126 - - [15/Aug/2025:18:33:24 -0300] "POST //xmlrpc.php HTTP/1.1" 200 407 "-" "Mozilla/5.0 (Windows NT 10.0; Win64; x64) AppleWebKit/537.36 (KHTML, like Gecko) Chrome/78.0.3904.108 Safari/537.36"
34.61.244.126 - - [15/Aug/2025:18:33:25 -0300] "POST //xmlrpc.php HTTP/1.1" 200 407 "-" "Mozilla/5.0 (Windows NT 10.0; Win64; x64) AppleWebKit/537.36 (KHTML, like Gecko) Chrome/78.0.3904.108 Safari/537.36"
34.61.244.126 - - [15/Aug/2025:18:33:26 -0300] "POST //xmlrpc.php HTTP/1.1" 200 407 "-" "Mozilla/5.0 (Windows NT 10.0; Win64; x64) AppleWebKit/537.36 (KHTML, like Gecko) Chrome/78.0.3904.108 Safari/537.36"
34.61.244.126 - - [15/Aug/2025:18:33:27 -0300] "POST //xmlrpc.php HTTP/1.1" 200 407 "-" "Mozilla/5.0 (Windows NT 10.0; Win64; x64) AppleWebKit/537.36 (KHTML, like Gecko) Chrome/78.0.3904.108 Safari/537.36"
34.61.244.126 - - [15/Aug/2025:18:33:29 -0300] "POST //xmlrpc.php HTTP/1.1" 200 407 "-" "Mozilla/5.0 (Windows NT 10.0; Win64; x64) AppleWebKit/537.36 (KHTML, like Gecko) Chrome/78.0.3904.108 Safari/537.36"
34.61.244.126 - - [15/Aug/2025:18:33:30 -0300] "POST //xmlrpc.php HTTP/1.1" 200 407 "-" "Mozilla/5.0 (Windows NT 10.0; Win64; x64) AppleWebKit/537.36 (KHTML, like Gecko) Chrome/78.0.3904.108 Safari/537.36"
34.61.244.126 - - [15/Aug/2025:18:33:31 -0300] "POST //xmlrpc.php HTTP/1.1" 200 407 "-" "Mozilla/5.0 (Windows NT 10.0; Win64; x64) AppleWebKit/537.36 (KHTML, like Gecko) Chrome/78.0.3904.108 Safari/537.36"
34.61.244.126 - - [15/Aug/2025:18:33:33 -0300] "POST //xmlrpc.php HTTP/1.1" 200 407 "-" "Mozilla/5.0 (Windows NT 10.0; Win64; x64) AppleWebKit/537.36 (KHTML, like Gecko) Chrome/78.0.3904.108 Safari/537.36"
34.61.244.126 - - [15/Aug/2025:18:33:34 -0300] "POST //xmlrpc.php HTTP/1.1" 200 407 "-" "Mozilla/5.0 (Windows NT 10.0; Win64; x64) AppleWebKit/537.36 (KHTML, like Gecko) Chrome/78.0.3904.108 Safari/537.36"
34.61.244.126 - - [15/Aug/2025:18:33:35 -0300] "POST //xmlrpc.php HTTP/1.1" 200 407 "-" "Mozilla/5.0 (Windows NT 10.0; Win64; x64) AppleWebKit/537.36 (KHTML, like Gecko) Chrome/78.0.3904.108 Safari/537.36"
34.61.244.126 - - [15/Aug/2025:18:33:36 -0300] "POST //xmlrpc.php HTTP/1.1" 200 407 "-" "Mozilla/5.0 (Windows NT 10.0; Win64; x64) AppleWebKit/537.36 (KHTML, like Gecko) Chrome/78.0.3904.108 Safari/537.36"
34.61.244.126 - - [15/Aug/2025:18:33:37 -0300] "POST //xmlrpc.php HTTP/1.1" 200 407 "-" "Mozilla/5.0 (Windows NT 10.0; Win64; x64) AppleWebKit/537.36 (KHTML, like Gecko) Chrome/78.0.3904.108 Safari/537.36"
34.61.244.126 - - [15/Aug/2025:18:33:38 -0300] "POST //xmlrpc.php HTTP/1.1" 200 407 "-" "Mozilla/5.0 (Windows NT 10.0; Win64; x64) AppleWebKit/537.36 (KHTML, like Gecko) Chrome/78.0.3904.108 Safari/537.36"
162.214.27.60 - - [15/Aug/2025:18:33:41 -0300] "POST /wp-cron.php?doing_wp_cron=1755293621.0189499855041503906250 HTTP/1.1" 200 - "-" "WordPress/6.8.2; https://blog.komforthouse.com.br"
34.61.244.126 - - [15/Aug/2025:18:33:40 -0300] "POST //xmlrpc.php HTTP/1.1" 200 407 "-" "Mozilla/5.0 (Windows NT 10.0; Win64; x64) AppleWebKit/537.36 (KHTML, like Gecko) Chrome/78.0.3904.108 Safari/537.36"
34.61.244.126 - - [15/Aug/2025:18:33:42 -0300] "POST //xmlrpc.php HTTP/1.1" 200 407 "-" "Mozilla/5.0 (Windows NT 10.0; Win64; x64) AppleWebKit/537.36 (KHTML, like Gecko) Chrome/78.0.3904.108 Safari/537.36"
34.61.244.126 - - [15/Aug/2025:18:33:43 -0300] "POST //xmlrpc.php HTTP/1.1" 200 407 "-" "Mozilla/5.0 (Windows NT 10.0; Win64; x64) AppleWebKit/537.36 (KHTML, like Gecko) Chrome/78.0.3904.108 Safari/537.36"
162.214.27.60 - - [15/Aug/2025:18:33:44 -0300] "POST /wp-cron.php?doing_wp_cron=1755293624.8902580738067626953125 HTTP/1.1" 200 - "-" "WordPress/6.8.2; https://blog.komforthouse.com.br"
34.61.244.126 - - [15/Aug/2025:18:33:46 -0300] "POST //xmlrpc.php HTTP/1.1" 200 407 "-" "Mozilla/5.0 (Windows NT 10.0; Win64; x64) AppleWebKit/537.36 (KHTML, like Gecko) Chrome/78.0.3904.108 Safari/537.36"
162.214.27.60 - - [15/Aug/2025:18:33:45 -0300] "POST /wp-admin/admin-ajax.php?action=async_litespeed&nonce=BfyPTy2H9tLm12swDbTtJhmU1MSDA67R&litespeed_type=imgoptm HTTP/1.1" 200 1 "-" "WordPress/6.8.2; https://blog.komforthouse.com.br"
34.61.244.126 - - [15/Aug/2025:18:33:47 -0300] "POST //xmlrpc.php HTTP/1.1" 200 407 "-" "Mozilla/5.0 (Windows NT 10.0; Win64; x64) AppleWebKit/537.36 (KHTML, like Gecko) Chrome/78.0.3904.108 Safari/537.36"
34.61.244.126 - - [15/Aug/2025:18:33:48 -0300] "POST //xmlrpc.php HTTP/1.1" 200 407 "-" "Mozilla/5.0 (Windows NT 10.0; Win64; x64) AppleWebKit/537.36 (KHTML, like Gecko) Chrome/78.0.3904.108 Safari/537.36"
34.61.244.126 - - [15/Aug/2025:18:33:49 -0300] "POST //xmlrpc.php HTTP/1.1" 200 407 "-" "Mozilla/5.0 (Windows NT 10.0; Win64; x64) AppleWebKit/537.36 (KHTML, like Gecko) Chrome/78.0.3904.108 Safari/537.36"
34.61.244.126 - - [15/Aug/2025:18:33:50 -0300] "POST //xmlrpc.php HTTP/1.1" 200 407 "-" "Mozilla/5.0 (Windows NT 10.0; Win64; x64) AppleWebKit/537.36 (KHTML, like Gecko) Chrome/78.0.3904.108 Safari/537.36"
34.61.244.126 - - [15/Aug/2025:18:33:51 -0300] "POST //xmlrpc.php HTTP/1.1" 200 407 "-" "Mozilla/5.0 (Windows NT 10.0; Win64; x64) AppleWebKit/537.36 (KHTML, like Gecko) Chrome/78.0.3904.108 Safari/537.36"
34.61.244.126 - - [15/Aug/2025:18:33:52 -0300] "POST //xmlrpc.php HTTP/1.1" 200 407 "-" "Mozilla/5.0 (Windows NT 10.0; Win64; x64) AppleWebKit/537.36 (KHTML, like Gecko) Chrome/78.0.3904.108 Safari/537.36"
34.61.244.126 - - [15/Aug/2025:18:33:53 -0300] "POST //xmlrpc.php HTTP/1.1" 200 407 "-" "Mozilla/5.0 (Windows NT 10.0; Win64; x64) AppleWebKit/537.36 (KHTML, like Gecko) Chrome/78.0.3904.108 Safari/537.36"
34.61.244.126 - - [15/Aug/2025:18:33:54 -0300] "POST //xmlrpc.php HTTP/1.1" 200 407 "-" "Mozilla/5.0 (Windows NT 10.0; Win64; x64) AppleWebKit/537.36 (KHTML, like Gecko) Chrome/78.0.3904.108 Safari/537.36"
34.61.244.126 - - [15/Aug/2025:18:33:56 -0300] "POST //xmlrpc.php HTTP/1.1" 200 407 "-" "Mozilla/5.0 (Windows NT 10.0; Win64; x64) AppleWebKit/537.36 (KHTML, like Gecko) Chrome/78.0.3904.108 Safari/537.36"
34.61.244.126 - - [15/Aug/2025:18:33:57 -0300] "POST //xmlrpc.php HTTP/1.1" 200 407 "-" "Mozilla/5.0 (Windows NT 10.0; Win64; x64) AppleWebKit/537.36 (KHTML, like Gecko) Chrome/78.0.3904.108 Safari/537.36"
34.61.244.126 - - [15/Aug/2025:18:33:58 -0300] "POST //xmlrpc.php HTTP/1.1" 200 407 "-" "Mozilla/5.0 (Windows NT 10.0; Win64; x64) AppleWebKit/537.36 (KHTML, like Gecko) Chrome/78.0.3904.108 Safari/537.36"
34.61.244.126 - - [15/Aug/2025:18:33:59 -0300] "POST //xmlrpc.php HTTP/1.1" 200 407 "-" "Mozilla/5.0 (Windows NT 10.0; Win64; x64) AppleWebKit/537.36 (KHTML, like Gecko) Chrome/78.0.3904.108 Safari/537.36"
34.61.244.126 - - [15/Aug/2025:18:34:00 -0300] "POST //xmlrpc.php HTTP/1.1" 200 407 "-" "Mozilla/5.0 (Windows NT 10.0; Win64; x64) AppleWebKit/537.36 (KHTML, like Gecko) Chrome/78.0.3904.108 Safari/537.36"
