193.186.4.238 - - [15/Aug/2025:12:11:19 -0300] "GET /quais-as-medidas-ideais-para-um-sofa-de-3-lugares-em-um-apartamento/ HTTP/1.1" 200 90143 "https://www.google.com/" "Mozilla/5.0 (Macintosh; Intel Mac OS X 10_15_7) AppleWebKit/537.36 (KHTML, like Gecko) Chrome/138.0.0.0 Safari/537.36"
66.249.83.135 - - [15/Aug/2025:12:11:18 -0300] "GET /.well-known/traffic-advice HTTP/1.1" 404 69731 "-" "Chrome Privacy Preserving Prefetch Proxy"
162.214.27.60 - - [15/Aug/2025:12:11:19 -0300] "POST /wp-cron.php?doing_wp_cron=1755270679.9246089458465576171875 HTTP/1.1" 200 - "-" "WordPress/6.8.2; https://blog.komforthouse.com.br"
162.214.27.60 - - [15/Aug/2025:12:11:21 -0300] "POST /wp-admin/admin-ajax.php?action=async_litespeed&nonce=nctUhkc1rSujNAzjzo3169icVfxhEWY8&litespeed_type=imgoptm HTTP/1.1" 200 1 "-" "WordPress/6.8.2; https://blog.komforthouse.com.br"
162.120.186.84 - - [15/Aug/2025:12:11:44 -0300] "GET /cupim-no-sofa-como-identificar-prevenir-e-eliminar/ HTTP/1.1" 200 100132 "https://www.google.com/" "Mozilla/5.0 (Linux; Android 10; K) AppleWebKit/537.36 (KHTML, like Gecko) Chrome/139.0.0.0 Mobile Safari/537.36"
162.214.27.60 - - [15/Aug/2025:12:11:45 -0300] "POST /wp-cron.php?doing_wp_cron=1755270705.1169979572296142578125 HTTP/1.1" 200 - "-" "WordPress/6.8.2; https://blog.komforthouse.com.br"
162.214.27.60 - - [15/Aug/2025:12:11:45 -0300] "POST /wp-admin/admin-ajax.php?action=async_litespeed&nonce=DZayUQmzyhULcJqHcZOvCma50usJOSfW&litespeed_type=imgoptm HTTP/1.1" 200 1 "-" "WordPress/6.8.2; https://blog.komforthouse.com.br"
179.89.235.43 - - [15/Aug/2025:12:13:34 -0300] "GET /wp-content/uploads/2024/11/image3.jpg HTTP/1.1" 200 282326 "https://www.google.com/" "Mozilla/5.0 (iPhone; CPU iPhone OS 18_6 like Mac OS X) AppleWebKit/605.1.15 (KHTML, like Gecko) Version/18.6 Mobile/15E148 Safari/604.1"
162.214.27.60 - - [15/Aug/2025:12:14:15 -0300] "POST /wp-cron.php?doing_wp_cron=1755270855.4744279384613037109375 HTTP/1.1" 200 - "-" "WordPress/6.8.2; https://blog.komforthouse.com.br"
162.214.27.60 - - [15/Aug/2025:12:14:16 -0300] "POST /wp-admin/admin-ajax.php?action=async_litespeed&nonce=j0E8meFtism344jPBSybPmJgXxxUkjlk&litespeed_type=imgoptm HTTP/1.1" 200 1 "-" "WordPress/6.8.2; https://blog.komforthouse.com.br"
44.209.187.99 - - [15/Aug/2025:12:14:14 -0300] "GET / HTTP/1.1" 200 127418 "-" "Mozilla/5.0 AppleWebKit/537.36 (KHTML, like Gecko; compatible; Amazonbot/0.1; +https://developer.amazon.com/support/amazonbot) Chrome/119.0.6045.214 Safari/537.36"
193.186.4.202 - - [15/Aug/2025:12:15:18 -0300] "GET /cupim-no-sofa-como-identificar-prevenir-e-eliminar/ HTTP/1.1" 200 100132 "https://www.google.com/" "Mozilla/5.0 (Linux; Android 10; K) AppleWebKit/537.36 (KHTML, like Gecko) Chrome/139.0.0.0 Mobile Safari/537.36"
162.214.27.60 - - [15/Aug/2025:12:15:19 -0300] "POST /wp-cron.php?doing_wp_cron=1755270919.6262700557708740234375 HTTP/1.1" 200 - "-" "WordPress/6.8.2; https://blog.komforthouse.com.br"
162.214.27.60 - - [15/Aug/2025:12:15:20 -0300] "POST /wp-admin/admin-ajax.php?action=async_litespeed&nonce=Eljd3cYbFzAu9sLM4tqc1UDWzpWLBQl6&litespeed_type=imgoptm HTTP/1.1" 200 1 "-" "WordPress/6.8.2; https://blog.komforthouse.com.br"
196.251.69.55 - - [15/Aug/2025:12:16:27 -0300] "POST /wp-login.php HTTP/1.1" 200 9733 "-" "Mozilla/5.0"
162.214.27.60 - - [15/Aug/2025:12:16:28 -0300] "POST /wp-cron.php?doing_wp_cron=1755270988.2360548973083496093750 HTTP/1.1" 200 - "-" "WordPress/6.8.2; https://blog.komforthouse.com.br"
162.214.27.60 - - [15/Aug/2025:12:16:29 -0300] "POST /wp-admin/admin-ajax.php?action=async_litespeed&nonce=mFhk7kuZdJeYcaWOiZ73CSeMw1zTAjpW&litespeed_type=imgoptm HTTP/1.1" 200 1 "-" "WordPress/6.8.2; https://blog.komforthouse.com.br"
162.214.27.60 - - [15/Aug/2025:12:16:42 -0300] "POST /wp-cron.php?doing_wp_cron=1755271002.2253890037536621093750 HTTP/1.1" 200 - "-" "WordPress/6.8.2; https://blog.komforthouse.com.br"
45.33.102.185 - - [15/Aug/2025:12:16:41 -0300] "GET /wp-json/wp/v2/posts/?per_page=50 HTTP/1.0" 200 315210 "-" "Mozilla/5.0 (compatible; Googlebot/2.1; +http://www.google.com/bot.html)"
40.160.26.151 - - [15/Aug/2025:12:22:00 -0300] "HEAD /cupim-no-sofa-como-identificar-prevenir-e-eliminar/ HTTP/1.1" 200 - "-" "Mozilla/5.0 (X11; Linux x86_64) AppleWebKit/537.36 (KHTML, like Gecko) Chrome/131.0.0.0 Safari/537.36"
162.214.27.60 - - [15/Aug/2025:12:22:01 -0300] "POST /wp-cron.php?doing_wp_cron=1755271321.6884589195251464843750 HTTP/1.1" 200 - "-" "WordPress/6.8.2; https://blog.komforthouse.com.br"
162.214.27.60 - - [15/Aug/2025:12:22:02 -0300] "POST /wp-admin/admin-ajax.php?action=async_litespeed&nonce=uoMgPOra01fkp7CjMITPOpDVQayBkSI1&litespeed_type=imgoptm HTTP/1.1" 200 1 "-" "WordPress/6.8.2; https://blog.komforthouse.com.br"
40.160.26.151 - - [15/Aug/2025:12:22:03 -0300] "GET /cupim-no-sofa-como-identificar-prevenir-e-eliminar/ HTTP/1.1" 200 100132 "-" "Mozilla/5.0 (X11; Linux x86_64) AppleWebKit/537.36 (KHTML, like Gecko) Chrome/131.0.0.0 Safari/537.36"
196.251.112.104 - - [15/Aug/2025:12:22:48 -0300] "POST /wp-login.php HTTP/1.1" 200 9733 "-" "Mozilla/5.0"
162.214.27.60 - - [15/Aug/2025:12:22:49 -0300] "POST /wp-cron.php?doing_wp_cron=1755271369.7413060665130615234375 HTTP/1.1" 200 - "-" "WordPress/6.8.2; https://blog.komforthouse.com.br"
162.214.27.60 - - [15/Aug/2025:12:22:50 -0300] "POST /wp-admin/admin-ajax.php?action=async_litespeed&nonce=l665ju2KDEytKkQZHkBFosY3B4TglMx1&litespeed_type=imgoptm HTTP/1.1" 200 1 "-" "WordPress/6.8.2; https://blog.komforthouse.com.br"
196.251.69.55 - - [15/Aug/2025:12:27:45 -0300] "POST /wp-login.php HTTP/1.1" 200 9733 "-" "Mozilla/5.0"
162.214.27.60 - - [15/Aug/2025:12:27:45 -0300] "POST /wp-cron.php?doing_wp_cron=1755271665.9281980991363525390625 HTTP/1.1" 200 - "-" "WordPress/6.8.2; https://blog.komforthouse.com.br"
162.214.27.60 - - [15/Aug/2025:12:27:46 -0300] "POST /wp-admin/admin-ajax.php?action=async_litespeed&nonce=k6WbCqzvEb8wFVnThoiLUGDzQOnVPGxq&litespeed_type=imgoptm HTTP/1.1" 200 1 "-" "WordPress/6.8.2; https://blog.komforthouse.com.br"
162.120.186.82 - - [15/Aug/2025:12:28:15 -0300] "GET /cupim-no-sofa-como-identificar-prevenir-e-eliminar/ HTTP/1.1" 200 100132 "https://www.google.com/" "Mozilla/5.0 (Linux; Android 10; K) AppleWebKit/537.36 (KHTML, like Gecko) Chrome/139.0.0.0 Mobile Safari/537.36"
34.196.6.199 - - [15/Aug/2025:12:28:17 -0300] "GET / HTTP/1.1" 200 127418 "-" "Mozilla/5.0 AppleWebKit/537.36 (KHTML, like Gecko; compatible; Amazonbot/0.1; +https://developer.amazon.com/support/amazonbot) Chrome/119.0.6045.214 Safari/537.36"
162.214.27.60 - - [15/Aug/2025:12:28:50 -0300] "POST /wp-cron.php?doing_wp_cron=1755271730.1990139484405517578125 HTTP/1.1" 200 - "-" "WordPress/6.8.2; https://blog.komforthouse.com.br"
162.214.27.60 - - [15/Aug/2025:12:28:51 -0300] "POST /wp-admin/admin-ajax.php?action=async_litespeed&nonce=4Yx4eOxY3RWEnhbQ1IQ7zpoRbcEmvmu2&litespeed_type=imgoptm HTTP/1.1" 200 1 "-" "WordPress/6.8.2; https://blog.komforthouse.com.br"
177.93.82.28 - - [15/Aug/2025:12:28:49 -0300] "GET /quais-as-medidas-ideais-para-um-sofa-de-3-lugares-em-um-apartamento/ HTTP/1.1" 200 90143 "https://www.google.com/" "Mozilla/5.0 (Linux; Android 10; K) AppleWebKit/537.36 (KHTML, like Gecko) Chrome/139.0.0.0 Mobile Safari/537.36"
177.93.82.28 - - [15/Aug/2025:12:28:53 -0300] "GET /wp-content/themes/hello-elementor/style.min.css?ver=3.2.1 HTTP/1.1" 200 5501 "https://blog.komforthouse.com.br/quais-as-medidas-ideais-para-um-sofa-de-3-lugares-em-um-apartamento/" "Mozilla/5.0 (Linux; Android 10; K) AppleWebKit/537.36 (KHTML, like Gecko) Chrome/139.0.0.0 Mobile Safari/537.36"
177.93.82.28 - - [15/Aug/2025:12:28:53 -0300] "GET /wp-content/themes/hello-elementor/theme.min.css?ver=3.2.1 HTTP/1.1" 200 5069 "https://blog.komforthouse.com.br/quais-as-medidas-ideais-para-um-sofa-de-3-lugares-em-um-apartamento/" "Mozilla/5.0 (Linux; Android 10; K) AppleWebKit/537.36 (KHTML, like Gecko) Chrome/139.0.0.0 Mobile Safari/537.36"
177.93.82.28 - - [15/Aug/2025:12:28:53 -0300] "GET /wp-content/themes/hello-elementor/header-footer.min.css?ver=3.2.1 HTTP/1.1" 200 7212 "https://blog.komforthouse.com.br/quais-as-medidas-ideais-para-um-sofa-de-3-lugares-em-um-apartamento/" "Mozilla/5.0 (Linux; Android 10; K) AppleWebKit/537.36 (KHTML, like Gecko) Chrome/139.0.0.0 Mobile Safari/537.36"
177.93.82.28 - - [15/Aug/2025:12:28:53 -0300] "GET /wp-content/uploads/elementor/css/post-1256.css?ver=1736279802 HTTP/1.1" 200 2099 "https://blog.komforthouse.com.br/quais-as-medidas-ideais-para-um-sofa-de-3-lugares-em-um-apartamento/" "Mozilla/5.0 (Linux; Android 10; K) AppleWebKit/537.36 (KHTML, like Gecko) Chrome/139.0.0.0 Mobile Safari/537.36"
177.93.82.28 - - [15/Aug/2025:12:28:53 -0300] "GET /wp-content/plugins/elementor/assets/css/widget-image.min.css?ver=3.26.4 HTTP/1.1" 200 254 "https://blog.komforthouse.com.br/quais-as-medidas-ideais-para-um-sofa-de-3-lugares-em-um-apartamento/" "Mozilla/5.0 (Linux; Android 10; K) AppleWebKit/537.36 (KHTML, like Gecko) Chrome/139.0.0.0 Mobile Safari/537.36"
177.93.82.28 - - [15/Aug/2025:12:28:53 -0300] "GET /wp-content/plugins/elementor/assets/lib/animations/styles/e-animation-pulse.min.css?ver=3.26.4 HTTP/1.1" 200 318 "https://blog.komforthouse.com.br/quais-as-medidas-ideais-para-um-sofa-de-3-lugares-em-um-apartamento/" "Mozilla/5.0 (Linux; Android 10; K) AppleWebKit/537.36 (KHTML, like Gecko) Chrome/139.0.0.0 Mobile Safari/537.36"
177.93.82.28 - - [15/Aug/2025:12:28:53 -0300] "GET /wp-content/plugins/elementor/assets/css/widget-heading.min.css?ver=3.26.4 HTTP/1.1" 200 600 "https://blog.komforthouse.com.br/quais-as-medidas-ideais-para-um-sofa-de-3-lugares-em-um-apartamento/" "Mozilla/5.0 (Linux; Android 10; K) AppleWebKit/537.36 (KHTML, like Gecko) Chrome/139.0.0.0 Mobile Safari/537.36"
177.93.82.28 - - [15/Aug/2025:12:28:53 -0300] "GET /wp-content/plugins/elementor/assets/css/widget-icon-list.min.css?ver=3.26.4 HTTP/1.1" 200 10310 "https://blog.komforthouse.com.br/quais-as-medidas-ideais-para-um-sofa-de-3-lugares-em-um-apartamento/" "Mozilla/5.0 (Linux; Android 10; K) AppleWebKit/537.36 (KHTML, like Gecko) Chrome/139.0.0.0 Mobile Safari/537.36"
177.93.82.28 - - [15/Aug/2025:12:28:53 -0300] "GET /wp-content/plugins/elementor/assets/css/frontend.min.css?ver=3.26.4 HTTP/1.1" 200 53257 "https://blog.komforthouse.com.br/quais-as-medidas-ideais-para-um-sofa-de-3-lugares-em-um-apartamento/" "Mozilla/5.0 (Linux; Android 10; K) AppleWebKit/537.36 (KHTML, like Gecko) Chrome/139.0.0.0 Mobile Safari/537.36"
177.93.82.28 - - [15/Aug/2025:12:28:53 -0300] "GET /wp-content/plugins/elementor-pro/assets/css/widget-nav-menu.min.css?ver=3.26.3 HTTP/1.1" 200 26859 "https://blog.komforthouse.com.br/quais-as-medidas-ideais-para-um-sofa-de-3-lugares-em-um-apartamento/" "Mozilla/5.0 (Linux; Android 10; K) AppleWebKit/537.36 (KHTML, like Gecko) Chrome/139.0.0.0 Mobile Safari/537.36"
177.93.82.28 - - [15/Aug/2025:12:28:53 -0300] "GET /wp-content/plugins/elementor-pro/assets/css/widget-progress-tracker.min.css?ver=3.26.3 HTTP/1.1" 200 2844 "https://blog.komforthouse.com.br/quais-as-medidas-ideais-para-um-sofa-de-3-lugares-em-um-apartamento/" "Mozilla/5.0 (Linux; Android 10; K) AppleWebKit/537.36 (KHTML, like Gecko) Chrome/139.0.0.0 Mobile Safari/537.36"
177.93.82.28 - - [15/Aug/2025:12:28:53 -0300] "GET /wp-content/plugins/elementor/assets/lib/swiper/v8/css/swiper.min.css?ver=8.4.5 HTTP/1.1" 200 16471 "https://blog.komforthouse.com.br/quais-as-medidas-ideais-para-um-sofa-de-3-lugares-em-um-apartamento/" "Mozilla/5.0 (Linux; Android 10; K) AppleWebKit/537.36 (KHTML, like Gecko) Chrome/139.0.0.0 Mobile Safari/537.36"
177.93.82.28 - - [15/Aug/2025:12:28:53 -0300] "GET /wp-includes/css/dist/block-library/style.min.css?ver=6.8.2 HTTP/1.1" 200 116345 "https://blog.komforthouse.com.br/quais-as-medidas-ideais-para-um-sofa-de-3-lugares-em-um-apartamento/" "Mozilla/5.0 (Linux; Android 10; K) AppleWebKit/537.36 (KHTML, like Gecko) Chrome/139.0.0.0 Mobile Safari/537.36"
177.93.82.28 - - [15/Aug/2025:12:28:53 -0300] "GET /wp-content/plugins/elementor/assets/css/conditionals/e-swiper.min.css?ver=3.26.4 HTTP/1.1" 200 5486 "https://blog.komforthouse.com.br/quais-as-medidas-ideais-para-um-sofa-de-3-lugares-em-um-apartamento/" "Mozilla/5.0 (Linux; Android 10; K) AppleWebKit/537.36 (KHTML, like Gecko) Chrome/139.0.0.0 Mobile Safari/537.36"
177.93.82.28 - - [15/Aug/2025:12:28:53 -0300] "GET /wp-content/plugins/elementor/assets/css/widget-image-carousel.min.css?ver=3.26.4 HTTP/1.1" 200 382 "https://blog.komforthouse.com.br/quais-as-medidas-ideais-para-um-sofa-de-3-lugares-em-um-apartamento/" "Mozilla/5.0 (Linux; Android 10; K) AppleWebKit/537.36 (KHTML, like Gecko) Chrome/139.0.0.0 Mobile Safari/537.36"
177.93.82.28 - - [15/Aug/2025:12:28:53 -0300] "GET /wp-content/plugins/elementor/assets/lib/animations/styles/bounceIn.min.css?ver=3.26.4 HTTP/1.1" 200 367 "https://blog.komforthouse.com.br/quais-as-medidas-ideais-para-um-sofa-de-3-lugares-em-um-apartamento/" "Mozilla/5.0 (Linux; Android 10; K) AppleWebKit/537.36 (KHTML, like Gecko) Chrome/139.0.0.0 Mobile Safari/537.36"
177.93.82.28 - - [15/Aug/2025:12:28:54 -0300] "GET /wp-content/plugins/elementor-pro/assets/css/widget-posts.min.css?ver=3.26.3 HTTP/1.1" 200 16983 "https://blog.komforthouse.com.br/quais-as-medidas-ideais-para-um-sofa-de-3-lugares-em-um-apartamento/" "Mozilla/5.0 (Linux; Android 10; K) AppleWebKit/537.36 (KHTML, like Gecko) Chrome/139.0.0.0 Mobile Safari/537.36"
177.93.82.28 - - [15/Aug/2025:12:28:54 -0300] "GET /wp-content/plugins/elementor/assets/css/widget-social-icons.min.css?ver=3.26.4 HTTP/1.1" 200 5150 "https://blog.komforthouse.com.br/quais-as-medidas-ideais-para-um-sofa-de-3-lugares-em-um-apartamento/" "Mozilla/5.0 (Linux; Android 10; K) AppleWebKit/537.36 (KHTML, like Gecko) Chrome/139.0.0.0 Mobile Safari/537.36"
177.93.82.28 - - [15/Aug/2025:12:28:54 -0300] "GET /wp-content/plugins/elementor/assets/css/conditionals/apple-webkit.min.css?ver=3.26.4 HTTP/1.1" 200 7025 "https://blog.komforthouse.com.br/quais-as-medidas-ideais-para-um-sofa-de-3-lugares-em-um-apartamento/" "Mozilla/5.0 (Linux; Android 10; K) AppleWebKit/537.36 (KHTML, like Gecko) Chrome/139.0.0.0 Mobile Safari/537.36"
177.93.82.28 - - [15/Aug/2025:12:28:54 -0300] "GET /wp-content/plugins/elementor-pro/assets/css/conditionals/popup.min.css?ver=3.26.3 HTTP/1.1" 200 995 "https://blog.komforthouse.com.br/quais-as-medidas-ideais-para-um-sofa-de-3-lugares-em-um-apartamento/" "Mozilla/5.0 (Linux; Android 10; K) AppleWebKit/537.36 (KHTML, like Gecko) Chrome/139.0.0.0 Mobile Safari/537.36"
177.93.82.28 - - [15/Aug/2025:12:28:54 -0300] "GET /wp-content/uploads/elementor/css/post-1283.css?ver=1736279802 HTTP/1.1" 200 13014 "https://blog.komforthouse.com.br/quais-as-medidas-ideais-para-um-sofa-de-3-lugares-em-um-apartamento/" "Mozilla/5.0 (Linux; Android 10; K) AppleWebKit/537.36 (KHTML, like Gecko) Chrome/139.0.0.0 Mobile Safari/537.36"
177.93.82.28 - - [15/Aug/2025:12:28:54 -0300] "GET /wp-content/uploads/elementor/css/post-1334.css?ver=1736279802 HTTP/1.1" 200 16917 "https://blog.komforthouse.com.br/quais-as-medidas-ideais-para-um-sofa-de-3-lugares-em-um-apartamento/" "Mozilla/5.0 (Linux; Android 10; K) AppleWebKit/537.36 (KHTML, like Gecko) Chrome/139.0.0.0 Mobile Safari/537.36"
177.93.82.28 - - [15/Aug/2025:12:28:54 -0300] "GET /wp-content/uploads/elementor/css/post-1681.css?ver=1736279802 HTTP/1.1" 200 3790 "https://blog.komforthouse.com.br/quais-as-medidas-ideais-para-um-sofa-de-3-lugares-em-um-apartamento/" "Mozilla/5.0 (Linux; Android 10; K) AppleWebKit/537.36 (KHTML, like Gecko) Chrome/139.0.0.0 Mobile Safari/537.36"
177.93.82.28 - - [15/Aug/2025:12:28:54 -0300] "GET /wp-content/uploads/elementor/css/post-1473.css?ver=1737152742 HTTP/1.1" 200 11104 "https://blog.komforthouse.com.br/quais-as-medidas-ideais-para-um-sofa-de-3-lugares-em-um-apartamento/" "Mozilla/5.0 (Linux; Android 10; K) AppleWebKit/537.36 (KHTML, like Gecko) Chrome/139.0.0.0 Mobile Safari/537.36"
177.93.82.28 - - [15/Aug/2025:12:28:54 -0300] "GET /wp-includes/js/jquery/jquery-migrate.min.js?ver=3.4.1 HTTP/1.1" 200 13577 "https://blog.komforthouse.com.br/quais-as-medidas-ideais-para-um-sofa-de-3-lugares-em-um-apartamento/" "Mozilla/5.0 (Linux; Android 10; K) AppleWebKit/537.36 (KHTML, like Gecko) Chrome/139.0.0.0 Mobile Safari/537.36"
177.93.82.28 - - [15/Aug/2025:12:28:54 -0300] "GET /wp-content/uploads/2024/06/komfort-house-logo-768x500.png HTTP/1.1" 200 31401 "https://blog.komforthouse.com.br/quais-as-medidas-ideais-para-um-sofa-de-3-lugares-em-um-apartamento/" "Mozilla/5.0 (Linux; Android 10; K) AppleWebKit/537.36 (KHTML, like Gecko) Chrome/139.0.0.0 Mobile Safari/537.36"
177.93.82.28 - - [15/Aug/2025:12:28:54 -0300] "GET /wp-content/uploads/2024/06/logo-komfort-house-sofas-branco-768x183.png HTTP/1.1" 200 19389 "https://blog.komforthouse.com.br/quais-as-medidas-ideais-para-um-sofa-de-3-lugares-em-um-apartamento/" "Mozilla/5.0 (Linux; Android 10; K) AppleWebKit/537.36 (KHTML, like Gecko) Chrome/139.0.0.0 Mobile Safari/537.36"
177.93.82.28 - - [15/Aug/2025:12:28:54 -0300] "GET /wp-includes/js/jquery/jquery.min.js?ver=3.7.1 HTTP/1.1" 200 87553 "https://blog.komforthouse.com.br/quais-as-medidas-ideais-para-um-sofa-de-3-lugares-em-um-apartamento/" "Mozilla/5.0 (Linux; Android 10; K) AppleWebKit/537.36 (KHTML, like Gecko) Chrome/139.0.0.0 Mobile Safari/537.36"
177.93.82.28 - - [15/Aug/2025:12:28:55 -0300] "GET /wp-content/themes/hello-elementor/assets/js/hello-frontend.min.js?ver=3.2.1 HTTP/1.1" 200 1936 "https://blog.komforthouse.com.br/quais-as-medidas-ideais-para-um-sofa-de-3-lugares-em-um-apartamento/" "Mozilla/5.0 (Linux; Android 10; K) AppleWebKit/537.36 (KHTML, like Gecko) Chrome/139.0.0.0 Mobile Safari/537.36"
177.93.82.28 - - [15/Aug/2025:12:28:55 -0300] "GET /wp-content/plugins/elementor-pro/assets/lib/smartmenus/jquery.smartmenus.min.js?ver=1.2.1 HTTP/1.1" 200 24109 "https://blog.komforthouse.com.br/quais-as-medidas-ideais-para-um-sofa-de-3-lugares-em-um-apartamento/" "Mozilla/5.0 (Linux; Android 10; K) AppleWebKit/537.36 (KHTML, like Gecko) Chrome/139.0.0.0 Mobile Safari/537.36"
177.93.82.28 - - [15/Aug/2025:12:28:55 -0300] "GET /wp-includes/js/imagesloaded.min.js?ver=5.0.0 HTTP/1.1" 200 5520 "https://blog.komforthouse.com.br/quais-as-medidas-ideais-para-um-sofa-de-3-lugares-em-um-apartamento/" "Mozilla/5.0 (Linux; Android 10; K) AppleWebKit/537.36 (KHTML, like Gecko) Chrome/139.0.0.0 Mobile Safari/537.36"
177.93.82.28 - - [15/Aug/2025:12:28:55 -0300] "GET /wp-content/plugins/elementor-pro/assets/js/webpack-pro.runtime.min.js?ver=3.26.3 HTTP/1.1" 200 6263 "https://blog.komforthouse.com.br/quais-as-medidas-ideais-para-um-sofa-de-3-lugares-em-um-apartamento/" "Mozilla/5.0 (Linux; Android 10; K) AppleWebKit/537.36 (KHTML, like Gecko) Chrome/139.0.0.0 Mobile Safari/537.36"
177.93.82.28 - - [15/Aug/2025:12:28:55 -0300] "GET /wp-content/plugins/elementor/assets/js/webpack.runtime.min.js?ver=3.26.4 HTTP/1.1" 200 5326 "https://blog.komforthouse.com.br/quais-as-medidas-ideais-para-um-sofa-de-3-lugares-em-um-apartamento/" "Mozilla/5.0 (Linux; Android 10; K) AppleWebKit/537.36 (KHTML, like Gecko) Chrome/139.0.0.0 Mobile Safari/537.36"
177.93.82.28 - - [15/Aug/2025:12:28:55 -0300] "GET /wp-content/plugins/elementor/assets/js/frontend-modules.min.js?ver=3.26.4 HTTP/1.1" 200 52754 "https://blog.komforthouse.com.br/quais-as-medidas-ideais-para-um-sofa-de-3-lugares-em-um-apartamento/" "Mozilla/5.0 (Linux; Android 10; K) AppleWebKit/537.36 (KHTML, like Gecko) Chrome/139.0.0.0 Mobile Safari/537.36"
177.93.82.28 - - [15/Aug/2025:12:28:54 -0300] "GET /wp-content/uploads/2025/01/Moscou-1.jpg HTTP/1.1" 200 180871 "https://blog.komforthouse.com.br/quais-as-medidas-ideais-para-um-sofa-de-3-lugares-em-um-apartamento/" "Mozilla/5.0 (Linux; Android 10; K) AppleWebKit/537.36 (KHTML, like Gecko) Chrome/139.0.0.0 Mobile Safari/537.36"
177.93.82.28 - - [15/Aug/2025:12:28:55 -0300] "GET /wp-includes/js/dist/i18n.min.js?ver=5e580eb46a90c2b997e6 HTTP/1.1" 200 9141 "https://blog.komforthouse.com.br/quais-as-medidas-ideais-para-um-sofa-de-3-lugares-em-um-apartamento/" "Mozilla/5.0 (Linux; Android 10; K) AppleWebKit/537.36 (KHTML, like Gecko) Chrome/139.0.0.0 Mobile Safari/537.36"
177.93.82.28 - - [15/Aug/2025:12:28:55 -0300] "GET /wp-includes/js/dist/hooks.min.js?ver=4d63a3d491d11ffd8ac6 HTTP/1.1" 200 4776 "https://blog.komforthouse.com.br/quais-as-medidas-ideais-para-um-sofa-de-3-lugares-em-um-apartamento/" "Mozilla/5.0 (Linux; Android 10; K) AppleWebKit/537.36 (KHTML, like Gecko) Chrome/139.0.0.0 Mobile Safari/537.36"
177.93.82.28 - - [15/Aug/2025:12:28:55 -0300] "GET /wp-content/plugins/elementor-pro/assets/js/frontend.min.js?ver=3.26.3 HTTP/1.1" 200 24210 "https://blog.komforthouse.com.br/quais-as-medidas-ideais-para-um-sofa-de-3-lugares-em-um-apartamento/" "Mozilla/5.0 (Linux; Android 10; K) AppleWebKit/537.36 (KHTML, like Gecko) Chrome/139.0.0.0 Mobile Safari/537.36"
177.93.82.28 - - [15/Aug/2025:12:28:55 -0300] "GET /wp-content/uploads/2023/08/Sofas-3-lugares-em-um-apartamento-e1723408420633.webp HTTP/1.1" 200 31112 "https://blog.komforthouse.com.br/quais-as-medidas-ideais-para-um-sofa-de-3-lugares-em-um-apartamento/" "Mozilla/5.0 (Linux; Android 10; K) AppleWebKit/537.36 (KHTML, like Gecko) Chrome/139.0.0.0 Mobile Safari/537.36"
177.93.82.28 - - [15/Aug/2025:12:28:55 -0300] "GET /wp-includes/js/jquery/ui/core.min.js?ver=1.13.3 HTTP/1.1" 200 21464 "https://blog.komforthouse.com.br/quais-as-medidas-ideais-para-um-sofa-de-3-lugares-em-um-apartamento/" "Mozilla/5.0 (Linux; Android 10; K) AppleWebKit/537.36 (KHTML, like Gecko) Chrome/139.0.0.0 Mobile Safari/537.36"
177.93.82.28 - - [15/Aug/2025:12:28:55 -0300] "GET /wp-content/plugins/elementor/assets/js/frontend.min.js?ver=3.26.4 HTTP/1.1" 200 45428 "https://blog.komforthouse.com.br/quais-as-medidas-ideais-para-um-sofa-de-3-lugares-em-um-apartamento/" "Mozilla/5.0 (Linux; Android 10; K) AppleWebKit/537.36 (KHTML, like Gecko) Chrome/139.0.0.0 Mobile Safari/537.36"
177.93.82.28 - - [15/Aug/2025:12:28:55 -0300] "GET /wp-content/plugins/elementor-pro/assets/js/elements-handlers.min.js?ver=3.26.3 HTTP/1.1" 200 44624 "https://blog.komforthouse.com.br/quais-as-medidas-ideais-para-um-sofa-de-3-lugares-em-um-apartamento/" "Mozilla/5.0 (Linux; Android 10; K) AppleWebKit/537.36 (KHTML, like Gecko) Chrome/139.0.0.0 Mobile Safari/537.36"
177.93.82.28 - - [15/Aug/2025:12:28:56 -0300] "GET /wp-includes/js/wp-emoji-release.min.js?ver=6.8.2 HTTP/1.1" 200 19251 "https://blog.komforthouse.com.br/quais-as-medidas-ideais-para-um-sofa-de-3-lugares-em-um-apartamento/" "Mozilla/5.0 (Linux; Android 10; K) AppleWebKit/537.36 (KHTML, like Gecko) Chrome/139.0.0.0 Mobile Safari/537.36"
177.93.82.28 - - [15/Aug/2025:12:28:57 -0300] "GET /wp-content/plugins/elementor/assets/lib/dialog/dialog.min.js?ver=4.9.3 HTTP/1.1" 200 11286 "https://blog.komforthouse.com.br/quais-as-medidas-ideais-para-um-sofa-de-3-lugares-em-um-apartamento/" "Mozilla/5.0 (Linux; Android 10; K) AppleWebKit/537.36 (KHTML, like Gecko) Chrome/139.0.0.0 Mobile Safari/537.36"
177.93.82.28 - - [15/Aug/2025:12:28:57 -0300] "GET /wp-content/plugins/elementor-pro/assets/js/nav-menu.a23fbd67486c5bedf26c.bundle.min.js HTTP/1.1" 200 5282 "https://blog.komforthouse.com.br/quais-as-medidas-ideais-para-um-sofa-de-3-lugares-em-um-apartamento/" "Mozilla/5.0 (Linux; Android 10; K) AppleWebKit/537.36 (KHTML, like Gecko) Chrome/139.0.0.0 Mobile Safari/537.36"
177.93.82.28 - - [15/Aug/2025:12:28:57 -0300] "GET /wp-content/plugins/elementor-pro/assets/js/progress-tracker.8cccdda9737c272489fc.bundle.min.js HTTP/1.1" 200 5237 "https://blog.komforthouse.com.br/quais-as-medidas-ideais-para-um-sofa-de-3-lugares-em-um-apartamento/" "Mozilla/5.0 (Linux; Android 10; K) AppleWebKit/537.36 (KHTML, like Gecko) Chrome/139.0.0.0 Mobile Safari/537.36"
177.93.82.28 - - [15/Aug/2025:12:28:57 -0300] "GET /wp-content/plugins/elementor-pro/assets/js/load-more.8b46f464e573feab5dd7.bundle.min.js HTTP/1.1" 200 5346 "https://blog.komforthouse.com.br/quais-as-medidas-ideais-para-um-sofa-de-3-lugares-em-um-apartamento/" "Mozilla/5.0 (Linux; Android 10; K) AppleWebKit/537.36 (KHTML, like Gecko) Chrome/139.0.0.0 Mobile Safari/537.36"
177.93.82.28 - - [15/Aug/2025:12:28:57 -0300] "GET /wp-content/plugins/elementor/assets/js/image-carousel.78b881f3c7818111c2d7.bundle.min.js HTTP/1.1" 200 432 "https://blog.komforthouse.com.br/quais-as-medidas-ideais-para-um-sofa-de-3-lugares-em-um-apartamento/" "Mozilla/5.0 (Linux; Android 10; K) AppleWebKit/537.36 (KHTML, like Gecko) Chrome/139.0.0.0 Mobile Safari/537.36"
177.93.82.28 - - [15/Aug/2025:12:28:57 -0300] "GET /wp-content/plugins/elementor-pro/assets/js/posts.aec59265318492b89cb5.bundle.min.js HTTP/1.1" 200 3317 "https://blog.komforthouse.com.br/quais-as-medidas-ideais-para-um-sofa-de-3-lugares-em-um-apartamento/" "Mozilla/5.0 (Linux; Android 10; K) AppleWebKit/537.36 (KHTML, like Gecko) Chrome/139.0.0.0 Mobile Safari/537.36"
177.93.82.28 - - [15/Aug/2025:12:28:58 -0300] "GET /wp-content/uploads/2024/05/cropped-komfort-house-sofas-1-192x192.png HTTP/1.1" 200 3681 "https://blog.komforthouse.com.br/quais-as-medidas-ideais-para-um-sofa-de-3-lugares-em-um-apartamento/" "Mozilla/5.0 (Linux; Android 10; K) AppleWebKit/537.36 (KHTML, like Gecko) Chrome/139.0.0.0 Mobile Safari/537.36"
177.93.82.28 - - [15/Aug/2025:12:28:58 -0300] "GET /wp-content/uploads/2024/05/cropped-komfort-house-sofas-1-180x180.png HTTP/1.1" 200 3406 "https://blog.komforthouse.com.br/quais-as-medidas-ideais-para-um-sofa-de-3-lugares-em-um-apartamento/" "Mozilla/5.0 (Linux; Android 10; K) AppleWebKit/537.36 (KHTML, like Gecko) Chrome/139.0.0.0 Mobile Safari/537.36"
162.214.27.60 - - [15/Aug/2025:12:33:16 -0300] "POST /wp-cron.php?doing_wp_cron=1755271996.3594191074371337890625 HTTP/1.1" 200 - "-" "WordPress/6.8.2; https://blog.komforthouse.com.br"
193.186.4.200 - - [15/Aug/2025:12:33:15 -0300] "GET /quais-as-medidas-ideais-para-um-sofa-de-3-lugares-em-um-apartamento/ HTTP/1.1" 200 90143 "https://www.google.com/" "Mozilla/5.0 (Windows NT 10.0; Win64; x64) AppleWebKit/537.36 (KHTML, like Gecko) Chrome/139.0.0.0 Safari/537.36"
162.214.27.60 - - [15/Aug/2025:12:33:17 -0300] "POST /wp-admin/admin-ajax.php?action=async_litespeed&nonce=A5wBfLbm7RVCaa4vqr6hunUi0c7flqEU&litespeed_type=imgoptm HTTP/1.1" 200 1 "-" "WordPress/6.8.2; https://blog.komforthouse.com.br"
196.251.69.55 - - [15/Aug/2025:12:39:05 -0300] "POST /wp-login.php HTTP/1.1" 200 9733 "-" "Mozilla/5.0"
162.214.27.60 - - [15/Aug/2025:12:39:06 -0300] "POST /wp-admin/admin-ajax.php?action=async_litespeed&nonce=Etwad7GNC4JGZBZfihl6vnZxxDwud46C&litespeed_type=imgoptm HTTP/1.1" 200 1 "-" "WordPress/6.8.2; https://blog.komforthouse.com.br"
162.214.27.60 - - [15/Aug/2025:12:39:05 -0300] "POST /wp-cron.php?doing_wp_cron=1755272345.9837749004364013671875 HTTP/1.1" 200 - "-" "WordPress/6.8.2; https://blog.komforthouse.com.br"
196.251.112.104 - - [15/Aug/2025:12:39:43 -0300] "POST /wp-login.php HTTP/1.1" 200 9733 "-" "Mozilla/5.0"
162.214.27.60 - - [15/Aug/2025:12:39:44 -0300] "POST /wp-cron.php?doing_wp_cron=1755272384.2796840667724609375000 HTTP/1.1" 200 - "-" "WordPress/6.8.2; https://blog.komforthouse.com.br"
162.214.27.60 - - [15/Aug/2025:12:39:45 -0300] "POST /wp-admin/admin-ajax.php?action=async_litespeed&nonce=JSEgZUGimtAsOnZJ8yTIQ126FPe1C1Uy&litespeed_type=imgoptm HTTP/1.1" 200 1 "-" "WordPress/6.8.2; https://blog.komforthouse.com.br"
45.33.102.185 - - [15/Aug/2025:12:41:26 -0300] "GET /wp-json/wp/v2/posts/?per_page=50 HTTP/1.0" 200 315210 "-" "Mozilla/5.0 (compatible; Googlebot/2.1; +http://www.google.com/bot.html)"
162.214.27.60 - - [15/Aug/2025:12:41:27 -0300] "POST /wp-cron.php?doing_wp_cron=1755272487.5929141044616699218750 HTTP/1.1" 200 - "-" "WordPress/6.8.2; https://blog.komforthouse.com.br"
162.214.27.60 - - [15/Aug/2025:12:41:29 -0300] "POST /wp-admin/admin-ajax.php?action=async_litespeed&nonce=fHdsc4DuzB3VBKBVnWVhFXzJOV9TQLpW&litespeed_type=imgoptm HTTP/1.1" 200 1 "-" "WordPress/6.8.2; https://blog.komforthouse.com.br"
144.76.19.148 - - [15/Aug/2025:12:42:42 -0300] "GET /robots.txt HTTP/1.1" 200 128 "-" "Mozilla/5.0 (compatible; BLEXBot/1.0; +https://help.seranking.com/en/blex-crawler)"
162.214.27.60 - - [15/Aug/2025:12:42:44 -0300] "POST /wp-admin/admin-ajax.php?action=async_litespeed&nonce=6hZ8ERGdLo7TIJ8NSL6n9mESb04h1SBc&litespeed_type=imgoptm HTTP/1.1" 200 1 "-" "WordPress/6.8.2; https://blog.komforthouse.com.br"
162.214.27.60 - - [15/Aug/2025:12:42:43 -0300] "POST /wp-cron.php?doing_wp_cron=1755272563.4573309421539306640625 HTTP/1.1" 200 - "-" "WordPress/6.8.2; https://blog.komforthouse.com.br"
144.76.19.148 - - [15/Aug/2025:12:42:45 -0300] "GET /home/ HTTP/1.1" 200 42495 "-" "Mozilla/5.0 (compatible; BLEXBot/1.0; +https://help.seranking.com/en/blex-crawler)"
144.76.19.148 - - [15/Aug/2025:12:42:51 -0300] "GET /robots.txt HTTP/1.1" 200 128 "-" "Mozilla/5.0 (compatible; BLEXBot/1.0; +https://help.seranking.com/en/blex-crawler)"
144.76.19.148 - - [15/Aug/2025:12:42:53 -0300] "GET /lounge/ HTTP/1.1" 200 74181 "-" "Mozilla/5.0 (compatible; BLEXBot/1.0; +https://help.seranking.com/en/blex-crawler)"
144.76.19.148 - - [15/Aug/2025:12:43:02 -0300] "GET /robots.txt HTTP/1.1" 200 128 "-" "Mozilla/5.0 (compatible; BLEXBot/1.0; +https://help.seranking.com/en/blex-crawler)"
144.76.19.148 - - [15/Aug/2025:12:43:03 -0300] "GET /apartamentos/ HTTP/1.1" 301 - "-" "Mozilla/5.0 (compatible; BLEXBot/1.0; +https://help.seranking.com/en/blex-crawler)"
144.76.19.148 - - [15/Aug/2025:12:43:04 -0300] "GET /robots.txt HTTP/1.1" 200 128 "-" "Mozilla/5.0 (compatible; BLEXBot/1.0; +https://help.seranking.com/en/blex-crawler)"
144.76.19.148 - - [15/Aug/2025:12:43:06 -0300] "GET /category/apartamentos/ HTTP/1.1" 200 92849 "-" "Mozilla/5.0 (compatible; BLEXBot/1.0; +https://help.seranking.com/en/blex-crawler)"
162.214.27.60 - - [15/Aug/2025:12:44:49 -0300] "POST /wp-cron.php?doing_wp_cron=1755272689.6370220184326171875000 HTTP/1.1" 200 - "-" "WordPress/6.8.2; https://blog.komforthouse.com.br"
98.82.39.241 - - [15/Aug/2025:12:44:48 -0300] "GET / HTTP/1.1" 200 127418 "-" "Mozilla/5.0 AppleWebKit/537.36 (KHTML, like Gecko; compatible; Amazonbot/0.1; +https://developer.amazon.com/support/amazonbot) Chrome/119.0.6045.214 Safari/537.36"
162.214.27.60 - - [15/Aug/2025:12:44:50 -0300] "POST /wp-admin/admin-ajax.php?action=async_litespeed&nonce=ojghebgeG4Oy9ktKhfkiEDlAKjIinQo6&litespeed_type=imgoptm HTTP/1.1" 200 1 "-" "WordPress/6.8.2; https://blog.komforthouse.com.br"
196.251.69.55 - - [15/Aug/2025:12:50:17 -0300] "POST /wp-login.php HTTP/1.1" 200 9733 "-" "Mozilla/5.0"
162.214.27.60 - - [15/Aug/2025:12:50:19 -0300] "POST /wp-admin/admin-ajax.php?action=async_litespeed&nonce=UomGHcLmiERIEiyTpuQnsFzxSsJg4c36&litespeed_type=imgoptm HTTP/1.1" 200 1 "-" "WordPress/6.8.2; https://blog.komforthouse.com.br"
162.214.27.60 - - [15/Aug/2025:12:50:18 -0300] "POST /wp-cron.php?doing_wp_cron=1755273018.7053799629211425781250 HTTP/1.1" 200 - "-" "WordPress/6.8.2; https://blog.komforthouse.com.br"
162.120.186.83 - - [15/Aug/2025:12:52:20 -0300] "GET /quais-as-medidas-ideais-para-um-sofa-de-3-lugares-em-um-apartamento/ HTTP/1.1" 200 90143 "https://www.google.com/" "Mozilla/5.0 (Linux; Android 10; K) AppleWebKit/537.36 (KHTML, like Gecko) Chrome/139.0.0.0 Mobile Safari/537.36"
162.214.27.60 - - [15/Aug/2025:12:52:21 -0300] "POST /wp-cron.php?doing_wp_cron=1755273141.1589789390563964843750 HTTP/1.1" 200 - "-" "WordPress/6.8.2; https://blog.komforthouse.com.br"
162.214.27.60 - - [15/Aug/2025:12:52:22 -0300] "POST /wp-admin/admin-ajax.php?action=async_litespeed&nonce=0ZKcx9pxMINPXlrV3p8dWcH5c8Et5NDK&litespeed_type=imgoptm HTTP/1.1" 200 1 "-" "WordPress/6.8.2; https://blog.komforthouse.com.br"
51.222.253.10 - - [15/Aug/2025:12:54:39 -0300] "GET /por-que-escolher-um-sofa-de-3-lugares/ HTTP/1.1" 200 94151 "-" "Mozilla/5.0 (compatible; AhrefsBot/7.0; +http://ahrefs.com/robot/)"
162.214.27.60 - - [15/Aug/2025:12:54:40 -0300] "POST /wp-admin/admin-ajax.php?action=async_litespeed&nonce=pyDUR86pfwFMZo49kkqtfoulwbI3BM3n&litespeed_type=imgoptm HTTP/1.1" 200 1 "-" "WordPress/6.8.2; https://blog.komforthouse.com.br"
162.214.27.60 - - [15/Aug/2025:12:54:39 -0300] "POST /wp-cron.php?doing_wp_cron=1755273279.6985220909118652343750 HTTP/1.1" 200 - "-" "WordPress/6.8.2; https://blog.komforthouse.com.br"
196.251.112.104 - - [15/Aug/2025:12:56:26 -0300] "POST /wp-login.php HTTP/1.1" 200 9733 "-" "Mozilla/5.0"
162.214.27.60 - - [15/Aug/2025:12:56:28 -0300] "POST /wp-admin/admin-ajax.php?action=async_litespeed&nonce=5EUxxrdTJ6XhaoySUEqKHc7ryHoVeYws&litespeed_type=imgoptm HTTP/1.1" 200 1 "-" "WordPress/6.8.2; https://blog.komforthouse.com.br"
162.214.27.60 - - [15/Aug/2025:12:56:27 -0300] "POST /wp-cron.php?doing_wp_cron=1755273387.2968280315399169921875 HTTP/1.1" 200 - "-" "WordPress/6.8.2; https://blog.komforthouse.com.br"
162.214.27.60 - - [15/Aug/2025:12:56:41 -0300] "POST /wp-cron.php?doing_wp_cron=1755273401.5250968933105468750000 HTTP/1.1" 200 - "-" "WordPress/6.8.2; https://blog.komforthouse.com.br"
114.119.158.106 - - [15/Aug/2025:12:56:40 -0300] "GET /quer-comprar-um-sofa-novo-mas-nao-sabe-por-onde-comecar/ HTTP/1.1" 200 92237 "https://blog.komforthouse.com.br/" "Mozilla/5.0 (Linux; Android 7.0;) AppleWebKit/537.36 (KHTML, like Gecko) Mobile Safari/537.36 (compatible; PetalBot;+https://webmaster.petalsearch.com/site/petalbot)"
196.251.69.55 - - [15/Aug/2025:13:01:27 -0300] "POST /wp-login.php HTTP/1.1" 200 9733 "-" "Mozilla/5.0"
162.214.27.60 - - [15/Aug/2025:13:01:29 -0300] "POST /wp-admin/admin-ajax.php?action=async_litespeed&nonce=So2BfAqoLIBDCY0LI2G5JfCiL2LB1S5f&litespeed_type=imgoptm HTTP/1.1" 200 1 "-" "WordPress/6.8.2; https://blog.komforthouse.com.br"
162.214.27.60 - - [15/Aug/2025:13:01:28 -0300] "POST /wp-cron.php?doing_wp_cron=1755273688.7903280258178710937500 HTTP/1.1" 200 - "-" "WordPress/6.8.2; https://blog.komforthouse.com.br"
162.214.27.60 - - [15/Aug/2025:13:03:04 -0300] "POST /wp-admin/admin-ajax.php?action=async_litespeed&nonce=kyqQmCUpAQdNUbSTF78ur1sHimTzt8Bi&litespeed_type=imgoptm HTTP/1.1" 200 1 "-" "WordPress/6.8.2; https://blog.komforthouse.com.br"
44.221.37.41 - - [15/Aug/2025:13:03:00 -0300] "GET / HTTP/1.1" 200 127418 "-" "Mozilla/5.0 AppleWebKit/537.36 (KHTML, like Gecko; compatible; Amazonbot/0.1; +https://developer.amazon.com/support/amazonbot) Chrome/119.0.6045.214 Safari/537.36"
162.214.27.60 - - [15/Aug/2025:13:03:02 -0300] "POST /wp-cron.php?doing_wp_cron=1755273782.9490249156951904296875 HTTP/1.1" 200 - "-" "WordPress/6.8.2; https://blog.komforthouse.com.br"
138.246.253.24 - - [15/Aug/2025:13:03:37 -0300] "GET /robots.txt HTTP/1.1" 301 - "-" "Mozilla/5.0 (Windows NT 10.0; Win64; x64) AppleWebKit/537.36 (KHTML, like Gecko) Chrome/103.0.5060.134 Safari/537.36"
162.214.27.60 - - [15/Aug/2025:13:04:45 -0300] "POST /wp-cron.php?doing_wp_cron=1755273885.9664559364318847656250 HTTP/1.1" 200 - "-" "WordPress/6.8.2; https://blog.komforthouse.com.br"
162.214.27.60 - - [15/Aug/2025:13:04:46 -0300] "POST /wp-admin/admin-ajax.php?action=async_litespeed&nonce=d5E698Py3gXa5MjmiEzRoq9RWgD5VCim&litespeed_type=imgoptm HTTP/1.1" 200 1 "-" "WordPress/6.8.2; https://blog.komforthouse.com.br"
45.33.102.185 - - [15/Aug/2025:13:04:45 -0300] "GET /wp-json/wp/v2/posts/?per_page=50 HTTP/1.0" 200 315210 "-" "Mozilla/5.0 (compatible; Googlebot/2.1; +http://www.google.com/bot.html)"
20.97.189.97 - - [15/Aug/2025:13:08:28 -0300] "GET /como-eliminar-acaros-dos-sofas/ HTTP/1.1" 200 91644 "-" "Mozilla/5.0 AppleWebKit/537.36 (KHTML, like Gecko); compatible; ChatGPT-User/1.0; +https://openai.com/bot"
162.214.27.60 - - [15/Aug/2025:13:08:29 -0300] "POST /wp-cron.php?doing_wp_cron=1755274109.6263420581817626953125 HTTP/1.1" 200 - "-" "WordPress/6.8.2; https://blog.komforthouse.com.br"
162.214.27.60 - - [15/Aug/2025:13:08:30 -0300] "POST /wp-admin/admin-ajax.php?action=async_litespeed&nonce=KiCl8Qn5ho1NWn8C41OY4JiqCiZiaSoJ&litespeed_type=imgoptm HTTP/1.1" 200 1 "-" "WordPress/6.8.2; https://blog.komforthouse.com.br"
20.97.189.100 - - [15/Aug/2025:13:08:32 -0300] "GET / HTTP/1.1" 200 127418 "-" "Mozilla/5.0 AppleWebKit/537.36 (KHTML, like Gecko); compatible; ChatGPT-User/1.0; +https://openai.com/bot"
192.178.6.99 - - [15/Aug/2025:13:12:26 -0300] "GET /2023/08/29/faca-um-blog-com-o-tema-quais-as-medidas-ideais-para-um-sofa-de-3-lugares-em-um-apartamento/?amp=1 HTTP/1.1" 301 - "-" "Mozilla/5.0 (Linux; Android 6.0.1; Nexus 5X Build/MMB29P) AppleWebKit/537.36 (KHTML, like Gecko) Chrome/138.0.7204.183 Mobile Safari/537.36 (compatible; Googlebot/2.1; +http://www.google.com/bot.html)"
162.214.27.60 - - [15/Aug/2025:13:12:26 -0300] "POST /wp-cron.php?doing_wp_cron=1755274346.8309600353240966796875 HTTP/1.1" 200 - "-" "WordPress/6.8.2; https://blog.komforthouse.com.br"
162.214.27.60 - - [15/Aug/2025:13:12:27 -0300] "POST /wp-admin/admin-ajax.php?action=async_litespeed&nonce=38aAvCOAvCLQcDKol3yu3WiRxptmwaX2&litespeed_type=imgoptm HTTP/1.1" 200 1 "-" "WordPress/6.8.2; https://blog.komforthouse.com.br"
196.251.69.55 - - [15/Aug/2025:13:12:42 -0300] "POST /wp-login.php HTTP/1.1" 200 9733 "-" "Mozilla/5.0"
162.214.27.60 - - [15/Aug/2025:13:12:44 -0300] "POST /wp-admin/admin-ajax.php?action=async_litespeed&nonce=1BNMPWfGZYorNhCnffI1osmtX0ScMX9v&litespeed_type=imgoptm HTTP/1.1" 200 1 "-" "WordPress/6.8.2; https://blog.komforthouse.com.br"
162.214.27.60 - - [15/Aug/2025:13:12:43 -0300] "POST /wp-cron.php?doing_wp_cron=1755274363.6854879856109619140625 HTTP/1.1" 200 - "-" "WordPress/6.8.2; https://blog.komforthouse.com.br"
192.178.6.100 - - [15/Aug/2025:13:12:58 -0300] "GET /wp-content/plugins/elementor/assets/lib/animations/styles/e-animation-pulse.min.css?ver=3.26.4 HTTP/1.1" 200 318 "https://blog.komforthouse.com.br/quais-as-medidas-ideais-para-um-sofa-de-3-lugares-em-um-apartamento/?amp=1" "Mozilla/5.0 (Linux; Android 6.0.1; Nexus 5X Build/MMB29P) AppleWebKit/537.36 (KHTML, like Gecko) Chrome/138.0.7204.183 Mobile Safari/537.36 (compatible; Googlebot/2.1; +http://www.google.com/bot.html)"
192.178.6.99 - - [15/Aug/2025:13:13:00 -0300] "GET /wp-content/plugins/elementor/assets/css/widget-heading.min.css?ver=3.26.4 HTTP/1.1" 200 600 "https://blog.komforthouse.com.br/quais-as-medidas-ideais-para-um-sofa-de-3-lugares-em-um-apartamento/?amp=1" "Mozilla/5.0 (Linux; Android 6.0.1; Nexus 5X Build/MMB29P) AppleWebKit/537.36 (KHTML, like Gecko) Chrome/138.0.7204.183 Mobile Safari/537.36 (compatible; Googlebot/2.1; +http://www.google.com/bot.html)"
192.178.6.100 - - [15/Aug/2025:13:13:02 -0300] "GET /wp-content/uploads/elementor/css/post-1473.css?ver=1737152742 HTTP/1.1" 200 11104 "https://blog.komforthouse.com.br/quais-as-medidas-ideais-para-um-sofa-de-3-lugares-em-um-apartamento/?amp=1" "Mozilla/5.0 (Linux; Android 6.0.1; Nexus 5X Build/MMB29P) AppleWebKit/537.36 (KHTML, like Gecko) Chrome/138.0.7204.183 Mobile Safari/537.36 (compatible; Googlebot/2.1; +http://www.google.com/bot.html)"
192.178.6.100 - - [15/Aug/2025:13:13:03 -0300] "GET /wp-includes/js/wp-emoji-release.min.js?ver=6.8.2 HTTP/1.1" 200 19251 "https://blog.komforthouse.com.br/quais-as-medidas-ideais-para-um-sofa-de-3-lugares-em-um-apartamento/?amp=1" "Mozilla/5.0 (Linux; Android 6.0.1; Nexus 5X Build/MMB29P) AppleWebKit/537.36 (KHTML, like Gecko) Chrome/138.0.7204.183 Mobile Safari/537.36 (compatible; Googlebot/2.1; +http://www.google.com/bot.html)"
196.251.112.104 - - [15/Aug/2025:13:13:16 -0300] "POST /wp-login.php HTTP/1.1" 200 9733 "-" "Mozilla/5.0"
179.126.223.9 - - [15/Aug/2025:13:15:44 -0300] "GET /wp-content/uploads/2023/08/Cupim-no-sofa-e1723408964635.gif HTTP/1.1" 200 170491 "https://www.google.com/" "Mozilla/5.0 (iPhone; CPU iPhone OS 18_5 like Mac OS X) AppleWebKit/605.1.15 (KHTML, like Gecko) Version/18.5 Mobile/15E148 Safari/604.1"
179.126.223.9 - - [15/Aug/2025:13:15:46 -0300] "GET /wp-content/uploads/2023/08/Eliminacao-de-Cupins.webp HTTP/1.1" 200 73840 "https://www.google.com/" "Mozilla/5.0 (iPhone; CPU iPhone OS 18_5 like Mac OS X) AppleWebKit/605.1.15 (KHTML, like Gecko) Version/18.5 Mobile/15E148 Safari/604.1"
50.116.38.220 - - [15/Aug/2025:13:17:05 -0300] "GET /wp-json/wp/v2/posts/?per_page=50 HTTP/1.0" 200 315210 "-" "Mozilla/5.0 (compatible; Googlebot/2.1; +http://www.google.com/bot.html)"
162.214.27.60 - - [15/Aug/2025:13:17:06 -0300] "POST /wp-cron.php?doing_wp_cron=1755274626.5363190174102783203125 HTTP/1.1" 200 - "-" "WordPress/6.8.2; https://blog.komforthouse.com.br"
162.214.27.60 - - [15/Aug/2025:13:17:07 -0300] "POST /wp-admin/admin-ajax.php?action=async_litespeed&nonce=leStqfVXm0PfZmPLf5Ca9bI0BKrpFE28&litespeed_type=imgoptm HTTP/1.1" 200 1 "-" "WordPress/6.8.2; https://blog.komforthouse.com.br"
162.214.27.60 - - [15/Aug/2025:13:17:52 -0300] "POST /wp-cron.php?doing_wp_cron=1755274672.4913110733032226562500 HTTP/1.1" 200 - "-" "WordPress/6.8.2; https://blog.komforthouse.com.br"
162.214.27.60 - - [15/Aug/2025:13:17:53 -0300] "POST /wp-admin/admin-ajax.php?action=async_litespeed&nonce=ee8MN8UlLCQ1KtLiv0buIufscAqUz7Ij&litespeed_type=imgoptm HTTP/1.1" 200 1 "-" "WordPress/6.8.2; https://blog.komforthouse.com.br"
18.235.81.246 - - [15/Aug/2025:13:17:51 -0300] "GET / HTTP/1.1" 200 127418 "-" "Mozilla/5.0 AppleWebKit/537.36 (KHTML, like Gecko; compatible; Amazonbot/0.1; +https://developer.amazon.com/support/amazonbot) Chrome/119.0.6045.214 Safari/537.36"
196.251.69.55 - - [15/Aug/2025:13:23:49 -0300] "POST /wp-login.php HTTP/1.1" 200 9733 "-" "Mozilla/5.0"
162.214.27.60 - - [15/Aug/2025:13:23:50 -0300] "POST /wp-cron.php?doing_wp_cron=1755275030.6946539878845214843750 HTTP/1.1" 200 - "-" "WordPress/6.8.2; https://blog.komforthouse.com.br"
162.214.27.60 - - [15/Aug/2025:13:23:51 -0300] "POST /wp-admin/admin-ajax.php?action=async_litespeed&nonce=gLWk7FYKtuxaetTLB29SHDmkiBuhHYK7&litespeed_type=imgoptm HTTP/1.1" 200 1 "-" "WordPress/6.8.2; https://blog.komforthouse.com.br"
162.214.27.60 - - [15/Aug/2025:13:28:53 -0300] "POST /wp-cron.php?doing_wp_cron=1755275333.5669739246368408203125 HTTP/1.1" 200 - "-" "WordPress/6.8.2; https://blog.komforthouse.com.br"
162.214.27.60 - - [15/Aug/2025:13:28:54 -0300] "POST /wp-admin/admin-ajax.php?action=async_litespeed&nonce=pnpvAroFf2YJmI7zhCDaNsbGxmwExY0z&litespeed_type=imgoptm HTTP/1.1" 200 1 "-" "WordPress/6.8.2; https://blog.komforthouse.com.br"
170.187.141.126 - - [15/Aug/2025:13:28:52 -0300] "GET /wp-json/wp/v2/posts/?per_page=50 HTTP/1.0" 200 315210 "-" "Mozilla/5.0 (compatible; Googlebot/2.1; +http://www.google.com/bot.html)"
196.251.112.104 - - [15/Aug/2025:13:30:05 -0300] "POST /wp-login.php HTTP/1.1" 200 9733 "-" "Mozilla/5.0"
162.214.27.60 - - [15/Aug/2025:13:30:06 -0300] "POST /wp-cron.php?doing_wp_cron=1755275406.4069540500640869140625 HTTP/1.1" 200 - "-" "WordPress/6.8.2; https://blog.komforthouse.com.br"
162.214.27.60 - - [15/Aug/2025:13:30:07 -0300] "POST /wp-admin/admin-ajax.php?action=async_litespeed&nonce=fvyyddIAa8hCaSe2eqT7jqLKqvQuWB9D&litespeed_type=imgoptm HTTP/1.1" 200 1 "-" "WordPress/6.8.2; https://blog.komforthouse.com.br"
192.178.6.100 - - [15/Aug/2025:13:32:25 -0300] "GET /pagina-de-suporte/ HTTP/1.1" 200 72255 "-" "Mozilla/5.0 (compatible; Googlebot/2.1; +http://www.google.com/bot.html)"
162.214.27.60 - - [15/Aug/2025:13:32:26 -0300] "POST /wp-cron.php?doing_wp_cron=1755275546.3813440799713134765625 HTTP/1.1" 200 - "-" "WordPress/6.8.2; https://blog.komforthouse.com.br"
162.214.27.60 - - [15/Aug/2025:13:32:27 -0300] "POST /wp-admin/admin-ajax.php?action=async_litespeed&nonce=KdwX0FwO5m2lOdbOPqWQEg50YymL37Jv&litespeed_type=imgoptm HTTP/1.1" 200 1 "-" "WordPress/6.8.2; https://blog.komforthouse.com.br"
52.3.156.186 - - [15/Aug/2025:13:33:58 -0300] "GET / HTTP/1.1" 200 127418 "-" "Mozilla/5.0 AppleWebKit/537.36 (KHTML, like Gecko; compatible; Amazonbot/0.1; +https://developer.amazon.com/support/amazonbot) Chrome/119.0.6045.214 Safari/537.36"
162.214.27.60 - - [15/Aug/2025:13:33:59 -0300] "POST /wp-cron.php?doing_wp_cron=1755275639.5503950119018554687500 HTTP/1.1" 200 - "-" "WordPress/6.8.2; https://blog.komforthouse.com.br"
162.214.27.60 - - [15/Aug/2025:13:34:00 -0300] "POST /wp-admin/admin-ajax.php?action=async_litespeed&nonce=Q7CZtkKWhG2QISsxM9Yc2ZMn7mnMzkUQ&litespeed_type=imgoptm HTTP/1.1" 200 1 "-" "WordPress/6.8.2; https://blog.komforthouse.com.br"
196.251.69.55 - - [15/Aug/2025:13:34:57 -0300] "POST /wp-login.php HTTP/1.1" 200 9733 "-" "Mozilla/5.0"
162.214.27.60 - - [15/Aug/2025:13:34:58 -0300] "POST /wp-admin/admin-ajax.php?action=async_litespeed&nonce=gP4sdRqgzl2x3WfxRbznjQTQi66jiBek&litespeed_type=imgoptm HTTP/1.1" 200 1 "-" "WordPress/6.8.2; https://blog.komforthouse.com.br"
162.214.27.60 - - [15/Aug/2025:13:34:58 -0300] "POST /wp-cron.php?doing_wp_cron=1755275698.1020989418029785156250 HTTP/1.1" 200 - "-" "WordPress/6.8.2; https://blog.komforthouse.com.br"
66.249.83.134 - - [15/Aug/2025:13:35:05 -0300] "GET /.well-known/traffic-advice HTTP/1.1" 404 69731 "-" "Chrome Privacy Preserving Prefetch Proxy"
162.120.186.84 - - [15/Aug/2025:13:35:05 -0300] "GET /cores-tendencia-para-sofa-em-2025/ HTTP/1.1" 200 90591 "https://www.google.com/" "Mozilla/5.0 (Linux; Android 10; K) AppleWebKit/537.36 (KHTML, like Gecko) Chrome/139.0.0.0 Mobile Safari/537.36"
144.76.19.148 - - [15/Aug/2025:13:40:46 -0300] "GET /robots.txt HTTP/1.1" 200 128 "-" "Mozilla/5.0 (compatible; BLEXBot/1.0; +https://help.seranking.com/en/blex-crawler)"
162.214.27.60 - - [15/Aug/2025:13:40:47 -0300] "POST /wp-admin/admin-ajax.php?action=async_litespeed&nonce=V7LaQcv697hafM2Cr6KTImpEgsL0teER&litespeed_type=imgoptm HTTP/1.1" 200 1 "-" "WordPress/6.8.2; https://blog.komforthouse.com.br"
162.214.27.60 - - [15/Aug/2025:13:40:47 -0300] "POST /wp-cron.php?doing_wp_cron=1755276047.2239170074462890625000 HTTP/1.1" 200 - "-" "WordPress/6.8.2; https://blog.komforthouse.com.br"
144.76.19.148 - - [15/Aug/2025:13:40:48 -0300] "GET /sala-de-estar/ HTTP/1.1" 301 - "-" "Mozilla/5.0 (compatible; BLEXBot/1.0; +https://help.seranking.com/en/blex-crawler)"
144.76.19.148 - - [15/Aug/2025:13:40:49 -0300] "GET /robots.txt HTTP/1.1" 200 128 "-" "Mozilla/5.0 (compatible; BLEXBot/1.0; +https://help.seranking.com/en/blex-crawler)"
144.76.19.148 - - [15/Aug/2025:13:40:50 -0300] "GET /category/sala-de-estar/ HTTP/1.1" 200 95207 "-" "Mozilla/5.0 (compatible; BLEXBot/1.0; +https://help.seranking.com/en/blex-crawler)"
144.76.19.148 - - [15/Aug/2025:13:41:07 -0300] "GET /robots.txt HTTP/1.1" 200 128 "-" "Mozilla/5.0 (compatible; BLEXBot/1.0; +https://help.seranking.com/en/blex-crawler)"
144.76.19.148 - - [15/Aug/2025:13:41:08 -0300] "GET /category/sofas/ HTTP/1.1" 200 96547 "-" "Mozilla/5.0 (compatible; BLEXBot/1.0; +https://help.seranking.com/en/blex-crawler)"
144.76.19.148 - - [15/Aug/2025:13:41:23 -0300] "GET /robots.txt HTTP/1.1" 200 128 "-" "Mozilla/5.0 (compatible; BLEXBot/1.0; +https://help.seranking.com/en/blex-crawler)"
144.76.19.148 - - [15/Aug/2025:13:41:24 -0300] "GET /category/quartos/ HTTP/1.1" 200 84193 "-" "Mozilla/5.0 (compatible; BLEXBot/1.0; +https://help.seranking.com/en/blex-crawler)"
144.76.19.148 - - [15/Aug/2025:13:41:38 -0300] "GET /robots.txt HTTP/1.1" 200 128 "-" "Mozilla/5.0 (compatible; BLEXBot/1.0; +https://help.seranking.com/en/blex-crawler)"
162.214.27.60 - - [15/Aug/2025:13:41:41 -0300] "POST /wp-cron.php?doing_wp_cron=1755276101.6039979457855224609375 HTTP/1.1" 200 - "-" "WordPress/6.8.2; https://blog.komforthouse.com.br"
144.76.19.148 - - [15/Aug/2025:13:41:40 -0300] "GET /pagina-de-ticket/ HTTP/1.1" 200 69487 "-" "Mozilla/5.0 (compatible; BLEXBot/1.0; +https://help.seranking.com/en/blex-crawler)"
144.76.19.148 - - [15/Aug/2025:13:41:54 -0300] "GET /robots.txt HTTP/1.1" 200 128 "-" "Mozilla/5.0 (compatible; BLEXBot/1.0; +https://help.seranking.com/en/blex-crawler)"
162.214.27.60 - - [15/Aug/2025:13:41:56 -0300] "POST /wp-cron.php?doing_wp_cron=1755276115.9913129806518554687500 HTTP/1.1" 200 - "-" "WordPress/6.8.2; https://blog.komforthouse.com.br"
162.214.27.60 - - [15/Aug/2025:13:41:56 -0300] "POST /wp-admin/admin-ajax.php?action=async_litespeed&nonce=yPyUjuzi2d4BkGKwbUh8oWWa1Iya05Zb&litespeed_type=imgoptm HTTP/1.1" 200 1 "-" "WordPress/6.8.2; https://blog.komforthouse.com.br"
144.76.19.148 - - [15/Aug/2025:13:41:57 -0300] "GET /pagina-de-suporte/ HTTP/1.1" 200 72255 "-" "Mozilla/5.0 (compatible; BLEXBot/1.0; +https://help.seranking.com/en/blex-crawler)"
144.76.19.148 - - [15/Aug/2025:13:42:13 -0300] "GET /robots.txt HTTP/1.1" 200 128 "-" "Mozilla/5.0 (compatible; BLEXBot/1.0; +https://help.seranking.com/en/blex-crawler)"
144.76.19.148 - - [15/Aug/2025:13:42:15 -0300] "GET /category/decoracao/ HTTP/1.1" 200 96229 "-" "Mozilla/5.0 (compatible; BLEXBot/1.0; +https://help.seranking.com/en/blex-crawler)"
144.76.19.148 - - [15/Aug/2025:13:42:29 -0300] "GET /robots.txt HTTP/1.1" 200 128 "-" "Mozilla/5.0 (compatible; BLEXBot/1.0; +https://help.seranking.com/en/blex-crawler)"
144.76.19.148 - - [15/Aug/2025:13:42:31 -0300] "GET /category/poltronas/ HTTP/1.1" 200 86710 "-" "Mozilla/5.0 (compatible; BLEXBot/1.0; +https://help.seranking.com/en/blex-crawler)"
144.76.19.148 - - [15/Aug/2025:13:42:49 -0300] "GET /robots.txt HTTP/1.1" 200 128 "-" "Mozilla/5.0 (compatible; BLEXBot/1.0; +https://help.seranking.com/en/blex-crawler)"
162.214.27.60 - - [15/Aug/2025:13:42:50 -0300] "POST /wp-cron.php?doing_wp_cron=1755276170.4524190425872802734375 HTTP/1.1" 200 - "-" "WordPress/6.8.2; https://blog.komforthouse.com.br"
162.214.27.60 - - [15/Aug/2025:13:42:51 -0300] "POST /wp-admin/admin-ajax.php?action=async_litespeed&nonce=uUC3uWRKTByoEG06b2VPRQ2P9KIO101v&litespeed_type=imgoptm HTTP/1.1" 200 1 "-" "WordPress/6.8.2; https://blog.komforthouse.com.br"
144.76.19.148 - - [15/Aug/2025:13:42:52 -0300] "GET /category/acessorios/ HTTP/1.1" 200 85559 "-" "Mozilla/5.0 (compatible; BLEXBot/1.0; +https://help.seranking.com/en/blex-crawler)"
144.76.19.148 - - [15/Aug/2025:13:43:07 -0300] "GET /robots.txt HTTP/1.1" 200 128 "-" "Mozilla/5.0 (compatible; BLEXBot/1.0; +https://help.seranking.com/en/blex-crawler)"
