141.98.11.25 - - [15/Aug/2025:09:56:34 -0300] "POST /xmlrpc.php HTTP/1.1" 200 409 "-" "Mozilla/5.0 (Windows NT 10.0; Win64; x64) AppleWebKit/537.36 (KHTML, like Gecko) Chrome/98.0.4758.102 Safari/537.36"
141.98.11.25 - - [15/Aug/2025:09:56:36 -0300] "POST /xmlrpc.php HTTP/1.1" 200 409 "-" "Mozilla/5.0 (Windows NT 10.0; Win64; x64) AppleWebKit/537.36 (KHTML, like Gecko) Chrome/98.0.4758.102 Safari/537.36"
141.98.11.25 - - [15/Aug/2025:09:56:38 -0300] "POST /xmlrpc.php HTTP/1.1" 200 409 "-" "Mozilla/5.0 (Windows NT 10.0; Win64; x64) AppleWebKit/537.36 (KHTML, like Gecko) Chrome/98.0.4758.102 Safari/537.36"
162.214.27.60 - - [15/Aug/2025:09:56:40 -0300] "POST /wp-cron.php?doing_wp_cron=1755262600.7026660442352294921875 HTTP/1.1" 200 - "-" "WordPress/6.8.2; https://blog.komforthouse.com.br"
141.98.11.25 - - [15/Aug/2025:09:56:39 -0300] "POST /xmlrpc.php HTTP/1.1" 200 409 "-" "Mozilla/5.0 (Windows NT 10.0; Win64; x64) AppleWebKit/537.36 (KHTML, like Gecko) Chrome/98.0.4758.102 Safari/537.36"
141.98.11.25 - - [15/Aug/2025:09:56:42 -0300] "POST /xmlrpc.php HTTP/1.1" 200 409 "-" "Mozilla/5.0 (Windows NT 10.0; Win64; x64) AppleWebKit/537.36 (KHTML, like Gecko) Chrome/98.0.4758.102 Safari/537.36"
141.98.11.25 - - [15/Aug/2025:09:56:43 -0300] "POST /xmlrpc.php HTTP/1.1" 200 409 "-" "Mozilla/5.0 (Windows NT 10.0; Win64; x64) AppleWebKit/537.36 (KHTML, like Gecko) Chrome/98.0.4758.102 Safari/537.36"
162.214.27.60 - - [15/Aug/2025:09:56:45 -0300] "POST /wp-admin/admin-ajax.php?action=async_litespeed&nonce=L5Ev8rasSl5wnBk0wVwBIg05MN6kwLPC&litespeed_type=imgoptm HTTP/1.1" 200 1 "-" "WordPress/6.8.2; https://blog.komforthouse.com.br"
162.214.27.60 - - [15/Aug/2025:09:56:44 -0300] "POST /wp-cron.php?doing_wp_cron=1755262604.7180509567260742187500 HTTP/1.1" 200 - "-" "WordPress/6.8.2; https://blog.komforthouse.com.br"
141.98.11.25 - - [15/Aug/2025:09:56:46 -0300] "POST /xmlrpc.php HTTP/1.1" 200 409 "-" "Mozilla/5.0 (Windows NT 10.0; Win64; x64) AppleWebKit/537.36 (KHTML, like Gecko) Chrome/98.0.4758.102 Safari/537.36"
141.98.11.25 - - [15/Aug/2025:09:56:48 -0300] "POST /xmlrpc.php HTTP/1.1" 200 409 "-" "Mozilla/5.0 (Windows NT 10.0; Win64; x64) AppleWebKit/537.36 (KHTML, like Gecko) Chrome/98.0.4758.102 Safari/537.36"
141.98.11.25 - - [15/Aug/2025:09:56:49 -0300] "POST /xmlrpc.php HTTP/1.1" 200 409 "-" "Mozilla/5.0 (Windows NT 10.0; Win64; x64) AppleWebKit/537.36 (KHTML, like Gecko) Chrome/98.0.4758.102 Safari/537.36"
141.98.11.25 - - [15/Aug/2025:09:56:51 -0300] "POST /xmlrpc.php HTTP/1.1" 200 409 "-" "Mozilla/5.0 (Windows NT 10.0; Win64; x64) AppleWebKit/537.36 (KHTML, like Gecko) Chrome/98.0.4758.102 Safari/537.36"
141.98.11.25 - - [15/Aug/2025:09:56:53 -0300] "GET /?author=2 HTTP/1.1" 404 69731 "-" "Mozilla/5.0 (Windows NT 10.0; Win64; x64) AppleWebKit/537.36 (KHTML, like Gecko) Chrome/98.0.4758.102 Safari/537.36"
196.251.69.55 - - [15/Aug/2025:10:01:08 -0300] "POST /wp-login.php HTTP/1.1" 200 9733 "-" "Mozilla/5.0"
162.214.27.60 - - [15/Aug/2025:10:01:09 -0300] "POST /wp-cron.php?doing_wp_cron=1755262869.5214250087738037109375 HTTP/1.1" 200 - "-" "WordPress/6.8.2; https://blog.komforthouse.com.br"
162.214.27.60 - - [15/Aug/2025:10:01:11 -0300] "POST /wp-admin/admin-ajax.php?action=async_litespeed&nonce=pPhXwqkBFaj9iSATGWPkQgDcyxRoGbvH&litespeed_type=imgoptm HTTP/1.1" 200 1 "-" "WordPress/6.8.2; https://blog.komforthouse.com.br"
162.214.27.60 - - [15/Aug/2025:10:01:51 -0300] "POST /wp-cron.php?doing_wp_cron=1755262911.4579570293426513671875 HTTP/1.1" 200 - "-" "WordPress/6.8.2; https://blog.komforthouse.com.br"
162.214.27.60 - - [15/Aug/2025:10:01:52 -0300] "POST /wp-admin/admin-ajax.php?action=async_litespeed&nonce=Rvd6xgSFhjYUvrSJrvud6wdFMlp1CKVf&litespeed_type=imgoptm HTTP/1.1" 200 1 "-" "WordPress/6.8.2; https://blog.komforthouse.com.br"
45.56.115.196 - - [15/Aug/2025:10:01:50 -0300] "GET /wp-json/wp/v2/posts/?per_page=50 HTTP/1.0" 200 315210 "-" "Mozilla/5.0 (compatible; Googlebot/2.1; +http://www.google.com/bot.html)"
34.236.135.14 - - [15/Aug/2025:10:02:37 -0300] "GET / HTTP/1.1" 200 127418 "-" "Mozilla/5.0 AppleWebKit/537.36 (KHTML, like Gecko; compatible; Amazonbot/0.1; +https://developer.amazon.com/support/amazonbot) Chrome/119.0.6045.214 Safari/537.36"
196.251.112.104 - - [15/Aug/2025:10:07:56 -0300] "POST /wp-login.php HTTP/1.1" 200 9733 "-" "Mozilla/5.0"
162.214.27.60 - - [15/Aug/2025:10:07:59 -0300] "POST /wp-admin/admin-ajax.php?action=async_litespeed&nonce=Y0apOFoG47YDJ8dsP8fGbpreqvTPpdpV&litespeed_type=imgoptm HTTP/1.1" 200 1 "-" "WordPress/6.8.2; https://blog.komforthouse.com.br"
162.214.27.60 - - [15/Aug/2025:10:07:58 -0300] "POST /wp-cron.php?doing_wp_cron=1755263277.9474740028381347656250 HTTP/1.1" 200 - "-" "WordPress/6.8.2; https://blog.komforthouse.com.br"
162.120.186.86 - - [15/Aug/2025:10:08:19 -0300] "GET /quais-as-medidas-ideais-para-um-sofa-de-3-lugares-em-um-apartamento/ HTTP/1.1" 200 90143 "https://www.google.com/" "Mozilla/5.0 (Windows NT 10.0; Win64; x64) AppleWebKit/537.36 (KHTML, like Gecko) Chrome/139.0.0.0 Safari/537.36"
66.249.83.134 - - [15/Aug/2025:10:08:19 -0300] "GET /.well-known/traffic-advice HTTP/1.1" 404 69731 "-" "Chrome Privacy Preserving Prefetch Proxy"
196.251.69.55 - - [15/Aug/2025:10:12:26 -0300] "POST /wp-login.php HTTP/1.1" 200 9733 "-" "Mozilla/5.0"
162.214.27.60 - - [15/Aug/2025:10:12:28 -0300] "POST /wp-admin/admin-ajax.php?action=async_litespeed&nonce=xa2ZE64gOVpRqUJrkvHAwdOxKApGjOEm&litespeed_type=imgoptm HTTP/1.1" 200 1 "-" "WordPress/6.8.2; https://blog.komforthouse.com.br"
162.214.27.60 - - [15/Aug/2025:10:12:27 -0300] "POST /wp-cron.php?doing_wp_cron=1755263547.2475149631500244140625 HTTP/1.1" 200 - "-" "WordPress/6.8.2; https://blog.komforthouse.com.br"
51.222.253.15 - - [15/Aug/2025:10:18:27 -0300] "GET /tendencias-em-design-de-sofas-para-2023/ HTTP/1.1" 200 95360 "-" "Mozilla/5.0 (compatible; AhrefsBot/7.0; +http://ahrefs.com/robot/)"
162.214.27.60 - - [15/Aug/2025:10:18:29 -0300] "POST /wp-cron.php?doing_wp_cron=1755263909.0219230651855468750000 HTTP/1.1" 200 - "-" "WordPress/6.8.2; https://blog.komforthouse.com.br"
162.214.27.60 - - [15/Aug/2025:10:18:30 -0300] "POST /wp-admin/admin-ajax.php?action=async_litespeed&nonce=iXiMGJO0DRZNnfDtIg0g3XXETLwC4N6d&litespeed_type=imgoptm HTTP/1.1" 200 1 "-" "WordPress/6.8.2; https://blog.komforthouse.com.br"
162.214.27.60 - - [15/Aug/2025:10:19:18 -0300] "POST /wp-cron.php?doing_wp_cron=1755263958.0523240566253662109375 HTTP/1.1" 200 - "-" "WordPress/6.8.2; https://blog.komforthouse.com.br"
23.23.213.182 - - [15/Aug/2025:10:19:17 -0300] "GET / HTTP/1.1" 200 127418 "-" "Mozilla/5.0 AppleWebKit/537.36 (KHTML, like Gecko; compatible; Amazonbot/0.1; +https://developer.amazon.com/support/amazonbot) Chrome/119.0.6045.214 Safari/537.36"
162.214.27.60 - - [15/Aug/2025:10:19:19 -0300] "POST /wp-admin/admin-ajax.php?action=async_litespeed&nonce=aBTPwzEu8IbbtTFovHYtDtk50cyKDFVH&litespeed_type=imgoptm HTTP/1.1" 200 1 "-" "WordPress/6.8.2; https://blog.komforthouse.com.br"
18.97.9.101 - - [15/Aug/2025:10:22:56 -0300] "GET /robots.txt HTTP/1.1" 200 128 "-" "Mozilla/5.0 AppleWebKit/537.36 (KHTML, like Gecko; compatible; PerplexityBot/1.0; +https://perplexity.ai/perplexitybot)"
162.214.27.60 - - [15/Aug/2025:10:22:58 -0300] "POST /wp-admin/admin-ajax.php?action=async_litespeed&nonce=muhOpFdbr3wcnWvV6hIedJXOYiVlZgUY&litespeed_type=imgoptm HTTP/1.1" 200 1 "-" "WordPress/6.8.2; https://blog.komforthouse.com.br"
162.214.27.60 - - [15/Aug/2025:10:22:57 -0300] "POST /wp-cron.php?doing_wp_cron=1755264177.5814468860626220703125 HTTP/1.1" 200 - "-" "WordPress/6.8.2; https://blog.komforthouse.com.br"
3.224.62.45 - - [15/Aug/2025:10:22:59 -0300] "GET /robots.txt HTTP/1.1" 200 128 "-" "Mozilla/5.0 AppleWebKit/537.36 (KHTML, like Gecko; compatible; PerplexityBot/1.0; +https://perplexity.ai/perplexitybot)"
18.97.9.99 - - [15/Aug/2025:10:22:59 -0300] "GET /cores-tendencia-para-sofa-em-2025/ HTTP/1.1" 200 90591 "-" "Mozilla/5.0 AppleWebKit/537.36 (KHTML, like Gecko; compatible; PerplexityBot/1.0; +https://perplexity.ai/perplexitybot)"
196.251.69.55 - - [15/Aug/2025:10:23:48 -0300] "POST /wp-login.php HTTP/1.1" 200 9733 "-" "Mozilla/5.0"
162.214.27.60 - - [15/Aug/2025:10:23:49 -0300] "POST /wp-admin/admin-ajax.php?action=async_litespeed&nonce=YDeCK1kpV9yPxUhQVxXGmyKrlXp6HHRQ&litespeed_type=imgoptm HTTP/1.1" 200 1 "-" "WordPress/6.8.2; https://blog.komforthouse.com.br"
162.214.27.60 - - [15/Aug/2025:10:23:49 -0300] "POST /wp-cron.php?doing_wp_cron=1755264228.9954190254211425781250 HTTP/1.1" 200 - "-" "WordPress/6.8.2; https://blog.komforthouse.com.br"
196.251.112.104 - - [15/Aug/2025:10:24:38 -0300] "POST /wp-login.php HTTP/1.1" 200 9733 "-" "Mozilla/5.0"
162.214.27.60 - - [15/Aug/2025:10:25:06 -0300] "POST /wp-cron.php?doing_wp_cron=1755264306.6328821182250976562500 HTTP/1.1" 200 - "-" "WordPress/6.8.2; https://blog.komforthouse.com.br"
52.255.111.123 - - [15/Aug/2025:10:25:05 -0300] "GET / HTTP/1.1" 200 95669 "-" "Mozilla/5.0 AppleWebKit/537.36 (KHTML, like Gecko); compatible; ChatGPT-User/1.0; +https://openai.com/bot"
162.214.27.60 - - [15/Aug/2025:10:25:07 -0300] "POST /wp-admin/admin-ajax.php?action=async_litespeed&nonce=vlnMNmU8yURQVbK0Vomqs4HNbQRTuk7w&litespeed_type=imgoptm HTTP/1.1" 200 1 "-" "WordPress/6.8.2; https://blog.komforthouse.com.br"
162.214.27.60 - - [15/Aug/2025:10:26:55 -0300] "POST /wp-cron.php?doing_wp_cron=1755264415.6152110099792480468750 HTTP/1.1" 200 - "-" "WordPress/6.8.2; https://blog.komforthouse.com.br"
193.186.4.239 - - [15/Aug/2025:10:26:54 -0300] "GET /tendencias-em-design-de-sofas-para-apartamentos/ HTTP/1.1" 200 98764 "https://www.google.com/" "Mozilla/5.0 (Linux; Android 10; K) AppleWebKit/537.36 (KHTML, like Gecko) Chrome/139.0.0.0 Mobile Safari/537.36"
162.214.27.60 - - [15/Aug/2025:10:26:56 -0300] "POST /wp-admin/admin-ajax.php?action=async_litespeed&nonce=oHTVh1mRzTOVmtedEBkjNgCzTcB0XhCs&litespeed_type=imgoptm HTTP/1.1" 200 1 "-" "WordPress/6.8.2; https://blog.komforthouse.com.br"
196.251.69.55 - - [15/Aug/2025:10:35:03 -0300] "POST /wp-login.php HTTP/1.1" 200 9733 "-" "Mozilla/5.0"
162.214.27.60 - - [15/Aug/2025:10:35:04 -0300] "POST /wp-cron.php?doing_wp_cron=1755264904.8905251026153564453125 HTTP/1.1" 200 - "-" "WordPress/6.8.2; https://blog.komforthouse.com.br"
162.214.27.60 - - [15/Aug/2025:10:35:06 -0300] "POST /wp-admin/admin-ajax.php?action=async_litespeed&nonce=cAI7twpR7Y67uL0UBjomyuEzBfwg4xQr&litespeed_type=imgoptm HTTP/1.1" 200 1 "-" "WordPress/6.8.2; https://blog.komforthouse.com.br"
23.22.59.87 - - [15/Aug/2025:10:35:36 -0300] "GET / HTTP/1.1" 200 127418 "-" "Mozilla/5.0 AppleWebKit/537.36 (KHTML, like Gecko; compatible; Amazonbot/0.1; +https://developer.amazon.com/support/amazonbot) Chrome/119.0.6045.214 Safari/537.36"
45.79.209.156 - - [15/Aug/2025:10:36:24 -0300] "GET /wp-json/wp/v2/posts/?per_page=50 HTTP/1.0" 200 315210 "-" "Mozilla/5.0 (compatible; Googlebot/2.1; +http://www.google.com/bot.html)"
162.214.27.60 - - [15/Aug/2025:10:36:25 -0300] "POST /wp-cron.php?doing_wp_cron=1755264985.5547020435333251953125 HTTP/1.1" 200 - "-" "WordPress/6.8.2; https://blog.komforthouse.com.br"
162.214.27.60 - - [15/Aug/2025:10:36:26 -0300] "POST /wp-admin/admin-ajax.php?action=async_litespeed&nonce=Ef8ggnwZhgX0LdhSQLzZUl4D1ngEsKGm&litespeed_type=imgoptm HTTP/1.1" 200 1 "-" "WordPress/6.8.2; https://blog.komforthouse.com.br"
196.251.112.104 - - [15/Aug/2025:10:41:29 -0300] "POST /wp-login.php HTTP/1.1" 200 9733 "-" "Mozilla/5.0"
162.214.27.60 - - [15/Aug/2025:10:41:30 -0300] "POST /wp-cron.php?doing_wp_cron=1755265290.5009698867797851562500 HTTP/1.1" 200 - "-" "WordPress/6.8.2; https://blog.komforthouse.com.br"
162.214.27.60 - - [15/Aug/2025:10:41:31 -0300] "POST /wp-admin/admin-ajax.php?action=async_litespeed&nonce=P2C11x84Mkp21citaCzjLAhoLs4LhShk&litespeed_type=imgoptm HTTP/1.1" 200 1 "-" "WordPress/6.8.2; https://blog.komforthouse.com.br"
196.251.69.55 - - [15/Aug/2025:10:46:22 -0300] "POST /wp-login.php HTTP/1.1" 200 9733 "-" "Mozilla/5.0"
162.214.27.60 - - [15/Aug/2025:10:46:23 -0300] "POST /wp-cron.php?doing_wp_cron=1755265583.7589650154113769531250 HTTP/1.1" 200 - "-" "WordPress/6.8.2; https://blog.komforthouse.com.br"
162.214.27.60 - - [15/Aug/2025:10:46:24 -0300] "POST /wp-admin/admin-ajax.php?action=async_litespeed&nonce=KxHG476yHaPl0fImsojyDoF7KRhMyR7s&litespeed_type=imgoptm HTTP/1.1" 200 1 "-" "WordPress/6.8.2; https://blog.komforthouse.com.br"
162.214.27.60 - - [15/Aug/2025:10:50:00 -0300] "POST /wp-admin/admin-ajax.php?action=async_litespeed&nonce=wc3Vh6DAOvhryou631RAFtWXFF192BRO&litespeed_type=imgoptm HTTP/1.1" 200 1 "-" "WordPress/6.8.2; https://blog.komforthouse.com.br"
162.214.27.60 - - [15/Aug/2025:10:49:59 -0300] "POST /wp-cron.php?doing_wp_cron=1755265799.6584210395812988281250 HTTP/1.1" 200 - "-" "WordPress/6.8.2; https://blog.komforthouse.com.br"
51.222.253.14 - - [15/Aug/2025:10:49:58 -0300] "GET /cupim-no-sofa-como-identificar-prevenir/ HTTP/1.1" 200 85919 "-" "Mozilla/5.0 (compatible; AhrefsBot/7.0; +http://ahrefs.com/robot/)"
162.214.27.60 - - [15/Aug/2025:10:50:29 -0300] "POST /wp-cron.php?doing_wp_cron=1755265829.8657190799713134765625 HTTP/1.1" 200 - "-" "WordPress/6.8.2; https://blog.komforthouse.com.br"
34.203.111.15 - - [15/Aug/2025:10:50:28 -0300] "GET / HTTP/1.1" 200 127418 "-" "Mozilla/5.0 AppleWebKit/537.36 (KHTML, like Gecko; compatible; Amazonbot/0.1; +https://developer.amazon.com/support/amazonbot) Chrome/119.0.6045.214 Safari/537.36"
51.222.253.5 - - [15/Aug/2025:10:50:37 -0300] "GET /wp-content/uploads/2023/08/cumpim-na-madeira-do-sofa.png HTTP/1.1" 200 869559 "-" "Mozilla/5.0 (compatible; AhrefsBot/7.0; +http://ahrefs.com/robot/)"
51.222.253.17 - - [15/Aug/2025:10:50:41 -0300] "GET /wp-content/uploads/2023/08/Cupim-no-sofa-e1723408964635.gif HTTP/1.1" 200 170491 "-" "Mozilla/5.0 (compatible; AhrefsBot/7.0; +http://ahrefs.com/robot/)"
193.186.4.236 - - [15/Aug/2025:10:54:55 -0300] "GET /como-eliminar-acaros-dos-sofas/ HTTP/1.1" 200 91644 "https://www.google.com/" "Mozilla/5.0 (Linux; Android 10; K) AppleWebKit/537.36 (KHTML, like Gecko) Chrome/139.0.0.0 Mobile Safari/537.36"
162.214.27.60 - - [15/Aug/2025:10:54:56 -0300] "POST /wp-cron.php?doing_wp_cron=1755266096.3120729923248291015625 HTTP/1.1" 200 - "-" "WordPress/6.8.2; https://blog.komforthouse.com.br"
162.214.27.60 - - [15/Aug/2025:10:54:57 -0300] "POST /wp-admin/admin-ajax.php?action=async_litespeed&nonce=E6QvDvW2aLk7fbzHvBmJqthF5Tr0Y1Ta&litespeed_type=imgoptm HTTP/1.1" 200 1 "-" "WordPress/6.8.2; https://blog.komforthouse.com.br"
162.214.27.60 - - [15/Aug/2025:10:55:40 -0300] "POST /wp-cron.php?doing_wp_cron=1755266140.8621759414672851562500 HTTP/1.1" 200 - "-" "WordPress/6.8.2; https://blog.komforthouse.com.br"
45.79.209.156 - - [15/Aug/2025:10:55:39 -0300] "GET /wp-json/wp/v2/posts/?per_page=50 HTTP/1.0" 200 315210 "-" "Mozilla/5.0 (compatible; Googlebot/2.1; +http://www.google.com/bot.html)"
196.251.69.55 - - [15/Aug/2025:10:57:35 -0300] "POST /wp-login.php HTTP/1.1" 200 9733 "-" "Mozilla/5.0"
162.214.27.60 - - [15/Aug/2025:10:57:37 -0300] "POST /wp-admin/admin-ajax.php?action=async_litespeed&nonce=Ke7np7S6MBPir2IlOkGlgZOo8EcFk9rq&litespeed_type=imgoptm HTTP/1.1" 200 1 "-" "WordPress/6.8.2; https://blog.komforthouse.com.br"
162.214.27.60 - - [15/Aug/2025:10:57:36 -0300] "POST /wp-cron.php?doing_wp_cron=1755266256.8566849231719970703125 HTTP/1.1" 200 - "-" "WordPress/6.8.2; https://blog.komforthouse.com.br"
196.251.112.104 - - [15/Aug/2025:10:58:32 -0300] "POST /wp-login.php HTTP/1.1" 200 9733 "-" "Mozilla/5.0"
162.214.27.60 - - [15/Aug/2025:10:58:34 -0300] "POST /wp-admin/admin-ajax.php?action=async_litespeed&nonce=yeXT4nR6zYy7rUHUIkfz9YQxI7QcJkTf&litespeed_type=imgoptm HTTP/1.1" 200 1 "-" "WordPress/6.8.2; https://blog.komforthouse.com.br"
162.214.27.60 - - [15/Aug/2025:10:58:33 -0300] "POST /wp-cron.php?doing_wp_cron=1755266313.2128710746765136718750 HTTP/1.1" 200 - "-" "WordPress/6.8.2; https://blog.komforthouse.com.br"
162.214.27.60 - - [15/Aug/2025:11:00:46 -0300] "POST /wp-admin/admin-ajax.php?action=async_litespeed&nonce=8zTQCIWT2JD6MiGyRwFY1yJQzhzySFDj&litespeed_type=imgoptm HTTP/1.1" 200 1 "-" "WordPress/6.8.2; https://blog.komforthouse.com.br"
162.214.27.60 - - [15/Aug/2025:11:00:45 -0300] "POST /wp-cron.php?doing_wp_cron=1755266445.2902579307556152343750 HTTP/1.1" 200 - "-" "WordPress/6.8.2; https://blog.komforthouse.com.br"
177.26.229.209 - - [15/Aug/2025:11:00:47 -0300] "GET /wp-content/themes/hello-elementor/style.min.css?ver=3.2.1 HTTP/1.1" 200 5501 "https://blog.komforthouse.com.br/cores-tendencia-para-sofa-em-2025/" "Mozilla/5.0 (Linux; Android 10; K) AppleWebKit/537.36 (KHTML, like Gecko) Chrome/138.0.0.0 Mobile Safari/537.36"
177.26.229.209 - - [15/Aug/2025:11:00:44 -0300] "GET /cores-tendencia-para-sofa-em-2025/ HTTP/1.1" 200 90591 "https://www.google.com/" "Mozilla/5.0 (Linux; Android 10; K) AppleWebKit/537.36 (KHTML, like Gecko) Chrome/138.0.0.0 Mobile Safari/537.36"
177.26.229.209 - - [15/Aug/2025:11:00:47 -0300] "GET /wp-content/themes/hello-elementor/theme.min.css?ver=3.2.1 HTTP/1.1" 200 5069 "https://blog.komforthouse.com.br/cores-tendencia-para-sofa-em-2025/" "Mozilla/5.0 (Linux; Android 10; K) AppleWebKit/537.36 (KHTML, like Gecko) Chrome/138.0.0.0 Mobile Safari/537.36"
177.26.229.209 - - [15/Aug/2025:11:00:48 -0300] "GET /wp-content/themes/hello-elementor/header-footer.min.css?ver=3.2.1 HTTP/1.1" 200 7212 "https://blog.komforthouse.com.br/cores-tendencia-para-sofa-em-2025/" "Mozilla/5.0 (Linux; Android 10; K) AppleWebKit/537.36 (KHTML, like Gecko) Chrome/138.0.0.0 Mobile Safari/537.36"
177.26.229.209 - - [15/Aug/2025:11:00:48 -0300] "GET /wp-content/plugins/elementor/assets/lib/animations/styles/e-animation-pulse.min.css?ver=3.26.4 HTTP/1.1" 200 318 "https://blog.komforthouse.com.br/cores-tendencia-para-sofa-em-2025/" "Mozilla/5.0 (Linux; Android 10; K) AppleWebKit/537.36 (KHTML, like Gecko) Chrome/138.0.0.0 Mobile Safari/537.36"
177.26.229.209 - - [15/Aug/2025:11:00:48 -0300] "GET /wp-content/uploads/elementor/css/post-1256.css?ver=1736279802 HTTP/1.1" 200 2099 "https://blog.komforthouse.com.br/cores-tendencia-para-sofa-em-2025/" "Mozilla/5.0 (Linux; Android 10; K) AppleWebKit/537.36 (KHTML, like Gecko) Chrome/138.0.0.0 Mobile Safari/537.36"
177.26.229.209 - - [15/Aug/2025:11:00:47 -0300] "GET /wp-includes/css/dist/block-library/style.min.css?ver=6.8.2 HTTP/1.1" 200 116345 "https://blog.komforthouse.com.br/cores-tendencia-para-sofa-em-2025/" "Mozilla/5.0 (Linux; Android 10; K) AppleWebKit/537.36 (KHTML, like Gecko) Chrome/138.0.0.0 Mobile Safari/537.36"
177.26.229.209 - - [15/Aug/2025:11:00:48 -0300] "GET /wp-content/plugins/elementor/assets/css/widget-image.min.css?ver=3.26.4 HTTP/1.1" 200 254 "https://blog.komforthouse.com.br/cores-tendencia-para-sofa-em-2025/" "Mozilla/5.0 (Linux; Android 10; K) AppleWebKit/537.36 (KHTML, like Gecko) Chrome/138.0.0.0 Mobile Safari/537.36"
177.26.229.209 - - [15/Aug/2025:11:00:48 -0300] "GET /wp-content/plugins/elementor-pro/assets/css/widget-nav-menu.min.css?ver=3.26.3 HTTP/1.1" 200 26859 "https://blog.komforthouse.com.br/cores-tendencia-para-sofa-em-2025/" "Mozilla/5.0 (Linux; Android 10; K) AppleWebKit/537.36 (KHTML, like Gecko) Chrome/138.0.0.0 Mobile Safari/537.36"
177.26.229.209 - - [15/Aug/2025:11:00:48 -0300] "GET /wp-content/plugins/elementor/assets/css/frontend.min.css?ver=3.26.4 HTTP/1.1" 200 53257 "https://blog.komforthouse.com.br/cores-tendencia-para-sofa-em-2025/" "Mozilla/5.0 (Linux; Android 10; K) AppleWebKit/537.36 (KHTML, like Gecko) Chrome/138.0.0.0 Mobile Safari/537.36"
177.26.229.209 - - [15/Aug/2025:11:00:48 -0300] "GET /wp-content/plugins/elementor/assets/css/widget-icon-list.min.css?ver=3.26.4 HTTP/1.1" 200 10310 "https://blog.komforthouse.com.br/cores-tendencia-para-sofa-em-2025/" "Mozilla/5.0 (Linux; Android 10; K) AppleWebKit/537.36 (KHTML, like Gecko) Chrome/138.0.0.0 Mobile Safari/537.36"
177.26.229.209 - - [15/Aug/2025:11:00:48 -0300] "GET /wp-content/plugins/elementor-pro/assets/css/widget-progress-tracker.min.css?ver=3.26.3 HTTP/1.1" 200 2844 "https://blog.komforthouse.com.br/cores-tendencia-para-sofa-em-2025/" "Mozilla/5.0 (Linux; Android 10; K) AppleWebKit/537.36 (KHTML, like Gecko) Chrome/138.0.0.0 Mobile Safari/537.36"
177.26.229.209 - - [15/Aug/2025:11:00:48 -0300] "GET /wp-content/plugins/elementor/assets/css/widget-heading.min.css?ver=3.26.4 HTTP/1.1" 200 600 "https://blog.komforthouse.com.br/cores-tendencia-para-sofa-em-2025/" "Mozilla/5.0 (Linux; Android 10; K) AppleWebKit/537.36 (KHTML, like Gecko) Chrome/138.0.0.0 Mobile Safari/537.36"
177.26.229.209 - - [15/Aug/2025:11:00:49 -0300] "GET /wp-content/plugins/elementor/assets/css/conditionals/e-swiper.min.css?ver=3.26.4 HTTP/1.1" 200 5486 "https://blog.komforthouse.com.br/cores-tendencia-para-sofa-em-2025/" "Mozilla/5.0 (Linux; Android 10; K) AppleWebKit/537.36 (KHTML, like Gecko) Chrome/138.0.0.0 Mobile Safari/537.36"
177.26.229.209 - - [15/Aug/2025:11:00:49 -0300] "GET /wp-content/plugins/elementor/assets/css/widget-image-carousel.min.css?ver=3.26.4 HTTP/1.1" 200 382 "https://blog.komforthouse.com.br/cores-tendencia-para-sofa-em-2025/" "Mozilla/5.0 (Linux; Android 10; K) AppleWebKit/537.36 (KHTML, like Gecko) Chrome/138.0.0.0 Mobile Safari/537.36"
177.26.229.209 - - [15/Aug/2025:11:00:49 -0300] "GET /wp-content/plugins/elementor/assets/lib/animations/styles/bounceIn.min.css?ver=3.26.4 HTTP/1.1" 200 367 "https://blog.komforthouse.com.br/cores-tendencia-para-sofa-em-2025/" "Mozilla/5.0 (Linux; Android 10; K) AppleWebKit/537.36 (KHTML, like Gecko) Chrome/138.0.0.0 Mobile Safari/537.36"
177.26.229.209 - - [15/Aug/2025:11:00:49 -0300] "GET /wp-content/plugins/elementor-pro/assets/css/widget-posts.min.css?ver=3.26.3 HTTP/1.1" 200 16983 "https://blog.komforthouse.com.br/cores-tendencia-para-sofa-em-2025/" "Mozilla/5.0 (Linux; Android 10; K) AppleWebKit/537.36 (KHTML, like Gecko) Chrome/138.0.0.0 Mobile Safari/537.36"
177.26.229.209 - - [15/Aug/2025:11:00:49 -0300] "GET /wp-content/plugins/elementor/assets/lib/swiper/v8/css/swiper.min.css?ver=8.4.5 HTTP/1.1" 200 16471 "https://blog.komforthouse.com.br/cores-tendencia-para-sofa-em-2025/" "Mozilla/5.0 (Linux; Android 10; K) AppleWebKit/537.36 (KHTML, like Gecko) Chrome/138.0.0.0 Mobile Safari/537.36"
177.26.229.209 - - [15/Aug/2025:11:00:49 -0300] "GET /wp-content/plugins/elementor/assets/css/widget-social-icons.min.css?ver=3.26.4 HTTP/1.1" 200 5150 "https://blog.komforthouse.com.br/cores-tendencia-para-sofa-em-2025/" "Mozilla/5.0 (Linux; Android 10; K) AppleWebKit/537.36 (KHTML, like Gecko) Chrome/138.0.0.0 Mobile Safari/537.36"
177.26.229.209 - - [15/Aug/2025:11:00:49 -0300] "GET /wp-content/plugins/elementor/assets/css/conditionals/apple-webkit.min.css?ver=3.26.4 HTTP/1.1" 200 7025 "https://blog.komforthouse.com.br/cores-tendencia-para-sofa-em-2025/" "Mozilla/5.0 (Linux; Android 10; K) AppleWebKit/537.36 (KHTML, like Gecko) Chrome/138.0.0.0 Mobile Safari/537.36"
177.26.229.209 - - [15/Aug/2025:11:00:49 -0300] "GET /wp-content/plugins/elementor-pro/assets/css/conditionals/popup.min.css?ver=3.26.3 HTTP/1.1" 200 995 "https://blog.komforthouse.com.br/cores-tendencia-para-sofa-em-2025/" "Mozilla/5.0 (Linux; Android 10; K) AppleWebKit/537.36 (KHTML, like Gecko) Chrome/138.0.0.0 Mobile Safari/537.36"
177.26.229.209 - - [15/Aug/2025:11:00:49 -0300] "GET /wp-content/uploads/elementor/css/post-1473.css?ver=1737152742 HTTP/1.1" 200 11104 "https://blog.komforthouse.com.br/cores-tendencia-para-sofa-em-2025/" "Mozilla/5.0 (Linux; Android 10; K) AppleWebKit/537.36 (KHTML, like Gecko) Chrome/138.0.0.0 Mobile Safari/537.36"
177.26.229.209 - - [15/Aug/2025:11:00:49 -0300] "GET /wp-content/uploads/elementor/css/post-1681.css?ver=1736279802 HTTP/1.1" 200 3790 "https://blog.komforthouse.com.br/cores-tendencia-para-sofa-em-2025/" "Mozilla/5.0 (Linux; Android 10; K) AppleWebKit/537.36 (KHTML, like Gecko) Chrome/138.0.0.0 Mobile Safari/537.36"
177.26.229.209 - - [15/Aug/2025:11:00:49 -0300] "GET /wp-content/uploads/elementor/css/post-1283.css?ver=1736279802 HTTP/1.1" 200 13014 "https://blog.komforthouse.com.br/cores-tendencia-para-sofa-em-2025/" "Mozilla/5.0 (Linux; Android 10; K) AppleWebKit/537.36 (KHTML, like Gecko) Chrome/138.0.0.0 Mobile Safari/537.36"
177.26.229.209 - - [15/Aug/2025:11:00:49 -0300] "GET /wp-includes/js/jquery/jquery-migrate.min.js?ver=3.4.1 HTTP/1.1" 200 13577 "https://blog.komforthouse.com.br/cores-tendencia-para-sofa-em-2025/" "Mozilla/5.0 (Linux; Android 10; K) AppleWebKit/537.36 (KHTML, like Gecko) Chrome/138.0.0.0 Mobile Safari/537.36"
177.26.229.209 - - [15/Aug/2025:11:00:49 -0300] "GET /wp-content/uploads/elementor/css/post-1334.css?ver=1736279802 HTTP/1.1" 200 16917 "https://blog.komforthouse.com.br/cores-tendencia-para-sofa-em-2025/" "Mozilla/5.0 (Linux; Android 10; K) AppleWebKit/537.36 (KHTML, like Gecko) Chrome/138.0.0.0 Mobile Safari/537.36"
177.26.229.209 - - [15/Aug/2025:11:00:49 -0300] "GET /wp-content/uploads/2024/06/komfort-house-logo.png HTTP/1.1" 200 23742 "https://blog.komforthouse.com.br/cores-tendencia-para-sofa-em-2025/" "Mozilla/5.0 (Linux; Android 10; K) AppleWebKit/537.36 (KHTML, like Gecko) Chrome/138.0.0.0 Mobile Safari/537.36"
177.26.229.209 - - [15/Aug/2025:11:00:49 -0300] "GET /wp-content/uploads/2024/11/image5.png HTTP/1.1" 200 27647 "https://blog.komforthouse.com.br/cores-tendencia-para-sofa-em-2025/" "Mozilla/5.0 (Linux; Android 10; K) AppleWebKit/537.36 (KHTML, like Gecko) Chrome/138.0.0.0 Mobile Safari/537.36"
177.26.229.209 - - [15/Aug/2025:11:00:49 -0300] "GET /wp-includes/js/jquery/jquery.min.js?ver=3.7.1 HTTP/1.1" 200 87553 "https://blog.komforthouse.com.br/cores-tendencia-para-sofa-em-2025/" "Mozilla/5.0 (Linux; Android 10; K) AppleWebKit/537.36 (KHTML, like Gecko) Chrome/138.0.0.0 Mobile Safari/537.36"
177.26.229.209 - - [15/Aug/2025:11:00:50 -0300] "GET /wp-content/themes/hello-elementor/assets/js/hello-frontend.min.js?ver=3.2.1 HTTP/1.1" 200 1936 "https://blog.komforthouse.com.br/cores-tendencia-para-sofa-em-2025/" "Mozilla/5.0 (Linux; Android 10; K) AppleWebKit/537.36 (KHTML, like Gecko) Chrome/138.0.0.0 Mobile Safari/537.36"
177.26.229.209 - - [15/Aug/2025:11:00:50 -0300] "GET /wp-content/plugins/elementor-pro/assets/lib/smartmenus/jquery.smartmenus.min.js?ver=1.2.1 HTTP/1.1" 200 24109 "https://blog.komforthouse.com.br/cores-tendencia-para-sofa-em-2025/" "Mozilla/5.0 (Linux; Android 10; K) AppleWebKit/537.36 (KHTML, like Gecko) Chrome/138.0.0.0 Mobile Safari/537.36"
177.26.229.209 - - [15/Aug/2025:11:00:50 -0300] "GET /wp-includes/js/imagesloaded.min.js?ver=5.0.0 HTTP/1.1" 200 5520 "https://blog.komforthouse.com.br/cores-tendencia-para-sofa-em-2025/" "Mozilla/5.0 (Linux; Android 10; K) AppleWebKit/537.36 (KHTML, like Gecko) Chrome/138.0.0.0 Mobile Safari/537.36"
177.26.229.209 - - [15/Aug/2025:11:00:50 -0300] "GET /wp-content/plugins/elementor-pro/assets/js/webpack-pro.runtime.min.js?ver=3.26.3 HTTP/1.1" 200 6263 "https://blog.komforthouse.com.br/cores-tendencia-para-sofa-em-2025/" "Mozilla/5.0 (Linux; Android 10; K) AppleWebKit/537.36 (KHTML, like Gecko) Chrome/138.0.0.0 Mobile Safari/537.36"
177.26.229.209 - - [15/Aug/2025:11:00:49 -0300] "GET /wp-content/uploads/2024/11/image3-1536x1153.jpg HTTP/1.1" 200 199268 "https://blog.komforthouse.com.br/cores-tendencia-para-sofa-em-2025/" "Mozilla/5.0 (Linux; Android 10; K) AppleWebKit/537.36 (KHTML, like Gecko) Chrome/138.0.0.0 Mobile Safari/537.36"
177.26.229.209 - - [15/Aug/2025:11:00:51 -0300] "GET /wp-content/plugins/elementor/assets/js/webpack.runtime.min.js?ver=3.26.4 HTTP/1.1" 200 5326 "https://blog.komforthouse.com.br/cores-tendencia-para-sofa-em-2025/" "Mozilla/5.0 (Linux; Android 10; K) AppleWebKit/537.36 (KHTML, like Gecko) Chrome/138.0.0.0 Mobile Safari/537.36"
177.26.229.209 - - [15/Aug/2025:11:00:50 -0300] "GET /wp-content/uploads/2025/01/Moscou-1.jpg HTTP/1.1" 200 180871 "https://blog.komforthouse.com.br/cores-tendencia-para-sofa-em-2025/" "Mozilla/5.0 (Linux; Android 10; K) AppleWebKit/537.36 (KHTML, like Gecko) Chrome/138.0.0.0 Mobile Safari/537.36"
177.26.229.209 - - [15/Aug/2025:11:00:51 -0300] "GET /wp-includes/js/dist/hooks.min.js?ver=4d63a3d491d11ffd8ac6 HTTP/1.1" 200 4776 "https://blog.komforthouse.com.br/cores-tendencia-para-sofa-em-2025/" "Mozilla/5.0 (Linux; Android 10; K) AppleWebKit/537.36 (KHTML, like Gecko) Chrome/138.0.0.0 Mobile Safari/537.36"
177.26.229.209 - - [15/Aug/2025:11:00:51 -0300] "GET /wp-content/plugins/elementor-pro/assets/js/frontend.min.js?ver=3.26.3 HTTP/1.1" 200 24210 "https://blog.komforthouse.com.br/cores-tendencia-para-sofa-em-2025/" "Mozilla/5.0 (Linux; Android 10; K) AppleWebKit/537.36 (KHTML, like Gecko) Chrome/138.0.0.0 Mobile Safari/537.36"
177.26.229.209 - - [15/Aug/2025:11:00:51 -0300] "GET /wp-includes/js/dist/i18n.min.js?ver=5e580eb46a90c2b997e6 HTTP/1.1" 200 9141 "https://blog.komforthouse.com.br/cores-tendencia-para-sofa-em-2025/" "Mozilla/5.0 (Linux; Android 10; K) AppleWebKit/537.36 (KHTML, like Gecko) Chrome/138.0.0.0 Mobile Safari/537.36"
177.26.229.209 - - [15/Aug/2025:11:00:51 -0300] "GET /wp-content/plugins/elementor/assets/js/frontend-modules.min.js?ver=3.26.4 HTTP/1.1" 200 52754 "https://blog.komforthouse.com.br/cores-tendencia-para-sofa-em-2025/" "Mozilla/5.0 (Linux; Android 10; K) AppleWebKit/537.36 (KHTML, like Gecko) Chrome/138.0.0.0 Mobile Safari/537.36"
177.26.229.209 - - [15/Aug/2025:11:00:51 -0300] "GET /wp-includes/js/jquery/ui/core.min.js?ver=1.13.3 HTTP/1.1" 200 21464 "https://blog.komforthouse.com.br/cores-tendencia-para-sofa-em-2025/" "Mozilla/5.0 (Linux; Android 10; K) AppleWebKit/537.36 (KHTML, like Gecko) Chrome/138.0.0.0 Mobile Safari/537.36"
177.26.229.209 - - [15/Aug/2025:11:00:51 -0300] "GET /wp-content/plugins/elementor/assets/js/frontend.min.js?ver=3.26.4 HTTP/1.1" 200 45428 "https://blog.komforthouse.com.br/cores-tendencia-para-sofa-em-2025/" "Mozilla/5.0 (Linux; Android 10; K) AppleWebKit/537.36 (KHTML, like Gecko) Chrome/138.0.0.0 Mobile Safari/537.36"
177.26.229.209 - - [15/Aug/2025:11:00:51 -0300] "GET /wp-content/uploads/2024/11/image3.jpg HTTP/1.1" 200 282326 "https://blog.komforthouse.com.br/cores-tendencia-para-sofa-em-2025/" "Mozilla/5.0 (Linux; Android 10; K) AppleWebKit/537.36 (KHTML, like Gecko) Chrome/138.0.0.0 Mobile Safari/537.36"
177.26.229.209 - - [15/Aug/2025:11:00:51 -0300] "GET /wp-content/plugins/elementor-pro/assets/js/elements-handlers.min.js?ver=3.26.3 HTTP/1.1" 200 44624 "https://blog.komforthouse.com.br/cores-tendencia-para-sofa-em-2025/" "Mozilla/5.0 (Linux; Android 10; K) AppleWebKit/537.36 (KHTML, like Gecko) Chrome/138.0.0.0 Mobile Safari/537.36"
177.26.229.209 - - [15/Aug/2025:11:00:52 -0300] "GET /wp-includes/js/wp-emoji-release.min.js?ver=6.8.2 HTTP/1.1" 200 19251 "https://blog.komforthouse.com.br/cores-tendencia-para-sofa-em-2025/" "Mozilla/5.0 (Linux; Android 10; K) AppleWebKit/537.36 (KHTML, like Gecko) Chrome/138.0.0.0 Mobile Safari/537.36"
177.26.229.209 - - [15/Aug/2025:11:00:52 -0300] "GET /wp-content/plugins/elementor/assets/lib/dialog/dialog.min.js?ver=4.9.3 HTTP/1.1" 200 11286 "https://blog.komforthouse.com.br/cores-tendencia-para-sofa-em-2025/" "Mozilla/5.0 (Linux; Android 10; K) AppleWebKit/537.36 (KHTML, like Gecko) Chrome/138.0.0.0 Mobile Safari/537.36"
177.26.229.209 - - [15/Aug/2025:11:00:52 -0300] "GET /wp-content/plugins/elementor-pro/assets/js/nav-menu.a23fbd67486c5bedf26c.bundle.min.js HTTP/1.1" 200 5282 "https://blog.komforthouse.com.br/cores-tendencia-para-sofa-em-2025/" "Mozilla/5.0 (Linux; Android 10; K) AppleWebKit/537.36 (KHTML, like Gecko) Chrome/138.0.0.0 Mobile Safari/537.36"
177.26.229.209 - - [15/Aug/2025:11:00:52 -0300] "GET /wp-content/plugins/elementor-pro/assets/js/progress-tracker.8cccdda9737c272489fc.bundle.min.js HTTP/1.1" 200 5237 "https://blog.komforthouse.com.br/cores-tendencia-para-sofa-em-2025/" "Mozilla/5.0 (Linux; Android 10; K) AppleWebKit/537.36 (KHTML, like Gecko) Chrome/138.0.0.0 Mobile Safari/537.36"
177.26.229.209 - - [15/Aug/2025:11:00:52 -0300] "GET /wp-content/plugins/elementor/assets/js/image-carousel.78b881f3c7818111c2d7.bundle.min.js HTTP/1.1" 200 432 "https://blog.komforthouse.com.br/cores-tendencia-para-sofa-em-2025/" "Mozilla/5.0 (Linux; Android 10; K) AppleWebKit/537.36 (KHTML, like Gecko) Chrome/138.0.0.0 Mobile Safari/537.36"
177.26.229.209 - - [15/Aug/2025:11:00:52 -0300] "GET /wp-content/plugins/elementor-pro/assets/js/load-more.8b46f464e573feab5dd7.bundle.min.js HTTP/1.1" 200 5346 "https://blog.komforthouse.com.br/cores-tendencia-para-sofa-em-2025/" "Mozilla/5.0 (Linux; Android 10; K) AppleWebKit/537.36 (KHTML, like Gecko) Chrome/138.0.0.0 Mobile Safari/537.36"
177.26.229.209 - - [15/Aug/2025:11:00:52 -0300] "GET /wp-content/plugins/elementor-pro/assets/js/posts.aec59265318492b89cb5.bundle.min.js HTTP/1.1" 200 3317 "https://blog.komforthouse.com.br/cores-tendencia-para-sofa-em-2025/" "Mozilla/5.0 (Linux; Android 10; K) AppleWebKit/537.36 (KHTML, like Gecko) Chrome/138.0.0.0 Mobile Safari/537.36"
177.26.229.209 - - [15/Aug/2025:11:00:52 -0300] "GET /wp-content/uploads/2024/05/cropped-komfort-house-sofas-1-192x192.png HTTP/1.1" 200 3681 "https://blog.komforthouse.com.br/cores-tendencia-para-sofa-em-2025/" "Mozilla/5.0 (Linux; Android 10; K) AppleWebKit/537.36 (KHTML, like Gecko) Chrome/138.0.0.0 Mobile Safari/537.36"
177.26.229.209 - - [15/Aug/2025:11:00:52 -0300] "GET /wp-content/uploads/2024/05/cropped-komfort-house-sofas-1-180x180.png HTTP/1.1" 200 3406 "https://blog.komforthouse.com.br/cores-tendencia-para-sofa-em-2025/" "Mozilla/5.0 (Linux; Android 10; K) AppleWebKit/537.36 (KHTML, like Gecko) Chrome/138.0.0.0 Mobile Safari/537.36"
177.26.229.209 - - [15/Aug/2025:11:01:54 -0300] "GET /wp-content/uploads/2024/06/logo-komfort-house-sofas-branco-1536x367.png HTTP/1.1" 200 41654 "https://blog.komforthouse.com.br/cores-tendencia-para-sofa-em-2025/" "Mozilla/5.0 (Linux; Android 10; K) AppleWebKit/537.36 (KHTML, like Gecko) Chrome/138.0.0.0 Mobile Safari/537.36"
177.26.229.209 - - [15/Aug/2025:11:01:54 -0300] "GET /como-deixar-uma-sala-mais-elegante/ HTTP/1.1" 200 89539 "https://blog.komforthouse.com.br/cores-tendencia-para-sofa-em-2025/" "Mozilla/5.0 (Linux; Android 10; K) AppleWebKit/537.36 (KHTML, like Gecko) Chrome/138.0.0.0 Mobile Safari/537.36"
162.214.27.60 - - [15/Aug/2025:11:01:55 -0300] "POST /wp-cron.php?doing_wp_cron=1755266515.5904428958892822265625 HTTP/1.1" 200 - "-" "WordPress/6.8.2; https://blog.komforthouse.com.br"
162.214.27.60 - - [15/Aug/2025:11:01:56 -0300] "POST /wp-admin/admin-ajax.php?action=async_litespeed&nonce=uqoouDTEFv150U2TMVr9Hx7jaJbUE3dS&litespeed_type=imgoptm HTTP/1.1" 200 1 "-" "WordPress/6.8.2; https://blog.komforthouse.com.br"
50.116.38.220 - - [15/Aug/2025:11:04:25 -0300] "GET /wp-json/wp/v2/posts/?per_page=50 HTTP/1.0" 200 315210 "-" "Mozilla/5.0 (compatible; Googlebot/2.1; +http://www.google.com/bot.html)"
162.214.27.60 - - [15/Aug/2025:11:04:28 -0300] "POST /wp-admin/admin-ajax.php?action=async_litespeed&nonce=tkRsL4W99Ps0PCVSKyNrLr2Dl8uEXqaf&litespeed_type=imgoptm HTTP/1.1" 200 1 "-" "WordPress/6.8.2; https://blog.komforthouse.com.br"
162.214.27.60 - - [15/Aug/2025:11:04:27 -0300] "POST /wp-cron.php?doing_wp_cron=1755266666.5565381050109863281250 HTTP/1.1" 200 - "-" "WordPress/6.8.2; https://blog.komforthouse.com.br"
162.214.27.60 - - [15/Aug/2025:11:04:51 -0300] "POST /wp-cron.php?doing_wp_cron=1755266691.7815508842468261718750 HTTP/1.1" 200 - "-" "WordPress/6.8.2; https://blog.komforthouse.com.br"
162.214.27.60 - - [15/Aug/2025:11:04:52 -0300] "POST /wp-admin/admin-ajax.php?action=async_litespeed&nonce=l1fZqLvpLewEznSP7r5GMWUllGTR3Fut&litespeed_type=imgoptm HTTP/1.1" 200 1 "-" "WordPress/6.8.2; https://blog.komforthouse.com.br"
54.210.152.179 - - [15/Aug/2025:11:04:50 -0300] "GET / HTTP/1.1" 200 127418 "-" "Mozilla/5.0 AppleWebKit/537.36 (KHTML, like Gecko; compatible; Amazonbot/0.1; +https://developer.amazon.com/support/amazonbot) Chrome/119.0.6045.214 Safari/537.36"
51.222.253.16 - - [15/Aug/2025:11:05:26 -0300] "GET /quais-as-medidas-ideais-para-um-sofa-de-3-lugares-em-um-apartamento/ HTTP/1.1" 200 90143 "-" "Mozilla/5.0 (compatible; AhrefsBot/7.0; +http://ahrefs.com/robot/)"
196.251.69.55 - - [15/Aug/2025:11:09:00 -0300] "POST /wp-login.php HTTP/1.1" 200 9733 "-" "Mozilla/5.0"
162.214.27.60 - - [15/Aug/2025:11:09:02 -0300] "POST /wp-admin/admin-ajax.php?action=async_litespeed&nonce=N9h4IUIeJUMyjR8wJIUjMCGu1zvkExTa&litespeed_type=imgoptm HTTP/1.1" 200 1 "-" "WordPress/6.8.2; https://blog.komforthouse.com.br"
162.214.27.60 - - [15/Aug/2025:11:09:01 -0300] "POST /wp-cron.php?doing_wp_cron=1755266941.5999290943145751953125 HTTP/1.1" 200 - "-" "WordPress/6.8.2; https://blog.komforthouse.com.br"
45.80.158.129 - - [15/Aug/2025:11:11:48 -0300] "HEAD / HTTP/1.1" 200 - "-" "python-requests/2.32.4"
162.214.27.60 - - [15/Aug/2025:11:11:50 -0300] "POST /wp-admin/admin-ajax.php?action=async_litespeed&nonce=IswkxAXDcoTEGPSMzacK59uxXtsNYhJ9&litespeed_type=imgoptm HTTP/1.1" 200 1 "-" "WordPress/6.8.2; https://blog.komforthouse.com.br"
162.214.27.60 - - [15/Aug/2025:11:11:49 -0300] "POST /wp-cron.php?doing_wp_cron=1755267109.3556590080261230468750 HTTP/1.1" 200 - "-" "WordPress/6.8.2; https://blog.komforthouse.com.br"
45.80.158.129 - - [15/Aug/2025:11:11:51 -0300] "GET /wp-admin/ HTTP/1.1" 302 - "-" "Mozilla/5.0 (Macintosh; Intel Mac OS X 14_2) AppleWebKit/537.36 (KHTML, like Gecko) Chrome/120.0.0.0 Safari/537.36"
45.80.158.129 - - [15/Aug/2025:11:11:52 -0300] "GET /wp-login.php?redirect_to=https%3A%2F%2Fblog.komforthouse.com.br%2Fwp-admin%2F&reauth=1 HTTP/1.1" 200 9423 "-" "Mozilla/5.0 (Macintosh; Intel Mac OS X 14_2) AppleWebKit/537.36 (KHTML, like Gecko) Chrome/120.0.0.0 Safari/537.36"
45.80.158.129 - - [15/Aug/2025:11:11:54 -0300] "GET /xmlrpc.php HTTP/1.1" 405 42 "-" "Mozilla/5.0 (iPhone; CPU iPhone OS 17_1 like Mac OS X) AppleWebKit/605.1.15 (KHTML, like Gecko) Version/17.1 Mobile/15E148 Safari/604.1"
45.80.158.129 - - [15/Aug/2025:11:11:58 -0300] "GET /?rest_route=/wp/v2/users HTTP/1.1" 200 2306 "-" "Mozilla/5.0 (Windows NT 10.0; Win64; x64) AppleWebKit/537.36 (KHTML, like Gecko) Edge/119.0.2151.97"
45.80.158.129 - - [15/Aug/2025:11:11:59 -0300] "GET /?author=1 HTTP/1.1" 301 - "-" "Mozilla/5.0 (Windows NT 10.0; Win64; x64) AppleWebKit/537.36 (KHTML, like Gecko) Chrome/120.0.0.0 Safari/537.36"
45.80.158.129 - - [15/Aug/2025:11:12:00 -0300] "GET /author/bloguser/ HTTP/1.1" 200 71324 "-" "Mozilla/5.0 (Windows NT 10.0; Win64; x64) AppleWebKit/537.36 (KHTML, like Gecko) Chrome/120.0.0.0 Safari/537.36"
45.80.158.129 - - [15/Aug/2025:11:12:02 -0300] "POST /xmlrpc.php HTTP/1.1" 200 409 "-" "Mozilla/5.0 (iPhone; CPU iPhone OS 17_2 like Mac OS X) AppleWebKit/605.1.15 (KHTML, like Gecko) Version/17.2 Mobile/15E148 Safari/604.1"
45.80.158.129 - - [15/Aug/2025:11:12:04 -0300] "POST /xmlrpc.php HTTP/1.1" 200 409 "-" "Mozilla/5.0 (Windows NT 10.0; Win64; x64) AppleWebKit/537.36 (KHTML, like Gecko) Edge/120.0.2210.91"
45.80.158.129 - - [15/Aug/2025:11:12:06 -0300] "POST /xmlrpc.php HTTP/1.1" 200 409 "-" "Mozilla/5.0 (Windows NT 11.0; Win64; x64) AppleWebKit/537.36 (KHTML, like Gecko) Chrome/121.0.0.0 Safari/537.36"
45.80.158.129 - - [15/Aug/2025:11:12:08 -0300] "POST /xmlrpc.php HTTP/1.1" 200 409 "-" "Mozilla/5.0 (Windows NT 10.0; Win64; x64) AppleWebKit/537.36 (KHTML, like Gecko) Edge/119.0.2151.97"
45.80.158.129 - - [15/Aug/2025:11:12:10 -0300] "POST /xmlrpc.php HTTP/1.1" 200 409 "-" "Mozilla/5.0 (iPhone; CPU iPhone OS 17_2 like Mac OS X) AppleWebKit/605.1.15 (KHTML, like Gecko) Version/17.2 Mobile/15E148 Safari/604.1"
45.80.158.129 - - [15/Aug/2025:11:12:12 -0300] "POST /xmlrpc.php HTTP/1.1" 200 409 "-" "Mozilla/5.0 (Windows NT 10.0; Win64; x64) AppleWebKit/537.36 (KHTML, like Gecko) Edge/120.0.2210.91"
45.80.158.129 - - [15/Aug/2025:11:12:14 -0300] "POST /xmlrpc.php HTTP/1.1" 200 409 "-" "Mozilla/5.0 (Windows NT 10.0; Win64; x64; rv:120.0) Gecko/20100101 Firefox/120.0"
45.80.158.129 - - [15/Aug/2025:11:12:16 -0300] "POST /xmlrpc.php HTTP/1.1" 200 409 "-" "Mozilla/5.0 (Macintosh; Intel Mac OS X 14_3) AppleWebKit/537.36 (KHTML, like Gecko) Chrome/121.0.0.0 Safari/537.36"
45.80.158.129 - - [15/Aug/2025:11:12:17 -0300] "POST /xmlrpc.php HTTP/1.1" 200 409 "-" "Mozilla/5.0 (Linux; Android 14; SM-G998B) AppleWebKit/537.36 (KHTML, like Gecko) Chrome/121.0.0.0 Mobile Safari/537.36"
45.80.158.129 - - [15/Aug/2025:11:12:19 -0300] "POST /xmlrpc.php HTTP/1.1" 200 409 "-" "Mozilla/5.0 (Linux; Android 14; SM-S918B) AppleWebKit/537.36 (KHTML, like Gecko) Chrome/120.0.0.0 Mobile Safari/537.36"
45.80.158.129 - - [15/Aug/2025:11:12:22 -0300] "POST /xmlrpc.php HTTP/1.1" 200 409 "-" "Mozilla/5.0 (X11; Linux x86_64) AppleWebKit/537.36 (KHTML, like Gecko) Chrome/120.0.0.0 Safari/537.36"
45.80.158.129 - - [15/Aug/2025:11:12:23 -0300] "POST /xmlrpc.php HTTP/1.1" 200 409 "-" "Mozilla/5.0 (Windows NT 11.0; Win64; x64) AppleWebKit/537.36 (KHTML, like Gecko) Chrome/120.0.0.0 Safari/537.36"
45.80.158.129 - - [15/Aug/2025:11:12:24 -0300] "POST /xmlrpc.php HTTP/1.1" 200 409 "-" "Mozilla/5.0 (iPhone; CPU iPhone OS 17_1 like Mac OS X) AppleWebKit/605.1.15 (KHTML, like Gecko) Version/17.1 Mobile/15E148 Safari/604.1"
45.80.158.129 - - [15/Aug/2025:11:12:26 -0300] "POST /xmlrpc.php HTTP/1.1" 200 409 "-" "Mozilla/5.0 (Windows NT 10.0; Win64; x64) AppleWebKit/537.36 (KHTML, like Gecko) Chrome/119.0.0.0 Safari/537.36"
45.80.158.129 - - [15/Aug/2025:11:12:28 -0300] "POST /xmlrpc.php HTTP/1.1" 200 409 "-" "Mozilla/5.0 (Linux; Android 14; SM-S918B) AppleWebKit/537.36 (KHTML, like Gecko) Chrome/120.0.0.0 Mobile Safari/537.36"
45.80.158.129 - - [15/Aug/2025:11:12:29 -0300] "POST /xmlrpc.php HTTP/1.1" 200 409 "-" "Mozilla/5.0 (Windows NT 10.0; Win64; x64) AppleWebKit/537.36 (KHTML, like Gecko) Edge/120.0.2210.91"
45.80.158.129 - - [15/Aug/2025:11:12:31 -0300] "POST /xmlrpc.php HTTP/1.1" 200 409 "-" "Mozilla/5.0 (Windows NT 10.0; Win64; x64) AppleWebKit/537.36 (KHTML, like Gecko) Chrome/119.0.0.0 Safari/537.36"
45.80.158.129 - - [15/Aug/2025:11:12:33 -0300] "POST /xmlrpc.php HTTP/1.1" 200 409 "-" "Mozilla/5.0 (Windows NT 10.0; Win64; x64; rv:121.0) Gecko/20100101 Firefox/121.0"
45.80.158.129 - - [15/Aug/2025:11:12:34 -0300] "POST /xmlrpc.php HTTP/1.1" 200 409 "-" "Mozilla/5.0 (Macintosh; Intel Mac OS X 14_2) AppleWebKit/537.36 (KHTML, like Gecko) Chrome/120.0.0.0 Safari/537.36"
45.80.158.129 - - [15/Aug/2025:11:12:36 -0300] "POST /xmlrpc.php HTTP/1.1" 200 409 "-" "Mozilla/5.0 (Linux; Android 14; SM-S918B) AppleWebKit/537.36 (KHTML, like Gecko) Chrome/120.0.0.0 Mobile Safari/537.36"
45.80.158.129 - - [15/Aug/2025:11:12:38 -0300] "POST /xmlrpc.php HTTP/1.1" 200 409 "-" "Mozilla/5.0 (iPhone; CPU iPhone OS 17_2 like Mac OS X) AppleWebKit/605.1.15 (KHTML, like Gecko) Version/17.2 Mobile/15E148 Safari/604.1"
162.214.27.60 - - [15/Aug/2025:11:12:40 -0300] "POST /wp-cron.php?doing_wp_cron=1755267160.3064188957214355468750 HTTP/1.1" 200 - "-" "WordPress/6.8.2; https://blog.komforthouse.com.br"
45.80.158.129 - - [15/Aug/2025:11:12:39 -0300] "POST /xmlrpc.php HTTP/1.1" 200 409 "-" "Mozilla/5.0 (Linux; Android 14; SM-S918B) AppleWebKit/537.36 (KHTML, like Gecko) Chrome/120.0.0.0 Mobile Safari/537.36"
45.80.158.129 - - [15/Aug/2025:11:12:41 -0300] "POST /xmlrpc.php HTTP/1.1" 200 409 "-" "Mozilla/5.0 (iPhone; CPU iPhone OS 17_2 like Mac OS X) AppleWebKit/605.1.15 (KHTML, like Gecko) Version/17.2 Mobile/15E148 Safari/604.1"
45.80.158.129 - - [15/Aug/2025:11:12:43 -0300] "POST /xmlrpc.php HTTP/1.1" 200 409 "-" "Mozilla/5.0 (Windows NT 10.0; Win64; x64) AppleWebKit/537.36 (KHTML, like Gecko) Chrome/120.0.0.0 Safari/537.36"
45.80.158.129 - - [15/Aug/2025:11:12:44 -0300] "POST /xmlrpc.php HTTP/1.1" 200 409 "-" "Mozilla/5.0 (Macintosh; Intel Mac OS X 14_3) AppleWebKit/537.36 (KHTML, like Gecko) Chrome/121.0.0.0 Safari/537.36"
192.178.10.68 - - [15/Aug/2025:11:12:45 -0300] "GET /.well-known/traffic-advice HTTP/1.1" 404 69731 "-" "Chrome Privacy Preserving Prefetch Proxy"
162.214.27.60 - - [15/Aug/2025:11:12:45 -0300] "POST /wp-cron.php?doing_wp_cron=1755267165.2855520248413085937500 HTTP/1.1" 200 - "-" "WordPress/6.8.2; https://blog.komforthouse.com.br"
162.214.27.60 - - [15/Aug/2025:11:12:46 -0300] "POST /wp-admin/admin-ajax.php?action=async_litespeed&nonce=7ZooAEE2JvZF7OMQKd0K50l4txl67ZiW&litespeed_type=imgoptm HTTP/1.1" 200 1 "-" "WordPress/6.8.2; https://blog.komforthouse.com.br"
45.80.158.129 - - [15/Aug/2025:11:12:47 -0300] "POST /xmlrpc.php HTTP/1.1" 200 409 "-" "Mozilla/5.0 (Windows NT 10.0; Win64; x64) AppleWebKit/537.36 (KHTML, like Gecko) Edge/119.0.2151.97"
162.120.185.215 - - [15/Aug/2025:11:12:47 -0300] "GET /cores-tendencia-para-sofa-em-2025/ HTTP/1.1" 200 90591 "https://www.google.com/" "Mozilla/5.0 (Linux; Android 10; K) AppleWebKit/537.36 (KHTML, like Gecko) Chrome/139.0.0.0 Mobile Safari/537.36"
45.80.158.129 - - [15/Aug/2025:11:12:48 -0300] "POST /xmlrpc.php HTTP/1.1" 200 409 "-" "Mozilla/5.0 (Macintosh; Intel Mac OS X 14_2_1) AppleWebKit/537.36 (KHTML, like Gecko) Chrome/120.0.0.0 Safari/537.36"
45.80.158.129 - - [15/Aug/2025:11:12:50 -0300] "POST /xmlrpc.php HTTP/1.1" 200 409 "-" "Mozilla/5.0 (Macintosh; Intel Mac OS X 14_2) AppleWebKit/537.36 (KHTML, like Gecko) Chrome/120.0.0.0 Safari/537.36"
45.80.158.129 - - [15/Aug/2025:11:12:51 -0300] "POST /xmlrpc.php HTTP/1.1" 200 409 "-" "Mozilla/5.0 (Linux; Android 14; SM-G998B) AppleWebKit/537.36 (KHTML, like Gecko) Chrome/121.0.0.0 Mobile Safari/537.36"
45.80.158.129 - - [15/Aug/2025:11:12:53 -0300] "POST /xmlrpc.php HTTP/1.1" 200 409 "-" "Mozilla/5.0 (Windows NT 10.0; Win64; x64; rv:120.0) Gecko/20100101 Firefox/120.0"
45.80.158.129 - - [15/Aug/2025:11:12:55 -0300] "POST /xmlrpc.php HTTP/1.1" 200 409 "-" "Mozilla/5.0 (Macintosh; Intel Mac OS X 14_2_1) AppleWebKit/605.1.15 (KHTML, like Gecko) Version/17.1 Safari/605.1.15"
45.80.158.129 - - [15/Aug/2025:11:12:57 -0300] "POST /xmlrpc.php HTTP/1.1" 200 409 "-" "Mozilla/5.0 (Windows NT 11.0; Win64; x64) AppleWebKit/537.36 (KHTML, like Gecko) Chrome/121.0.0.0 Safari/537.36"
45.80.158.129 - - [15/Aug/2025:11:12:58 -0300] "POST /xmlrpc.php HTTP/1.1" 200 409 "-" "Mozilla/5.0 (Macintosh; Intel Mac OS X 14_2_1) AppleWebKit/537.36 (KHTML, like Gecko) Chrome/120.0.0.0 Safari/537.36"
45.80.158.129 - - [15/Aug/2025:11:13:00 -0300] "POST /xmlrpc.php HTTP/1.1" 200 409 "-" "Mozilla/5.0 (Windows NT 10.0; Win64; x64) AppleWebKit/537.36 (KHTML, like Gecko) Edge/119.0.2151.97"
45.80.158.129 - - [15/Aug/2025:11:13:02 -0300] "POST /xmlrpc.php HTTP/1.1" 200 409 "-" "Mozilla/5.0 (Windows NT 10.0; Win64; x64) AppleWebKit/537.36 (KHTML, like Gecko) Edge/119.0.2151.97"
45.80.158.129 - - [15/Aug/2025:11:13:04 -0300] "POST /xmlrpc.php HTTP/1.1" 200 409 "-" "Mozilla/5.0 (Windows NT 10.0; Win64; x64) AppleWebKit/537.36 (KHTML, like Gecko) Edge/119.0.2151.97"
45.80.158.129 - - [15/Aug/2025:11:13:05 -0300] "POST /xmlrpc.php HTTP/1.1" 200 409 "-" "Mozilla/5.0 (iPhone; CPU iPhone OS 17_1 like Mac OS X) AppleWebKit/605.1.15 (KHTML, like Gecko) Version/17.1 Mobile/15E148 Safari/604.1"
45.80.158.129 - - [15/Aug/2025:11:13:07 -0300] "POST /xmlrpc.php HTTP/1.1" 200 409 "-" "Mozilla/5.0 (Windows NT 10.0; Win64; x64; rv:121.0) Gecko/20100101 Firefox/121.0"
45.80.158.129 - - [15/Aug/2025:11:13:09 -0300] "POST /xmlrpc.php HTTP/1.1" 200 409 "-" "Mozilla/5.0 (Windows NT 10.0; Win64; x64) AppleWebKit/537.36 (KHTML, like Gecko) Chrome/119.0.0.0 Safari/537.36"
45.80.158.129 - - [15/Aug/2025:11:13:11 -0300] "POST /xmlrpc.php HTTP/1.1" 200 409 "-" "Mozilla/5.0 (Windows NT 10.0; Win64; x64) AppleWebKit/537.36 (KHTML, like Gecko) Chrome/119.0.0.0 Safari/537.36"
45.80.158.129 - - [15/Aug/2025:11:13:12 -0300] "POST /xmlrpc.php HTTP/1.1" 200 409 "-" "Mozilla/5.0 (Windows NT 10.0; Win64; x64) AppleWebKit/537.36 (KHTML, like Gecko) Chrome/119.0.0.0 Safari/537.36"
170.187.141.126 - - [15/Aug/2025:11:13:13 -0300] "GET /wp-json/wp/v2/posts/?per_page=50 HTTP/1.0" 200 315210 "-" "Mozilla/5.0 (compatible; Googlebot/2.1; +http://www.google.com/bot.html)"
45.80.158.129 - - [15/Aug/2025:11:13:14 -0300] "POST /xmlrpc.php HTTP/1.1" 200 409 "-" "Mozilla/5.0 (Windows NT 10.0; Win64; x64) AppleWebKit/537.36 (KHTML, like Gecko) Chrome/120.0.0.0 Safari/537.36"
45.80.158.129 - - [15/Aug/2025:11:13:16 -0300] "POST /xmlrpc.php HTTP/1.1" 200 409 "-" "Mozilla/5.0 (iPhone; CPU iPhone OS 17_2 like Mac OS X) AppleWebKit/605.1.15 (KHTML, like Gecko) Version/17.2 Mobile/15E148 Safari/604.1"
45.80.158.129 - - [15/Aug/2025:11:13:18 -0300] "POST /xmlrpc.php HTTP/1.1" 200 409 "-" "Mozilla/5.0 (Windows NT 10.0; Win64; x64) AppleWebKit/537.36 (KHTML, like Gecko) Chrome/119.0.0.0 Safari/537.36"
45.80.158.129 - - [15/Aug/2025:11:13:20 -0300] "POST /xmlrpc.php HTTP/1.1" 200 409 "-" "Mozilla/5.0 (Linux; Android 14; SM-G998B) AppleWebKit/537.36 (KHTML, like Gecko) Chrome/121.0.0.0 Mobile Safari/537.36"
45.80.158.129 - - [15/Aug/2025:11:13:21 -0300] "POST /xmlrpc.php HTTP/1.1" 200 409 "-" "Mozilla/5.0 (Windows NT 11.0; Win64; x64) AppleWebKit/537.36 (KHTML, like Gecko) Chrome/120.0.0.0 Safari/537.36"
45.80.158.129 - - [15/Aug/2025:11:13:23 -0300] "POST /xmlrpc.php HTTP/1.1" 200 409 "-" "Mozilla/5.0 (Windows NT 10.0; Win64; x64) AppleWebKit/537.36 (KHTML, like Gecko) Edge/120.0.2210.91"
45.80.158.129 - - [15/Aug/2025:11:13:24 -0300] "POST /xmlrpc.php HTTP/1.1" 200 409 "-" "Mozilla/5.0 (iPhone; CPU iPhone OS 17_2 like Mac OS X) AppleWebKit/605.1.15 (KHTML, like Gecko) Version/17.2 Mobile/15E148 Safari/604.1"
45.80.158.129 - - [15/Aug/2025:11:13:26 -0300] "POST /xmlrpc.php HTTP/1.1" 200 409 "-" "Mozilla/5.0 (Macintosh; Intel Mac OS X 14_3) AppleWebKit/537.36 (KHTML, like Gecko) Chrome/121.0.0.0 Safari/537.36"
45.80.158.129 - - [15/Aug/2025:11:13:27 -0300] "POST /xmlrpc.php HTTP/1.1" 200 409 "-" "Mozilla/5.0 (iPhone; CPU iPhone OS 17_1 like Mac OS X) AppleWebKit/605.1.15 (KHTML, like Gecko) Version/17.1 Mobile/15E148 Safari/604.1"
45.80.158.129 - - [15/Aug/2025:11:13:29 -0300] "POST /xmlrpc.php HTTP/1.1" 200 409 "-" "Mozilla/5.0 (Windows NT 10.0; Win64; x64; rv:121.0) Gecko/20100101 Firefox/121.0"
