189.6.26.180 - - [15/Aug/2025:14:15:57 -0300] "GET /wp-content/plugins/elementor-pro/assets/css/widget-progress-tracker.min.css?ver=3.26.3 HTTP/1.1" 200 2844 "https://blog.komforthouse.com.br/escolhendo-a-cor-perfeita-para-o-seu-sofa-dicas-e-inspiracoes/" "Mozilla/5.0 (Linux; Android 10; K) AppleWebKit/537.36 (KHTML, like Gecko) Chrome/139.0.0.0 Mobile Safari/537.36"
189.6.26.180 - - [15/Aug/2025:14:15:57 -0300] "GET /wp-content/plugins/elementor/assets/lib/swiper/v8/css/swiper.min.css?ver=8.4.5 HTTP/1.1" 200 16471 "https://blog.komforthouse.com.br/escolhendo-a-cor-perfeita-para-o-seu-sofa-dicas-e-inspiracoes/" "Mozilla/5.0 (Linux; Android 10; K) AppleWebKit/537.36 (KHTML, like Gecko) Chrome/139.0.0.0 Mobile Safari/537.36"
189.6.26.180 - - [15/Aug/2025:14:15:57 -0300] "GET /wp-content/plugins/elementor/assets/css/conditionals/e-swiper.min.css?ver=3.26.4 HTTP/1.1" 200 5486 "https://blog.komforthouse.com.br/escolhendo-a-cor-perfeita-para-o-seu-sofa-dicas-e-inspiracoes/" "Mozilla/5.0 (Linux; Android 10; K) AppleWebKit/537.36 (KHTML, like Gecko) Chrome/139.0.0.0 Mobile Safari/537.36"
189.6.26.180 - - [15/Aug/2025:14:15:58 -0300] "GET /wp-content/plugins/elementor/assets/lib/animations/styles/bounceIn.min.css?ver=3.26.4 HTTP/1.1" 200 367 "https://blog.komforthouse.com.br/escolhendo-a-cor-perfeita-para-o-seu-sofa-dicas-e-inspiracoes/" "Mozilla/5.0 (Linux; Android 10; K) AppleWebKit/537.36 (KHTML, like Gecko) Chrome/139.0.0.0 Mobile Safari/537.36"
189.6.26.180 - - [15/Aug/2025:14:15:58 -0300] "GET /wp-content/plugins/elementor/assets/css/widget-image-carousel.min.css?ver=3.26.4 HTTP/1.1" 200 382 "https://blog.komforthouse.com.br/escolhendo-a-cor-perfeita-para-o-seu-sofa-dicas-e-inspiracoes/" "Mozilla/5.0 (Linux; Android 10; K) AppleWebKit/537.36 (KHTML, like Gecko) Chrome/139.0.0.0 Mobile Safari/537.36"
189.6.26.180 - - [15/Aug/2025:14:15:58 -0300] "GET /wp-content/plugins/elementor-pro/assets/css/widget-posts.min.css?ver=3.26.3 HTTP/1.1" 200 16983 "https://blog.komforthouse.com.br/escolhendo-a-cor-perfeita-para-o-seu-sofa-dicas-e-inspiracoes/" "Mozilla/5.0 (Linux; Android 10; K) AppleWebKit/537.36 (KHTML, like Gecko) Chrome/139.0.0.0 Mobile Safari/537.36"
189.6.26.180 - - [15/Aug/2025:14:15:58 -0300] "GET /wp-content/plugins/elementor/assets/css/widget-social-icons.min.css?ver=3.26.4 HTTP/1.1" 200 5150 "https://blog.komforthouse.com.br/escolhendo-a-cor-perfeita-para-o-seu-sofa-dicas-e-inspiracoes/" "Mozilla/5.0 (Linux; Android 10; K) AppleWebKit/537.36 (KHTML, like Gecko) Chrome/139.0.0.0 Mobile Safari/537.36"
189.6.26.180 - - [15/Aug/2025:14:15:58 -0300] "GET /wp-content/plugins/elementor/assets/css/conditionals/apple-webkit.min.css?ver=3.26.4 HTTP/1.1" 200 7025 "https://blog.komforthouse.com.br/escolhendo-a-cor-perfeita-para-o-seu-sofa-dicas-e-inspiracoes/" "Mozilla/5.0 (Linux; Android 10; K) AppleWebKit/537.36 (KHTML, like Gecko) Chrome/139.0.0.0 Mobile Safari/537.36"
189.6.26.180 - - [15/Aug/2025:14:15:58 -0300] "GET /wp-content/uploads/elementor/css/post-1283.css?ver=1736279802 HTTP/1.1" 200 13014 "https://blog.komforthouse.com.br/escolhendo-a-cor-perfeita-para-o-seu-sofa-dicas-e-inspiracoes/" "Mozilla/5.0 (Linux; Android 10; K) AppleWebKit/537.36 (KHTML, like Gecko) Chrome/139.0.0.0 Mobile Safari/537.36"
189.6.26.180 - - [15/Aug/2025:14:15:58 -0300] "GET /wp-content/plugins/elementor-pro/assets/css/conditionals/popup.min.css?ver=3.26.3 HTTP/1.1" 200 995 "https://blog.komforthouse.com.br/escolhendo-a-cor-perfeita-para-o-seu-sofa-dicas-e-inspiracoes/" "Mozilla/5.0 (Linux; Android 10; K) AppleWebKit/537.36 (KHTML, like Gecko) Chrome/139.0.0.0 Mobile Safari/537.36"
189.6.26.180 - - [15/Aug/2025:14:15:58 -0300] "GET /wp-content/uploads/elementor/css/post-1334.css?ver=1736279802 HTTP/1.1" 200 16917 "https://blog.komforthouse.com.br/escolhendo-a-cor-perfeita-para-o-seu-sofa-dicas-e-inspiracoes/" "Mozilla/5.0 (Linux; Android 10; K) AppleWebKit/537.36 (KHTML, like Gecko) Chrome/139.0.0.0 Mobile Safari/537.36"
189.6.26.180 - - [15/Aug/2025:14:15:58 -0300] "GET /wp-content/uploads/elementor/css/post-1473.css?ver=1737152742 HTTP/1.1" 200 11104 "https://blog.komforthouse.com.br/escolhendo-a-cor-perfeita-para-o-seu-sofa-dicas-e-inspiracoes/" "Mozilla/5.0 (Linux; Android 10; K) AppleWebKit/537.36 (KHTML, like Gecko) Chrome/139.0.0.0 Mobile Safari/537.36"
189.6.26.180 - - [15/Aug/2025:14:15:58 -0300] "GET /wp-content/uploads/elementor/css/post-1681.css?ver=1736279802 HTTP/1.1" 200 3790 "https://blog.komforthouse.com.br/escolhendo-a-cor-perfeita-para-o-seu-sofa-dicas-e-inspiracoes/" "Mozilla/5.0 (Linux; Android 10; K) AppleWebKit/537.36 (KHTML, like Gecko) Chrome/139.0.0.0 Mobile Safari/537.36"
189.6.26.180 - - [15/Aug/2025:14:15:58 -0300] "GET /wp-includes/js/jquery/jquery.min.js?ver=3.7.1 HTTP/1.1" 200 87553 "https://blog.komforthouse.com.br/escolhendo-a-cor-perfeita-para-o-seu-sofa-dicas-e-inspiracoes/" "Mozilla/5.0 (Linux; Android 10; K) AppleWebKit/537.36 (KHTML, like Gecko) Chrome/139.0.0.0 Mobile Safari/537.36"
189.6.26.180 - - [15/Aug/2025:14:15:58 -0300] "GET /wp-includes/js/jquery/jquery-migrate.min.js?ver=3.4.1 HTTP/1.1" 200 13577 "https://blog.komforthouse.com.br/escolhendo-a-cor-perfeita-para-o-seu-sofa-dicas-e-inspiracoes/" "Mozilla/5.0 (Linux; Android 10; K) AppleWebKit/537.36 (KHTML, like Gecko) Chrome/139.0.0.0 Mobile Safari/537.36"
189.6.26.180 - - [15/Aug/2025:14:15:58 -0300] "GET /wp-content/uploads/2024/06/komfort-house-logo.png HTTP/1.1" 200 23742 "https://blog.komforthouse.com.br/escolhendo-a-cor-perfeita-para-o-seu-sofa-dicas-e-inspiracoes/" "Mozilla/5.0 (Linux; Android 10; K) AppleWebKit/537.36 (KHTML, like Gecko) Chrome/139.0.0.0 Mobile Safari/537.36"
189.6.26.180 - - [15/Aug/2025:14:15:58 -0300] "GET /wp-content/uploads/2024/06/logo-komfort-house-sofas-branco-1536x367.png HTTP/1.1" 200 41654 "https://blog.komforthouse.com.br/escolhendo-a-cor-perfeita-para-o-seu-sofa-dicas-e-inspiracoes/" "Mozilla/5.0 (Linux; Android 10; K) AppleWebKit/537.36 (KHTML, like Gecko) Chrome/139.0.0.0 Mobile Safari/537.36"
189.6.26.180 - - [15/Aug/2025:14:15:59 -0300] "GET /wp-content/themes/hello-elementor/assets/js/hello-frontend.min.js?ver=3.2.1 HTTP/1.1" 200 1936 "https://blog.komforthouse.com.br/escolhendo-a-cor-perfeita-para-o-seu-sofa-dicas-e-inspiracoes/" "Mozilla/5.0 (Linux; Android 10; K) AppleWebKit/537.36 (KHTML, like Gecko) Chrome/139.0.0.0 Mobile Safari/537.36"
189.6.26.180 - - [15/Aug/2025:14:15:59 -0300] "GET /wp-content/plugins/elementor-pro/assets/js/webpack-pro.runtime.min.js?ver=3.26.3 HTTP/1.1" 200 6263 "https://blog.komforthouse.com.br/escolhendo-a-cor-perfeita-para-o-seu-sofa-dicas-e-inspiracoes/" "Mozilla/5.0 (Linux; Android 10; K) AppleWebKit/537.36 (KHTML, like Gecko) Chrome/139.0.0.0 Mobile Safari/537.36"
189.6.26.180 - - [15/Aug/2025:14:15:59 -0300] "GET /wp-includes/js/imagesloaded.min.js?ver=5.0.0 HTTP/1.1" 200 5520 "https://blog.komforthouse.com.br/escolhendo-a-cor-perfeita-para-o-seu-sofa-dicas-e-inspiracoes/" "Mozilla/5.0 (Linux; Android 10; K) AppleWebKit/537.36 (KHTML, like Gecko) Chrome/139.0.0.0 Mobile Safari/537.36"
189.6.26.180 - - [15/Aug/2025:14:15:59 -0300] "GET /wp-content/plugins/elementor/assets/js/webpack.runtime.min.js?ver=3.26.4 HTTP/1.1" 200 5326 "https://blog.komforthouse.com.br/escolhendo-a-cor-perfeita-para-o-seu-sofa-dicas-e-inspiracoes/" "Mozilla/5.0 (Linux; Android 10; K) AppleWebKit/537.36 (KHTML, like Gecko) Chrome/139.0.0.0 Mobile Safari/537.36"
189.6.26.180 - - [15/Aug/2025:14:15:59 -0300] "GET /wp-content/plugins/elementor-pro/assets/lib/smartmenus/jquery.smartmenus.min.js?ver=1.2.1 HTTP/1.1" 200 24109 "https://blog.komforthouse.com.br/escolhendo-a-cor-perfeita-para-o-seu-sofa-dicas-e-inspiracoes/" "Mozilla/5.0 (Linux; Android 10; K) AppleWebKit/537.36 (KHTML, like Gecko) Chrome/139.0.0.0 Mobile Safari/537.36"
189.6.26.180 - - [15/Aug/2025:14:15:58 -0300] "GET /wp-content/uploads/2025/01/Moscou-1.jpg HTTP/1.1" 200 180871 "https://blog.komforthouse.com.br/escolhendo-a-cor-perfeita-para-o-seu-sofa-dicas-e-inspiracoes/" "Mozilla/5.0 (Linux; Android 10; K) AppleWebKit/537.36 (KHTML, like Gecko) Chrome/139.0.0.0 Mobile Safari/537.36"
189.6.26.180 - - [15/Aug/2025:14:15:59 -0300] "GET /wp-includes/js/dist/hooks.min.js?ver=4d63a3d491d11ffd8ac6 HTTP/1.1" 200 4776 "https://blog.komforthouse.com.br/escolhendo-a-cor-perfeita-para-o-seu-sofa-dicas-e-inspiracoes/" "Mozilla/5.0 (Linux; Android 10; K) AppleWebKit/537.36 (KHTML, like Gecko) Chrome/139.0.0.0 Mobile Safari/537.36"
189.6.26.180 - - [15/Aug/2025:14:15:59 -0300] "GET /wp-content/plugins/elementor-pro/assets/js/frontend.min.js?ver=3.26.3 HTTP/1.1" 200 24210 "https://blog.komforthouse.com.br/escolhendo-a-cor-perfeita-para-o-seu-sofa-dicas-e-inspiracoes/" "Mozilla/5.0 (Linux; Android 10; K) AppleWebKit/537.36 (KHTML, like Gecko) Chrome/139.0.0.0 Mobile Safari/537.36"
189.6.26.180 - - [15/Aug/2025:14:15:59 -0300] "GET /wp-includes/js/dist/i18n.min.js?ver=5e580eb46a90c2b997e6 HTTP/1.1" 200 9141 "https://blog.komforthouse.com.br/escolhendo-a-cor-perfeita-para-o-seu-sofa-dicas-e-inspiracoes/" "Mozilla/5.0 (Linux; Android 10; K) AppleWebKit/537.36 (KHTML, like Gecko) Chrome/139.0.0.0 Mobile Safari/537.36"
189.6.26.180 - - [15/Aug/2025:14:15:59 -0300] "GET /wp-content/plugins/elementor/assets/js/frontend.min.js?ver=3.26.4 HTTP/1.1" 200 45428 "https://blog.komforthouse.com.br/escolhendo-a-cor-perfeita-para-o-seu-sofa-dicas-e-inspiracoes/" "Mozilla/5.0 (Linux; Android 10; K) AppleWebKit/537.36 (KHTML, like Gecko) Chrome/139.0.0.0 Mobile Safari/537.36"
189.6.26.180 - - [15/Aug/2025:14:15:59 -0300] "GET /wp-includes/js/jquery/ui/core.min.js?ver=1.13.3 HTTP/1.1" 200 21464 "https://blog.komforthouse.com.br/escolhendo-a-cor-perfeita-para-o-seu-sofa-dicas-e-inspiracoes/" "Mozilla/5.0 (Linux; Android 10; K) AppleWebKit/537.36 (KHTML, like Gecko) Chrome/139.0.0.0 Mobile Safari/537.36"
189.6.26.180 - - [15/Aug/2025:14:15:59 -0300] "GET /wp-content/plugins/elementor-pro/assets/js/elements-handlers.min.js?ver=3.26.3 HTTP/1.1" 200 44624 "https://blog.komforthouse.com.br/escolhendo-a-cor-perfeita-para-o-seu-sofa-dicas-e-inspiracoes/" "Mozilla/5.0 (Linux; Android 10; K) AppleWebKit/537.36 (KHTML, like Gecko) Chrome/139.0.0.0 Mobile Safari/537.36"
189.6.26.180 - - [15/Aug/2025:14:15:59 -0300] "GET /wp-content/plugins/elementor/assets/js/frontend-modules.min.js?ver=3.26.4 HTTP/1.1" 200 52754 "https://blog.komforthouse.com.br/escolhendo-a-cor-perfeita-para-o-seu-sofa-dicas-e-inspiracoes/" "Mozilla/5.0 (Linux; Android 10; K) AppleWebKit/537.36 (KHTML, like Gecko) Chrome/139.0.0.0 Mobile Safari/537.36"
189.6.26.180 - - [15/Aug/2025:14:16:00 -0300] "GET /wp-includes/js/wp-emoji-release.min.js?ver=6.8.2 HTTP/1.1" 200 19251 "https://blog.komforthouse.com.br/escolhendo-a-cor-perfeita-para-o-seu-sofa-dicas-e-inspiracoes/" "Mozilla/5.0 (Linux; Android 10; K) AppleWebKit/537.36 (KHTML, like Gecko) Chrome/139.0.0.0 Mobile Safari/537.36"
189.6.26.180 - - [15/Aug/2025:14:16:00 -0300] "GET /wp-content/plugins/elementor/assets/lib/dialog/dialog.min.js?ver=4.9.3 HTTP/1.1" 200 11286 "https://blog.komforthouse.com.br/escolhendo-a-cor-perfeita-para-o-seu-sofa-dicas-e-inspiracoes/" "Mozilla/5.0 (Linux; Android 10; K) AppleWebKit/537.36 (KHTML, like Gecko) Chrome/139.0.0.0 Mobile Safari/537.36"
189.6.26.180 - - [15/Aug/2025:14:16:00 -0300] "GET /wp-content/plugins/elementor-pro/assets/js/nav-menu.a23fbd67486c5bedf26c.bundle.min.js HTTP/1.1" 200 5282 "https://blog.komforthouse.com.br/escolhendo-a-cor-perfeita-para-o-seu-sofa-dicas-e-inspiracoes/" "Mozilla/5.0 (Linux; Android 10; K) AppleWebKit/537.36 (KHTML, like Gecko) Chrome/139.0.0.0 Mobile Safari/537.36"
189.6.26.180 - - [15/Aug/2025:14:16:00 -0300] "GET /wp-content/plugins/elementor-pro/assets/js/progress-tracker.8cccdda9737c272489fc.bundle.min.js HTTP/1.1" 200 5237 "https://blog.komforthouse.com.br/escolhendo-a-cor-perfeita-para-o-seu-sofa-dicas-e-inspiracoes/" "Mozilla/5.0 (Linux; Android 10; K) AppleWebKit/537.36 (KHTML, like Gecko) Chrome/139.0.0.0 Mobile Safari/537.36"
189.6.26.180 - - [15/Aug/2025:14:16:00 -0300] "GET /wp-content/plugins/elementor/assets/js/image-carousel.78b881f3c7818111c2d7.bundle.min.js HTTP/1.1" 200 432 "https://blog.komforthouse.com.br/escolhendo-a-cor-perfeita-para-o-seu-sofa-dicas-e-inspiracoes/" "Mozilla/5.0 (Linux; Android 10; K) AppleWebKit/537.36 (KHTML, like Gecko) Chrome/139.0.0.0 Mobile Safari/537.36"
189.6.26.180 - - [15/Aug/2025:14:16:00 -0300] "GET /wp-content/plugins/elementor-pro/assets/js/load-more.8b46f464e573feab5dd7.bundle.min.js HTTP/1.1" 200 5346 "https://blog.komforthouse.com.br/escolhendo-a-cor-perfeita-para-o-seu-sofa-dicas-e-inspiracoes/" "Mozilla/5.0 (Linux; Android 10; K) AppleWebKit/537.36 (KHTML, like Gecko) Chrome/139.0.0.0 Mobile Safari/537.36"
189.6.26.180 - - [15/Aug/2025:14:16:00 -0300] "GET /wp-content/plugins/elementor-pro/assets/js/posts.aec59265318492b89cb5.bundle.min.js HTTP/1.1" 200 3317 "https://blog.komforthouse.com.br/escolhendo-a-cor-perfeita-para-o-seu-sofa-dicas-e-inspiracoes/" "Mozilla/5.0 (Linux; Android 10; K) AppleWebKit/537.36 (KHTML, like Gecko) Chrome/139.0.0.0 Mobile Safari/537.36"
189.6.26.180 - - [15/Aug/2025:14:15:59 -0300] "GET /wp-content/uploads/2023/08/Foto-do-Sofa-Amsterdam-blog.png HTTP/1.1" 200 1208701 "https://blog.komforthouse.com.br/escolhendo-a-cor-perfeita-para-o-seu-sofa-dicas-e-inspiracoes/" "Mozilla/5.0 (Linux; Android 10; K) AppleWebKit/537.36 (KHTML, like Gecko) Chrome/139.0.0.0 Mobile Safari/537.36"
189.6.26.180 - - [15/Aug/2025:14:16:01 -0300] "GET /wp-content/uploads/2024/05/cropped-komfort-house-sofas-1-192x192.png HTTP/1.1" 200 3681 "https://blog.komforthouse.com.br/escolhendo-a-cor-perfeita-para-o-seu-sofa-dicas-e-inspiracoes/" "Mozilla/5.0 (Linux; Android 10; K) AppleWebKit/537.36 (KHTML, like Gecko) Chrome/139.0.0.0 Mobile Safari/537.36"
189.6.26.180 - - [15/Aug/2025:14:16:01 -0300] "GET /wp-content/uploads/2024/05/cropped-komfort-house-sofas-1-180x180.png HTTP/1.1" 200 3406 "https://blog.komforthouse.com.br/escolhendo-a-cor-perfeita-para-o-seu-sofa-dicas-e-inspiracoes/" "Mozilla/5.0 (Linux; Android 10; K) AppleWebKit/537.36 (KHTML, like Gecko) Chrome/139.0.0.0 Mobile Safari/537.36"
196.251.69.55 - - [15/Aug/2025:14:19:06 -0300] "POST /wp-login.php HTTP/1.1" 200 9733 "-" "Mozilla/5.0"
162.214.27.60 - - [15/Aug/2025:14:19:07 -0300] "POST /wp-cron.php?doing_wp_cron=1755278347.4416921138763427734375 HTTP/1.1" 200 - "-" "WordPress/6.8.2; https://blog.komforthouse.com.br"
162.214.27.60 - - [15/Aug/2025:14:19:08 -0300] "POST /wp-admin/admin-ajax.php?action=async_litespeed&nonce=sGToPYZZZB32AmSqNIfIG2jQk1svPrEh&litespeed_type=imgoptm HTTP/1.1" 200 1 "-" "WordPress/6.8.2; https://blog.komforthouse.com.br"
162.214.27.60 - - [15/Aug/2025:14:20:36 -0300] "POST /wp-cron.php?doing_wp_cron=1755278436.1250059604644775390625 HTTP/1.1" 200 - "-" "WordPress/6.8.2; https://blog.komforthouse.com.br"
162.214.27.60 - - [15/Aug/2025:14:20:37 -0300] "POST /wp-admin/admin-ajax.php?action=async_litespeed&nonce=ozFKosS3562OJVGDZl2jLx6ztFJ7K3Dz&litespeed_type=imgoptm HTTP/1.1" 200 1 "-" "WordPress/6.8.2; https://blog.komforthouse.com.br"
34.239.85.139 - - [15/Aug/2025:14:20:35 -0300] "GET / HTTP/1.1" 200 127418 "-" "Mozilla/5.0 AppleWebKit/537.36 (KHTML, like Gecko; compatible; Amazonbot/0.1; +https://developer.amazon.com/support/amazonbot) Chrome/119.0.6045.214 Safari/537.36"
196.251.112.104 - - [15/Aug/2025:14:20:47 -0300] "POST /wp-login.php HTTP/1.1" 200 9733 "-" "Mozilla/5.0"
162.214.27.60 - - [15/Aug/2025:14:20:49 -0300] "POST /wp-admin/admin-ajax.php?action=async_litespeed&nonce=i2a2FqEsnsxvTDy3OjdjVT1jJKvhcKus&litespeed_type=imgoptm HTTP/1.1" 200 1 "-" "WordPress/6.8.2; https://blog.komforthouse.com.br"
162.214.27.60 - - [15/Aug/2025:14:20:48 -0300] "POST /wp-cron.php?doing_wp_cron=1755278448.1094789505004882812500 HTTP/1.1" 200 - "-" "WordPress/6.8.2; https://blog.komforthouse.com.br"
162.214.27.60 - - [15/Aug/2025:14:22:58 -0300] "POST /wp-cron.php?doing_wp_cron=1755278578.3395891189575195312500 HTTP/1.1" 200 - "-" "WordPress/6.8.2; https://blog.komforthouse.com.br"
162.120.186.83 - - [15/Aug/2025:14:22:57 -0300] "GET /cupim-no-sofa-como-identificar-prevenir-e-eliminar/ HTTP/1.1" 200 100132 "https://www.google.com/" "Mozilla/5.0 (Windows NT 10.0; Win64; x64) AppleWebKit/537.36 (KHTML, like Gecko) Chrome/138.0.0.0 Safari/537.36"
162.214.27.60 - - [15/Aug/2025:14:22:59 -0300] "POST /wp-admin/admin-ajax.php?action=async_litespeed&nonce=zXi9VxiHDkc3rVXtOptXDz5JgEf6G0VF&litespeed_type=imgoptm HTTP/1.1" 200 1 "-" "WordPress/6.8.2; https://blog.komforthouse.com.br"
186.213.80.70 - - [15/Aug/2025:14:23:11 -0300] "GET /wp-content/themes/hello-elementor/style.min.css?ver=3.2.1 HTTP/1.1" 200 5501 "https://blog.komforthouse.com.br/cupim-no-sofa-como-identificar-prevenir-e-eliminar/" "Mozilla/5.0 (Windows NT 10.0; Win64; x64) AppleWebKit/537.36 (KHTML, like Gecko) Chrome/138.0.0.0 Safari/537.36"
186.213.80.70 - - [15/Aug/2025:14:23:11 -0300] "GET /wp-content/themes/hello-elementor/theme.min.css?ver=3.2.1 HTTP/1.1" 200 5069 "https://blog.komforthouse.com.br/cupim-no-sofa-como-identificar-prevenir-e-eliminar/" "Mozilla/5.0 (Windows NT 10.0; Win64; x64) AppleWebKit/537.36 (KHTML, like Gecko) Chrome/138.0.0.0 Safari/537.36"
186.213.80.70 - - [15/Aug/2025:14:23:10 -0300] "GET /cupim-no-sofa-como-identificar-prevenir/ HTTP/1.1" 200 85919 "https://www.google.com/" "Mozilla/5.0 (Windows NT 10.0; Win64; x64) AppleWebKit/537.36 (KHTML, like Gecko) Chrome/138.0.0.0 Safari/537.36"
186.213.80.70 - - [15/Aug/2025:14:23:11 -0300] "GET /wp-includes/css/dist/block-library/style.min.css?ver=6.8.2 HTTP/1.1" 200 116345 "https://blog.komforthouse.com.br/cupim-no-sofa-como-identificar-prevenir-e-eliminar/" "Mozilla/5.0 (Windows NT 10.0; Win64; x64) AppleWebKit/537.36 (KHTML, like Gecko) Chrome/138.0.0.0 Safari/537.36"
186.213.80.70 - - [15/Aug/2025:14:23:11 -0300] "GET /wp-content/themes/hello-elementor/header-footer.min.css?ver=3.2.1 HTTP/1.1" 200 7212 "https://blog.komforthouse.com.br/cupim-no-sofa-como-identificar-prevenir-e-eliminar/" "Mozilla/5.0 (Windows NT 10.0; Win64; x64) AppleWebKit/537.36 (KHTML, like Gecko) Chrome/138.0.0.0 Safari/537.36"
186.213.80.70 - - [15/Aug/2025:14:23:11 -0300] "GET /wp-content/uploads/elementor/css/post-1256.css?ver=1736279802 HTTP/1.1" 200 2099 "https://blog.komforthouse.com.br/cupim-no-sofa-como-identificar-prevenir-e-eliminar/" "Mozilla/5.0 (Windows NT 10.0; Win64; x64) AppleWebKit/537.36 (KHTML, like Gecko) Chrome/138.0.0.0 Safari/537.36"
186.213.80.70 - - [15/Aug/2025:14:23:11 -0300] "GET /wp-content/plugins/elementor/assets/css/widget-image.min.css?ver=3.26.4 HTTP/1.1" 200 254 "https://blog.komforthouse.com.br/cupim-no-sofa-como-identificar-prevenir-e-eliminar/" "Mozilla/5.0 (Windows NT 10.0; Win64; x64) AppleWebKit/537.36 (KHTML, like Gecko) Chrome/138.0.0.0 Safari/537.36"
186.213.80.70 - - [15/Aug/2025:14:23:11 -0300] "GET /wp-content/plugins/elementor/assets/css/frontend.min.css?ver=3.26.4 HTTP/1.1" 200 53257 "https://blog.komforthouse.com.br/cupim-no-sofa-como-identificar-prevenir-e-eliminar/" "Mozilla/5.0 (Windows NT 10.0; Win64; x64) AppleWebKit/537.36 (KHTML, like Gecko) Chrome/138.0.0.0 Safari/537.36"
186.213.80.70 - - [15/Aug/2025:14:23:11 -0300] "GET /wp-content/plugins/elementor/assets/lib/animations/styles/e-animation-pulse.min.css?ver=3.26.4 HTTP/1.1" 200 318 "https://blog.komforthouse.com.br/cupim-no-sofa-como-identificar-prevenir-e-eliminar/" "Mozilla/5.0 (Windows NT 10.0; Win64; x64) AppleWebKit/537.36 (KHTML, like Gecko) Chrome/138.0.0.0 Safari/537.36"
186.213.80.70 - - [15/Aug/2025:14:23:12 -0300] "GET /wp-content/plugins/elementor/assets/css/widget-heading.min.css?ver=3.26.4 HTTP/1.1" 200 600 "https://blog.komforthouse.com.br/cupim-no-sofa-como-identificar-prevenir-e-eliminar/" "Mozilla/5.0 (Windows NT 10.0; Win64; x64) AppleWebKit/537.36 (KHTML, like Gecko) Chrome/138.0.0.0 Safari/537.36"
186.213.80.70 - - [15/Aug/2025:14:23:12 -0300] "GET /wp-content/plugins/elementor/assets/css/widget-icon-list.min.css?ver=3.26.4 HTTP/1.1" 200 10310 "https://blog.komforthouse.com.br/cupim-no-sofa-como-identificar-prevenir-e-eliminar/" "Mozilla/5.0 (Windows NT 10.0; Win64; x64) AppleWebKit/537.36 (KHTML, like Gecko) Chrome/138.0.0.0 Safari/537.36"
186.213.80.70 - - [15/Aug/2025:14:23:12 -0300] "GET /wp-content/plugins/elementor-pro/assets/css/widget-progress-tracker.min.css?ver=3.26.3 HTTP/1.1" 200 2844 "https://blog.komforthouse.com.br/cupim-no-sofa-como-identificar-prevenir-e-eliminar/" "Mozilla/5.0 (Windows NT 10.0; Win64; x64) AppleWebKit/537.36 (KHTML, like Gecko) Chrome/138.0.0.0 Safari/537.36"
186.213.80.70 - - [15/Aug/2025:14:23:12 -0300] "GET /wp-content/plugins/elementor/assets/lib/swiper/v8/css/swiper.min.css?ver=8.4.5 HTTP/1.1" 200 16471 "https://blog.komforthouse.com.br/cupim-no-sofa-como-identificar-prevenir-e-eliminar/" "Mozilla/5.0 (Windows NT 10.0; Win64; x64) AppleWebKit/537.36 (KHTML, like Gecko) Chrome/138.0.0.0 Safari/537.36"
186.213.80.70 - - [15/Aug/2025:14:23:12 -0300] "GET /wp-content/plugins/elementor-pro/assets/css/widget-nav-menu.min.css?ver=3.26.3 HTTP/1.1" 200 26859 "https://blog.komforthouse.com.br/cupim-no-sofa-como-identificar-prevenir-e-eliminar/" "Mozilla/5.0 (Windows NT 10.0; Win64; x64) AppleWebKit/537.36 (KHTML, like Gecko) Chrome/138.0.0.0 Safari/537.36"
186.213.80.70 - - [15/Aug/2025:14:23:12 -0300] "GET /wp-content/plugins/elementor/assets/css/conditionals/e-swiper.min.css?ver=3.26.4 HTTP/1.1" 200 5486 "https://blog.komforthouse.com.br/cupim-no-sofa-como-identificar-prevenir-e-eliminar/" "Mozilla/5.0 (Windows NT 10.0; Win64; x64) AppleWebKit/537.36 (KHTML, like Gecko) Chrome/138.0.0.0 Safari/537.36"
186.213.80.70 - - [15/Aug/2025:14:23:12 -0300] "GET /wp-content/plugins/elementor/assets/css/widget-image-carousel.min.css?ver=3.26.4 HTTP/1.1" 200 382 "https://blog.komforthouse.com.br/cupim-no-sofa-como-identificar-prevenir-e-eliminar/" "Mozilla/5.0 (Windows NT 10.0; Win64; x64) AppleWebKit/537.36 (KHTML, like Gecko) Chrome/138.0.0.0 Safari/537.36"
186.213.80.70 - - [15/Aug/2025:14:23:12 -0300] "GET /wp-content/plugins/elementor/assets/lib/animations/styles/bounceIn.min.css?ver=3.26.4 HTTP/1.1" 200 367 "https://blog.komforthouse.com.br/cupim-no-sofa-como-identificar-prevenir-e-eliminar/" "Mozilla/5.0 (Windows NT 10.0; Win64; x64) AppleWebKit/537.36 (KHTML, like Gecko) Chrome/138.0.0.0 Safari/537.36"
186.213.80.70 - - [15/Aug/2025:14:23:12 -0300] "GET /wp-content/plugins/elementor-pro/assets/css/conditionals/popup.min.css?ver=3.26.3 HTTP/1.1" 200 995 "https://blog.komforthouse.com.br/cupim-no-sofa-como-identificar-prevenir-e-eliminar/" "Mozilla/5.0 (Windows NT 10.0; Win64; x64) AppleWebKit/537.36 (KHTML, like Gecko) Chrome/138.0.0.0 Safari/537.36"
186.213.80.70 - - [15/Aug/2025:14:23:12 -0300] "GET /wp-content/plugins/elementor/assets/css/conditionals/apple-webkit.min.css?ver=3.26.4 HTTP/1.1" 200 7025 "https://blog.komforthouse.com.br/cupim-no-sofa-como-identificar-prevenir-e-eliminar/" "Mozilla/5.0 (Windows NT 10.0; Win64; x64) AppleWebKit/537.36 (KHTML, like Gecko) Chrome/138.0.0.0 Safari/537.36"
186.213.80.70 - - [15/Aug/2025:14:23:12 -0300] "GET /wp-content/plugins/elementor/assets/css/widget-social-icons.min.css?ver=3.26.4 HTTP/1.1" 200 5150 "https://blog.komforthouse.com.br/cupim-no-sofa-como-identificar-prevenir-e-eliminar/" "Mozilla/5.0 (Windows NT 10.0; Win64; x64) AppleWebKit/537.36 (KHTML, like Gecko) Chrome/138.0.0.0 Safari/537.36"
186.213.80.70 - - [15/Aug/2025:14:23:12 -0300] "GET /wp-content/uploads/elementor/css/post-1283.css?ver=1736279802 HTTP/1.1" 200 13014 "https://blog.komforthouse.com.br/cupim-no-sofa-como-identificar-prevenir-e-eliminar/" "Mozilla/5.0 (Windows NT 10.0; Win64; x64) AppleWebKit/537.36 (KHTML, like Gecko) Chrome/138.0.0.0 Safari/537.36"
186.213.80.70 - - [15/Aug/2025:14:23:12 -0300] "GET /wp-content/uploads/elementor/css/post-1334.css?ver=1736279802 HTTP/1.1" 200 16917 "https://blog.komforthouse.com.br/cupim-no-sofa-como-identificar-prevenir-e-eliminar/" "Mozilla/5.0 (Windows NT 10.0; Win64; x64) AppleWebKit/537.36 (KHTML, like Gecko) Chrome/138.0.0.0 Safari/537.36"
186.213.80.70 - - [15/Aug/2025:14:23:12 -0300] "GET /wp-content/plugins/elementor-pro/assets/css/widget-posts.min.css?ver=3.26.3 HTTP/1.1" 200 16983 "https://blog.komforthouse.com.br/cupim-no-sofa-como-identificar-prevenir-e-eliminar/" "Mozilla/5.0 (Windows NT 10.0; Win64; x64) AppleWebKit/537.36 (KHTML, like Gecko) Chrome/138.0.0.0 Safari/537.36"
186.213.80.70 - - [15/Aug/2025:14:23:12 -0300] "GET /wp-content/uploads/elementor/css/post-1473.css?ver=1737152742 HTTP/1.1" 200 11104 "https://blog.komforthouse.com.br/cupim-no-sofa-como-identificar-prevenir-e-eliminar/" "Mozilla/5.0 (Windows NT 10.0; Win64; x64) AppleWebKit/537.36 (KHTML, like Gecko) Chrome/138.0.0.0 Safari/537.36"
186.213.80.70 - - [15/Aug/2025:14:23:12 -0300] "GET /wp-content/uploads/elementor/css/post-1681.css?ver=1736279802 HTTP/1.1" 200 3790 "https://blog.komforthouse.com.br/cupim-no-sofa-como-identificar-prevenir-e-eliminar/" "Mozilla/5.0 (Windows NT 10.0; Win64; x64) AppleWebKit/537.36 (KHTML, like Gecko) Chrome/138.0.0.0 Safari/537.36"
186.213.80.70 - - [15/Aug/2025:14:23:12 -0300] "GET /wp-content/plugins/elementor/assets/css/widget-spacer.min.css?ver=3.26.4 HTTP/1.1" 200 1344 "https://blog.komforthouse.com.br/cupim-no-sofa-como-identificar-prevenir/" "Mozilla/5.0 (Windows NT 10.0; Win64; x64) AppleWebKit/537.36 (KHTML, like Gecko) Chrome/138.0.0.0 Safari/537.36"
186.213.80.70 - - [15/Aug/2025:14:23:12 -0300] "GET /wp-content/plugins/elementor/assets/css/widget-text-editor.min.css?ver=3.26.4 HTTP/1.1" 200 704 "https://blog.komforthouse.com.br/cupim-no-sofa-como-identificar-prevenir/" "Mozilla/5.0 (Windows NT 10.0; Win64; x64) AppleWebKit/537.36 (KHTML, like Gecko) Chrome/138.0.0.0 Safari/537.36"
186.213.80.70 - - [15/Aug/2025:14:23:12 -0300] "GET /wp-content/uploads/elementor/css/post-584.css?ver=1736525884 HTTP/1.1" 200 864 "https://blog.komforthouse.com.br/cupim-no-sofa-como-identificar-prevenir/" "Mozilla/5.0 (Windows NT 10.0; Win64; x64) AppleWebKit/537.36 (KHTML, like Gecko) Chrome/138.0.0.0 Safari/537.36"
186.213.80.70 - - [15/Aug/2025:14:23:12 -0300] "GET /wp-includes/js/jquery/jquery-migrate.min.js?ver=3.4.1 HTTP/1.1" 200 13577 "https://blog.komforthouse.com.br/cupim-no-sofa-como-identificar-prevenir-e-eliminar/" "Mozilla/5.0 (Windows NT 10.0; Win64; x64) AppleWebKit/537.36 (KHTML, like Gecko) Chrome/138.0.0.0 Safari/537.36"
186.213.80.70 - - [15/Aug/2025:14:23:12 -0300] "GET /wp-content/uploads/2023/08/Evitar-cumpim-no-sofa.webp HTTP/1.1" 200 41928 "https://blog.komforthouse.com.br/cupim-no-sofa-como-identificar-prevenir-e-eliminar/" "Mozilla/5.0 (Windows NT 10.0; Win64; x64) AppleWebKit/537.36 (KHTML, like Gecko) Chrome/138.0.0.0 Safari/537.36"
186.213.80.70 - - [15/Aug/2025:14:23:12 -0300] "GET /wp-content/uploads/2024/06/komfort-house-logo.png HTTP/1.1" 200 23742 "https://blog.komforthouse.com.br/cupim-no-sofa-como-identificar-prevenir-e-eliminar/" "Mozilla/5.0 (Windows NT 10.0; Win64; x64) AppleWebKit/537.36 (KHTML, like Gecko) Chrome/138.0.0.0 Safari/537.36"
186.213.80.70 - - [15/Aug/2025:14:23:12 -0300] "GET /wp-includes/js/jquery/jquery.min.js?ver=3.7.1 HTTP/1.1" 200 87553 "https://blog.komforthouse.com.br/cupim-no-sofa-como-identificar-prevenir-e-eliminar/" "Mozilla/5.0 (Windows NT 10.0; Win64; x64) AppleWebKit/537.36 (KHTML, like Gecko) Chrome/138.0.0.0 Safari/537.36"
186.213.80.70 - - [15/Aug/2025:14:23:13 -0300] "GET /wp-content/uploads/2023/08/Eliminacao-de-Cupins.webp HTTP/1.1" 200 73840 "https://blog.komforthouse.com.br/cupim-no-sofa-como-identificar-prevenir-e-eliminar/" "Mozilla/5.0 (Windows NT 10.0; Win64; x64) AppleWebKit/537.36 (KHTML, like Gecko) Chrome/138.0.0.0 Safari/537.36"
186.213.80.70 - - [15/Aug/2025:14:23:12 -0300] "GET /wp-content/uploads/2023/08/Cupim-no-sofa-e1723408964635.gif HTTP/1.1" 200 170491 "https://blog.komforthouse.com.br/cupim-no-sofa-como-identificar-prevenir/" "Mozilla/5.0 (Windows NT 10.0; Win64; x64) AppleWebKit/537.36 (KHTML, like Gecko) Chrome/138.0.0.0 Safari/537.36"
186.213.80.70 - - [15/Aug/2025:14:23:13 -0300] "GET /wp-content/themes/hello-elementor/assets/js/hello-frontend.min.js?ver=3.2.1 HTTP/1.1" 200 1936 "https://blog.komforthouse.com.br/cupim-no-sofa-como-identificar-prevenir-e-eliminar/" "Mozilla/5.0 (Windows NT 10.0; Win64; x64) AppleWebKit/537.36 (KHTML, like Gecko) Chrome/138.0.0.0 Safari/537.36"
186.213.80.70 - - [15/Aug/2025:14:23:13 -0300] "GET /wp-includes/js/imagesloaded.min.js?ver=5.0.0 HTTP/1.1" 200 5520 "https://blog.komforthouse.com.br/cupim-no-sofa-como-identificar-prevenir-e-eliminar/" "Mozilla/5.0 (Windows NT 10.0; Win64; x64) AppleWebKit/537.36 (KHTML, like Gecko) Chrome/138.0.0.0 Safari/537.36"
186.213.80.70 - - [15/Aug/2025:14:23:13 -0300] "GET /wp-content/plugins/elementor-pro/assets/lib/smartmenus/jquery.smartmenus.min.js?ver=1.2.1 HTTP/1.1" 200 24109 "https://blog.komforthouse.com.br/cupim-no-sofa-como-identificar-prevenir-e-eliminar/" "Mozilla/5.0 (Windows NT 10.0; Win64; x64) AppleWebKit/537.36 (KHTML, like Gecko) Chrome/138.0.0.0 Safari/537.36"
186.213.80.70 - - [15/Aug/2025:14:23:13 -0300] "GET /wp-content/plugins/elementor-pro/assets/js/webpack-pro.runtime.min.js?ver=3.26.3 HTTP/1.1" 200 6263 "https://blog.komforthouse.com.br/cupim-no-sofa-como-identificar-prevenir-e-eliminar/" "Mozilla/5.0 (Windows NT 10.0; Win64; x64) AppleWebKit/537.36 (KHTML, like Gecko) Chrome/138.0.0.0 Safari/537.36"
186.213.80.70 - - [15/Aug/2025:14:23:13 -0300] "GET /wp-content/plugins/elementor/assets/js/webpack.runtime.min.js?ver=3.26.4 HTTP/1.1" 200 5326 "https://blog.komforthouse.com.br/cupim-no-sofa-como-identificar-prevenir-e-eliminar/" "Mozilla/5.0 (Windows NT 10.0; Win64; x64) AppleWebKit/537.36 (KHTML, like Gecko) Chrome/138.0.0.0 Safari/537.36"
186.213.80.70 - - [15/Aug/2025:14:23:13 -0300] "GET /wp-includes/js/dist/hooks.min.js?ver=4d63a3d491d11ffd8ac6 HTTP/1.1" 200 4776 "https://blog.komforthouse.com.br/cupim-no-sofa-como-identificar-prevenir-e-eliminar/" "Mozilla/5.0 (Windows NT 10.0; Win64; x64) AppleWebKit/537.36 (KHTML, like Gecko) Chrome/138.0.0.0 Safari/537.36"
186.213.80.70 - - [15/Aug/2025:14:23:12 -0300] "GET /wp-content/uploads/2023/08/cumpim-na-madeira-do-sofa.png HTTP/1.1" 200 869559 "https://blog.komforthouse.com.br/cupim-no-sofa-como-identificar-prevenir-e-eliminar/" "Mozilla/5.0 (Windows NT 10.0; Win64; x64) AppleWebKit/537.36 (KHTML, like Gecko) Chrome/138.0.0.0 Safari/537.36"
186.213.80.70 - - [15/Aug/2025:14:23:13 -0300] "GET /wp-content/plugins/elementor/assets/js/frontend-modules.min.js?ver=3.26.4 HTTP/1.1" 200 52754 "https://blog.komforthouse.com.br/cupim-no-sofa-como-identificar-prevenir-e-eliminar/" "Mozilla/5.0 (Windows NT 10.0; Win64; x64) AppleWebKit/537.36 (KHTML, like Gecko) Chrome/138.0.0.0 Safari/537.36"
186.213.80.70 - - [15/Aug/2025:14:23:13 -0300] "GET /wp-includes/js/dist/i18n.min.js?ver=5e580eb46a90c2b997e6 HTTP/1.1" 200 9141 "https://blog.komforthouse.com.br/cupim-no-sofa-como-identificar-prevenir-e-eliminar/" "Mozilla/5.0 (Windows NT 10.0; Win64; x64) AppleWebKit/537.36 (KHTML, like Gecko) Chrome/138.0.0.0 Safari/537.36"
186.213.80.70 - - [15/Aug/2025:14:23:13 -0300] "GET /wp-content/plugins/elementor-pro/assets/js/frontend.min.js?ver=3.26.3 HTTP/1.1" 200 24210 "https://blog.komforthouse.com.br/cupim-no-sofa-como-identificar-prevenir-e-eliminar/" "Mozilla/5.0 (Windows NT 10.0; Win64; x64) AppleWebKit/537.36 (KHTML, like Gecko) Chrome/138.0.0.0 Safari/537.36"
186.213.80.70 - - [15/Aug/2025:14:23:13 -0300] "GET /wp-includes/js/jquery/ui/core.min.js?ver=1.13.3 HTTP/1.1" 200 21464 "https://blog.komforthouse.com.br/cupim-no-sofa-como-identificar-prevenir-e-eliminar/" "Mozilla/5.0 (Windows NT 10.0; Win64; x64) AppleWebKit/537.36 (KHTML, like Gecko) Chrome/138.0.0.0 Safari/537.36"
186.213.80.70 - - [15/Aug/2025:14:23:13 -0300] "GET /wp-content/uploads/2025/01/Moscou-1.jpg HTTP/1.1" 200 180871 "https://blog.komforthouse.com.br/cupim-no-sofa-como-identificar-prevenir-e-eliminar/" "Mozilla/5.0 (Windows NT 10.0; Win64; x64) AppleWebKit/537.36 (KHTML, like Gecko) Chrome/138.0.0.0 Safari/537.36"
186.213.80.70 - - [15/Aug/2025:14:23:13 -0300] "GET /wp-content/plugins/elementor/assets/js/frontend.min.js?ver=3.26.4 HTTP/1.1" 200 45428 "https://blog.komforthouse.com.br/cupim-no-sofa-como-identificar-prevenir-e-eliminar/" "Mozilla/5.0 (Windows NT 10.0; Win64; x64) AppleWebKit/537.36 (KHTML, like Gecko) Chrome/138.0.0.0 Safari/537.36"
186.213.80.70 - - [15/Aug/2025:14:23:13 -0300] "GET /wp-content/plugins/elementor-pro/assets/js/elements-handlers.min.js?ver=3.26.3 HTTP/1.1" 200 44624 "https://blog.komforthouse.com.br/cupim-no-sofa-como-identificar-prevenir-e-eliminar/" "Mozilla/5.0 (Windows NT 10.0; Win64; x64) AppleWebKit/537.36 (KHTML, like Gecko) Chrome/138.0.0.0 Safari/537.36"
186.213.80.70 - - [15/Aug/2025:14:23:13 -0300] "GET /wp-content/uploads/2024/06/logo-komfort-house-sofas-branco-2048x489.png HTTP/1.1" 200 56667 "https://blog.komforthouse.com.br/cupim-no-sofa-como-identificar-prevenir-e-eliminar/" "Mozilla/5.0 (Windows NT 10.0; Win64; x64) AppleWebKit/537.36 (KHTML, like Gecko) Chrome/138.0.0.0 Safari/537.36"
186.213.80.70 - - [15/Aug/2025:14:23:14 -0300] "GET /wp-includes/js/wp-emoji-release.min.js?ver=6.8.2 HTTP/1.1" 200 19251 "https://blog.komforthouse.com.br/cupim-no-sofa-como-identificar-prevenir-e-eliminar/" "Mozilla/5.0 (Windows NT 10.0; Win64; x64) AppleWebKit/537.36 (KHTML, like Gecko) Chrome/138.0.0.0 Safari/537.36"
186.213.80.70 - - [15/Aug/2025:14:23:14 -0300] "GET /wp-content/plugins/elementor/assets/lib/dialog/dialog.min.js?ver=4.9.3 HTTP/1.1" 200 11286 "https://blog.komforthouse.com.br/cupim-no-sofa-como-identificar-prevenir-e-eliminar/" "Mozilla/5.0 (Windows NT 10.0; Win64; x64) AppleWebKit/537.36 (KHTML, like Gecko) Chrome/138.0.0.0 Safari/537.36"
186.213.80.70 - - [15/Aug/2025:14:23:14 -0300] "GET /wp-content/plugins/elementor-pro/assets/js/nav-menu.a23fbd67486c5bedf26c.bundle.min.js HTTP/1.1" 200 5282 "https://blog.komforthouse.com.br/cupim-no-sofa-como-identificar-prevenir-e-eliminar/" "Mozilla/5.0 (Windows NT 10.0; Win64; x64) AppleWebKit/537.36 (KHTML, like Gecko) Chrome/138.0.0.0 Safari/537.36"
186.213.80.70 - - [15/Aug/2025:14:23:14 -0300] "GET /wp-content/plugins/elementor-pro/assets/js/progress-tracker.8cccdda9737c272489fc.bundle.min.js HTTP/1.1" 200 5237 "https://blog.komforthouse.com.br/cupim-no-sofa-como-identificar-prevenir-e-eliminar/" "Mozilla/5.0 (Windows NT 10.0; Win64; x64) AppleWebKit/537.36 (KHTML, like Gecko) Chrome/138.0.0.0 Safari/537.36"
186.213.80.70 - - [15/Aug/2025:14:23:14 -0300] "GET /wp-content/plugins/elementor/assets/js/image-carousel.78b881f3c7818111c2d7.bundle.min.js HTTP/1.1" 200 432 "https://blog.komforthouse.com.br/cupim-no-sofa-como-identificar-prevenir-e-eliminar/" "Mozilla/5.0 (Windows NT 10.0; Win64; x64) AppleWebKit/537.36 (KHTML, like Gecko) Chrome/138.0.0.0 Safari/537.36"
186.213.80.70 - - [15/Aug/2025:14:23:14 -0300] "GET /wp-content/plugins/elementor/assets/js/text-editor.2cbb801863b5118e0825.bundle.min.js HTTP/1.1" 200 1360 "https://blog.komforthouse.com.br/cupim-no-sofa-como-identificar-prevenir-e-eliminar/" "Mozilla/5.0 (Windows NT 10.0; Win64; x64) AppleWebKit/537.36 (KHTML, like Gecko) Chrome/138.0.0.0 Safari/537.36"
186.213.80.70 - - [15/Aug/2025:14:23:14 -0300] "GET /wp-content/plugins/elementor-pro/assets/js/load-more.8b46f464e573feab5dd7.bundle.min.js HTTP/1.1" 200 5346 "https://blog.komforthouse.com.br/cupim-no-sofa-como-identificar-prevenir-e-eliminar/" "Mozilla/5.0 (Windows NT 10.0; Win64; x64) AppleWebKit/537.36 (KHTML, like Gecko) Chrome/138.0.0.0 Safari/537.36"
186.213.80.70 - - [15/Aug/2025:14:23:14 -0300] "GET /wp-content/plugins/elementor-pro/assets/js/posts.aec59265318492b89cb5.bundle.min.js HTTP/1.1" 200 3317 "https://blog.komforthouse.com.br/cupim-no-sofa-como-identificar-prevenir-e-eliminar/" "Mozilla/5.0 (Windows NT 10.0; Win64; x64) AppleWebKit/537.36 (KHTML, like Gecko) Chrome/138.0.0.0 Safari/537.36"
186.213.80.70 - - [15/Aug/2025:14:23:14 -0300] "GET /wp-content/uploads/2024/05/cropped-komfort-house-sofas-1-32x32.png HTTP/1.1" 200 592 "https://blog.komforthouse.com.br/cupim-no-sofa-como-identificar-prevenir/" "Mozilla/5.0 (Windows NT 10.0; Win64; x64) AppleWebKit/537.36 (KHTML, like Gecko) Chrome/138.0.0.0 Safari/537.36"
196.251.69.55 - - [15/Aug/2025:14:30:11 -0300] "POST /wp-login.php HTTP/1.1" 200 9733 "-" "Mozilla/5.0"
162.214.27.60 - - [15/Aug/2025:14:30:12 -0300] "POST /wp-cron.php?doing_wp_cron=1755279012.8088769912719726562500 HTTP/1.1" 200 - "-" "WordPress/6.8.2; https://blog.komforthouse.com.br"
162.214.27.60 - - [15/Aug/2025:14:30:13 -0300] "POST /wp-admin/admin-ajax.php?action=async_litespeed&nonce=ZXKMM4ExFxRa350YbDRXPRlntsQ8qWmx&litespeed_type=imgoptm HTTP/1.1" 200 1 "-" "WordPress/6.8.2; https://blog.komforthouse.com.br"
162.214.27.60 - - [15/Aug/2025:14:31:42 -0300] "POST /wp-cron.php?doing_wp_cron=1755279101.9993290901184082031250 HTTP/1.1" 200 - "-" "WordPress/6.8.2; https://blog.komforthouse.com.br"
162.214.27.60 - - [15/Aug/2025:14:31:42 -0300] "POST /wp-admin/admin-ajax.php?action=async_litespeed&nonce=oBZtYr0lPUFF4uDTEU9ltHhmo4W2cw1H&litespeed_type=imgoptm HTTP/1.1" 200 1 "-" "WordPress/6.8.2; https://blog.komforthouse.com.br"
195.37.190.69 - - [15/Aug/2025:14:31:41 -0300] "GET / HTTP/1.1" 200 127418 "-" "Mozilla/5.0 (Macintosh; Intel Mac OS X 10_15_7) AppleWebKit/537.36 (KHTML, like Gecko) Chrome/133.0.0.0 Safari/537.36"
162.214.27.60 - - [15/Aug/2025:14:31:46 -0300] "POST /wp-cron.php?doing_wp_cron=1755279106.5042130947113037109375 HTTP/1.1" 200 - "-" "WordPress/6.8.2; https://blog.komforthouse.com.br"
195.37.190.69 - - [15/Aug/2025:14:31:45 -0300] "GET /.well-known/openid-configuration HTTP/1.1" 404 69731 "-" "Mozilla/5.0 (Macintosh; Intel Mac OS X 10_15_7) AppleWebKit/537.36 (KHTML, like Gecko) Chrome/133.0.0.0 Safari/537.36"
162.214.27.60 - - [15/Aug/2025:14:31:47 -0300] "POST /wp-admin/admin-ajax.php?action=async_litespeed&nonce=D3KRbbLv9wsaKX5ZbkZ00y2QYxHSp3tu&litespeed_type=imgoptm HTTP/1.1" 200 1 "-" "WordPress/6.8.2; https://blog.komforthouse.com.br"
195.37.190.69 - - [15/Aug/2025:14:31:53 -0300] "GET /.well-known/webfinger?resource=acct%3Acarol%40example.com&rel=http%3A%2F%2Fopenid.net%2Fspecs%2Fconnect%2F1.0%2Fissuer HTTP/1.1" 404 69731 "-" "Mozilla/5.0 (Macintosh; Intel Mac OS X 10_15_7) AppleWebKit/537.36 (KHTML, like Gecko) Chrome/133.0.0.0 Safari/537.36"
195.37.190.69 - - [15/Aug/2025:14:31:56 -0300] "GET /.well-known/oauth-authorization-server HTTP/1.1" 404 69731 "-" "Mozilla/5.0 (Macintosh; Intel Mac OS X 10_15_7) AppleWebKit/537.36 (KHTML, like Gecko) Chrome/133.0.0.0 Safari/537.36"
195.37.190.69 - - [15/Aug/2025:14:31:59 -0300] "GET /.well-known/oauth-client HTTP/1.1" 404 69731 "-" "Mozilla/5.0 (Macintosh; Intel Mac OS X 10_15_7) AppleWebKit/537.36 (KHTML, like Gecko) Chrome/133.0.0.0 Safari/537.36"
195.37.190.69 - - [15/Aug/2025:14:32:10 -0300] "GET /.well-known/openid-credential-issuer HTTP/1.1" 404 69731 "-" "Mozilla/5.0 (Macintosh; Intel Mac OS X 10_15_7) AppleWebKit/537.36 (KHTML, like Gecko) Chrome/133.0.0.0 Safari/537.36"
162.120.186.80 - - [15/Aug/2025:14:32:15 -0300] "GET /cores-tendencia-para-sofa-em-2025/ HTTP/1.1" 200 90591 "-" "Mozilla/5.0 (Linux; Android 10; K) AppleWebKit/537.36 (KHTML, like Gecko) Chrome/139.0.0.0 Mobile Safari/537.36"
195.37.190.69 - - [15/Aug/2025:14:32:18 -0300] "GET /.well-known/browserid HTTP/1.1" 404 69731 "-" "Mozilla/5.0 (Macintosh; Intel Mac OS X 10_15_7) AppleWebKit/537.36 (KHTML, like Gecko) Chrome/133.0.0.0 Safari/537.36"
195.37.190.69 - - [15/Aug/2025:14:32:25 -0300] "GET /.well-known/jwks.json HTTP/1.1" 404 69731 "-" "Mozilla/5.0 (Macintosh; Intel Mac OS X 10_15_7) AppleWebKit/537.36 (KHTML, like Gecko) Chrome/133.0.0.0 Safari/537.36"
195.37.190.69 - - [15/Aug/2025:14:32:33 -0300] "GET /.well-known/passkey-endpoints HTTP/1.1" 404 69731 "-" "Mozilla/5.0 (Macintosh; Intel Mac OS X 10_15_7) AppleWebKit/537.36 (KHTML, like Gecko) Chrome/133.0.0.0 Safari/537.36"
195.37.190.69 - - [15/Aug/2025:14:32:35 -0300] "GET /.well-known/webauthn HTTP/1.1" 404 69731 "-" "Mozilla/5.0 (Macintosh; Intel Mac OS X 10_15_7) AppleWebKit/537.36 (KHTML, like Gecko) Chrome/133.0.0.0 Safari/537.36"
195.37.190.69 - - [15/Aug/2025:14:32:37 -0300] "GET /.well-known/fido-configuration HTTP/1.1" 404 69731 "-" "Mozilla/5.0 (Macintosh; Intel Mac OS X 10_15_7) AppleWebKit/537.36 (KHTML, like Gecko) Chrome/133.0.0.0 Safari/537.36"
195.37.190.69 - - [15/Aug/2025:14:32:44 -0300] "GET /.well-known/fido-2fa-configuration HTTP/1.1" 404 69731 "-" "Mozilla/5.0 (Macintosh; Intel Mac OS X 10_15_7) AppleWebKit/537.36 (KHTML, like Gecko) Chrome/133.0.0.0 Safari/537.36"
162.214.27.60 - - [15/Aug/2025:14:32:45 -0300] "POST /wp-cron.php?doing_wp_cron=1755279164.9913458824157714843750 HTTP/1.1" 200 - "-" "WordPress/6.8.2; https://blog.komforthouse.com.br"
162.214.27.60 - - [15/Aug/2025:14:32:46 -0300] "POST /wp-admin/admin-ajax.php?action=async_litespeed&nonce=JbrjJaUtf4xcOWOGOmycbHd5HLWponrR&litespeed_type=imgoptm HTTP/1.1" 200 1 "-" "WordPress/6.8.2; https://blog.komforthouse.com.br"
195.37.190.69 - - [15/Aug/2025:14:32:51 -0300] "GET /.well-known/fido2-configuration HTTP/1.1" 404 69731 "-" "Mozilla/5.0 (Macintosh; Intel Mac OS X 10_15_7) AppleWebKit/537.36 (KHTML, like Gecko) Chrome/133.0.0.0 Safari/537.36"
195.37.190.69 - - [15/Aug/2025:14:32:58 -0300] "GET /.well-known/change-password HTTP/1.1" 404 69731 "-" "Mozilla/5.0 (Macintosh; Intel Mac OS X 10_15_7) AppleWebKit/537.36 (KHTML, like Gecko) Chrome/133.0.0.0 Safari/537.36"
195.37.190.69 - - [15/Aug/2025:14:33:00 -0300] "GET /.well-known/did.json HTTP/1.1" 404 69731 "-" "Mozilla/5.0 (Macintosh; Intel Mac OS X 10_15_7) AppleWebKit/537.36 (KHTML, like Gecko) Chrome/133.0.0.0 Safari/537.36"
195.37.190.69 - - [15/Aug/2025:14:33:02 -0300] "GET /.well-known/did-configuration.json HTTP/1.1" 404 69731 "-" "Mozilla/5.0 (Macintosh; Intel Mac OS X 10_15_7) AppleWebKit/537.36 (KHTML, like Gecko) Chrome/133.0.0.0 Safari/537.36"
162.214.27.60 - - [15/Aug/2025:14:33:09 -0300] "POST /wp-cron.php?doing_wp_cron=1755279189.8969559669494628906250 HTTP/1.1" 200 - "-" "WordPress/6.8.2; https://blog.komforthouse.com.br"
195.37.190.69 - - [15/Aug/2025:14:33:09 -0300] "GET /.well-known/gnap-as-rs HTTP/1.1" 404 69731 "-" "Mozilla/5.0 (Macintosh; Intel Mac OS X 10_15_7) AppleWebKit/537.36 (KHTML, like Gecko) Chrome/133.0.0.0 Safari/537.36"
195.37.190.69 - - [15/Aug/2025:14:33:16 -0300] "GET /.well-known/oauth-protected-resource HTTP/1.1" 404 69731 "-" "Mozilla/5.0 (Macintosh; Intel Mac OS X 10_15_7) AppleWebKit/537.36 (KHTML, like Gecko) Chrome/133.0.0.0 Safari/537.36"
195.37.190.69 - - [15/Aug/2025:14:33:18 -0300] "GET /.well-known/openid-federation HTTP/1.1" 404 69731 "-" "Mozilla/5.0 (Macintosh; Intel Mac OS X 10_15_7) AppleWebKit/537.36 (KHTML, like Gecko) Chrome/133.0.0.0 Safari/537.36"
195.37.190.69 - - [15/Aug/2025:14:33:25 -0300] "GET /.well-known/related-website-set.json HTTP/1.1" 404 69731 "-" "Mozilla/5.0 (Macintosh; Intel Mac OS X 10_15_7) AppleWebKit/537.36 (KHTML, like Gecko) Chrome/133.0.0.0 Safari/537.36"
51.68.236.59 - - [15/Aug/2025:14:33:29 -0300] "GET /robots.txt HTTP/1.1" 200 128 "-" "Mozilla/5.0 (compatible; MJ12bot/v2.0.4; http://mj12bot.com/)"
51.68.236.59 - - [15/Aug/2025:14:33:30 -0300] "GET / HTTP/1.1" 200 127418 "-" "Mozilla/5.0 (compatible; MJ12bot/v2.0.4; http://mj12bot.com/)"
195.37.190.69 - - [15/Aug/2025:14:33:31 -0300] "GET /.well-known/api-catalog HTTP/1.1" 404 69731 "-" "Mozilla/5.0 (Macintosh; Intel Mac OS X 10_15_7) AppleWebKit/537.36 (KHTML, like Gecko) Chrome/133.0.0.0 Safari/537.36"
162.214.27.60 - - [15/Aug/2025:14:34:53 -0300] "POST /wp-cron.php?doing_wp_cron=1755279293.9780540466308593750000 HTTP/1.1" 200 - "-" "WordPress/6.8.2; https://blog.komforthouse.com.br"
50.116.42.210 - - [15/Aug/2025:14:34:52 -0300] "GET /wp-json/wp/v2/posts/?per_page=50 HTTP/1.0" 200 315210 "-" "Mozilla/5.0 (compatible; Googlebot/2.1; +http://www.google.com/bot.html)"
162.214.27.60 - - [15/Aug/2025:14:34:54 -0300] "POST /wp-admin/admin-ajax.php?action=async_litespeed&nonce=f0YlbBL0xsautfcTNrv3wq72eBo8k6a8&litespeed_type=imgoptm HTTP/1.1" 200 1 "-" "WordPress/6.8.2; https://blog.komforthouse.com.br"
184.73.195.18 - - [15/Aug/2025:14:35:10 -0300] "GET / HTTP/1.1" 200 127418 "-" "Mozilla/5.0 AppleWebKit/537.36 (KHTML, like Gecko; compatible; Amazonbot/0.1; +https://developer.amazon.com/support/amazonbot) Chrome/119.0.6045.214 Safari/537.36"
162.120.185.234 - - [15/Aug/2025:14:35:21 -0300] "GET /cores-tendencia-para-sofa-em-2025/ HTTP/1.1" 200 90591 "https://www.google.com/" "Mozilla/5.0 (Linux; Android 10; K) AppleWebKit/537.36 (KHTML, like Gecko) Chrome/138.0.0.0 Mobile Safari/537.36"
66.249.83.134 - - [15/Aug/2025:14:35:21 -0300] "GET /.well-known/traffic-advice HTTP/1.1" 404 69731 "-" "Chrome Privacy Preserving Prefetch Proxy"
181.218.77.159 - - [15/Aug/2025:14:35:46 -0300] "GET /wp-content/themes/hello-elementor/style.min.css?ver=3.2.1 HTTP/1.1" 200 5501 "-" "Mozilla/5.0 (Linux; Android 10; K) AppleWebKit/537.36 (KHTML, like Gecko) Chrome/139.0.0.0 Mobile Safari/537.36"
181.218.77.159 - - [15/Aug/2025:14:35:46 -0300] "GET /wp-content/themes/hello-elementor/theme.min.css?ver=3.2.1 HTTP/1.1" 200 5069 "-" "Mozilla/5.0 (Linux; Android 10; K) AppleWebKit/537.36 (KHTML, like Gecko) Chrome/139.0.0.0 Mobile Safari/537.36"
181.218.77.159 - - [15/Aug/2025:14:35:46 -0300] "GET /wp-content/themes/hello-elementor/header-footer.min.css?ver=3.2.1 HTTP/1.1" 200 7212 "-" "Mozilla/5.0 (Linux; Android 10; K) AppleWebKit/537.36 (KHTML, like Gecko) Chrome/139.0.0.0 Mobile Safari/537.36"
181.218.77.159 - - [15/Aug/2025:14:35:45 -0300] "GET /wp-includes/css/dist/block-library/style.min.css?ver=6.8.2 HTTP/1.1" 200 116345 "-" "Mozilla/5.0 (Linux; Android 10; K) AppleWebKit/537.36 (KHTML, like Gecko) Chrome/139.0.0.0 Mobile Safari/537.36"
181.218.77.159 - - [15/Aug/2025:14:35:46 -0300] "GET /wp-content/plugins/elementor/assets/css/frontend.min.css?ver=3.26.4 HTTP/1.1" 200 53257 "-" "Mozilla/5.0 (Linux; Android 10; K) AppleWebKit/537.36 (KHTML, like Gecko) Chrome/139.0.0.0 Mobile Safari/537.36"
181.218.77.159 - - [15/Aug/2025:14:35:46 -0300] "GET /wp-content/uploads/elementor/css/post-1256.css?ver=1736279802 HTTP/1.1" 200 2099 "-" "Mozilla/5.0 (Linux; Android 10; K) AppleWebKit/537.36 (KHTML, like Gecko) Chrome/139.0.0.0 Mobile Safari/537.36"
181.218.77.159 - - [15/Aug/2025:14:35:46 -0300] "GET /wp-content/plugins/elementor/assets/css/widget-image.min.css?ver=3.26.4 HTTP/1.1" 200 254 "-" "Mozilla/5.0 (Linux; Android 10; K) AppleWebKit/537.36 (KHTML, like Gecko) Chrome/139.0.0.0 Mobile Safari/537.36"
181.218.77.159 - - [15/Aug/2025:14:35:46 -0300] "GET /wp-content/plugins/elementor/assets/lib/animations/styles/e-animation-pulse.min.css?ver=3.26.4 HTTP/1.1" 200 318 "-" "Mozilla/5.0 (Linux; Android 10; K) AppleWebKit/537.36 (KHTML, like Gecko) Chrome/139.0.0.0 Mobile Safari/537.36"
181.218.77.159 - - [15/Aug/2025:14:35:47 -0300] "GET /wp-content/plugins/elementor/assets/css/widget-heading.min.css?ver=3.26.4 HTTP/1.1" 200 600 "-" "Mozilla/5.0 (Linux; Android 10; K) AppleWebKit/537.36 (KHTML, like Gecko) Chrome/139.0.0.0 Mobile Safari/537.36"
181.218.77.159 - - [15/Aug/2025:14:35:47 -0300] "GET /wp-content/plugins/elementor-pro/assets/css/widget-nav-menu.min.css?ver=3.26.3 HTTP/1.1" 200 26859 "-" "Mozilla/5.0 (Linux; Android 10; K) AppleWebKit/537.36 (KHTML, like Gecko) Chrome/139.0.0.0 Mobile Safari/537.36"
162.214.27.60 - - [15/Aug/2025:14:35:46 -0300] "POST /wp-cron.php?doing_wp_cron=1755279346.9158198833465576171875 HTTP/1.1" 200 - "-" "WordPress/6.8.2; https://blog.komforthouse.com.br"
162.214.27.60 - - [15/Aug/2025:14:35:47 -0300] "POST /wp-admin/admin-ajax.php?action=async_litespeed&nonce=dQOBKJUjcq5oS2tzPI56LFnbY0fztzXl&litespeed_type=imgoptm HTTP/1.1" 200 1 "-" "WordPress/6.8.2; https://blog.komforthouse.com.br"
181.218.77.159 - - [15/Aug/2025:14:35:45 -0300] "GET /a-psicologia-das-cores-para-sofas/ HTTP/1.1" 200 91929 "https://www.google.com/" "Mozilla/5.0 (Linux; Android 10; K) AppleWebKit/537.36 (KHTML, like Gecko) Chrome/139.0.0.0 Mobile Safari/537.36"
181.218.77.159 - - [15/Aug/2025:14:35:49 -0300] "GET /wp-content/plugins/elementor-pro/assets/css/widget-progress-tracker.min.css?ver=3.26.3 HTTP/1.1" 200 2844 "https://blog.komforthouse.com.br/a-psicologia-das-cores-para-sofas/" "Mozilla/5.0 (Linux; Android 10; K) AppleWebKit/537.36 (KHTML, like Gecko) Chrome/139.0.0.0 Mobile Safari/537.36"
181.218.77.159 - - [15/Aug/2025:14:35:49 -0300] "GET /wp-content/plugins/elementor/assets/css/widget-icon-list.min.css?ver=3.26.4 HTTP/1.1" 200 10310 "https://blog.komforthouse.com.br/a-psicologia-das-cores-para-sofas/" "Mozilla/5.0 (Linux; Android 10; K) AppleWebKit/537.36 (KHTML, like Gecko) Chrome/139.0.0.0 Mobile Safari/537.36"
181.218.77.159 - - [15/Aug/2025:14:35:49 -0300] "GET /wp-content/plugins/elementor/assets/lib/swiper/v8/css/swiper.min.css?ver=8.4.5 HTTP/1.1" 200 16471 "https://blog.komforthouse.com.br/a-psicologia-das-cores-para-sofas/" "Mozilla/5.0 (Linux; Android 10; K) AppleWebKit/537.36 (KHTML, like Gecko) Chrome/139.0.0.0 Mobile Safari/537.36"
181.218.77.159 - - [15/Aug/2025:14:35:49 -0300] "GET /wp-content/plugins/elementor/assets/css/conditionals/e-swiper.min.css?ver=3.26.4 HTTP/1.1" 200 5486 "https://blog.komforthouse.com.br/a-psicologia-das-cores-para-sofas/" "Mozilla/5.0 (Linux; Android 10; K) AppleWebKit/537.36 (KHTML, like Gecko) Chrome/139.0.0.0 Mobile Safari/537.36"
181.218.77.159 - - [15/Aug/2025:14:35:49 -0300] "GET /wp-content/plugins/elementor/assets/lib/animations/styles/bounceIn.min.css?ver=3.26.4 HTTP/1.1" 200 367 "https://blog.komforthouse.com.br/a-psicologia-das-cores-para-sofas/" "Mozilla/5.0 (Linux; Android 10; K) AppleWebKit/537.36 (KHTML, like Gecko) Chrome/139.0.0.0 Mobile Safari/537.36"
