34.61.244.126 - - [15/Aug/2025:18:34:01 -0300] "POST //xmlrpc.php HTTP/1.1" 200 407 "-" "Mozilla/5.0 (Windows NT 10.0; Win64; x64) AppleWebKit/537.36 (KHTML, like Gecko) Chrome/78.0.3904.108 Safari/537.36"
34.61.244.126 - - [15/Aug/2025:18:34:02 -0300] "POST //xmlrpc.php HTTP/1.1" 200 407 "-" "Mozilla/5.0 (Windows NT 10.0; Win64; x64) AppleWebKit/537.36 (KHTML, like Gecko) Chrome/78.0.3904.108 Safari/537.36"
34.61.244.126 - - [15/Aug/2025:18:34:03 -0300] "POST //xmlrpc.php HTTP/1.1" 200 407 "-" "Mozilla/5.0 (Windows NT 10.0; Win64; x64) AppleWebKit/537.36 (KHTML, like Gecko) Chrome/78.0.3904.108 Safari/537.36"
34.61.244.126 - - [15/Aug/2025:18:34:04 -0300] "POST //xmlrpc.php HTTP/1.1" 200 407 "-" "Mozilla/5.0 (Windows NT 10.0; Win64; x64) AppleWebKit/537.36 (KHTML, like Gecko) Chrome/78.0.3904.108 Safari/537.36"
34.61.244.126 - - [15/Aug/2025:18:34:05 -0300] "POST //xmlrpc.php HTTP/1.1" 200 407 "-" "Mozilla/5.0 (Windows NT 10.0; Win64; x64) AppleWebKit/537.36 (KHTML, like Gecko) Chrome/78.0.3904.108 Safari/537.36"
34.61.244.126 - - [15/Aug/2025:18:34:06 -0300] "POST //xmlrpc.php HTTP/1.1" 200 407 "-" "Mozilla/5.0 (Windows NT 10.0; Win64; x64) AppleWebKit/537.36 (KHTML, like Gecko) Chrome/78.0.3904.108 Safari/537.36"
34.61.244.126 - - [15/Aug/2025:18:34:07 -0300] "POST //xmlrpc.php HTTP/1.1" 200 407 "-" "Mozilla/5.0 (Windows NT 10.0; Win64; x64) AppleWebKit/537.36 (KHTML, like Gecko) Chrome/78.0.3904.108 Safari/537.36"
34.61.244.126 - - [15/Aug/2025:18:34:09 -0300] "POST //xmlrpc.php HTTP/1.1" 200 407 "-" "Mozilla/5.0 (Windows NT 10.0; Win64; x64) AppleWebKit/537.36 (KHTML, like Gecko) Chrome/78.0.3904.108 Safari/537.36"
34.61.244.126 - - [15/Aug/2025:18:34:10 -0300] "POST //xmlrpc.php HTTP/1.1" 200 407 "-" "Mozilla/5.0 (Windows NT 10.0; Win64; x64) AppleWebKit/537.36 (KHTML, like Gecko) Chrome/78.0.3904.108 Safari/537.36"
34.61.244.126 - - [15/Aug/2025:18:34:11 -0300] "POST //xmlrpc.php HTTP/1.1" 200 407 "-" "Mozilla/5.0 (Windows NT 10.0; Win64; x64) AppleWebKit/537.36 (KHTML, like Gecko) Chrome/78.0.3904.108 Safari/537.36"
34.61.244.126 - - [15/Aug/2025:18:34:12 -0300] "POST //xmlrpc.php HTTP/1.1" 200 407 "-" "Mozilla/5.0 (Windows NT 10.0; Win64; x64) AppleWebKit/537.36 (KHTML, like Gecko) Chrome/78.0.3904.108 Safari/537.36"
34.61.244.126 - - [15/Aug/2025:18:34:13 -0300] "POST //xmlrpc.php HTTP/1.1" 200 407 "-" "Mozilla/5.0 (Windows NT 10.0; Win64; x64) AppleWebKit/537.36 (KHTML, like Gecko) Chrome/78.0.3904.108 Safari/537.36"
34.61.244.126 - - [15/Aug/2025:18:34:14 -0300] "POST //xmlrpc.php HTTP/1.1" 200 407 "-" "Mozilla/5.0 (Windows NT 10.0; Win64; x64) AppleWebKit/537.36 (KHTML, like Gecko) Chrome/78.0.3904.108 Safari/537.36"
34.61.244.126 - - [15/Aug/2025:18:34:15 -0300] "POST //xmlrpc.php HTTP/1.1" 200 407 "-" "Mozilla/5.0 (Windows NT 10.0; Win64; x64) AppleWebKit/537.36 (KHTML, like Gecko) Chrome/78.0.3904.108 Safari/537.36"
34.61.244.126 - - [15/Aug/2025:18:34:16 -0300] "POST //xmlrpc.php HTTP/1.1" 200 407 "-" "Mozilla/5.0 (Windows NT 10.0; Win64; x64) AppleWebKit/537.36 (KHTML, like Gecko) Chrome/78.0.3904.108 Safari/537.36"
34.61.244.126 - - [15/Aug/2025:18:34:17 -0300] "POST //xmlrpc.php HTTP/1.1" 200 407 "-" "Mozilla/5.0 (Windows NT 10.0; Win64; x64) AppleWebKit/537.36 (KHTML, like Gecko) Chrome/78.0.3904.108 Safari/537.36"
34.61.244.126 - - [15/Aug/2025:18:34:18 -0300] "POST //xmlrpc.php HTTP/1.1" 200 407 "-" "Mozilla/5.0 (Windows NT 10.0; Win64; x64) AppleWebKit/537.36 (KHTML, like Gecko) Chrome/78.0.3904.108 Safari/537.36"
34.61.244.126 - - [15/Aug/2025:18:34:19 -0300] "POST //xmlrpc.php HTTP/1.1" 200 407 "-" "Mozilla/5.0 (Windows NT 10.0; Win64; x64) AppleWebKit/537.36 (KHTML, like Gecko) Chrome/78.0.3904.108 Safari/537.36"
34.61.244.126 - - [15/Aug/2025:18:34:20 -0300] "POST //xmlrpc.php HTTP/1.1" 200 407 "-" "Mozilla/5.0 (Windows NT 10.0; Win64; x64) AppleWebKit/537.36 (KHTML, like Gecko) Chrome/78.0.3904.108 Safari/537.36"
34.61.244.126 - - [15/Aug/2025:18:34:22 -0300] "POST //xmlrpc.php HTTP/1.1" 200 407 "-" "Mozilla/5.0 (Windows NT 10.0; Win64; x64) AppleWebKit/537.36 (KHTML, like Gecko) Chrome/78.0.3904.108 Safari/537.36"
34.61.244.126 - - [15/Aug/2025:18:34:23 -0300] "POST //xmlrpc.php HTTP/1.1" 200 407 "-" "Mozilla/5.0 (Windows NT 10.0; Win64; x64) AppleWebKit/537.36 (KHTML, like Gecko) Chrome/78.0.3904.108 Safari/537.36"
34.61.244.126 - - [15/Aug/2025:18:34:24 -0300] "POST //xmlrpc.php HTTP/1.1" 200 407 "-" "Mozilla/5.0 (Windows NT 10.0; Win64; x64) AppleWebKit/537.36 (KHTML, like Gecko) Chrome/78.0.3904.108 Safari/537.36"
34.61.244.126 - - [15/Aug/2025:18:34:25 -0300] "POST //xmlrpc.php HTTP/1.1" 200 407 "-" "Mozilla/5.0 (Windows NT 10.0; Win64; x64) AppleWebKit/537.36 (KHTML, like Gecko) Chrome/78.0.3904.108 Safari/537.36"
34.61.244.126 - - [15/Aug/2025:18:34:27 -0300] "POST //xmlrpc.php HTTP/1.1" 200 407 "-" "Mozilla/5.0 (Windows NT 10.0; Win64; x64) AppleWebKit/537.36 (KHTML, like Gecko) Chrome/78.0.3904.108 Safari/537.36"
34.61.244.126 - - [15/Aug/2025:18:34:28 -0300] "POST //xmlrpc.php HTTP/1.1" 200 407 "-" "Mozilla/5.0 (Windows NT 10.0; Win64; x64) AppleWebKit/537.36 (KHTML, like Gecko) Chrome/78.0.3904.108 Safari/537.36"
34.61.244.126 - - [15/Aug/2025:18:34:29 -0300] "POST //xmlrpc.php HTTP/1.1" 200 407 "-" "Mozilla/5.0 (Windows NT 10.0; Win64; x64) AppleWebKit/537.36 (KHTML, like Gecko) Chrome/78.0.3904.108 Safari/537.36"
34.61.244.126 - - [15/Aug/2025:18:34:30 -0300] "POST //xmlrpc.php HTTP/1.1" 200 407 "-" "Mozilla/5.0 (Windows NT 10.0; Win64; x64) AppleWebKit/537.36 (KHTML, like Gecko) Chrome/78.0.3904.108 Safari/537.36"
34.61.244.126 - - [15/Aug/2025:18:34:31 -0300] "POST //xmlrpc.php HTTP/1.1" 200 407 "-" "Mozilla/5.0 (Windows NT 10.0; Win64; x64) AppleWebKit/537.36 (KHTML, like Gecko) Chrome/78.0.3904.108 Safari/537.36"
34.61.244.126 - - [15/Aug/2025:18:34:32 -0300] "POST //xmlrpc.php HTTP/1.1" 200 407 "-" "Mozilla/5.0 (Windows NT 10.0; Win64; x64) AppleWebKit/537.36 (KHTML, like Gecko) Chrome/78.0.3904.108 Safari/537.36"
34.61.244.126 - - [15/Aug/2025:18:34:33 -0300] "POST //xmlrpc.php HTTP/1.1" 200 407 "-" "Mozilla/5.0 (Windows NT 10.0; Win64; x64) AppleWebKit/537.36 (KHTML, like Gecko) Chrome/78.0.3904.108 Safari/537.36"
34.61.244.126 - - [15/Aug/2025:18:34:34 -0300] "POST //xmlrpc.php HTTP/1.1" 200 407 "-" "Mozilla/5.0 (Windows NT 10.0; Win64; x64) AppleWebKit/537.36 (KHTML, like Gecko) Chrome/78.0.3904.108 Safari/537.36"
34.61.244.126 - - [15/Aug/2025:18:34:35 -0300] "POST //xmlrpc.php HTTP/1.1" 200 407 "-" "Mozilla/5.0 (Windows NT 10.0; Win64; x64) AppleWebKit/537.36 (KHTML, like Gecko) Chrome/78.0.3904.108 Safari/537.36"
34.61.244.126 - - [15/Aug/2025:18:34:36 -0300] "POST //xmlrpc.php HTTP/1.1" 200 407 "-" "Mozilla/5.0 (Windows NT 10.0; Win64; x64) AppleWebKit/537.36 (KHTML, like Gecko) Chrome/78.0.3904.108 Safari/537.36"
34.61.244.126 - - [15/Aug/2025:18:34:37 -0300] "POST //xmlrpc.php HTTP/1.1" 200 407 "-" "Mozilla/5.0 (Windows NT 10.0; Win64; x64) AppleWebKit/537.36 (KHTML, like Gecko) Chrome/78.0.3904.108 Safari/537.36"
162.214.27.60 - - [15/Aug/2025:18:34:40 -0300] "POST /wp-cron.php?doing_wp_cron=1755293680.1461439132690429687500 HTTP/1.1" 200 - "-" "WordPress/6.8.2; https://blog.komforthouse.com.br"
34.61.244.126 - - [15/Aug/2025:18:34:39 -0300] "POST //xmlrpc.php HTTP/1.1" 200 407 "-" "Mozilla/5.0 (Windows NT 10.0; Win64; x64) AppleWebKit/537.36 (KHTML, like Gecko) Chrome/78.0.3904.108 Safari/537.36"
34.61.244.126 - - [15/Aug/2025:18:34:41 -0300] "POST //xmlrpc.php HTTP/1.1" 200 407 "-" "Mozilla/5.0 (Windows NT 10.0; Win64; x64) AppleWebKit/537.36 (KHTML, like Gecko) Chrome/78.0.3904.108 Safari/537.36"
34.61.244.126 - - [15/Aug/2025:18:34:42 -0300] "POST //xmlrpc.php HTTP/1.1" 200 407 "-" "Mozilla/5.0 (Windows NT 10.0; Win64; x64) AppleWebKit/537.36 (KHTML, like Gecko) Chrome/78.0.3904.108 Safari/537.36"
34.61.244.126 - - [15/Aug/2025:18:34:43 -0300] "POST //xmlrpc.php HTTP/1.1" 200 407 "-" "Mozilla/5.0 (Windows NT 10.0; Win64; x64) AppleWebKit/537.36 (KHTML, like Gecko) Chrome/78.0.3904.108 Safari/537.36"
162.214.27.60 - - [15/Aug/2025:18:34:44 -0300] "POST /wp-cron.php?doing_wp_cron=1755293684.5742969512939453125000 HTTP/1.1" 200 - "-" "WordPress/6.8.2; https://blog.komforthouse.com.br"
162.214.27.60 - - [15/Aug/2025:18:34:45 -0300] "POST /wp-admin/admin-ajax.php?action=async_litespeed&nonce=XAuCLLgWyIQctNv97iRFfYAQsLzDHXdm&litespeed_type=imgoptm HTTP/1.1" 200 1 "-" "WordPress/6.8.2; https://blog.komforthouse.com.br"
34.61.244.126 - - [15/Aug/2025:18:34:45 -0300] "POST //xmlrpc.php HTTP/1.1" 200 407 "-" "Mozilla/5.0 (Windows NT 10.0; Win64; x64) AppleWebKit/537.36 (KHTML, like Gecko) Chrome/78.0.3904.108 Safari/537.36"
34.61.244.126 - - [15/Aug/2025:18:34:47 -0300] "POST //xmlrpc.php HTTP/1.1" 200 407 "-" "Mozilla/5.0 (Windows NT 10.0; Win64; x64) AppleWebKit/537.36 (KHTML, like Gecko) Chrome/78.0.3904.108 Safari/537.36"
34.61.244.126 - - [15/Aug/2025:18:34:48 -0300] "POST //xmlrpc.php HTTP/1.1" 200 407 "-" "Mozilla/5.0 (Windows NT 10.0; Win64; x64) AppleWebKit/537.36 (KHTML, like Gecko) Chrome/78.0.3904.108 Safari/537.36"
34.61.244.126 - - [15/Aug/2025:18:34:49 -0300] "POST //xmlrpc.php HTTP/1.1" 200 407 "-" "Mozilla/5.0 (Windows NT 10.0; Win64; x64) AppleWebKit/537.36 (KHTML, like Gecko) Chrome/78.0.3904.108 Safari/537.36"
34.61.244.126 - - [15/Aug/2025:18:34:50 -0300] "POST //xmlrpc.php HTTP/1.1" 200 407 "-" "Mozilla/5.0 (Windows NT 10.0; Win64; x64) AppleWebKit/537.36 (KHTML, like Gecko) Chrome/78.0.3904.108 Safari/537.36"
34.61.244.126 - - [15/Aug/2025:18:34:51 -0300] "POST //xmlrpc.php HTTP/1.1" 200 407 "-" "Mozilla/5.0 (Windows NT 10.0; Win64; x64) AppleWebKit/537.36 (KHTML, like Gecko) Chrome/78.0.3904.108 Safari/537.36"
34.61.244.126 - - [15/Aug/2025:18:34:52 -0300] "POST //xmlrpc.php HTTP/1.1" 200 407 "-" "Mozilla/5.0 (Windows NT 10.0; Win64; x64) AppleWebKit/537.36 (KHTML, like Gecko) Chrome/78.0.3904.108 Safari/537.36"
34.61.244.126 - - [15/Aug/2025:18:34:53 -0300] "POST //xmlrpc.php HTTP/1.1" 200 407 "-" "Mozilla/5.0 (Windows NT 10.0; Win64; x64) AppleWebKit/537.36 (KHTML, like Gecko) Chrome/78.0.3904.108 Safari/537.36"
34.61.244.126 - - [15/Aug/2025:18:34:54 -0300] "POST //xmlrpc.php HTTP/1.1" 200 407 "-" "Mozilla/5.0 (Windows NT 10.0; Win64; x64) AppleWebKit/537.36 (KHTML, like Gecko) Chrome/78.0.3904.108 Safari/537.36"
34.61.244.126 - - [15/Aug/2025:18:34:56 -0300] "POST //xmlrpc.php HTTP/1.1" 200 407 "-" "Mozilla/5.0 (Windows NT 10.0; Win64; x64) AppleWebKit/537.36 (KHTML, like Gecko) Chrome/78.0.3904.108 Safari/537.36"
34.61.244.126 - - [15/Aug/2025:18:34:57 -0300] "POST //xmlrpc.php HTTP/1.1" 200 407 "-" "Mozilla/5.0 (Windows NT 10.0; Win64; x64) AppleWebKit/537.36 (KHTML, like Gecko) Chrome/78.0.3904.108 Safari/537.36"
34.61.244.126 - - [15/Aug/2025:18:34:58 -0300] "POST //xmlrpc.php HTTP/1.1" 200 407 "-" "Mozilla/5.0 (Windows NT 10.0; Win64; x64) AppleWebKit/537.36 (KHTML, like Gecko) Chrome/78.0.3904.108 Safari/537.36"
34.61.244.126 - - [15/Aug/2025:18:34:59 -0300] "POST //xmlrpc.php HTTP/1.1" 200 407 "-" "Mozilla/5.0 (Windows NT 10.0; Win64; x64) AppleWebKit/537.36 (KHTML, like Gecko) Chrome/78.0.3904.108 Safari/537.36"
34.61.244.126 - - [15/Aug/2025:18:35:00 -0300] "POST //xmlrpc.php HTTP/1.1" 200 407 "-" "Mozilla/5.0 (Windows NT 10.0; Win64; x64) AppleWebKit/537.36 (KHTML, like Gecko) Chrome/78.0.3904.108 Safari/537.36"
34.61.244.126 - - [15/Aug/2025:18:35:01 -0300] "POST //xmlrpc.php HTTP/1.1" 200 407 "-" "Mozilla/5.0 (Windows NT 10.0; Win64; x64) AppleWebKit/537.36 (KHTML, like Gecko) Chrome/78.0.3904.108 Safari/537.36"
34.61.244.126 - - [15/Aug/2025:18:35:02 -0300] "POST //xmlrpc.php HTTP/1.1" 200 407 "-" "Mozilla/5.0 (Windows NT 10.0; Win64; x64) AppleWebKit/537.36 (KHTML, like Gecko) Chrome/78.0.3904.108 Safari/537.36"
34.61.244.126 - - [15/Aug/2025:18:35:04 -0300] "POST //xmlrpc.php HTTP/1.1" 200 407 "-" "Mozilla/5.0 (Windows NT 10.0; Win64; x64) AppleWebKit/537.36 (KHTML, like Gecko) Chrome/78.0.3904.108 Safari/537.36"
34.61.244.126 - - [15/Aug/2025:18:35:05 -0300] "POST //xmlrpc.php HTTP/1.1" 200 407 "-" "Mozilla/5.0 (Windows NT 10.0; Win64; x64) AppleWebKit/537.36 (KHTML, like Gecko) Chrome/78.0.3904.108 Safari/537.36"
34.61.244.126 - - [15/Aug/2025:18:35:06 -0300] "POST //xmlrpc.php HTTP/1.1" 200 407 "-" "Mozilla/5.0 (Windows NT 10.0; Win64; x64) AppleWebKit/537.36 (KHTML, like Gecko) Chrome/78.0.3904.108 Safari/537.36"
34.61.244.126 - - [15/Aug/2025:18:35:07 -0300] "POST //xmlrpc.php HTTP/1.1" 200 407 "-" "Mozilla/5.0 (Windows NT 10.0; Win64; x64) AppleWebKit/537.36 (KHTML, like Gecko) Chrome/78.0.3904.108 Safari/537.36"
34.61.244.126 - - [15/Aug/2025:18:35:08 -0300] "POST //xmlrpc.php HTTP/1.1" 200 407 "-" "Mozilla/5.0 (Windows NT 10.0; Win64; x64) AppleWebKit/537.36 (KHTML, like Gecko) Chrome/78.0.3904.108 Safari/537.36"
34.61.244.126 - - [15/Aug/2025:18:35:09 -0300] "POST //xmlrpc.php HTTP/1.1" 200 407 "-" "Mozilla/5.0 (Windows NT 10.0; Win64; x64) AppleWebKit/537.36 (KHTML, like Gecko) Chrome/78.0.3904.108 Safari/537.36"
34.61.244.126 - - [15/Aug/2025:18:35:10 -0300] "POST //xmlrpc.php HTTP/1.1" 200 407 "-" "Mozilla/5.0 (Windows NT 10.0; Win64; x64) AppleWebKit/537.36 (KHTML, like Gecko) Chrome/78.0.3904.108 Safari/537.36"
34.61.244.126 - - [15/Aug/2025:18:35:12 -0300] "POST //xmlrpc.php HTTP/1.1" 200 407 "-" "Mozilla/5.0 (Windows NT 10.0; Win64; x64) AppleWebKit/537.36 (KHTML, like Gecko) Chrome/78.0.3904.108 Safari/537.36"
34.61.244.126 - - [15/Aug/2025:18:35:13 -0300] "POST //xmlrpc.php HTTP/1.1" 200 407 "-" "Mozilla/5.0 (Windows NT 10.0; Win64; x64) AppleWebKit/537.36 (KHTML, like Gecko) Chrome/78.0.3904.108 Safari/537.36"
34.61.244.126 - - [15/Aug/2025:18:35:14 -0300] "POST //xmlrpc.php HTTP/1.1" 200 407 "-" "Mozilla/5.0 (Windows NT 10.0; Win64; x64) AppleWebKit/537.36 (KHTML, like Gecko) Chrome/78.0.3904.108 Safari/537.36"
196.251.69.55 - - [15/Aug/2025:18:37:19 -0300] "POST /wp-login.php HTTP/1.1" 200 9733 "-" "Mozilla/5.0"
162.214.27.60 - - [15/Aug/2025:18:37:21 -0300] "POST /wp-admin/admin-ajax.php?action=async_litespeed&nonce=0DUvNeKC92JdCOegWEaG3OuQqDTzCMNd&litespeed_type=imgoptm HTTP/1.1" 200 1 "-" "WordPress/6.8.2; https://blog.komforthouse.com.br"
162.214.27.60 - - [15/Aug/2025:18:37:20 -0300] "POST /wp-cron.php?doing_wp_cron=1755293840.6178588867187500000000 HTTP/1.1" 200 - "-" "WordPress/6.8.2; https://blog.komforthouse.com.br"
162.214.27.60 - - [15/Aug/2025:18:41:38 -0300] "POST /wp-admin/admin-ajax.php?action=async_litespeed&nonce=wYvqXMZx4huIdf0V6j39Gk8jfhixyy6S&litespeed_type=imgoptm HTTP/1.1" 200 1 "-" "WordPress/6.8.2; https://blog.komforthouse.com.br"
162.214.27.60 - - [15/Aug/2025:18:41:37 -0300] "POST /wp-cron.php?doing_wp_cron=1755294097.4208550453186035156250 HTTP/1.1" 200 - "-" "WordPress/6.8.2; https://blog.komforthouse.com.br"
114.119.152.86 - - [15/Aug/2025:18:41:36 -0300] "GET / HTTP/1.1" 200 127418 "https://blog.komforthouse.com.br/por-que-escolher-um-sofa-de-3-lugares/" "Mozilla/5.0 (Linux; Android 7.0;) AppleWebKit/537.36 (KHTML, like Gecko) Mobile Safari/537.36 (compatible; PetalBot;+https://webmaster.petalsearch.com/site/petalbot)"
162.214.27.60 - - [15/Aug/2025:18:42:40 -0300] "POST /wp-cron.php?doing_wp_cron=1755294160.0615150928497314453125 HTTP/1.1" 200 - "-" "WordPress/6.8.2; https://blog.komforthouse.com.br"
162.214.27.60 - - [15/Aug/2025:18:42:40 -0300] "POST /wp-admin/admin-ajax.php?action=async_litespeed&nonce=I7YbWsZD1w1TxSFf2XO9910B6Ha7Dof2&litespeed_type=imgoptm HTTP/1.1" 200 1 "-" "WordPress/6.8.2; https://blog.komforthouse.com.br"
52.200.142.199 - - [15/Aug/2025:18:42:39 -0300] "GET / HTTP/1.1" 200 127418 "-" "Mozilla/5.0 AppleWebKit/537.36 (KHTML, like Gecko; compatible; Amazonbot/0.1; +https://developer.amazon.com/support/amazonbot) Chrome/119.0.6045.214 Safari/537.36"
196.251.69.55 - - [15/Aug/2025:18:48:23 -0300] "POST /wp-login.php HTTP/1.1" 200 9733 "-" "Mozilla/5.0"
162.214.27.60 - - [15/Aug/2025:18:48:24 -0300] "POST /wp-cron.php?doing_wp_cron=1755294504.6225519180297851562500 HTTP/1.1" 200 - "-" "WordPress/6.8.2; https://blog.komforthouse.com.br"
162.214.27.60 - - [15/Aug/2025:18:48:25 -0300] "POST /wp-admin/admin-ajax.php?action=async_litespeed&nonce=464k1xmUk4YLOP62se2Qeh65Y5zJNKCL&litespeed_type=imgoptm HTTP/1.1" 200 1 "-" "WordPress/6.8.2; https://blog.komforthouse.com.br"
196.251.112.104 - - [15/Aug/2025:18:48:39 -0300] "POST /wp-login.php HTTP/1.1" 200 9733 "-" "Mozilla/5.0"
162.214.27.60 - - [15/Aug/2025:18:48:40 -0300] "POST /wp-cron.php?doing_wp_cron=1755294520.8766660690307617187500 HTTP/1.1" 200 - "-" "WordPress/6.8.2; https://blog.komforthouse.com.br"
72.14.201.236 - - [15/Aug/2025:18:51:34 -0300] "GET /escolhendo-a-cor-perfeita-para-o-seu-sofa-dicas-e-inspiracoes/ HTTP/1.1" 200 95526 "https://www.google.com/" "Mozilla/5.0 (Linux; Android 10; K) AppleWebKit/537.36 (KHTML, like Gecko) Chrome/139.0.0.0 Mobile Safari/537.36"
66.249.88.71 - - [15/Aug/2025:18:51:34 -0300] "GET /.well-known/traffic-advice HTTP/1.1" 404 69731 "-" "Chrome Privacy Preserving Prefetch Proxy"
162.214.27.60 - - [15/Aug/2025:18:51:36 -0300] "POST /wp-admin/admin-ajax.php?action=async_litespeed&nonce=AGI2nEFJY8kt37haS9G31j69cS9RLV6L&litespeed_type=imgoptm HTTP/1.1" 200 1 "-" "WordPress/6.8.2; https://blog.komforthouse.com.br"
162.214.27.60 - - [15/Aug/2025:18:51:35 -0300] "POST /wp-cron.php?doing_wp_cron=1755294695.2118918895721435546875 HTTP/1.1" 200 - "-" "WordPress/6.8.2; https://blog.komforthouse.com.br"
84.32.245.103 - - [15/Aug/2025:18:54:37 -0300] "GET /wp-json/wp/v2/categories/97 HTTP/1.1" 200 859 "-" "Mozilla/5.0 (Windows NT 10.0; Win64; x64) AppleWebKit/537.36 (KHTML, like Gecko) Chrome/107.0.0.0 Safari/537.3"
162.214.27.60 - - [15/Aug/2025:18:54:39 -0300] "POST /wp-admin/admin-ajax.php?action=async_litespeed&nonce=mxZcJuI2uAhFX4bgJYuOhoRY3SwMP67v&litespeed_type=imgoptm HTTP/1.1" 200 1 "-" "WordPress/6.8.2; https://blog.komforthouse.com.br"
162.214.27.60 - - [15/Aug/2025:18:54:38 -0300] "POST /wp-cron.php?doing_wp_cron=1755294878.2411839962005615234375 HTTP/1.1" 200 - "-" "WordPress/6.8.2; https://blog.komforthouse.com.br"
40.77.167.158 - - [15/Aug/2025:18:55:25 -0300] "GET /sitemap_index.xml HTTP/1.1" 200 693 "-" "Mozilla/5.0 AppleWebKit/537.36 (KHTML, like Gecko; compatible; bingbot/2.0; +http://www.bing.com/bingbot.htm) Chrome/116.0.1938.76 Safari/537.36"
162.214.27.60 - - [15/Aug/2025:18:55:27 -0300] "POST /wp-admin/admin-ajax.php?action=async_litespeed&nonce=60Olf45ZjXI3pbAtnlKjHjQAvNdtg8sw&litespeed_type=imgoptm HTTP/1.1" 200 1 "-" "WordPress/6.8.2; https://blog.komforthouse.com.br"
162.214.27.60 - - [15/Aug/2025:18:55:26 -0300] "POST /wp-cron.php?doing_wp_cron=1755294926.5017919540405273437500 HTTP/1.1" 200 - "-" "WordPress/6.8.2; https://blog.komforthouse.com.br"
189.33.65.49 - - [15/Aug/2025:18:56:43 -0300] "GET /wp-content/themes/hello-elementor/theme.min.css?ver=3.2.1 HTTP/1.1" 200 5069 "-" "Mozilla/5.0 (Linux; Android 10; K) AppleWebKit/537.36 (KHTML, like Gecko) Chrome/139.0.0.0 Mobile Safari/537.36"
189.33.65.49 - - [15/Aug/2025:18:56:43 -0300] "GET /wp-content/themes/hello-elementor/style.min.css?ver=3.2.1 HTTP/1.1" 200 5501 "-" "Mozilla/5.0 (Linux; Android 10; K) AppleWebKit/537.36 (KHTML, like Gecko) Chrome/139.0.0.0 Mobile Safari/537.36"
189.33.65.49 - - [15/Aug/2025:18:56:44 -0300] "GET /wp-content/themes/hello-elementor/header-footer.min.css?ver=3.2.1 HTTP/1.1" 200 7212 "-" "Mozilla/5.0 (Linux; Android 10; K) AppleWebKit/537.36 (KHTML, like Gecko) Chrome/139.0.0.0 Mobile Safari/537.36"
189.33.65.49 - - [15/Aug/2025:18:56:44 -0300] "GET /wp-content/uploads/elementor/css/post-1256.css?ver=1736279802 HTTP/1.1" 200 2099 "-" "Mozilla/5.0 (Linux; Android 10; K) AppleWebKit/537.36 (KHTML, like Gecko) Chrome/139.0.0.0 Mobile Safari/537.36"
189.33.65.49 - - [15/Aug/2025:18:56:43 -0300] "GET /wp-includes/css/dist/block-library/style.min.css?ver=6.8.2 HTTP/1.1" 200 116345 "-" "Mozilla/5.0 (Linux; Android 10; K) AppleWebKit/537.36 (KHTML, like Gecko) Chrome/139.0.0.0 Mobile Safari/537.36"
189.33.65.49 - - [15/Aug/2025:18:56:44 -0300] "GET /wp-content/plugins/elementor/assets/css/widget-image.min.css?ver=3.26.4 HTTP/1.1" 200 254 "-" "Mozilla/5.0 (Linux; Android 10; K) AppleWebKit/537.36 (KHTML, like Gecko) Chrome/139.0.0.0 Mobile Safari/537.36"
189.33.65.49 - - [15/Aug/2025:18:56:44 -0300] "GET /wp-content/plugins/elementor/assets/css/frontend.min.css?ver=3.26.4 HTTP/1.1" 200 53257 "-" "Mozilla/5.0 (Linux; Android 10; K) AppleWebKit/537.36 (KHTML, like Gecko) Chrome/139.0.0.0 Mobile Safari/537.36"
189.33.65.49 - - [15/Aug/2025:18:56:44 -0300] "GET /wp-content/plugins/elementor/assets/lib/animations/styles/e-animation-pulse.min.css?ver=3.26.4 HTTP/1.1" 200 318 "-" "Mozilla/5.0 (Linux; Android 10; K) AppleWebKit/537.36 (KHTML, like Gecko) Chrome/139.0.0.0 Mobile Safari/537.36"
189.33.65.49 - - [15/Aug/2025:18:56:45 -0300] "GET /wp-content/plugins/elementor/assets/css/widget-heading.min.css?ver=3.26.4 HTTP/1.1" 200 600 "-" "Mozilla/5.0 (Linux; Android 10; K) AppleWebKit/537.36 (KHTML, like Gecko) Chrome/139.0.0.0 Mobile Safari/537.36"
189.33.65.49 - - [15/Aug/2025:18:56:44 -0300] "GET /wp-content/plugins/elementor-pro/assets/css/widget-nav-menu.min.css?ver=3.26.3 HTTP/1.1" 200 26859 "-" "Mozilla/5.0 (Linux; Android 10; K) AppleWebKit/537.36 (KHTML, like Gecko) Chrome/139.0.0.0 Mobile Safari/537.36"
162.214.27.60 - - [15/Aug/2025:18:56:44 -0300] "POST /wp-cron.php?doing_wp_cron=1755295004.4034659862518310546875 HTTP/1.1" 200 - "-" "WordPress/6.8.2; https://blog.komforthouse.com.br"
189.33.65.49 - - [15/Aug/2025:18:56:43 -0300] "GET /quais-as-medidas-ideais-para-um-sofa-de-3-lugares-em-um-apartamento/ HTTP/1.1" 200 90143 "https://www.google.com/" "Mozilla/5.0 (Linux; Android 10; K) AppleWebKit/537.36 (KHTML, like Gecko) Chrome/139.0.0.0 Mobile Safari/537.36"
189.33.65.49 - - [15/Aug/2025:18:56:46 -0300] "GET /wp-content/plugins/elementor/assets/lib/swiper/v8/css/swiper.min.css?ver=8.4.5 HTTP/1.1" 200 16471 "https://blog.komforthouse.com.br/quais-as-medidas-ideais-para-um-sofa-de-3-lugares-em-um-apartamento/" "Mozilla/5.0 (Linux; Android 10; K) AppleWebKit/537.36 (KHTML, like Gecko) Chrome/139.0.0.0 Mobile Safari/537.36"
189.33.65.49 - - [15/Aug/2025:18:56:46 -0300] "GET /wp-content/plugins/elementor/assets/css/widget-icon-list.min.css?ver=3.26.4 HTTP/1.1" 200 10310 "https://blog.komforthouse.com.br/quais-as-medidas-ideais-para-um-sofa-de-3-lugares-em-um-apartamento/" "Mozilla/5.0 (Linux; Android 10; K) AppleWebKit/537.36 (KHTML, like Gecko) Chrome/139.0.0.0 Mobile Safari/537.36"
189.33.65.49 - - [15/Aug/2025:18:56:46 -0300] "GET /wp-content/plugins/elementor-pro/assets/css/widget-progress-tracker.min.css?ver=3.26.3 HTTP/1.1" 200 2844 "https://blog.komforthouse.com.br/quais-as-medidas-ideais-para-um-sofa-de-3-lugares-em-um-apartamento/" "Mozilla/5.0 (Linux; Android 10; K) AppleWebKit/537.36 (KHTML, like Gecko) Chrome/139.0.0.0 Mobile Safari/537.36"
162.214.27.60 - - [15/Aug/2025:18:56:45 -0300] "POST /wp-admin/admin-ajax.php?action=async_litespeed&nonce=1qsKzj2vFJYVWsf7VrDCIVikJUmyGQbK&litespeed_type=imgoptm HTTP/1.1" 200 1 "-" "WordPress/6.8.2; https://blog.komforthouse.com.br"
189.33.65.49 - - [15/Aug/2025:18:56:46 -0300] "GET /wp-content/plugins/elementor/assets/css/widget-image-carousel.min.css?ver=3.26.4 HTTP/1.1" 200 382 "https://blog.komforthouse.com.br/quais-as-medidas-ideais-para-um-sofa-de-3-lugares-em-um-apartamento/" "Mozilla/5.0 (Linux; Android 10; K) AppleWebKit/537.36 (KHTML, like Gecko) Chrome/139.0.0.0 Mobile Safari/537.36"
189.33.65.49 - - [15/Aug/2025:18:56:46 -0300] "GET /wp-content/plugins/elementor/assets/css/conditionals/e-swiper.min.css?ver=3.26.4 HTTP/1.1" 200 5486 "https://blog.komforthouse.com.br/quais-as-medidas-ideais-para-um-sofa-de-3-lugares-em-um-apartamento/" "Mozilla/5.0 (Linux; Android 10; K) AppleWebKit/537.36 (KHTML, like Gecko) Chrome/139.0.0.0 Mobile Safari/537.36"
189.33.65.49 - - [15/Aug/2025:18:56:47 -0300] "GET /wp-content/plugins/elementor/assets/lib/animations/styles/bounceIn.min.css?ver=3.26.4 HTTP/1.1" 200 367 "https://blog.komforthouse.com.br/quais-as-medidas-ideais-para-um-sofa-de-3-lugares-em-um-apartamento/" "Mozilla/5.0 (Linux; Android 10; K) AppleWebKit/537.36 (KHTML, like Gecko) Chrome/139.0.0.0 Mobile Safari/537.36"
189.33.65.49 - - [15/Aug/2025:18:56:47 -0300] "GET /wp-content/plugins/elementor-pro/assets/css/widget-posts.min.css?ver=3.26.3 HTTP/1.1" 200 16983 "https://blog.komforthouse.com.br/quais-as-medidas-ideais-para-um-sofa-de-3-lugares-em-um-apartamento/" "Mozilla/5.0 (Linux; Android 10; K) AppleWebKit/537.36 (KHTML, like Gecko) Chrome/139.0.0.0 Mobile Safari/537.36"
189.33.65.49 - - [15/Aug/2025:18:56:47 -0300] "GET /wp-content/plugins/elementor/assets/css/widget-social-icons.min.css?ver=3.26.4 HTTP/1.1" 200 5150 "https://blog.komforthouse.com.br/quais-as-medidas-ideais-para-um-sofa-de-3-lugares-em-um-apartamento/" "Mozilla/5.0 (Linux; Android 10; K) AppleWebKit/537.36 (KHTML, like Gecko) Chrome/139.0.0.0 Mobile Safari/537.36"
189.33.65.49 - - [15/Aug/2025:18:56:47 -0300] "GET /wp-content/plugins/elementor/assets/css/conditionals/apple-webkit.min.css?ver=3.26.4 HTTP/1.1" 200 7025 "https://blog.komforthouse.com.br/quais-as-medidas-ideais-para-um-sofa-de-3-lugares-em-um-apartamento/" "Mozilla/5.0 (Linux; Android 10; K) AppleWebKit/537.36 (KHTML, like Gecko) Chrome/139.0.0.0 Mobile Safari/537.36"
189.33.65.49 - - [15/Aug/2025:18:56:47 -0300] "GET /wp-content/plugins/elementor-pro/assets/css/conditionals/popup.min.css?ver=3.26.3 HTTP/1.1" 200 995 "https://blog.komforthouse.com.br/quais-as-medidas-ideais-para-um-sofa-de-3-lugares-em-um-apartamento/" "Mozilla/5.0 (Linux; Android 10; K) AppleWebKit/537.36 (KHTML, like Gecko) Chrome/139.0.0.0 Mobile Safari/537.36"
189.33.65.49 - - [15/Aug/2025:18:56:47 -0300] "GET /wp-content/uploads/elementor/css/post-1283.css?ver=1736279802 HTTP/1.1" 200 13014 "https://blog.komforthouse.com.br/quais-as-medidas-ideais-para-um-sofa-de-3-lugares-em-um-apartamento/" "Mozilla/5.0 (Linux; Android 10; K) AppleWebKit/537.36 (KHTML, like Gecko) Chrome/139.0.0.0 Mobile Safari/537.36"
189.33.65.49 - - [15/Aug/2025:18:56:47 -0300] "GET /wp-content/uploads/elementor/css/post-1334.css?ver=1736279802 HTTP/1.1" 200 16917 "https://blog.komforthouse.com.br/quais-as-medidas-ideais-para-um-sofa-de-3-lugares-em-um-apartamento/" "Mozilla/5.0 (Linux; Android 10; K) AppleWebKit/537.36 (KHTML, like Gecko) Chrome/139.0.0.0 Mobile Safari/537.36"
189.33.65.49 - - [15/Aug/2025:18:56:47 -0300] "GET /wp-content/uploads/elementor/css/post-1473.css?ver=1737152742 HTTP/1.1" 200 11104 "https://blog.komforthouse.com.br/quais-as-medidas-ideais-para-um-sofa-de-3-lugares-em-um-apartamento/" "Mozilla/5.0 (Linux; Android 10; K) AppleWebKit/537.36 (KHTML, like Gecko) Chrome/139.0.0.0 Mobile Safari/537.36"
189.33.65.49 - - [15/Aug/2025:18:56:47 -0300] "GET /wp-content/uploads/elementor/css/post-1681.css?ver=1736279802 HTTP/1.1" 200 3790 "https://blog.komforthouse.com.br/quais-as-medidas-ideais-para-um-sofa-de-3-lugares-em-um-apartamento/" "Mozilla/5.0 (Linux; Android 10; K) AppleWebKit/537.36 (KHTML, like Gecko) Chrome/139.0.0.0 Mobile Safari/537.36"
189.33.65.49 - - [15/Aug/2025:18:56:47 -0300] "GET /wp-includes/js/jquery/jquery-migrate.min.js?ver=3.4.1 HTTP/1.1" 200 13577 "https://blog.komforthouse.com.br/quais-as-medidas-ideais-para-um-sofa-de-3-lugares-em-um-apartamento/" "Mozilla/5.0 (Linux; Android 10; K) AppleWebKit/537.36 (KHTML, like Gecko) Chrome/139.0.0.0 Mobile Safari/537.36"
189.33.65.49 - - [15/Aug/2025:18:56:47 -0300] "GET /wp-content/uploads/2024/06/komfort-house-logo.png HTTP/1.1" 200 23742 "https://blog.komforthouse.com.br/quais-as-medidas-ideais-para-um-sofa-de-3-lugares-em-um-apartamento/" "Mozilla/5.0 (Linux; Android 10; K) AppleWebKit/537.36 (KHTML, like Gecko) Chrome/139.0.0.0 Mobile Safari/537.36"
189.33.65.49 - - [15/Aug/2025:18:56:47 -0300] "GET /wp-content/uploads/2024/06/logo-komfort-house-sofas-branco-1536x367.png HTTP/1.1" 200 41654 "https://blog.komforthouse.com.br/quais-as-medidas-ideais-para-um-sofa-de-3-lugares-em-um-apartamento/" "Mozilla/5.0 (Linux; Android 10; K) AppleWebKit/537.36 (KHTML, like Gecko) Chrome/139.0.0.0 Mobile Safari/537.36"
189.33.65.49 - - [15/Aug/2025:18:56:47 -0300] "GET /wp-includes/js/jquery/jquery.min.js?ver=3.7.1 HTTP/1.1" 200 87553 "https://blog.komforthouse.com.br/quais-as-medidas-ideais-para-um-sofa-de-3-lugares-em-um-apartamento/" "Mozilla/5.0 (Linux; Android 10; K) AppleWebKit/537.36 (KHTML, like Gecko) Chrome/139.0.0.0 Mobile Safari/537.36"
189.33.65.49 - - [15/Aug/2025:18:56:48 -0300] "GET /wp-content/themes/hello-elementor/assets/js/hello-frontend.min.js?ver=3.2.1 HTTP/1.1" 200 1936 "https://blog.komforthouse.com.br/quais-as-medidas-ideais-para-um-sofa-de-3-lugares-em-um-apartamento/" "Mozilla/5.0 (Linux; Android 10; K) AppleWebKit/537.36 (KHTML, like Gecko) Chrome/139.0.0.0 Mobile Safari/537.36"
189.33.65.49 - - [15/Aug/2025:18:56:47 -0300] "GET /wp-content/uploads/2025/01/Moscou-1.jpg HTTP/1.1" 200 180871 "https://blog.komforthouse.com.br/quais-as-medidas-ideais-para-um-sofa-de-3-lugares-em-um-apartamento/" "Mozilla/5.0 (Linux; Android 10; K) AppleWebKit/537.36 (KHTML, like Gecko) Chrome/139.0.0.0 Mobile Safari/537.36"
189.33.65.49 - - [15/Aug/2025:18:56:48 -0300] "GET /wp-includes/js/imagesloaded.min.js?ver=5.0.0 HTTP/1.1" 200 5520 "https://blog.komforthouse.com.br/quais-as-medidas-ideais-para-um-sofa-de-3-lugares-em-um-apartamento/" "Mozilla/5.0 (Linux; Android 10; K) AppleWebKit/537.36 (KHTML, like Gecko) Chrome/139.0.0.0 Mobile Safari/537.36"
189.33.65.49 - - [15/Aug/2025:18:56:48 -0300] "GET /wp-content/plugins/elementor-pro/assets/lib/smartmenus/jquery.smartmenus.min.js?ver=1.2.1 HTTP/1.1" 200 24109 "https://blog.komforthouse.com.br/quais-as-medidas-ideais-para-um-sofa-de-3-lugares-em-um-apartamento/" "Mozilla/5.0 (Linux; Android 10; K) AppleWebKit/537.36 (KHTML, like Gecko) Chrome/139.0.0.0 Mobile Safari/537.36"
189.33.65.49 - - [15/Aug/2025:18:56:48 -0300] "GET /wp-content/plugins/elementor/assets/js/webpack.runtime.min.js?ver=3.26.4 HTTP/1.1" 200 5326 "https://blog.komforthouse.com.br/quais-as-medidas-ideais-para-um-sofa-de-3-lugares-em-um-apartamento/" "Mozilla/5.0 (Linux; Android 10; K) AppleWebKit/537.36 (KHTML, like Gecko) Chrome/139.0.0.0 Mobile Safari/537.36"
189.33.65.49 - - [15/Aug/2025:18:56:48 -0300] "GET /wp-content/plugins/elementor-pro/assets/js/webpack-pro.runtime.min.js?ver=3.26.3 HTTP/1.1" 200 6263 "https://blog.komforthouse.com.br/quais-as-medidas-ideais-para-um-sofa-de-3-lugares-em-um-apartamento/" "Mozilla/5.0 (Linux; Android 10; K) AppleWebKit/537.36 (KHTML, like Gecko) Chrome/139.0.0.0 Mobile Safari/537.36"
189.33.65.49 - - [15/Aug/2025:18:56:48 -0300] "GET /wp-content/plugins/elementor/assets/js/frontend-modules.min.js?ver=3.26.4 HTTP/1.1" 200 52754 "https://blog.komforthouse.com.br/quais-as-medidas-ideais-para-um-sofa-de-3-lugares-em-um-apartamento/" "Mozilla/5.0 (Linux; Android 10; K) AppleWebKit/537.36 (KHTML, like Gecko) Chrome/139.0.0.0 Mobile Safari/537.36"
189.33.65.49 - - [15/Aug/2025:18:56:48 -0300] "GET /wp-includes/js/dist/hooks.min.js?ver=4d63a3d491d11ffd8ac6 HTTP/1.1" 200 4776 "https://blog.komforthouse.com.br/quais-as-medidas-ideais-para-um-sofa-de-3-lugares-em-um-apartamento/" "Mozilla/5.0 (Linux; Android 10; K) AppleWebKit/537.36 (KHTML, like Gecko) Chrome/139.0.0.0 Mobile Safari/537.36"
189.33.65.49 - - [15/Aug/2025:18:56:48 -0300] "GET /wp-content/uploads/2023/08/Sofas-3-lugares-em-um-apartamento-e1723408420633.webp HTTP/1.1" 200 31112 "https://blog.komforthouse.com.br/quais-as-medidas-ideais-para-um-sofa-de-3-lugares-em-um-apartamento/" "Mozilla/5.0 (Linux; Android 10; K) AppleWebKit/537.36 (KHTML, like Gecko) Chrome/139.0.0.0 Mobile Safari/537.36"
189.33.65.49 - - [15/Aug/2025:18:56:48 -0300] "GET /wp-includes/js/dist/i18n.min.js?ver=5e580eb46a90c2b997e6 HTTP/1.1" 200 9141 "https://blog.komforthouse.com.br/quais-as-medidas-ideais-para-um-sofa-de-3-lugares-em-um-apartamento/" "Mozilla/5.0 (Linux; Android 10; K) AppleWebKit/537.36 (KHTML, like Gecko) Chrome/139.0.0.0 Mobile Safari/537.36"
189.33.65.49 - - [15/Aug/2025:18:56:48 -0300] "GET /wp-content/plugins/elementor-pro/assets/js/frontend.min.js?ver=3.26.3 HTTP/1.1" 200 24210 "https://blog.komforthouse.com.br/quais-as-medidas-ideais-para-um-sofa-de-3-lugares-em-um-apartamento/" "Mozilla/5.0 (Linux; Android 10; K) AppleWebKit/537.36 (KHTML, like Gecko) Chrome/139.0.0.0 Mobile Safari/537.36"
189.33.65.49 - - [15/Aug/2025:18:56:48 -0300] "GET /wp-includes/js/jquery/ui/core.min.js?ver=1.13.3 HTTP/1.1" 200 21464 "https://blog.komforthouse.com.br/quais-as-medidas-ideais-para-um-sofa-de-3-lugares-em-um-apartamento/" "Mozilla/5.0 (Linux; Android 10; K) AppleWebKit/537.36 (KHTML, like Gecko) Chrome/139.0.0.0 Mobile Safari/537.36"
189.33.65.49 - - [15/Aug/2025:18:56:48 -0300] "GET /wp-content/plugins/elementor/assets/js/frontend.min.js?ver=3.26.4 HTTP/1.1" 200 45428 "https://blog.komforthouse.com.br/quais-as-medidas-ideais-para-um-sofa-de-3-lugares-em-um-apartamento/" "Mozilla/5.0 (Linux; Android 10; K) AppleWebKit/537.36 (KHTML, like Gecko) Chrome/139.0.0.0 Mobile Safari/537.36"
189.33.65.49 - - [15/Aug/2025:18:56:48 -0300] "GET /wp-content/plugins/elementor-pro/assets/js/elements-handlers.min.js?ver=3.26.3 HTTP/1.1" 200 44624 "https://blog.komforthouse.com.br/quais-as-medidas-ideais-para-um-sofa-de-3-lugares-em-um-apartamento/" "Mozilla/5.0 (Linux; Android 10; K) AppleWebKit/537.36 (KHTML, like Gecko) Chrome/139.0.0.0 Mobile Safari/537.36"
189.33.65.49 - - [15/Aug/2025:18:56:49 -0300] "GET /wp-content/plugins/elementor/assets/lib/dialog/dialog.min.js?ver=4.9.3 HTTP/1.1" 200 11286 "https://blog.komforthouse.com.br/quais-as-medidas-ideais-para-um-sofa-de-3-lugares-em-um-apartamento/" "Mozilla/5.0 (Linux; Android 10; K) AppleWebKit/537.36 (KHTML, like Gecko) Chrome/139.0.0.0 Mobile Safari/537.36"
189.33.65.49 - - [15/Aug/2025:18:56:49 -0300] "GET /wp-content/plugins/elementor-pro/assets/js/load-more.8b46f464e573feab5dd7.bundle.min.js HTTP/1.1" 200 5346 "https://blog.komforthouse.com.br/quais-as-medidas-ideais-para-um-sofa-de-3-lugares-em-um-apartamento/" "Mozilla/5.0 (Linux; Android 10; K) AppleWebKit/537.36 (KHTML, like Gecko) Chrome/139.0.0.0 Mobile Safari/537.36"
189.33.65.49 - - [15/Aug/2025:18:56:49 -0300] "GET /wp-content/plugins/elementor-pro/assets/js/nav-menu.a23fbd67486c5bedf26c.bundle.min.js HTTP/1.1" 200 5282 "https://blog.komforthouse.com.br/quais-as-medidas-ideais-para-um-sofa-de-3-lugares-em-um-apartamento/" "Mozilla/5.0 (Linux; Android 10; K) AppleWebKit/537.36 (KHTML, like Gecko) Chrome/139.0.0.0 Mobile Safari/537.36"
189.33.65.49 - - [15/Aug/2025:18:56:49 -0300] "GET /wp-content/plugins/elementor/assets/js/image-carousel.78b881f3c7818111c2d7.bundle.min.js HTTP/1.1" 200 432 "https://blog.komforthouse.com.br/quais-as-medidas-ideais-para-um-sofa-de-3-lugares-em-um-apartamento/" "Mozilla/5.0 (Linux; Android 10; K) AppleWebKit/537.36 (KHTML, like Gecko) Chrome/139.0.0.0 Mobile Safari/537.36"
189.33.65.49 - - [15/Aug/2025:18:56:49 -0300] "GET /wp-content/plugins/elementor-pro/assets/js/progress-tracker.8cccdda9737c272489fc.bundle.min.js HTTP/1.1" 200 5237 "https://blog.komforthouse.com.br/quais-as-medidas-ideais-para-um-sofa-de-3-lugares-em-um-apartamento/" "Mozilla/5.0 (Linux; Android 10; K) AppleWebKit/537.36 (KHTML, like Gecko) Chrome/139.0.0.0 Mobile Safari/537.36"
189.33.65.49 - - [15/Aug/2025:18:56:49 -0300] "GET /wp-content/plugins/elementor-pro/assets/js/posts.aec59265318492b89cb5.bundle.min.js HTTP/1.1" 200 3317 "https://blog.komforthouse.com.br/quais-as-medidas-ideais-para-um-sofa-de-3-lugares-em-um-apartamento/" "Mozilla/5.0 (Linux; Android 10; K) AppleWebKit/537.36 (KHTML, like Gecko) Chrome/139.0.0.0 Mobile Safari/537.36"
189.33.65.49 - - [15/Aug/2025:18:56:49 -0300] "GET /wp-content/uploads/2024/05/cropped-komfort-house-sofas-1-192x192.png HTTP/1.1" 200 3681 "https://blog.komforthouse.com.br/quais-as-medidas-ideais-para-um-sofa-de-3-lugares-em-um-apartamento/" "Mozilla/5.0 (Linux; Android 10; K) AppleWebKit/537.36 (KHTML, like Gecko) Chrome/139.0.0.0 Mobile Safari/537.36"
189.33.65.49 - - [15/Aug/2025:18:56:49 -0300] "GET /wp-content/uploads/2024/05/cropped-komfort-house-sofas-1-180x180.png HTTP/1.1" 200 3406 "https://blog.komforthouse.com.br/quais-as-medidas-ideais-para-um-sofa-de-3-lugares-em-um-apartamento/" "Mozilla/5.0 (Linux; Android 10; K) AppleWebKit/537.36 (KHTML, like Gecko) Chrome/139.0.0.0 Mobile Safari/537.36"
162.214.27.60 - - [15/Aug/2025:18:59:17 -0300] "POST /wp-cron.php?doing_wp_cron=1755295157.9513270854949951171875 HTTP/1.1" 200 - "-" "WordPress/6.8.2; https://blog.komforthouse.com.br"
162.214.27.60 - - [15/Aug/2025:18:59:18 -0300] "POST /wp-admin/admin-ajax.php?action=async_litespeed&nonce=h0feHuEaJHHIimDlXrmDmfmiULDnk06h&litespeed_type=imgoptm HTTP/1.1" 200 1 "-" "WordPress/6.8.2; https://blog.komforthouse.com.br"
52.23.112.144 - - [15/Aug/2025:18:59:17 -0300] "GET / HTTP/1.1" 200 127418 "-" "Mozilla/5.0 AppleWebKit/537.36 (KHTML, like Gecko; compatible; Amazonbot/0.1; +https://developer.amazon.com/support/amazonbot) Chrome/119.0.6045.214 Safari/537.36"
196.251.69.55 - - [15/Aug/2025:18:59:20 -0300] "POST /wp-login.php HTTP/1.1" 200 9733 "-" "Mozilla/5.0"
194.141.86.36 - - [15/Aug/2025:19:04:43 -0300] "GET /wp-remote-api HTTP/1.1" 404 69731 "-" "Mozilla/5.0 (Windows NT 10.0; Win64; x64) AppleWebKit/537.36 (KHTML, like Gecko) Chrome/127.0.0.0 Safari/537.36"
162.214.27.60 - - [15/Aug/2025:19:04:46 -0300] "POST /wp-admin/admin-ajax.php?action=async_litespeed&nonce=bRQHhFD98jalqcVZ5vCHUd9lv0jWnNQu&litespeed_type=imgoptm HTTP/1.1" 200 1 "-" "WordPress/6.8.2; https://blog.komforthouse.com.br"
162.214.27.60 - - [15/Aug/2025:19:04:44 -0300] "POST /wp-cron.php?doing_wp_cron=1755295484.8023190498352050781250 HTTP/1.1" 200 - "-" "WordPress/6.8.2; https://blog.komforthouse.com.br"
114.119.128.62 - - [15/Aug/2025:19:05:17 -0300] "GET /explorando-a-elegancia-e-conforto-do-tecido-suede-para-sofas/ HTTP/1.1" 200 90229 "https://blog.komforthouse.com.br/" "Mozilla/5.0 (Linux; Android 7.0;) AppleWebKit/537.36 (KHTML, like Gecko) Mobile Safari/537.36 (compatible; PetalBot;+https://webmaster.petalsearch.com/site/petalbot)"
196.251.112.104 - - [15/Aug/2025:19:05:20 -0300] "POST /wp-login.php HTTP/1.1" 200 9733 "-" "Mozilla/5.0"
162.214.27.60 - - [15/Aug/2025:19:05:48 -0300] "POST /wp-admin/admin-ajax.php?action=async_litespeed&nonce=M7U1xWZ15tEcv33MHjm6SbWseYOi5WXb&litespeed_type=imgoptm HTTP/1.1" 200 1 "-" "WordPress/6.8.2; https://blog.komforthouse.com.br"
162.214.27.60 - - [15/Aug/2025:19:05:47 -0300] "POST /wp-cron.php?doing_wp_cron=1755295547.7759819030761718750000 HTTP/1.1" 200 - "-" "WordPress/6.8.2; https://blog.komforthouse.com.br"
50.116.28.205 - - [15/Aug/2025:19:05:47 -0300] "GET /wp-json/wp/v2/posts/?per_page=50 HTTP/1.0" 200 315210 "-" "Mozilla/5.0 (compatible; Googlebot/2.1; +http://www.google.com/bot.html)"
177.57.19.22 - - [15/Aug/2025:19:07:53 -0300] "GET /wp-content/uploads/2024/11/image3.jpg HTTP/1.1" 200 282326 "https://www.google.com/" "Mozilla/5.0 (Linux; Android 14; SM-A156M Build/UP1A.231005.007; wv) AppleWebKit/537.36 (KHTML, like Gecko) Version/4.0 Chrome/138.0.7204.179 Mobile Safari/537.36 GoogleApp/16.30.61.ve.arm64"
57.141.2.5 - - [15/Aug/2025:19:10:01 -0300] "GET /explorando-a-elegancia-e-o-conforto-do-tecido-boucle-indiano/ HTTP/1.1" 200 79853 "-" "meta-externalagent/1.1 (+https://developers.facebook.com/docs/sharing/webmasters/crawler)"
162.214.27.60 - - [15/Aug/2025:19:10:02 -0300] "POST /wp-cron.php?doing_wp_cron=1755295802.2524459362030029296875 HTTP/1.1" 200 - "-" "WordPress/6.8.2; https://blog.komforthouse.com.br"
162.214.27.60 - - [15/Aug/2025:19:10:03 -0300] "POST /wp-admin/admin-ajax.php?action=async_litespeed&nonce=oezmIT7lLajpEsm2IdpDgh2IfmTafxLQ&litespeed_type=imgoptm HTTP/1.1" 200 1 "-" "WordPress/6.8.2; https://blog.komforthouse.com.br"
162.214.27.60 - - [15/Aug/2025:19:10:27 -0300] "POST /wp-cron.php?doing_wp_cron=1755295827.8050289154052734375000 HTTP/1.1" 200 - "-" "WordPress/6.8.2; https://blog.komforthouse.com.br"
196.251.69.55 - - [15/Aug/2025:19:10:27 -0300] "POST /wp-login.php HTTP/1.1" 200 9733 "-" "Mozilla/5.0"
3.224.62.45 - - [15/Aug/2025:19:13:05 -0300] "GET /wp-content/uploads/2023/08/Cupim-no-sofa-e1723408964635.gif HTTP/1.1" 200 170491 "-" "Mozilla/5.0 AppleWebKit/537.36 (KHTML, like Gecko; compatible; PerplexityBot/1.0; +https://perplexity.ai/perplexitybot)"
3.224.62.45 - - [15/Aug/2025:19:13:05 -0300] "GET /wp-content/uploads/2023/08/cumpim-na-madeira-do-sofa.png HTTP/1.1" 200 869559 "-" "Mozilla/5.0 AppleWebKit/537.36 (KHTML, like Gecko; compatible; PerplexityBot/1.0; +https://perplexity.ai/perplexitybot)"
162.214.27.60 - - [15/Aug/2025:19:14:01 -0300] "POST /wp-admin/admin-ajax.php?action=async_litespeed&nonce=rPKLa4xgJ7CVWJX5ZUV9rUC1dRuJ9FEH&litespeed_type=imgoptm HTTP/1.1" 200 1 "-" "WordPress/6.8.2; https://blog.komforthouse.com.br"
162.214.27.60 - - [15/Aug/2025:19:14:00 -0300] "POST /wp-cron.php?doing_wp_cron=1755296040.2795069217681884765625 HTTP/1.1" 200 - "-" "WordPress/6.8.2; https://blog.komforthouse.com.br"
44.209.89.189 - - [15/Aug/2025:19:13:59 -0300] "GET / HTTP/1.1" 200 127418 "-" "Mozilla/5.0 AppleWebKit/537.36 (KHTML, like Gecko; compatible; Amazonbot/0.1; +https://developer.amazon.com/support/amazonbot) Chrome/119.0.6045.214 Safari/537.36"
179.126.230.178 - - [15/Aug/2025:19:15:52 -0300] "GET /wp-content/uploads/2023/08/Cupim-no-sofa-e1723408964635.gif HTTP/1.1" 200 170491 "https://www.google.com/" "Mozilla/5.0 (iPhone; CPU iPhone OS 18_5 like Mac OS X) AppleWebKit/605.1.15 (KHTML, like Gecko) Version/18.5 Mobile/15E148 Safari/604.1"
196.251.69.55 - - [15/Aug/2025:19:21:39 -0300] "POST /wp-login.php HTTP/1.1" 200 9733 "-" "Mozilla/5.0"
162.214.27.60 - - [15/Aug/2025:19:21:41 -0300] "POST /wp-admin/admin-ajax.php?action=async_litespeed&nonce=UR3BKIM46NtAEQrQPffLYwfnUKgV5lQt&litespeed_type=imgoptm HTTP/1.1" 200 1 "-" "WordPress/6.8.2; https://blog.komforthouse.com.br"
162.214.27.60 - - [15/Aug/2025:19:21:40 -0300] "POST /wp-cron.php?doing_wp_cron=1755296500.0176639556884765625000 HTTP/1.1" 200 - "-" "WordPress/6.8.2; https://blog.komforthouse.com.br"
196.251.112.104 - - [15/Aug/2025:19:21:55 -0300] "POST /wp-login.php HTTP/1.1" 200 9733 "-" "Mozilla/5.0"
162.214.27.60 - - [15/Aug/2025:19:21:56 -0300] "POST /wp-admin/admin-ajax.php?action=async_litespeed&nonce=YMVziR1mGavZCW66BgKGsS7RNcNj88bm&litespeed_type=imgoptm HTTP/1.1" 200 1 "-" "WordPress/6.8.2; https://blog.komforthouse.com.br"
162.214.27.60 - - [15/Aug/2025:19:21:55 -0300] "POST /wp-cron.php?doing_wp_cron=1755296515.9216818809509277343750 HTTP/1.1" 200 - "-" "WordPress/6.8.2; https://blog.komforthouse.com.br"
193.186.4.237 - - [15/Aug/2025:19:22:33 -0300] "GET /cores-tendencia-para-sofa-em-2025/ HTTP/1.1" 200 90591 "https://www.google.com/" "Mozilla/5.0 (Linux; Android 10; K) AppleWebKit/537.36 (KHTML, like Gecko) Chrome/139.0.0.0 Mobile Safari/537.36"
162.214.27.60 - - [15/Aug/2025:19:26:43 -0300] "POST /wp-cron.php?doing_wp_cron=1755296803.8423249721527099609375 HTTP/1.1" 200 - "-" "WordPress/6.8.2; https://blog.komforthouse.com.br"
179.242.25.126 - - [15/Aug/2025:19:26:42 -0300] "GET /cores-tendencia-para-sofa-em-2025/ HTTP/1.1" 200 90591 "https://www.google.com/url?q=https://blog.komforthouse.com.br/cores-tendencia-para-sofa-em-2025/%23:~:text%3DEm%25202025%252C%2520a%2520tend%25C3%25AAncia%2520tamb%25C3%25A9m,em%2520tons%2520neutros%2520e%2520terrosos.&sa=U&sqi=2&ved=2ahUKEwjzsoPY7Y2PAxXVqJUCHRkJAWUQFnoECGQQBQ&usg=AOvVaw1j1PoeM9UV67BE0lf6wKRv" "Mozilla/5.0 (iPhone; CPU iPhone OS 18_5_0 like Mac OS X) AppleWebKit/605.1.15 (KHTML, like Gecko) GSA/376.0.777690323 Mobile/15E148 Safari/604.1"
162.214.27.60 - - [15/Aug/2025:19:26:44 -0300] "POST /wp-admin/admin-ajax.php?action=async_litespeed&nonce=ZzzehakR0VsECVk07HPdlYJKyWeQQHDe&litespeed_type=imgoptm HTTP/1.1" 200 1 "-" "WordPress/6.8.2; https://blog.komforthouse.com.br"
179.242.25.126 - - [15/Aug/2025:19:26:46 -0300] "GET /wp-content/uploads/elementor/css/post-1256.css?ver=1736279802 HTTP/1.1" 200 2099 "https://blog.komforthouse.com.br/cores-tendencia-para-sofa-em-2025/" "Mozilla/5.0 (iPhone; CPU iPhone OS 18_5_0 like Mac OS X) AppleWebKit/605.1.15 (KHTML, like Gecko) GSA/376.0.777690323 Mobile/15E148 Safari/604.1"
179.242.25.126 - - [15/Aug/2025:19:26:47 -0300] "GET /wp-content/plugins/elementor/assets/css/widget-image.min.css?ver=3.26.4 HTTP/1.1" 200 254 "https://blog.komforthouse.com.br/cores-tendencia-para-sofa-em-2025/" "Mozilla/5.0 (iPhone; CPU iPhone OS 18_5_0 like Mac OS X) AppleWebKit/605.1.15 (KHTML, like Gecko) GSA/376.0.777690323 Mobile/15E148 Safari/604.1"
179.242.25.126 - - [15/Aug/2025:19:26:47 -0300] "GET /wp-content/themes/hello-elementor/theme.min.css?ver=3.2.1 HTTP/1.1" 200 5069 "https://blog.komforthouse.com.br/cores-tendencia-para-sofa-em-2025/" "Mozilla/5.0 (iPhone; CPU iPhone OS 18_5_0 like Mac OS X) AppleWebKit/605.1.15 (KHTML, like Gecko) GSA/376.0.777690323 Mobile/15E148 Safari/604.1"
179.242.25.126 - - [15/Aug/2025:19:26:47 -0300] "GET /wp-content/themes/hello-elementor/header-footer.min.css?ver=3.2.1 HTTP/1.1" 200 7212 "https://blog.komforthouse.com.br/cores-tendencia-para-sofa-em-2025/" "Mozilla/5.0 (iPhone; CPU iPhone OS 18_5_0 like Mac OS X) AppleWebKit/605.1.15 (KHTML, like Gecko) GSA/376.0.777690323 Mobile/15E148 Safari/604.1"
179.242.25.126 - - [15/Aug/2025:19:26:47 -0300] "GET /wp-content/themes/hello-elementor/style.min.css?ver=3.2.1 HTTP/1.1" 200 5501 "https://blog.komforthouse.com.br/cores-tendencia-para-sofa-em-2025/" "Mozilla/5.0 (iPhone; CPU iPhone OS 18_5_0 like Mac OS X) AppleWebKit/605.1.15 (KHTML, like Gecko) GSA/376.0.777690323 Mobile/15E148 Safari/604.1"
179.242.25.126 - - [15/Aug/2025:19:26:46 -0300] "GET /wp-includes/css/dist/block-library/style.min.css?ver=6.8.2 HTTP/1.1" 200 116345 "https://blog.komforthouse.com.br/cores-tendencia-para-sofa-em-2025/" "Mozilla/5.0 (iPhone; CPU iPhone OS 18_5_0 like Mac OS X) AppleWebKit/605.1.15 (KHTML, like Gecko) GSA/376.0.777690323 Mobile/15E148 Safari/604.1"
179.242.25.126 - - [15/Aug/2025:19:26:47 -0300] "GET /wp-content/plugins/elementor/assets/lib/animations/styles/e-animation-pulse.min.css?ver=3.26.4 HTTP/1.1" 200 318 "https://blog.komforthouse.com.br/cores-tendencia-para-sofa-em-2025/" "Mozilla/5.0 (iPhone; CPU iPhone OS 18_5_0 like Mac OS X) AppleWebKit/605.1.15 (KHTML, like Gecko) GSA/376.0.777690323 Mobile/15E148 Safari/604.1"
179.242.25.126 - - [15/Aug/2025:19:26:47 -0300] "GET /wp-content/plugins/elementor/assets/css/widget-heading.min.css?ver=3.26.4 HTTP/1.1" 200 600 "https://blog.komforthouse.com.br/cores-tendencia-para-sofa-em-2025/" "Mozilla/5.0 (iPhone; CPU iPhone OS 18_5_0 like Mac OS X) AppleWebKit/605.1.15 (KHTML, like Gecko) GSA/376.0.777690323 Mobile/15E148 Safari/604.1"
179.242.25.126 - - [15/Aug/2025:19:26:47 -0300] "GET /wp-content/plugins/elementor/assets/css/widget-icon-list.min.css?ver=3.26.4 HTTP/1.1" 200 10310 "https://blog.komforthouse.com.br/cores-tendencia-para-sofa-em-2025/" "Mozilla/5.0 (iPhone; CPU iPhone OS 18_5_0 like Mac OS X) AppleWebKit/605.1.15 (KHTML, like Gecko) GSA/376.0.777690323 Mobile/15E148 Safari/604.1"
179.242.25.126 - - [15/Aug/2025:19:26:47 -0300] "GET /wp-content/plugins/elementor-pro/assets/css/widget-progress-tracker.min.css?ver=3.26.3 HTTP/1.1" 200 2844 "https://blog.komforthouse.com.br/cores-tendencia-para-sofa-em-2025/" "Mozilla/5.0 (iPhone; CPU iPhone OS 18_5_0 like Mac OS X) AppleWebKit/605.1.15 (KHTML, like Gecko) GSA/376.0.777690323 Mobile/15E148 Safari/604.1"
179.242.25.126 - - [15/Aug/2025:19:26:47 -0300] "GET /wp-content/plugins/elementor/assets/css/frontend.min.css?ver=3.26.4 HTTP/1.1" 200 53257 "https://blog.komforthouse.com.br/cores-tendencia-para-sofa-em-2025/" "Mozilla/5.0 (iPhone; CPU iPhone OS 18_5_0 like Mac OS X) AppleWebKit/605.1.15 (KHTML, like Gecko) GSA/376.0.777690323 Mobile/15E148 Safari/604.1"
179.242.25.126 - - [15/Aug/2025:19:26:47 -0300] "GET /wp-content/plugins/elementor-pro/assets/css/widget-nav-menu.min.css?ver=3.26.3 HTTP/1.1" 200 26859 "https://blog.komforthouse.com.br/cores-tendencia-para-sofa-em-2025/" "Mozilla/5.0 (iPhone; CPU iPhone OS 18_5_0 like Mac OS X) AppleWebKit/605.1.15 (KHTML, like Gecko) GSA/376.0.777690323 Mobile/15E148 Safari/604.1"
179.242.25.126 - - [15/Aug/2025:19:26:47 -0300] "GET /wp-content/plugins/elementor/assets/lib/swiper/v8/css/swiper.min.css?ver=8.4.5 HTTP/1.1" 200 16471 "https://blog.komforthouse.com.br/cores-tendencia-para-sofa-em-2025/" "Mozilla/5.0 (iPhone; CPU iPhone OS 18_5_0 like Mac OS X) AppleWebKit/605.1.15 (KHTML, like Gecko) GSA/376.0.777690323 Mobile/15E148 Safari/604.1"
179.242.25.126 - - [15/Aug/2025:19:26:47 -0300] "GET /wp-content/plugins/elementor/assets/css/conditionals/e-swiper.min.css?ver=3.26.4 HTTP/1.1" 200 5486 "https://blog.komforthouse.com.br/cores-tendencia-para-sofa-em-2025/" "Mozilla/5.0 (iPhone; CPU iPhone OS 18_5_0 like Mac OS X) AppleWebKit/605.1.15 (KHTML, like Gecko) GSA/376.0.777690323 Mobile/15E148 Safari/604.1"
179.242.25.126 - - [15/Aug/2025:19:26:47 -0300] "GET /wp-content/plugins/elementor/assets/css/widget-image-carousel.min.css?ver=3.26.4 HTTP/1.1" 200 382 "https://blog.komforthouse.com.br/cores-tendencia-para-sofa-em-2025/" "Mozilla/5.0 (iPhone; CPU iPhone OS 18_5_0 like Mac OS X) AppleWebKit/605.1.15 (KHTML, like Gecko) GSA/376.0.777690323 Mobile/15E148 Safari/604.1"
179.242.25.126 - - [15/Aug/2025:19:26:47 -0300] "GET /wp-content/plugins/elementor/assets/lib/animations/styles/bounceIn.min.css?ver=3.26.4 HTTP/1.1" 200 367 "https://blog.komforthouse.com.br/cores-tendencia-para-sofa-em-2025/" "Mozilla/5.0 (iPhone; CPU iPhone OS 18_5_0 like Mac OS X) AppleWebKit/605.1.15 (KHTML, like Gecko) GSA/376.0.777690323 Mobile/15E148 Safari/604.1"
